[INFO] fetching crate webrtc-turn 0.1.3...
[INFO] testing webrtc-turn-0.1.3 against beta-2023-04-20 for beta-1.70-1
[INFO] extracting crate webrtc-turn 0.1.3 into /workspace/builds/worker-0-tc2/source
[INFO] validating manifest of crates.io crate webrtc-turn 0.1.3 on toolchain beta-2023-04-20
[INFO] running `Command { std: CARGO_HOME="/workspace/cargo-home" RUSTUP_HOME="/workspace/rustup-home" "/workspace/cargo-home/bin/cargo" "+beta-2023-04-20" "metadata" "--manifest-path" "Cargo.toml" "--no-deps", kill_on_drop: false }`
[INFO] started tweaking crates.io crate webrtc-turn 0.1.3
[INFO] removed 0 missing examples
[INFO] finished tweaking crates.io crate webrtc-turn 0.1.3
[INFO] tweaked toml for crates.io crate webrtc-turn 0.1.3 written to /workspace/builds/worker-0-tc2/source/Cargo.toml
[INFO] crate crates.io crate webrtc-turn 0.1.3 already has a lockfile, it will not be regenerated
[INFO] running `Command { std: CARGO_HOME="/workspace/cargo-home" RUSTUP_HOME="/workspace/rustup-home" "/workspace/cargo-home/bin/cargo" "+beta-2023-04-20" "fetch" "--manifest-path" "Cargo.toml", kill_on_drop: false }`
[INFO] [stderr]     Updating crates.io index
[INFO] [stderr]  Downloading crates ...
[INFO] [stderr]   Downloaded oid-registry v0.1.1
[INFO] [stderr]   Downloaded der-oid-macro v0.3.0
[INFO] [stderr]   Downloaded rustversion v1.0.4
[INFO] [stderr]   Downloaded rusticata-macros v3.0.1
[INFO] [stderr]   Downloaded pkcs8 v0.3.3
[INFO] [stderr]   Downloaded num-bigint v0.3.2
[INFO] [stderr]   Downloaded wasm-bindgen-shared v0.2.72
[INFO] [stderr]   Downloaded ctrlc v3.1.8
[INFO] [stderr]   Downloaded tokio-test v0.4.1
[INFO] [stderr]   Downloaded const-oid v0.4.5
[INFO] [stderr]   Downloaded async-trait v0.1.48
[INFO] [stderr]   Downloaded tokio-stream v0.1.4
[INFO] [stderr]   Downloaded webrtc-stun v0.1.13
[INFO] [stderr]   Downloaded nix v0.8.1
[INFO] [stderr]   Downloaded der-parser v5.0.1
[INFO] [stderr]   Downloaded x509-parser v0.9.1
[INFO] [stderr]   Downloaded webrtc-util v0.1.17
[INFO] [stderr]   Downloaded js-sys v0.3.49
[INFO] [stderr]   Downloaded wasm-bindgen v0.2.72
[INFO] [stderr]   Downloaded p256 v0.7.2
[INFO] [stderr]   Downloaded yasna v0.3.2
[INFO] [stderr]   Downloaded regex v1.4.5
[INFO] [stderr]   Downloaded regex-syntax v0.6.23
[INFO] [stderr]   Downloaded rcgen v0.8.9
[INFO] [stderr]   Downloaded signature v1.2.2
[INFO] [stderr]   Downloaded bitvec v0.18.5
[INFO] [stderr]   Downloaded lexical-core v0.7.5
[INFO] [stderr]   Downloaded der v0.1.0
[INFO] [stderr]   Downloaded web-sys v0.3.49
[INFO] [stderr]   Downloaded libc v0.2.90
[INFO] [stderr]   Downloaded wasm-bindgen-backend v0.2.72
[INFO] [stderr]   Downloaded elliptic-curve v0.8.5
[INFO] [stderr]   Downloaded block-modes v0.7.0
[INFO] [stderr]   Downloaded ecdsa v0.10.2
[INFO] [stderr]   Downloaded ff v0.8.0
[INFO] [stderr]   Downloaded group v0.8.0
[INFO] [stderr]   Downloaded subtle v2.4.0
[INFO] [stderr]   Downloaded zeroize v1.2.0
[INFO] [stderr]   Downloaded wasm-bindgen-macro-support v0.2.72
[INFO] [stderr]   Downloaded wasm-bindgen-macro v0.2.72
[INFO] running `Command { std: "docker" "create" "-v" "/var/lib/crater-agent-workspace/builds/worker-0-tc2/target:/opt/rustwide/target:rw,Z" "-v" "/var/lib/crater-agent-workspace/builds/worker-0-tc2/source:/opt/rustwide/workdir:ro,Z" "-v" "/var/lib/crater-agent-workspace/cargo-home:/opt/rustwide/cargo-home:ro,Z" "-v" "/var/lib/crater-agent-workspace/rustup-home:/opt/rustwide/rustup-home:ro,Z" "-e" "SOURCE_DIR=/opt/rustwide/workdir" "-e" "CARGO_TARGET_DIR=/opt/rustwide/target" "-e" "CARGO_HOME=/opt/rustwide/cargo-home" "-e" "RUSTUP_HOME=/opt/rustwide/rustup-home" "-w" "/opt/rustwide/workdir" "-m" "1610612736" "--user" "0:0" "--network" "none" "ghcr.io/rust-lang/crates-build-env/linux@sha256:5ff2268d62e97bff2cde7d5815dd6ed5b47097566f13b8d0ca110b04b60e07ed" "/opt/rustwide/cargo-home/bin/cargo" "+beta-2023-04-20" "metadata" "--no-deps" "--format-version=1", kill_on_drop: false }`
[INFO] [stdout] ece399168d5354343b6e058b405684eb8f818ddfa317da905528337414919da4
[INFO] running `Command { std: "docker" "start" "-a" "ece399168d5354343b6e058b405684eb8f818ddfa317da905528337414919da4", kill_on_drop: false }`
[INFO] running `Command { std: "docker" "inspect" "ece399168d5354343b6e058b405684eb8f818ddfa317da905528337414919da4", kill_on_drop: false }`
[INFO] running `Command { std: "docker" "rm" "-f" "ece399168d5354343b6e058b405684eb8f818ddfa317da905528337414919da4", kill_on_drop: false }`
[INFO] [stdout] ece399168d5354343b6e058b405684eb8f818ddfa317da905528337414919da4
[INFO] running `Command { std: "docker" "create" "-v" "/var/lib/crater-agent-workspace/builds/worker-0-tc2/target:/opt/rustwide/target:rw,Z" "-v" "/var/lib/crater-agent-workspace/builds/worker-0-tc2/source:/opt/rustwide/workdir:ro,Z" "-v" "/var/lib/crater-agent-workspace/cargo-home:/opt/rustwide/cargo-home:ro,Z" "-v" "/var/lib/crater-agent-workspace/rustup-home:/opt/rustwide/rustup-home:ro,Z" "-e" "SOURCE_DIR=/opt/rustwide/workdir" "-e" "CARGO_TARGET_DIR=/opt/rustwide/target" "-e" "CARGO_INCREMENTAL=0" "-e" "RUST_BACKTRACE=full" "-e" "RUSTFLAGS=--cap-lints=warn" "-e" "RUSTDOCFLAGS=--cap-lints=warn" "-e" "CARGO_HOME=/opt/rustwide/cargo-home" "-e" "RUSTUP_HOME=/opt/rustwide/rustup-home" "-w" "/opt/rustwide/workdir" "-m" "1610612736" "--user" "0:0" "--network" "none" "ghcr.io/rust-lang/crates-build-env/linux@sha256:5ff2268d62e97bff2cde7d5815dd6ed5b47097566f13b8d0ca110b04b60e07ed" "/opt/rustwide/cargo-home/bin/cargo" "+beta-2023-04-20" "build" "--frozen" "--message-format=json", kill_on_drop: false }`
[INFO] [stdout] 1ceac90c443cb59fc8faef7c40dc6c801feff6850f48bf426aed0db5bdae6267
[INFO] running `Command { std: "docker" "start" "-a" "1ceac90c443cb59fc8faef7c40dc6c801feff6850f48bf426aed0db5bdae6267", kill_on_drop: false }`
[INFO] [stderr]    Compiling typenum v1.13.0
[INFO] [stderr]    Compiling generic-array v0.14.4
[INFO] [stderr]    Compiling libc v0.2.90
[INFO] [stderr]    Compiling autocfg v1.0.1
[INFO] [stderr]    Compiling funty v1.1.0
[INFO] [stderr]    Compiling wyz v0.2.0
[INFO] [stderr]    Compiling memchr v2.3.4
[INFO] [stderr]    Compiling subtle v2.4.0
[INFO] [stderr]    Compiling proc-macro2 v1.0.24
[INFO] [stderr]    Compiling ryu v1.0.5
[INFO] [stderr]    Compiling num-traits v0.2.14
[INFO] [stderr]    Compiling num-integer v0.1.44
[INFO] [stderr]    Compiling unicode-xid v0.2.1
[INFO] [stderr]    Compiling bitflags v1.2.1
[INFO] [stderr]    Compiling radium v0.5.3
[INFO] [stderr]    Compiling lexical-core v0.7.5
[INFO] [stderr]    Compiling syn v1.0.64
[INFO] [stderr]    Compiling quote v1.0.9
[INFO] [stderr]    Compiling nom v6.1.2
[INFO] [stderr]    Compiling arrayvec v0.5.2
[INFO] [stderr]    Compiling tap v1.0.1
[INFO] [stderr]    Compiling static_assertions v1.1.0
[INFO] [stderr]    Compiling num-bigint v0.3.2
[INFO] [stderr]    Compiling proc-macro-hack v0.5.19
[INFO] [stderr]    Compiling bitvec v0.19.5
[INFO] [stderr]    Compiling opaque-debug v0.3.0
[INFO] [stderr]    Compiling radium v0.3.0
[INFO] [stderr]    Compiling rand_core v0.5.1
[INFO] [stderr]    Compiling bitvec v0.18.5
[INFO] [stderr]    Compiling cipher v0.2.5
[INFO] [stderr]    Compiling getrandom v0.2.2
[INFO] [stderr]    Compiling const-oid v0.4.5
[INFO] [stderr]    Compiling der v0.1.0
[INFO] [stderr]    Compiling time v0.1.44
[INFO] [stderr]    Compiling tinyvec_macros v0.1.0
[INFO] [stderr]    Compiling once_cell v1.7.2
[INFO] [stderr]    Compiling cc v1.0.67
[INFO] [stderr]    Compiling matches v0.1.8
[INFO] [stderr]    Compiling log v0.4.14
[INFO] [stderr]    Compiling tinyvec v1.1.1
[INFO] [stderr]    Compiling chrono v0.4.19
[INFO] [stderr]    Compiling pkcs8 v0.3.3
[INFO] [stderr]    Compiling ff v0.8.0
[INFO] [stderr]    Compiling group v0.8.0
[INFO] [stderr]    Compiling universal-hash v0.4.0
[INFO] [stderr]    Compiling aho-corasick v0.7.15
[INFO] [stderr]    Compiling instant v0.1.9
[INFO] [stderr]    Compiling regex-syntax v0.6.23
[INFO] [stderr]    Compiling ring v0.16.20
[INFO] [stderr]    Compiling smallvec v1.6.1
[INFO] [stderr]    Compiling rustversion v1.0.4
[INFO] [stderr]    Compiling cpuid-bool v0.2.0
[INFO] [stderr]    Compiling scopeguard v1.1.0
[INFO] [stderr]    Compiling zeroize v1.2.0
[INFO] [stderr]    Compiling oid-registry v0.1.1
[INFO] [stderr]    Compiling base64 v0.13.0
[INFO] [stderr]    Compiling elliptic-curve v0.8.5
[INFO] [stderr]    Compiling lock_api v0.4.2
[INFO] [stderr]    Compiling polyval v0.4.5
[INFO] [stderr]    Compiling parking_lot_core v0.8.3
[INFO] [stderr]    Compiling unicode-normalization v0.1.17
[INFO] [stderr]    Compiling rand_core v0.6.2
[INFO] [stderr]    Compiling regex v1.4.5
[INFO] [stderr]    Compiling unicode-bidi v0.3.4
[INFO] [stderr]    Compiling rusticata-macros v3.0.1
[INFO] [stderr]    Compiling der-oid-macro v0.3.0
[INFO] [stderr]    Compiling aes-soft v0.6.4
[INFO] [stderr]    Compiling signature v1.2.2
[INFO] [stderr]    Compiling digest v0.9.0
[INFO] [stderr]    Compiling tokio v1.3.0
[INFO] [stderr]    Compiling percent-encoding v2.1.0
[INFO] [stderr]    Compiling ppv-lite86 v0.2.10
[INFO] [stderr]    Compiling untrusted v0.7.1
[INFO] [stderr]    Compiling async-trait v0.1.48
[INFO] [stderr]    Compiling spin v0.5.2
[INFO] [stderr]    Compiling pem v0.8.3
[INFO] [stderr]    Compiling rand_chacha v0.3.0
[INFO] [stderr]    Compiling der-parser v5.0.1
[INFO] [stderr]    Compiling form_urlencoded v1.0.1
[INFO] [stderr]    Compiling aes v0.6.0
[INFO] [stderr]    Compiling ecdsa v0.10.2
[INFO] [stderr]    Compiling idna v0.2.2
[INFO] [stderr]    Compiling mio v0.7.10
[INFO] [stderr]    Compiling parking_lot v0.11.1
[INFO] [stderr]    Compiling ghash v0.3.1
[INFO] [stderr]    Compiling yasna v0.3.2
[INFO] [stderr]    Compiling ctr v0.6.0
[INFO] [stderr]    Compiling crypto-mac v0.10.0
[INFO] [stderr]    Compiling aead v0.3.2
[INFO] [stderr]    Compiling num_cpus v1.13.0
[INFO] [stderr]    Compiling signal-hook-registry v1.3.0
[INFO] [stderr]    Compiling bitflags v0.7.0
[INFO] [stderr]    Compiling void v1.0.2
[INFO] [stderr]    Compiling block-padding v0.2.1
[INFO] [stderr]    Compiling pin-project-lite v0.2.6
[INFO] [stderr]    Compiling thiserror-impl v1.0.24
[INFO] [stderr]    Compiling tokio-macros v1.1.0
[INFO] [stderr]    Compiling bytes v1.0.1
[INFO] [stderr]    Compiling data-encoding v2.3.2
[INFO] [stderr]    Compiling crc32fast v1.2.1
[INFO] [stderr]    Compiling block-modes v0.7.0
[INFO] [stderr]    Compiling nix v0.8.1
[INFO] [stderr]    Compiling rcgen v0.8.9
[INFO] [stderr]    Compiling aes-gcm v0.8.0
[INFO] [stderr]    Compiling hmac v0.10.1
[INFO] [stderr]    Compiling url v2.2.1
[INFO] [stderr]    Compiling p256 v0.7.2
[INFO] [stderr]    Compiling rand v0.8.3
[INFO] [stderr]    Compiling thiserror v1.0.24
[INFO] [stderr]    Compiling x509-parser v0.9.1
[INFO] [stderr]    Compiling block-buffer v0.9.0
[INFO] [stderr]    Compiling ipnet v2.3.0
[INFO] [stderr]    Compiling md-5 v0.9.1
[INFO] [stderr]    Compiling webrtc-util v0.1.17
[INFO] [stderr]    Compiling webrtc-stun v0.1.13
[INFO] [stderr]    Compiling webrtc-turn v0.1.3 (/opt/rustwide/workdir)
[INFO] [stderr]     Finished dev [unoptimized + debuginfo] target(s) in 56.86s
[INFO] [stderr] warning: the following packages contain code that will be rejected by a future version of Rust: nom v6.1.2
[INFO] [stderr] note: to see what the problems were, use the option `--future-incompat-report`, or run `cargo report future-incompatibilities --id 1`
[INFO] running `Command { std: "docker" "inspect" "1ceac90c443cb59fc8faef7c40dc6c801feff6850f48bf426aed0db5bdae6267", kill_on_drop: false }`
[INFO] running `Command { std: "docker" "rm" "-f" "1ceac90c443cb59fc8faef7c40dc6c801feff6850f48bf426aed0db5bdae6267", kill_on_drop: false }`
[INFO] [stdout] 1ceac90c443cb59fc8faef7c40dc6c801feff6850f48bf426aed0db5bdae6267
[INFO] running `Command { std: "docker" "create" "-v" "/var/lib/crater-agent-workspace/builds/worker-0-tc2/target:/opt/rustwide/target:rw,Z" "-v" "/var/lib/crater-agent-workspace/builds/worker-0-tc2/source:/opt/rustwide/workdir:ro,Z" "-v" "/var/lib/crater-agent-workspace/cargo-home:/opt/rustwide/cargo-home:ro,Z" "-v" "/var/lib/crater-agent-workspace/rustup-home:/opt/rustwide/rustup-home:ro,Z" "-e" "SOURCE_DIR=/opt/rustwide/workdir" "-e" "CARGO_TARGET_DIR=/opt/rustwide/target" "-e" "CARGO_INCREMENTAL=0" "-e" "RUST_BACKTRACE=full" "-e" "RUSTFLAGS=--cap-lints=warn" "-e" "RUSTDOCFLAGS=--cap-lints=warn" "-e" "CARGO_HOME=/opt/rustwide/cargo-home" "-e" "RUSTUP_HOME=/opt/rustwide/rustup-home" "-w" "/opt/rustwide/workdir" "-m" "1610612736" "--user" "0:0" "--network" "none" "ghcr.io/rust-lang/crates-build-env/linux@sha256:5ff2268d62e97bff2cde7d5815dd6ed5b47097566f13b8d0ca110b04b60e07ed" "/opt/rustwide/cargo-home/bin/cargo" "+beta-2023-04-20" "test" "--frozen" "--no-run" "--message-format=json", kill_on_drop: false }`
[INFO] [stdout] 04ef14276748b58b5874e1f7237cedcdb2a50d7f417f3e012a40f8c98ef646ed
[INFO] running `Command { std: "docker" "start" "-a" "04ef14276748b58b5874e1f7237cedcdb2a50d7f417f3e012a40f8c98ef646ed", kill_on_drop: false }`
[INFO] [stderr]    Compiling futures-core v0.3.13
[INFO] [stderr]    Compiling async-stream-impl v0.3.0
[INFO] [stderr]    Compiling atty v0.2.14
[INFO] [stderr]    Compiling unicode-width v0.1.8
[INFO] [stderr]    Compiling nix v0.20.0
[INFO] [stderr]    Compiling vec_map v0.8.2
[INFO] [stderr]    Compiling termcolor v1.1.2
[INFO] [stderr]    Compiling strsim v0.8.0
[INFO] [stderr]    Compiling tokio-stream v0.1.4
[INFO] [stderr]    Compiling textwrap v0.11.0
[INFO] [stderr]    Compiling ansi_term v0.11.0
[INFO] [stderr]    Compiling hex v0.4.3
[INFO] [stderr]    Compiling clap v2.33.3
[INFO] [stderr]    Compiling env_logger v0.8.3
[INFO] [stderr]    Compiling async-stream v0.3.0
[INFO] [stderr]    Compiling tokio-test v0.4.1
[INFO] [stderr]    Compiling ctrlc v3.1.8
[INFO] [stderr]    Compiling webrtc-turn v0.1.3 (/opt/rustwide/workdir)
[INFO] [stderr]     Finished test [unoptimized + debuginfo] target(s) in 12.19s
[INFO] [stderr] warning: the following packages contain code that will be rejected by a future version of Rust: nom v6.1.2
[INFO] [stderr] note: to see what the problems were, use the option `--future-incompat-report`, or run `cargo report future-incompatibilities --id 1`
[INFO] running `Command { std: "docker" "inspect" "04ef14276748b58b5874e1f7237cedcdb2a50d7f417f3e012a40f8c98ef646ed", kill_on_drop: false }`
[INFO] running `Command { std: "docker" "rm" "-f" "04ef14276748b58b5874e1f7237cedcdb2a50d7f417f3e012a40f8c98ef646ed", kill_on_drop: false }`
[INFO] [stdout] 04ef14276748b58b5874e1f7237cedcdb2a50d7f417f3e012a40f8c98ef646ed
[INFO] running `Command { std: "docker" "create" "-v" "/var/lib/crater-agent-workspace/builds/worker-0-tc2/target:/opt/rustwide/target:rw,Z" "-v" "/var/lib/crater-agent-workspace/builds/worker-0-tc2/source:/opt/rustwide/workdir:ro,Z" "-v" "/var/lib/crater-agent-workspace/cargo-home:/opt/rustwide/cargo-home:ro,Z" "-v" "/var/lib/crater-agent-workspace/rustup-home:/opt/rustwide/rustup-home:ro,Z" "-e" "SOURCE_DIR=/opt/rustwide/workdir" "-e" "CARGO_TARGET_DIR=/opt/rustwide/target" "-e" "CARGO_INCREMENTAL=0" "-e" "RUST_BACKTRACE=full" "-e" "RUSTFLAGS=--cap-lints=warn" "-e" "RUSTDOCFLAGS=--cap-lints=warn" "-e" "CARGO_HOME=/opt/rustwide/cargo-home" "-e" "RUSTUP_HOME=/opt/rustwide/rustup-home" "-w" "/opt/rustwide/workdir" "-m" "1610612736" "--user" "0:0" "--network" "none" "ghcr.io/rust-lang/crates-build-env/linux@sha256:5ff2268d62e97bff2cde7d5815dd6ed5b47097566f13b8d0ca110b04b60e07ed" "/opt/rustwide/cargo-home/bin/cargo" "+beta-2023-04-20" "test" "--frozen", kill_on_drop: false }`
[INFO] [stdout] 55756620984bfcb418d799cb9118873fc14f27ff40b708c3955cddbdc6f4f1c4
[INFO] running `Command { std: "docker" "start" "-a" "55756620984bfcb418d799cb9118873fc14f27ff40b708c3955cddbdc6f4f1c4", kill_on_drop: false }`
[INFO] [stderr]     Finished test [unoptimized + debuginfo] target(s) in 0.07s
[INFO] [stderr] warning: the following packages contain code that will be rejected by a future version of Rust: nom v6.1.2
[INFO] [stderr] note: to see what the problems were, use the option `--future-incompat-report`, or run `cargo report future-incompatibilities --id 1`
[INFO] [stderr]      Running unittests src/lib.rs (/opt/rustwide/target/debug/deps/webrtc_turn-10852a681ed8b34f)
[INFO] [stdout] 
[INFO] [stdout] running 63 tests
[INFO] [stdout] test allocation::allocation_test::test_add_channel_bind ... ok
[INFO] [stdout] test allocation::allocation_manager::allocation_manager_test::test_create_allocation_duplicate_five_tuple ... ok
[INFO] [stdout] test allocation::allocation_manager::allocation_manager_test::test_delete_allocation ... ok
[INFO] [stdout] test allocation::allocation_test::test_allocation_close ... ok
[INFO] [stdout] test allocation::allocation_test::test_add_permission ... ok
[INFO] [stdout] test allocation::allocation_manager::allocation_manager_test::test_packet_handler ... ok
[INFO] [stdout] test allocation::allocation_test::test_allocation_refresh ... ok
[INFO] [stdout] test allocation::allocation_test::test_get_channel_by_addr ... ok
[INFO] [stdout] test allocation::five_tuple::five_tuple_test::test_five_tuple_equal ... ok
[INFO] [stdout] test allocation::allocation_test::test_get_channel_by_number ... ok
[INFO] [stdout] test allocation::five_tuple::five_tuple_test::test_five_tuple_protocol ... ok
[INFO] [stdout] test allocation::allocation_test::test_remove_permission ... ok
[INFO] [stdout] test allocation::channel_bind::channel_bind_test::test_channel_bind ... ok
[INFO] [stdout] test allocation::allocation_test::test_remove_channel_bind ... ok
[INFO] [stdout] test auth::auth_test::test_generate_auth_key ... ok
[INFO] [stdout] test auth::auth_test::test_lt_cred ... ok
[INFO] [stdout] test allocation::allocation_test::test_has_permission ... ok
[INFO] [stdout] test client::binding::binding_test::test_binding_manager_failure ... ok
[INFO] [stdout] test client::binding::binding_test::test_binding_manager_number_assignment ... ok
[INFO] [stdout] test client::binding::binding_test::test_binding_manager_method ... ok
[INFO] [stdout] test auth::auth_test::test_new_long_term_auth_handler ... ok
[INFO] [stdout] test client::client_test::test_client_with_stun_send_binding_request_to_parallel ... FAILED
[INFO] [stdout] test client::client_test::test_client_with_stun_send_binding_request ... FAILED
[INFO] [stdout] test proto::addr::addr_test::test_addr_from_socket_addr ... ok
[INFO] [stdout] test proto::addr::addr_test::test_addr_equal_ip ... ok
[INFO] [stdout] test proto::addr::addr_test::test_five_tuple_equal ... ok
[INFO] [stdout] test client::client_test::test_client_nonce_expiration ... ok
[INFO] [stdout] test proto::chandata::chandata_test::test_channel_data_decode ... ok
[INFO] [stdout] test proto::chandata::chandata_test::test_channel_data_encode ... ok
[INFO] [stdout] test proto::addr::addr_test::test_five_tuple_string ... ok
[INFO] [stdout] test proto::chandata::chandata_test::test_channel_data_equal ... ok
[INFO] [stdout] test proto::chandata::chandata_test::test_channel_data_reset ... ok
[INFO] [stdout] test client::relay_conn::relay_conn_test::test_relay_conn ... ok
[INFO] [stdout] test proto::chandata::chandata_test::test_is_channel_data ... ok
[INFO] [stdout] test proto::channum::channnum_test::test_channel_number_string ... ok
[INFO] [stdout] test proto::data::data_test::test_data_add_to ... ok
[INFO] [stdout] test proto::chandata::chandata_test::test_chrome_channel_data ... ok
[INFO] [stdout] test proto::channum::channnum_test::test_channel_number_add_to ... ok
[INFO] [stdout] test proto::dontfrag::dontfrag_test::test_dont_fragment_add_to ... ok
[INFO] [stdout] test proto::dontfrag::dontfrag_test::test_dont_fragment_false ... ok
[INFO] [stdout] test proto::evenport::evenport_test::test_even_port_add_to ... ok
[INFO] [stdout] test proto::evenport::evenport_test::test_even_port_false ... ok
[INFO] [stdout] test proto::evenport::evenport_test::test_even_port_string ... ok
[INFO] [stdout] test proto::lifetime::lifetime_test::test_lifetime_add_to ... ok
[INFO] [stdout] test proto::lifetime::lifetime_test::test_lifetime_string ... ok
[INFO] [stdout] test proto::peeraddr::peeraddr_test::test_peer_address ... ok
[INFO] [stdout] test proto::relayaddr::relayaddr_test::test_relayed_address ... ok
[INFO] [stdout] test proto::reqfamily::reqfamily_test::test_requested_address_family_add_to ... ok
[INFO] [stdout] test proto::reqfamily::reqfamily_test::test_requested_address_family_string ... ok
[INFO] [stdout] test proto::reqtrans::reqtrans_test::test_requested_transport_add_to ... ok
[INFO] [stdout] test proto::proto_test::test_chrome_alloc_request ... ok
[INFO] [stdout] test proto::reqtrans::reqtrans_test::test_requested_transport_string ... ok
[INFO] [stdout] test proto::rsrvtoken::rsrvtoken_test::test_reservation_token ... ok
[INFO] [stdout] test server::request::request_test::test_allocation_lifetime_overflow ... ok
[INFO] [stdout] test server::request::request_test::test_allocation_lifetime_parsing ... ok
[INFO] [stdout] test server::request::request_test::test_allocation_lifetime_deletion_zero_lifetime ... ok
[INFO] [stdout] test server::server_test::test_server_simple ... ok
[INFO] [stdout] test server::server_test::test_server_vnet_send_binding_request ... ok
[INFO] [stdout] test allocation::allocation_manager::allocation_manager_test::test_manager_close ... ok
[INFO] [stdout] test allocation::allocation_manager::allocation_manager_test::test_allocation_timeout ... ok
[INFO] [stdout] test client::periodic_timer::periodic_timer_test::test_periodic_timer ... ok
[INFO] [stdout] test server::server_test::test_server_vnet_echo_via_relay ... ok
[INFO] [stdout] test client::client_test::test_client_with_stun_send_binding_request_to_timeout ... ok
[INFO] [stdout] 
[INFO] [stdout] failures:
[INFO] [stdout] 
[INFO] [stdout] ---- client::client_test::test_client_with_stun_send_binding_request_to_parallel stdout ----
[INFO] [stdout] Error: Error { message: "failed to lookup address information: Temporary failure in name resolution" }
[INFO] [stdout] 
[INFO] [stdout] ---- client::client_test::test_client_with_stun_send_binding_request stdout ----
[INFO] [stdout] Error: Error { message: "failed to lookup address information: Temporary failure in name resolution" }
[INFO] [stdout] 
[INFO] [stdout] 
[INFO] [stdout] failures:
[INFO] [stdout]     client::client_test::test_client_with_stun_send_binding_request
[INFO] [stdout]     client::client_test::test_client_with_stun_send_binding_request_to_parallel
[INFO] [stdout] 
[INFO] [stdout] test result: FAILED. 61 passed; 2 failed; 0 ignored; 0 measured; 0 filtered out; finished in 1.28s
[INFO] [stdout] 
[INFO] [stderr] error: test failed, to rerun pass `--lib`
[INFO] running `Command { std: "docker" "inspect" "55756620984bfcb418d799cb9118873fc14f27ff40b708c3955cddbdc6f4f1c4", kill_on_drop: false }`
[INFO] running `Command { std: "docker" "rm" "-f" "55756620984bfcb418d799cb9118873fc14f27ff40b708c3955cddbdc6f4f1c4", kill_on_drop: false }`
[INFO] [stdout] 55756620984bfcb418d799cb9118873fc14f27ff40b708c3955cddbdc6f4f1c4
