[INFO] fetching crate webidl 0.9.0...
[INFO] testing webidl-0.9.0 against beta-2023-04-20 for beta-1.70-1
[INFO] extracting crate webidl 0.9.0 into /workspace/builds/worker-6-tc2/source
[INFO] validating manifest of crates.io crate webidl 0.9.0 on toolchain beta-2023-04-20
[INFO] running `Command { std: CARGO_HOME="/workspace/cargo-home" RUSTUP_HOME="/workspace/rustup-home" "/workspace/cargo-home/bin/cargo" "+beta-2023-04-20" "metadata" "--manifest-path" "Cargo.toml" "--no-deps", kill_on_drop: false }`
[INFO] started tweaking crates.io crate webidl 0.9.0
[INFO] finished tweaking crates.io crate webidl 0.9.0
[INFO] tweaked toml for crates.io crate webidl 0.9.0 written to /workspace/builds/worker-6-tc2/source/Cargo.toml
[INFO] running `Command { std: CARGO_HOME="/workspace/cargo-home" RUSTUP_HOME="/workspace/rustup-home" __CARGO_TEST_CHANNEL_OVERRIDE_DO_NOT_USE_THIS="nightly" "/workspace/cargo-home/bin/cargo" "+beta-2023-04-20" "generate-lockfile" "--manifest-path" "Cargo.toml" "-Zno-index-update", kill_on_drop: false }`
[INFO] running `Command { std: CARGO_HOME="/workspace/cargo-home" RUSTUP_HOME="/workspace/rustup-home" "/workspace/cargo-home/bin/cargo" "+beta-2023-04-20" "fetch" "--manifest-path" "Cargo.toml", kill_on_drop: false }`
[INFO] [stderr]  Downloading crates ...
[INFO] [stderr]   Downloaded ena v0.13.1
[INFO] [stderr]   Downloaded ascii-canvas v2.0.0
[INFO] [stderr]   Downloaded lalrpop-util v0.17.2
[INFO] [stderr]   Downloaded lalrpop v0.17.2
[INFO] running `Command { std: "docker" "create" "-v" "/var/lib/crater-agent-workspace/builds/worker-6-tc2/target:/opt/rustwide/target:rw,Z" "-v" "/var/lib/crater-agent-workspace/builds/worker-6-tc2/source:/opt/rustwide/workdir:ro,Z" "-v" "/var/lib/crater-agent-workspace/cargo-home:/opt/rustwide/cargo-home:ro,Z" "-v" "/var/lib/crater-agent-workspace/rustup-home:/opt/rustwide/rustup-home:ro,Z" "-e" "SOURCE_DIR=/opt/rustwide/workdir" "-e" "CARGO_TARGET_DIR=/opt/rustwide/target" "-e" "CARGO_HOME=/opt/rustwide/cargo-home" "-e" "RUSTUP_HOME=/opt/rustwide/rustup-home" "-w" "/opt/rustwide/workdir" "-m" "1610612736" "--user" "0:0" "--network" "none" "ghcr.io/rust-lang/crates-build-env/linux@sha256:5ff2268d62e97bff2cde7d5815dd6ed5b47097566f13b8d0ca110b04b60e07ed" "/opt/rustwide/cargo-home/bin/cargo" "+beta-2023-04-20" "metadata" "--no-deps" "--format-version=1", kill_on_drop: false }`
[INFO] [stdout] 4aecdac588d4ab9f6323e02ac6d4e489f45ff1e541839ae6263633dcc42b3bba
[INFO] running `Command { std: "docker" "start" "-a" "4aecdac588d4ab9f6323e02ac6d4e489f45ff1e541839ae6263633dcc42b3bba", kill_on_drop: false }`
[INFO] running `Command { std: "docker" "inspect" "4aecdac588d4ab9f6323e02ac6d4e489f45ff1e541839ae6263633dcc42b3bba", kill_on_drop: false }`
[INFO] running `Command { std: "docker" "rm" "-f" "4aecdac588d4ab9f6323e02ac6d4e489f45ff1e541839ae6263633dcc42b3bba", kill_on_drop: false }`
[INFO] [stdout] 4aecdac588d4ab9f6323e02ac6d4e489f45ff1e541839ae6263633dcc42b3bba
[INFO] running `Command { std: "docker" "create" "-v" "/var/lib/crater-agent-workspace/builds/worker-6-tc2/target:/opt/rustwide/target:rw,Z" "-v" "/var/lib/crater-agent-workspace/builds/worker-6-tc2/source:/opt/rustwide/workdir:ro,Z" "-v" "/var/lib/crater-agent-workspace/cargo-home:/opt/rustwide/cargo-home:ro,Z" "-v" "/var/lib/crater-agent-workspace/rustup-home:/opt/rustwide/rustup-home:ro,Z" "-e" "SOURCE_DIR=/opt/rustwide/workdir" "-e" "CARGO_TARGET_DIR=/opt/rustwide/target" "-e" "CARGO_INCREMENTAL=0" "-e" "RUST_BACKTRACE=full" "-e" "RUSTFLAGS=--cap-lints=warn" "-e" "RUSTDOCFLAGS=--cap-lints=warn" "-e" "CARGO_HOME=/opt/rustwide/cargo-home" "-e" "RUSTUP_HOME=/opt/rustwide/rustup-home" "-w" "/opt/rustwide/workdir" "-m" "1610612736" "--user" "0:0" "--network" "none" "ghcr.io/rust-lang/crates-build-env/linux@sha256:5ff2268d62e97bff2cde7d5815dd6ed5b47097566f13b8d0ca110b04b60e07ed" "/opt/rustwide/cargo-home/bin/cargo" "+beta-2023-04-20" "build" "--frozen" "--message-format=json", kill_on_drop: false }`
[INFO] [stdout] 6d09cb8d8113882d4f0d925a7a9ba67c9c630f253946cf48fd2099138d677e88
[INFO] running `Command { std: "docker" "start" "-a" "6d09cb8d8113882d4f0d925a7a9ba67c9c630f253946cf48fd2099138d677e88", kill_on_drop: false }`
[INFO] [stderr]    Compiling autocfg v0.1.8
[INFO] [stderr]    Compiling rand_core v0.4.2
[INFO] [stderr]    Compiling siphasher v0.2.3
[INFO] [stderr]    Compiling libc v0.2.142
[INFO] [stderr]    Compiling typenum v1.16.0
[INFO] [stderr]    Compiling byteorder v1.4.3
[INFO] [stderr]    Compiling string_cache_shared v0.3.0
[INFO] [stderr]    Compiling byte-tools v0.3.1
[INFO] [stderr]    Compiling block-padding v0.1.5
[INFO] [stderr]    Compiling rand_chacha v0.1.1
[INFO] [stderr]    Compiling rand_pcg v0.1.2
[INFO] [stderr]    Compiling rand_core v0.3.1
[INFO] [stderr]    Compiling rand v0.6.5
[INFO] [stderr]    Compiling rand_xorshift v0.1.1
[INFO] [stderr]    Compiling rand_hc v0.1.0
[INFO] [stderr]    Compiling rand_isaac v0.1.1
[INFO] [stderr]    Compiling rand_jitter v0.1.4
[INFO] [stderr]    Compiling phf_shared v0.7.24
[INFO] [stderr]    Compiling log v0.4.17
[INFO] [stderr]    Compiling aho-corasick v1.0.1
[INFO] [stderr]    Compiling lazy_static v1.4.0
[INFO] [stderr]    Compiling regex-syntax v0.7.1
[INFO] [stderr]    Compiling ordermap v0.3.5
[INFO] [stderr]    Compiling new_debug_unreachable v1.0.4
[INFO] [stderr]    Compiling strsim v0.10.0
[INFO] [stderr]    Compiling either v1.8.1
[INFO] [stderr]    Compiling generic-array v0.12.4
[INFO] [stderr]    Compiling fixedbitset v0.1.9
[INFO] [stderr]    Compiling fake-simd v0.1.2
[INFO] [stderr]    Compiling bit-vec v0.6.3
[INFO] [stderr]    Compiling rand_os v0.1.3
[INFO] [stderr]    Compiling dirs v1.0.5
[INFO] [stderr]    Compiling digest v0.8.1
[INFO] [stderr]    Compiling block-buffer v0.7.3
[INFO] [stderr]    Compiling term v0.5.2
[INFO] [stderr]    Compiling opaque-debug v0.2.3
[INFO] [stderr]    Compiling precomputed-hash v0.1.1
[INFO] [stderr]    Compiling bit-set v0.5.3
[INFO] [stderr]    Compiling petgraph v0.4.13
[INFO] [stderr]    Compiling sha2 v0.8.2
[INFO] [stderr]    Compiling atty v0.2.14
[INFO] [stderr]    Compiling ascii-canvas v2.0.0
[INFO] [stderr]    Compiling itertools v0.8.2
[INFO] [stderr]    Compiling ena v0.13.1
[INFO] [stderr]    Compiling phf_generator v0.7.24
[INFO] [stderr]    Compiling regex-syntax v0.6.29
[INFO] [stderr]    Compiling string_cache_codegen v0.4.4
[INFO] [stderr]    Compiling lalrpop-util v0.17.2
[INFO] [stderr]    Compiling unicode-xid v0.1.0
[INFO] [stderr]    Compiling diff v0.1.13
[INFO] [stderr]    Compiling string_cache v0.7.5
[INFO] [stderr]    Compiling regex v1.8.1
[INFO] [stderr]    Compiling docopt v1.1.1
[INFO] [stderr]    Compiling lalrpop v0.17.2
[INFO] [stderr]    Compiling webidl v0.9.0 (/opt/rustwide/workdir)
[INFO] [stdout] warning: `...` range patterns are deprecated
[INFO] [stdout]    --> src/lexer/mod.rs:236:42
[INFO] [stdout]     |
[INFO] [stdout] 236 |                         Some(&(_, c @ 'A'...'Z')) |
[INFO] [stdout]     |                                          ^^^ help: use `..=` for an inclusive range
[INFO] [stdout]     |
[INFO] [stdout]     = warning: this is accepted in the current edition (Rust 2015) but is a hard error in Rust 2021!
[INFO] [stdout]     = note: for more information, see <https://doc.rust-lang.org/nightly/edition-guide/rust-2021/warnings-promoted-to-error.html>
[INFO] [stdout]     = note: `#[warn(ellipsis_inclusive_range_patterns)]` on by default
[INFO] [stdout] 
[INFO] [stdout] 
[INFO] [stdout] warning: `...` range patterns are deprecated
[INFO] [stdout]    --> src/lexer/mod.rs:237:42
[INFO] [stdout]     |
[INFO] [stdout] 237 |                         Some(&(_, c @ 'a'...'z')) => {
[INFO] [stdout]     |                                          ^^^ help: use `..=` for an inclusive range
[INFO] [stdout]     |
[INFO] [stdout]     = warning: this is accepted in the current edition (Rust 2015) but is a hard error in Rust 2021!
[INFO] [stdout]     = note: for more information, see <https://doc.rust-lang.org/nightly/edition-guide/rust-2021/warnings-promoted-to-error.html>
[INFO] [stdout] 
[INFO] [stdout] 
[INFO] [stdout] warning: `...` range patterns are deprecated
[INFO] [stdout]    --> src/lexer/mod.rs:246:37
[INFO] [stdout]     |
[INFO] [stdout] 246 |                 Some((start, c @ 'A'...'Z')) |
[INFO] [stdout]     |                                     ^^^ help: use `..=` for an inclusive range
[INFO] [stdout]     |
[INFO] [stdout]     = warning: this is accepted in the current edition (Rust 2015) but is a hard error in Rust 2021!
[INFO] [stdout]     = note: for more information, see <https://doc.rust-lang.org/nightly/edition-guide/rust-2021/warnings-promoted-to-error.html>
[INFO] [stdout] 
[INFO] [stdout] 
[INFO] [stdout] warning: `...` range patterns are deprecated
[INFO] [stdout]    --> src/lexer/mod.rs:247:37
[INFO] [stdout]     |
[INFO] [stdout] 247 |                 Some((start, c @ 'a'...'z')) => {
[INFO] [stdout]     |                                     ^^^ help: use `..=` for an inclusive range
[INFO] [stdout]     |
[INFO] [stdout]     = warning: this is accepted in the current edition (Rust 2015) but is a hard error in Rust 2021!
[INFO] [stdout]     = note: for more information, see <https://doc.rust-lang.org/nightly/edition-guide/rust-2021/warnings-promoted-to-error.html>
[INFO] [stdout] 
[INFO] [stdout] 
[INFO] [stdout] warning: `...` range patterns are deprecated
[INFO] [stdout]    --> src/lexer/mod.rs:250:37
[INFO] [stdout]     |
[INFO] [stdout] 250 |                 Some((start, c @ '0'...'9')) => {
[INFO] [stdout]     |                                     ^^^ help: use `..=` for an inclusive range
[INFO] [stdout]     |
[INFO] [stdout]     = warning: this is accepted in the current edition (Rust 2015) but is a hard error in Rust 2021!
[INFO] [stdout]     = note: for more information, see <https://doc.rust-lang.org/nightly/edition-guide/rust-2021/warnings-promoted-to-error.html>
[INFO] [stdout] 
[INFO] [stdout] 
[INFO] [stdout] warning: `...` range patterns are deprecated
[INFO] [stdout]    --> src/lexer/mod.rs:285:42
[INFO] [stdout]     |
[INFO] [stdout] 285 |                         Some(&(_, c @ '0'...'9')) => {
[INFO] [stdout]     |                                          ^^^ help: use `..=` for an inclusive range
[INFO] [stdout]     |
[INFO] [stdout]     = warning: this is accepted in the current edition (Rust 2015) but is a hard error in Rust 2021!
[INFO] [stdout]     = note: for more information, see <https://doc.rust-lang.org/nightly/edition-guide/rust-2021/warnings-promoted-to-error.html>
[INFO] [stdout] 
[INFO] [stdout] 
[INFO] [stdout] warning: `...` range patterns are deprecated
[INFO] [stdout]    --> src/lexer/mod.rs:309:42
[INFO] [stdout]     |
[INFO] [stdout] 309 |                         Some(&(_, c @ '0'...'9')) => {
[INFO] [stdout]     |                                          ^^^ help: use `..=` for an inclusive range
[INFO] [stdout]     |
[INFO] [stdout]     = warning: this is accepted in the current edition (Rust 2015) but is a hard error in Rust 2021!
[INFO] [stdout]     = note: for more information, see <https://doc.rust-lang.org/nightly/edition-guide/rust-2021/warnings-promoted-to-error.html>
[INFO] [stdout] 
[INFO] [stdout] 
[INFO] [stdout] warning: `...` range patterns are deprecated
[INFO] [stdout]    --> src/lexer/mod.rs:386:38
[INFO] [stdout]     |
[INFO] [stdout] 386 |                     Some(&(_, c @ '0'...'9')) => {
[INFO] [stdout]     |                                      ^^^ help: use `..=` for an inclusive range
[INFO] [stdout]     |
[INFO] [stdout]     = warning: this is accepted in the current edition (Rust 2015) but is a hard error in Rust 2021!
[INFO] [stdout]     = note: for more information, see <https://doc.rust-lang.org/nightly/edition-guide/rust-2021/warnings-promoted-to-error.html>
[INFO] [stdout] 
[INFO] [stdout] 
[INFO] [stdout] warning: `...` range patterns are deprecated
[INFO] [stdout]    --> src/lexer/mod.rs:403:38
[INFO] [stdout]     |
[INFO] [stdout] 403 |                     Some(&(_, c @ '0'...'9')) => {
[INFO] [stdout]     |                                      ^^^ help: use `..=` for an inclusive range
[INFO] [stdout]     |
[INFO] [stdout]     = warning: this is accepted in the current edition (Rust 2015) but is a hard error in Rust 2021!
[INFO] [stdout]     = note: for more information, see <https://doc.rust-lang.org/nightly/edition-guide/rust-2021/warnings-promoted-to-error.html>
[INFO] [stdout] 
[INFO] [stdout] 
[INFO] [stdout] warning: `...` range patterns are deprecated
[INFO] [stdout]    --> src/lexer/mod.rs:433:38
[INFO] [stdout]     |
[INFO] [stdout] 433 |                     Some(&(_, c @ '0'...'9')) => {
[INFO] [stdout]     |                                      ^^^ help: use `..=` for an inclusive range
[INFO] [stdout]     |
[INFO] [stdout]     = warning: this is accepted in the current edition (Rust 2015) but is a hard error in Rust 2021!
[INFO] [stdout]     = note: for more information, see <https://doc.rust-lang.org/nightly/edition-guide/rust-2021/warnings-promoted-to-error.html>
[INFO] [stdout] 
[INFO] [stdout] 
[INFO] [stdout] warning: `...` range patterns are deprecated
[INFO] [stdout]    --> src/lexer/mod.rs:449:38
[INFO] [stdout]     |
[INFO] [stdout] 449 |                     Some(&(_, c @ '0'...'9')) => {
[INFO] [stdout]     |                                      ^^^ help: use `..=` for an inclusive range
[INFO] [stdout]     |
[INFO] [stdout]     = warning: this is accepted in the current edition (Rust 2015) but is a hard error in Rust 2021!
[INFO] [stdout]     = note: for more information, see <https://doc.rust-lang.org/nightly/edition-guide/rust-2021/warnings-promoted-to-error.html>
[INFO] [stdout] 
[INFO] [stdout] 
[INFO] [stdout] warning: `...` range patterns are deprecated
[INFO] [stdout]    --> src/lexer/mod.rs:465:38
[INFO] [stdout]     |
[INFO] [stdout] 465 |                     Some(&(_, c @ '0'...'9')) => {
[INFO] [stdout]     |                                      ^^^ help: use `..=` for an inclusive range
[INFO] [stdout]     |
[INFO] [stdout]     = warning: this is accepted in the current edition (Rust 2015) but is a hard error in Rust 2021!
[INFO] [stdout]     = note: for more information, see <https://doc.rust-lang.org/nightly/edition-guide/rust-2021/warnings-promoted-to-error.html>
[INFO] [stdout] 
[INFO] [stdout] 
[INFO] [stdout] warning: `...` range patterns are deprecated
[INFO] [stdout]    --> src/lexer/mod.rs:477:38
[INFO] [stdout]     |
[INFO] [stdout] 477 |                     Some(&(_, c @ '0'...'9')) => {
[INFO] [stdout]     |                                      ^^^ help: use `..=` for an inclusive range
[INFO] [stdout]     |
[INFO] [stdout]     = warning: this is accepted in the current edition (Rust 2015) but is a hard error in Rust 2021!
[INFO] [stdout]     = note: for more information, see <https://doc.rust-lang.org/nightly/edition-guide/rust-2021/warnings-promoted-to-error.html>
[INFO] [stdout] 
[INFO] [stdout] 
[INFO] [stdout] warning: `...` range patterns are deprecated
[INFO] [stdout]    --> src/lexer/mod.rs:527:34
[INFO] [stdout]     |
[INFO] [stdout] 527 |                 Some(&(_, c @ 'A'...'Z'))
[INFO] [stdout]     |                                  ^^^ help: use `..=` for an inclusive range
[INFO] [stdout]     |
[INFO] [stdout]     = warning: this is accepted in the current edition (Rust 2015) but is a hard error in Rust 2021!
[INFO] [stdout]     = note: for more information, see <https://doc.rust-lang.org/nightly/edition-guide/rust-2021/warnings-promoted-to-error.html>
[INFO] [stdout] 
[INFO] [stdout] 
[INFO] [stdout] warning: `...` range patterns are deprecated
[INFO] [stdout]    --> src/lexer/mod.rs:528:36
[INFO] [stdout]     |
[INFO] [stdout] 528 |                 | Some(&(_, c @ 'a'...'z'))
[INFO] [stdout]     |                                    ^^^ help: use `..=` for an inclusive range
[INFO] [stdout]     |
[INFO] [stdout]     = warning: this is accepted in the current edition (Rust 2015) but is a hard error in Rust 2021!
[INFO] [stdout]     = note: for more information, see <https://doc.rust-lang.org/nightly/edition-guide/rust-2021/warnings-promoted-to-error.html>
[INFO] [stdout] 
[INFO] [stdout] 
[INFO] [stdout] warning: `...` range patterns are deprecated
[INFO] [stdout]    --> src/lexer/mod.rs:529:36
[INFO] [stdout]     |
[INFO] [stdout] 529 |                 | Some(&(_, c @ '0'...'9'))
[INFO] [stdout]     |                                    ^^^ help: use `..=` for an inclusive range
[INFO] [stdout]     |
[INFO] [stdout]     = warning: this is accepted in the current edition (Rust 2015) but is a hard error in Rust 2021!
[INFO] [stdout]     = note: for more information, see <https://doc.rust-lang.org/nightly/edition-guide/rust-2021/warnings-promoted-to-error.html>
[INFO] [stdout] 
[INFO] [stdout] 
[INFO] [stdout] warning: `...` range patterns are deprecated
[INFO] [stdout]    --> src/lexer/mod.rs:637:34
[INFO] [stdout]     |
[INFO] [stdout] 637 |                 Some(&(_, c @ '0'...'9')) => {
[INFO] [stdout]     |                                  ^^^ help: use `..=` for an inclusive range
[INFO] [stdout]     |
[INFO] [stdout]     = warning: this is accepted in the current edition (Rust 2015) but is a hard error in Rust 2021!
[INFO] [stdout]     = note: for more information, see <https://doc.rust-lang.org/nightly/edition-guide/rust-2021/warnings-promoted-to-error.html>
[INFO] [stdout] 
[INFO] [stdout] 
[INFO] [stdout] warning: `...` range patterns are deprecated
[INFO] [stdout]    --> src/lexer/mod.rs:659:46
[INFO] [stdout]     |
[INFO] [stdout] 659 | ...                   Some(&(_, c @ '0'...'9')) => {
[INFO] [stdout]     |                                        ^^^ help: use `..=` for an inclusive range
[INFO] [stdout]     |
[INFO] [stdout]     = warning: this is accepted in the current edition (Rust 2015) but is a hard error in Rust 2021!
[INFO] [stdout]     = note: for more information, see <https://doc.rust-lang.org/nightly/edition-guide/rust-2021/warnings-promoted-to-error.html>
[INFO] [stdout] 
[INFO] [stdout] 
[INFO] [stdout] warning: `...` range patterns are deprecated
[INFO] [stdout]    --> src/lexer/mod.rs:740:42
[INFO] [stdout]     |
[INFO] [stdout] 740 |                         Some(&(_, c @ '0'...'9')) => {
[INFO] [stdout]     |                                          ^^^ help: use `..=` for an inclusive range
[INFO] [stdout]     |
[INFO] [stdout]     = warning: this is accepted in the current edition (Rust 2015) but is a hard error in Rust 2021!
[INFO] [stdout]     = note: for more information, see <https://doc.rust-lang.org/nightly/edition-guide/rust-2021/warnings-promoted-to-error.html>
[INFO] [stdout] 
[INFO] [stdout] 
[INFO] [stdout] warning: `...` range patterns are deprecated
[INFO] [stdout]    --> src/lexer/mod.rs:846:29
[INFO] [stdout]     |
[INFO] [stdout] 846 |                 Some((_, '0'...'9')) => continue,
[INFO] [stdout]     |                             ^^^ help: use `..=` for an inclusive range
[INFO] [stdout]     |
[INFO] [stdout]     = warning: this is accepted in the current edition (Rust 2015) but is a hard error in Rust 2021!
[INFO] [stdout]     = note: for more information, see <https://doc.rust-lang.org/nightly/edition-guide/rust-2021/warnings-promoted-to-error.html>
[INFO] [stdout] 
[INFO] [stdout] 
[INFO] [stdout] warning: unnecessary parentheses around block return value
[INFO] [stdout]      --> /opt/rustwide/target/debug/build/webidl-63e627ecb7e4118a/out/parser/grammar.rs:14469:5
[INFO] [stdout]       |
[INFO] [stdout] 14469 |     (__0)
[INFO] [stdout]       |     ^   ^
[INFO] [stdout]       |
[INFO] [stdout]       = note: `#[warn(unused_parens)]` on by default
[INFO] [stdout] help: remove these parentheses
[INFO] [stdout]       |
[INFO] [stdout] 14469 -     (__0)
[INFO] [stdout] 14469 +     __0
[INFO] [stdout]       |
[INFO] [stdout] 
[INFO] [stdout] 
[INFO] [stdout] warning: unnecessary parentheses around block return value
[INFO] [stdout]      --> /opt/rustwide/target/debug/build/webidl-63e627ecb7e4118a/out/parser/grammar.rs:14507:5
[INFO] [stdout]       |
[INFO] [stdout] 14507 |     (__0)
[INFO] [stdout]       |     ^   ^
[INFO] [stdout]       |
[INFO] [stdout] help: remove these parentheses
[INFO] [stdout]       |
[INFO] [stdout] 14507 -     (__0)
[INFO] [stdout] 14507 +     __0
[INFO] [stdout]       |
[INFO] [stdout] 
[INFO] [stdout] 
[INFO] [stdout] warning: unnecessary parentheses around block return value
[INFO] [stdout]      --> /opt/rustwide/target/debug/build/webidl-63e627ecb7e4118a/out/parser/grammar.rs:14515:5
[INFO] [stdout]       |
[INFO] [stdout] 14515 |     (__0)
[INFO] [stdout]       |     ^   ^
[INFO] [stdout]       |
[INFO] [stdout] help: remove these parentheses
[INFO] [stdout]       |
[INFO] [stdout] 14515 -     (__0)
[INFO] [stdout] 14515 +     __0
[INFO] [stdout]       |
[INFO] [stdout] 
[INFO] [stdout] 
[INFO] [stdout] warning: unnecessary parentheses around block return value
[INFO] [stdout]      --> /opt/rustwide/target/debug/build/webidl-63e627ecb7e4118a/out/parser/grammar.rs:14763:5
[INFO] [stdout]       |
[INFO] [stdout] 14763 |     (__0)
[INFO] [stdout]       |     ^   ^
[INFO] [stdout]       |
[INFO] [stdout] help: remove these parentheses
[INFO] [stdout]       |
[INFO] [stdout] 14763 -     (__0)
[INFO] [stdout] 14763 +     __0
[INFO] [stdout]       |
[INFO] [stdout] 
[INFO] [stdout] 
[INFO] [stdout] warning: unnecessary parentheses around block return value
[INFO] [stdout]      --> /opt/rustwide/target/debug/build/webidl-63e627ecb7e4118a/out/parser/grammar.rs:14771:5
[INFO] [stdout]       |
[INFO] [stdout] 14771 |     (__0)
[INFO] [stdout]       |     ^   ^
[INFO] [stdout]       |
[INFO] [stdout] help: remove these parentheses
[INFO] [stdout]       |
[INFO] [stdout] 14771 -     (__0)
[INFO] [stdout] 14771 +     __0
[INFO] [stdout]       |
[INFO] [stdout] 
[INFO] [stdout] 
[INFO] [stdout] warning: unnecessary parentheses around block return value
[INFO] [stdout]      --> /opt/rustwide/target/debug/build/webidl-63e627ecb7e4118a/out/parser/grammar.rs:14903:5
[INFO] [stdout]       |
[INFO] [stdout] 14903 |     (__0)
[INFO] [stdout]       |     ^   ^
[INFO] [stdout]       |
[INFO] [stdout] help: remove these parentheses
[INFO] [stdout]       |
[INFO] [stdout] 14903 -     (__0)
[INFO] [stdout] 14903 +     __0
[INFO] [stdout]       |
[INFO] [stdout] 
[INFO] [stdout] 
[INFO] [stdout] warning: unnecessary parentheses around block return value
[INFO] [stdout]      --> /opt/rustwide/target/debug/build/webidl-63e627ecb7e4118a/out/parser/grammar.rs:14912:5
[INFO] [stdout]       |
[INFO] [stdout] 14912 |     (__0)
[INFO] [stdout]       |     ^   ^
[INFO] [stdout]       |
[INFO] [stdout] help: remove these parentheses
[INFO] [stdout]       |
[INFO] [stdout] 14912 -     (__0)
[INFO] [stdout] 14912 +     __0
[INFO] [stdout]       |
[INFO] [stdout] 
[INFO] [stdout] 
[INFO] [stdout] warning: unnecessary parentheses around block return value
[INFO] [stdout]      --> /opt/rustwide/target/debug/build/webidl-63e627ecb7e4118a/out/parser/grammar.rs:15078:5
[INFO] [stdout]       |
[INFO] [stdout] 15078 |     (__0)
[INFO] [stdout]       |     ^   ^
[INFO] [stdout]       |
[INFO] [stdout] help: remove these parentheses
[INFO] [stdout]       |
[INFO] [stdout] 15078 -     (__0)
[INFO] [stdout] 15078 +     __0
[INFO] [stdout]       |
[INFO] [stdout] 
[INFO] [stdout] 
[INFO] [stdout] warning: unnecessary parentheses around block return value
[INFO] [stdout]      --> /opt/rustwide/target/debug/build/webidl-63e627ecb7e4118a/out/parser/grammar.rs:15111:5
[INFO] [stdout]       |
[INFO] [stdout] 15111 |     (__0)
[INFO] [stdout]       |     ^   ^
[INFO] [stdout]       |
[INFO] [stdout] help: remove these parentheses
[INFO] [stdout]       |
[INFO] [stdout] 15111 -     (__0)
[INFO] [stdout] 15111 +     __0
[INFO] [stdout]       |
[INFO] [stdout] 
[INFO] [stdout] 
[INFO] [stdout] warning: unnecessary parentheses around block return value
[INFO] [stdout]      --> /opt/rustwide/target/debug/build/webidl-63e627ecb7e4118a/out/parser/grammar.rs:15133:5
[INFO] [stdout]       |
[INFO] [stdout] 15133 |     (__0)
[INFO] [stdout]       |     ^   ^
[INFO] [stdout]       |
[INFO] [stdout] help: remove these parentheses
[INFO] [stdout]       |
[INFO] [stdout] 15133 -     (__0)
[INFO] [stdout] 15133 +     __0
[INFO] [stdout]       |
[INFO] [stdout] 
[INFO] [stdout] 
[INFO] [stdout] warning: unnecessary parentheses around block return value
[INFO] [stdout]      --> /opt/rustwide/target/debug/build/webidl-63e627ecb7e4118a/out/parser/grammar.rs:15421:5
[INFO] [stdout]       |
[INFO] [stdout] 15421 |     (__0)
[INFO] [stdout]       |     ^   ^
[INFO] [stdout]       |
[INFO] [stdout] help: remove these parentheses
[INFO] [stdout]       |
[INFO] [stdout] 15421 -     (__0)
[INFO] [stdout] 15421 +     __0
[INFO] [stdout]       |
[INFO] [stdout] 
[INFO] [stdout] 
[INFO] [stdout] warning: unnecessary parentheses around block return value
[INFO] [stdout]      --> /opt/rustwide/target/debug/build/webidl-63e627ecb7e4118a/out/parser/grammar.rs:15429:5
[INFO] [stdout]       |
[INFO] [stdout] 15429 |     (__0)
[INFO] [stdout]       |     ^   ^
[INFO] [stdout]       |
[INFO] [stdout] help: remove these parentheses
[INFO] [stdout]       |
[INFO] [stdout] 15429 -     (__0)
[INFO] [stdout] 15429 +     __0
[INFO] [stdout]       |
[INFO] [stdout] 
[INFO] [stdout] 
[INFO] [stdout] warning: unnecessary parentheses around block return value
[INFO] [stdout]      --> /opt/rustwide/target/debug/build/webidl-63e627ecb7e4118a/out/parser/grammar.rs:15437:5
[INFO] [stdout]       |
[INFO] [stdout] 15437 |     (__0)
[INFO] [stdout]       |     ^   ^
[INFO] [stdout]       |
[INFO] [stdout] help: remove these parentheses
[INFO] [stdout]       |
[INFO] [stdout] 15437 -     (__0)
[INFO] [stdout] 15437 +     __0
[INFO] [stdout]       |
[INFO] [stdout] 
[INFO] [stdout] 
[INFO] [stdout] warning: unnecessary parentheses around block return value
[INFO] [stdout]      --> /opt/rustwide/target/debug/build/webidl-63e627ecb7e4118a/out/parser/grammar.rs:15445:5
[INFO] [stdout]       |
[INFO] [stdout] 15445 |     (__0)
[INFO] [stdout]       |     ^   ^
[INFO] [stdout]       |
[INFO] [stdout] help: remove these parentheses
[INFO] [stdout]       |
[INFO] [stdout] 15445 -     (__0)
[INFO] [stdout] 15445 +     __0
[INFO] [stdout]       |
[INFO] [stdout] 
[INFO] [stdout] 
[INFO] [stdout] warning: unnecessary parentheses around block return value
[INFO] [stdout]      --> /opt/rustwide/target/debug/build/webidl-63e627ecb7e4118a/out/parser/grammar.rs:15453:5
[INFO] [stdout]       |
[INFO] [stdout] 15453 |     (__0)
[INFO] [stdout]       |     ^   ^
[INFO] [stdout]       |
[INFO] [stdout] help: remove these parentheses
[INFO] [stdout]       |
[INFO] [stdout] 15453 -     (__0)
[INFO] [stdout] 15453 +     __0
[INFO] [stdout]       |
[INFO] [stdout] 
[INFO] [stdout] 
[INFO] [stdout] warning: unnecessary parentheses around block return value
[INFO] [stdout]      --> /opt/rustwide/target/debug/build/webidl-63e627ecb7e4118a/out/parser/grammar.rs:15461:5
[INFO] [stdout]       |
[INFO] [stdout] 15461 |     (__0)
[INFO] [stdout]       |     ^   ^
[INFO] [stdout]       |
[INFO] [stdout] help: remove these parentheses
[INFO] [stdout]       |
[INFO] [stdout] 15461 -     (__0)
[INFO] [stdout] 15461 +     __0
[INFO] [stdout]       |
[INFO] [stdout] 
[INFO] [stdout] 
[INFO] [stdout] warning: unnecessary parentheses around block return value
[INFO] [stdout]      --> /opt/rustwide/target/debug/build/webidl-63e627ecb7e4118a/out/parser/grammar.rs:15469:5
[INFO] [stdout]       |
[INFO] [stdout] 15469 |     (__0)
[INFO] [stdout]       |     ^   ^
[INFO] [stdout]       |
[INFO] [stdout] help: remove these parentheses
[INFO] [stdout]       |
[INFO] [stdout] 15469 -     (__0)
[INFO] [stdout] 15469 +     __0
[INFO] [stdout]       |
[INFO] [stdout] 
[INFO] [stdout] 
[INFO] [stdout] warning: unnecessary parentheses around block return value
[INFO] [stdout]      --> /opt/rustwide/target/debug/build/webidl-63e627ecb7e4118a/out/parser/grammar.rs:15477:5
[INFO] [stdout]       |
[INFO] [stdout] 15477 |     (__0)
[INFO] [stdout]       |     ^   ^
[INFO] [stdout]       |
[INFO] [stdout] help: remove these parentheses
[INFO] [stdout]       |
[INFO] [stdout] 15477 -     (__0)
[INFO] [stdout] 15477 +     __0
[INFO] [stdout]       |
[INFO] [stdout] 
[INFO] [stdout] 
[INFO] [stdout] warning: unnecessary parentheses around block return value
[INFO] [stdout]      --> /opt/rustwide/target/debug/build/webidl-63e627ecb7e4118a/out/parser/grammar.rs:15485:5
[INFO] [stdout]       |
[INFO] [stdout] 15485 |     (__0)
[INFO] [stdout]       |     ^   ^
[INFO] [stdout]       |
[INFO] [stdout] help: remove these parentheses
[INFO] [stdout]       |
[INFO] [stdout] 15485 -     (__0)
[INFO] [stdout] 15485 +     __0
[INFO] [stdout]       |
[INFO] [stdout] 
[INFO] [stdout] 
[INFO] [stdout] warning: unnecessary parentheses around block return value
[INFO] [stdout]      --> /opt/rustwide/target/debug/build/webidl-63e627ecb7e4118a/out/parser/grammar.rs:15493:5
[INFO] [stdout]       |
[INFO] [stdout] 15493 |     (__0)
[INFO] [stdout]       |     ^   ^
[INFO] [stdout]       |
[INFO] [stdout] help: remove these parentheses
[INFO] [stdout]       |
[INFO] [stdout] 15493 -     (__0)
[INFO] [stdout] 15493 +     __0
[INFO] [stdout]       |
[INFO] [stdout] 
[INFO] [stdout] 
[INFO] [stdout] warning: unnecessary parentheses around block return value
[INFO] [stdout]      --> /opt/rustwide/target/debug/build/webidl-63e627ecb7e4118a/out/parser/grammar.rs:15610:5
[INFO] [stdout]       |
[INFO] [stdout] 15610 |     (__0)
[INFO] [stdout]       |     ^   ^
[INFO] [stdout]       |
[INFO] [stdout] help: remove these parentheses
[INFO] [stdout]       |
[INFO] [stdout] 15610 -     (__0)
[INFO] [stdout] 15610 +     __0
[INFO] [stdout]       |
[INFO] [stdout] 
[INFO] [stdout] 
[INFO] [stdout] warning: unnecessary parentheses around block return value
[INFO] [stdout]      --> /opt/rustwide/target/debug/build/webidl-63e627ecb7e4118a/out/parser/grammar.rs:15714:5
[INFO] [stdout]       |
[INFO] [stdout] 15714 |     (__0)
[INFO] [stdout]       |     ^   ^
[INFO] [stdout]       |
[INFO] [stdout] help: remove these parentheses
[INFO] [stdout]       |
[INFO] [stdout] 15714 -     (__0)
[INFO] [stdout] 15714 +     __0
[INFO] [stdout]       |
[INFO] [stdout] 
[INFO] [stdout] 
[INFO] [stdout] warning: unnecessary parentheses around block return value
[INFO] [stdout]      --> /opt/rustwide/target/debug/build/webidl-63e627ecb7e4118a/out/parser/grammar.rs:15780:5
[INFO] [stdout]       |
[INFO] [stdout] 15780 |     (__0)
[INFO] [stdout]       |     ^   ^
[INFO] [stdout]       |
[INFO] [stdout] help: remove these parentheses
[INFO] [stdout]       |
[INFO] [stdout] 15780 -     (__0)
[INFO] [stdout] 15780 +     __0
[INFO] [stdout]       |
[INFO] [stdout] 
[INFO] [stdout] 
[INFO] [stdout] warning: unnecessary parentheses around block return value
[INFO] [stdout]      --> /opt/rustwide/target/debug/build/webidl-63e627ecb7e4118a/out/parser/grammar.rs:15796:5
[INFO] [stdout]       |
[INFO] [stdout] 15796 |     (__0)
[INFO] [stdout]       |     ^   ^
[INFO] [stdout]       |
[INFO] [stdout] help: remove these parentheses
[INFO] [stdout]       |
[INFO] [stdout] 15796 -     (__0)
[INFO] [stdout] 15796 +     __0
[INFO] [stdout]       |
[INFO] [stdout] 
[INFO] [stdout] 
[INFO] [stdout] warning: unnecessary parentheses around block return value
[INFO] [stdout]      --> /opt/rustwide/target/debug/build/webidl-63e627ecb7e4118a/out/parser/grammar.rs:16430:5
[INFO] [stdout]       |
[INFO] [stdout] 16430 |     (__0)
[INFO] [stdout]       |     ^   ^
[INFO] [stdout]       |
[INFO] [stdout] help: remove these parentheses
[INFO] [stdout]       |
[INFO] [stdout] 16430 -     (__0)
[INFO] [stdout] 16430 +     __0
[INFO] [stdout]       |
[INFO] [stdout] 
[INFO] [stdout] 
[INFO] [stdout] warning: unnecessary parentheses around block return value
[INFO] [stdout]      --> /opt/rustwide/target/debug/build/webidl-63e627ecb7e4118a/out/parser/grammar.rs:16438:5
[INFO] [stdout]       |
[INFO] [stdout] 16438 |     (__0)
[INFO] [stdout]       |     ^   ^
[INFO] [stdout]       |
[INFO] [stdout] help: remove these parentheses
[INFO] [stdout]       |
[INFO] [stdout] 16438 -     (__0)
[INFO] [stdout] 16438 +     __0
[INFO] [stdout]       |
[INFO] [stdout] 
[INFO] [stdout] 
[INFO] [stdout] warning: unnecessary parentheses around block return value
[INFO] [stdout]      --> /opt/rustwide/target/debug/build/webidl-63e627ecb7e4118a/out/parser/grammar.rs:16446:5
[INFO] [stdout]       |
[INFO] [stdout] 16446 |     (__0)
[INFO] [stdout]       |     ^   ^
[INFO] [stdout]       |
[INFO] [stdout] help: remove these parentheses
[INFO] [stdout]       |
[INFO] [stdout] 16446 -     (__0)
[INFO] [stdout] 16446 +     __0
[INFO] [stdout]       |
[INFO] [stdout] 
[INFO] [stdout] 
[INFO] [stdout] warning: unnecessary parentheses around block return value
[INFO] [stdout]      --> /opt/rustwide/target/debug/build/webidl-63e627ecb7e4118a/out/parser/grammar.rs:17069:5
[INFO] [stdout]       |
[INFO] [stdout] 17069 |     (__0)
[INFO] [stdout]       |     ^   ^
[INFO] [stdout]       |
[INFO] [stdout] help: remove these parentheses
[INFO] [stdout]       |
[INFO] [stdout] 17069 -     (__0)
[INFO] [stdout] 17069 +     __0
[INFO] [stdout]       |
[INFO] [stdout] 
[INFO] [stdout] 
[INFO] [stdout] warning: unnecessary parentheses around block return value
[INFO] [stdout]      --> /opt/rustwide/target/debug/build/webidl-63e627ecb7e4118a/out/parser/grammar.rs:17078:5
[INFO] [stdout]       |
[INFO] [stdout] 17078 |     (__0)
[INFO] [stdout]       |     ^   ^
[INFO] [stdout]       |
[INFO] [stdout] help: remove these parentheses
[INFO] [stdout]       |
[INFO] [stdout] 17078 -     (__0)
[INFO] [stdout] 17078 +     __0
[INFO] [stdout]       |
[INFO] [stdout] 
[INFO] [stdout] 
[INFO] [stdout] warning: unnecessary parentheses around block return value
[INFO] [stdout]      --> /opt/rustwide/target/debug/build/webidl-63e627ecb7e4118a/out/parser/grammar.rs:17210:5
[INFO] [stdout]       |
[INFO] [stdout] 17210 |     (__0)
[INFO] [stdout]       |     ^   ^
[INFO] [stdout]       |
[INFO] [stdout] help: remove these parentheses
[INFO] [stdout]       |
[INFO] [stdout] 17210 -     (__0)
[INFO] [stdout] 17210 +     __0
[INFO] [stdout]       |
[INFO] [stdout] 
[INFO] [stdout] 
[INFO] [stdout] warning: unnecessary parentheses around block return value
[INFO] [stdout]      --> /opt/rustwide/target/debug/build/webidl-63e627ecb7e4118a/out/parser/grammar.rs:17227:5
[INFO] [stdout]       |
[INFO] [stdout] 17227 |     (__0)
[INFO] [stdout]       |     ^   ^
[INFO] [stdout]       |
[INFO] [stdout] help: remove these parentheses
[INFO] [stdout]       |
[INFO] [stdout] 17227 -     (__0)
[INFO] [stdout] 17227 +     __0
[INFO] [stdout]       |
[INFO] [stdout] 
[INFO] [stdout] 
[INFO] [stdout] warning: unnecessary parentheses around block return value
[INFO] [stdout]      --> /opt/rustwide/target/debug/build/webidl-63e627ecb7e4118a/out/parser/grammar.rs:17314:5
[INFO] [stdout]       |
[INFO] [stdout] 17314 |     (__0)
[INFO] [stdout]       |     ^   ^
[INFO] [stdout]       |
[INFO] [stdout] help: remove these parentheses
[INFO] [stdout]       |
[INFO] [stdout] 17314 -     (__0)
[INFO] [stdout] 17314 +     __0
[INFO] [stdout]       |
[INFO] [stdout] 
[INFO] [stdout] 
[INFO] [stdout] warning: unnecessary parentheses around block return value
[INFO] [stdout]      --> /opt/rustwide/target/debug/build/webidl-63e627ecb7e4118a/out/parser/grammar.rs:17322:5
[INFO] [stdout]       |
[INFO] [stdout] 17322 |     (__0)
[INFO] [stdout]       |     ^   ^
[INFO] [stdout]       |
[INFO] [stdout] help: remove these parentheses
[INFO] [stdout]       |
[INFO] [stdout] 17322 -     (__0)
[INFO] [stdout] 17322 +     __0
[INFO] [stdout]       |
[INFO] [stdout] 
[INFO] [stdout] 
[INFO] [stdout] warning: unnecessary parentheses around block return value
[INFO] [stdout]      --> /opt/rustwide/target/debug/build/webidl-63e627ecb7e4118a/out/parser/grammar.rs:17376:5
[INFO] [stdout]       |
[INFO] [stdout] 17376 |     (__0)
[INFO] [stdout]       |     ^   ^
[INFO] [stdout]       |
[INFO] [stdout] help: remove these parentheses
[INFO] [stdout]       |
[INFO] [stdout] 17376 -     (__0)
[INFO] [stdout] 17376 +     __0
[INFO] [stdout]       |
[INFO] [stdout] 
[INFO] [stdout] 
[INFO] [stdout] warning: unnecessary parentheses around block return value
[INFO] [stdout]      --> /opt/rustwide/target/debug/build/webidl-63e627ecb7e4118a/out/parser/grammar.rs:17384:5
[INFO] [stdout]       |
[INFO] [stdout] 17384 |     (__0)
[INFO] [stdout]       |     ^   ^
[INFO] [stdout]       |
[INFO] [stdout] help: remove these parentheses
[INFO] [stdout]       |
[INFO] [stdout] 17384 -     (__0)
[INFO] [stdout] 17384 +     __0
[INFO] [stdout]       |
[INFO] [stdout] 
[INFO] [stdout] 
[INFO] [stdout] warning: unnecessary parentheses around block return value
[INFO] [stdout]      --> /opt/rustwide/target/debug/build/webidl-63e627ecb7e4118a/out/parser/grammar.rs:17477:5
[INFO] [stdout]       |
[INFO] [stdout] 17477 |     (__0)
[INFO] [stdout]       |     ^   ^
[INFO] [stdout]       |
[INFO] [stdout] help: remove these parentheses
[INFO] [stdout]       |
[INFO] [stdout] 17477 -     (__0)
[INFO] [stdout] 17477 +     __0
[INFO] [stdout]       |
[INFO] [stdout] 
[INFO] [stdout] 
[INFO] [stdout] warning: unnecessary parentheses around block return value
[INFO] [stdout]      --> /opt/rustwide/target/debug/build/webidl-63e627ecb7e4118a/out/parser/grammar.rs:17541:5
[INFO] [stdout]       |
[INFO] [stdout] 17541 |     (__0)
[INFO] [stdout]       |     ^   ^
[INFO] [stdout]       |
[INFO] [stdout] help: remove these parentheses
[INFO] [stdout]       |
[INFO] [stdout] 17541 -     (__0)
[INFO] [stdout] 17541 +     __0
[INFO] [stdout]       |
[INFO] [stdout] 
[INFO] [stdout] 
[INFO] [stdout] warning: unnecessary parentheses around block return value
[INFO] [stdout]      --> /opt/rustwide/target/debug/build/webidl-63e627ecb7e4118a/out/parser/grammar.rs:17592:5
[INFO] [stdout]       |
[INFO] [stdout] 17592 |     (__0)
[INFO] [stdout]       |     ^   ^
[INFO] [stdout]       |
[INFO] [stdout] help: remove these parentheses
[INFO] [stdout]       |
[INFO] [stdout] 17592 -     (__0)
[INFO] [stdout] 17592 +     __0
[INFO] [stdout]       |
[INFO] [stdout] 
[INFO] [stdout] 
[INFO] [stdout] warning: unnecessary parentheses around block return value
[INFO] [stdout]      --> /opt/rustwide/target/debug/build/webidl-63e627ecb7e4118a/out/parser/grammar.rs:17883:5
[INFO] [stdout]       |
[INFO] [stdout] 17883 |     (__0)
[INFO] [stdout]       |     ^   ^
[INFO] [stdout]       |
[INFO] [stdout] help: remove these parentheses
[INFO] [stdout]       |
[INFO] [stdout] 17883 -     (__0)
[INFO] [stdout] 17883 +     __0
[INFO] [stdout]       |
[INFO] [stdout] 
[INFO] [stdout] 
[INFO] [stdout] warning: unnecessary parentheses around block return value
[INFO] [stdout]      --> /opt/rustwide/target/debug/build/webidl-63e627ecb7e4118a/out/parser/grammar.rs:18024:5
[INFO] [stdout]       |
[INFO] [stdout] 18024 |     (__0)
[INFO] [stdout]       |     ^   ^
[INFO] [stdout]       |
[INFO] [stdout] help: remove these parentheses
[INFO] [stdout]       |
[INFO] [stdout] 18024 -     (__0)
[INFO] [stdout] 18024 +     __0
[INFO] [stdout]       |
[INFO] [stdout] 
[INFO] [stdout] 
[INFO] [stdout] warning: unnecessary parentheses around block return value
[INFO] [stdout]      --> /opt/rustwide/target/debug/build/webidl-63e627ecb7e4118a/out/parser/grammar.rs:18175:5
[INFO] [stdout]       |
[INFO] [stdout] 18175 |     (__0)
[INFO] [stdout]       |     ^   ^
[INFO] [stdout]       |
[INFO] [stdout] help: remove these parentheses
[INFO] [stdout]       |
[INFO] [stdout] 18175 -     (__0)
[INFO] [stdout] 18175 +     __0
[INFO] [stdout]       |
[INFO] [stdout] 
[INFO] [stdout] 
[INFO] [stdout] warning: unnecessary parentheses around block return value
[INFO] [stdout]      --> /opt/rustwide/target/debug/build/webidl-63e627ecb7e4118a/out/parser/grammar.rs:18271:5
[INFO] [stdout]       |
[INFO] [stdout] 18271 |     (__0)
[INFO] [stdout]       |     ^   ^
[INFO] [stdout]       |
[INFO] [stdout] help: remove these parentheses
[INFO] [stdout]       |
[INFO] [stdout] 18271 -     (__0)
[INFO] [stdout] 18271 +     __0
[INFO] [stdout]       |
[INFO] [stdout] 
[INFO] [stdout] 
[INFO] [stdout] warning: use of deprecated method `std::error::Error::description`: use the Display impl or to_string()
[INFO] [stdout]   --> src/lexer/mod.rs:63:30
[INFO] [stdout]    |
[INFO] [stdout] 63 |         write!(f, "{}", self.description())
[INFO] [stdout]    |                              ^^^^^^^^^^^
[INFO] [stdout]    |
[INFO] [stdout]    = note: `#[warn(deprecated)]` on by default
[INFO] [stdout] 
[INFO] [stdout] 
[INFO] [stdout] warning: field `input` is never read
[INFO] [stdout]    --> src/lexer/mod.rs:203:5
[INFO] [stdout]     |
[INFO] [stdout] 196 | pub struct Lexer<'input> {
[INFO] [stdout]     |            ----- field in this struct
[INFO] [stdout] ...
[INFO] [stdout] 203 |     input: &'input str,
[INFO] [stdout]     |     ^^^^^
[INFO] [stdout]     |
[INFO] [stdout]     = note: `Lexer` has derived impls for the traits `Debug` and `Clone`, but these are intentionally ignored during dead code analysis
[INFO] [stdout]     = note: `#[warn(dead_code)]` on by default
[INFO] [stdout] 
[INFO] [stdout] 
[INFO] [stdout] warning: 64 warnings emitted
[INFO] [stdout] 
[INFO] [stdout] 
[INFO] [stderr]     Finished dev [unoptimized + debuginfo] target(s) in 28.52s
[INFO] [stderr] warning: the following packages contain code that will be rejected by a future version of Rust: lalrpop v0.17.2
[INFO] [stderr] note: to see what the problems were, use the option `--future-incompat-report`, or run `cargo report future-incompatibilities --id 2`
[INFO] running `Command { std: "docker" "inspect" "6d09cb8d8113882d4f0d925a7a9ba67c9c630f253946cf48fd2099138d677e88", kill_on_drop: false }`
[INFO] running `Command { std: "docker" "rm" "-f" "6d09cb8d8113882d4f0d925a7a9ba67c9c630f253946cf48fd2099138d677e88", kill_on_drop: false }`
[INFO] [stdout] 6d09cb8d8113882d4f0d925a7a9ba67c9c630f253946cf48fd2099138d677e88
[INFO] running `Command { std: "docker" "create" "-v" "/var/lib/crater-agent-workspace/builds/worker-6-tc2/target:/opt/rustwide/target:rw,Z" "-v" "/var/lib/crater-agent-workspace/builds/worker-6-tc2/source:/opt/rustwide/workdir:ro,Z" "-v" "/var/lib/crater-agent-workspace/cargo-home:/opt/rustwide/cargo-home:ro,Z" "-v" "/var/lib/crater-agent-workspace/rustup-home:/opt/rustwide/rustup-home:ro,Z" "-e" "SOURCE_DIR=/opt/rustwide/workdir" "-e" "CARGO_TARGET_DIR=/opt/rustwide/target" "-e" "CARGO_INCREMENTAL=0" "-e" "RUST_BACKTRACE=full" "-e" "RUSTFLAGS=--cap-lints=warn" "-e" "RUSTDOCFLAGS=--cap-lints=warn" "-e" "CARGO_HOME=/opt/rustwide/cargo-home" "-e" "RUSTUP_HOME=/opt/rustwide/rustup-home" "-w" "/opt/rustwide/workdir" "-m" "1610612736" "--user" "0:0" "--network" "none" "ghcr.io/rust-lang/crates-build-env/linux@sha256:5ff2268d62e97bff2cde7d5815dd6ed5b47097566f13b8d0ca110b04b60e07ed" "/opt/rustwide/cargo-home/bin/cargo" "+beta-2023-04-20" "test" "--frozen" "--no-run" "--message-format=json", kill_on_drop: false }`
[INFO] [stdout] 0cc21401c2ae8f296b43b957cafd8007c553b791dd386864aa78d3cb141e62c4
[INFO] running `Command { std: "docker" "start" "-a" "0cc21401c2ae8f296b43b957cafd8007c553b791dd386864aa78d3cb141e62c4", kill_on_drop: false }`
[INFO] [stderr]    Compiling rand_os v0.1.3
[INFO] [stderr]    Compiling dirs v1.0.5
[INFO] [stderr]    Compiling log v0.4.17
[INFO] [stderr]    Compiling block-buffer v0.7.3
[INFO] [stderr]    Compiling pkg-config v0.3.26
[INFO] [stderr]    Compiling atty v0.2.14
[INFO] [stderr]    Compiling crc32fast v1.3.2
[INFO] [stderr]    Compiling thiserror v1.0.40
[INFO] [stderr]    Compiling sha2 v0.8.2
[INFO] [stderr]    Compiling miniz_oxide v0.7.1
[INFO] [stderr]    Compiling rand v0.6.5
[INFO] [stderr]    Compiling term v0.5.2
[INFO] [stderr]    Compiling ena v0.13.1
[INFO] [stderr]    Compiling thiserror-impl v1.0.40
[INFO] [stderr]    Compiling time v0.1.45
[INFO] [stderr]    Compiling flate2 v1.0.26
[INFO] [stderr]    Compiling bzip2-sys v0.1.11+1.0.8
[INFO] [stderr]    Compiling ascii-canvas v2.0.0
[INFO] [stderr]    Compiling phf_generator v0.7.24
[INFO] [stderr]    Compiling string_cache_codegen v0.4.4
[INFO] [stderr]    Compiling string_cache v0.7.5
[INFO] [stderr]    Compiling bzip2 v0.4.4
[INFO] [stderr]    Compiling zip v0.5.13
[INFO] [stderr]    Compiling lalrpop v0.17.2
[INFO] [stderr]    Compiling webidl v0.9.0 (/opt/rustwide/workdir)
[INFO] [stdout] warning: `...` range patterns are deprecated
[INFO] [stdout]    --> src/lexer/mod.rs:236:42
[INFO] [stdout]     |
[INFO] [stdout] 236 |                         Some(&(_, c @ 'A'...'Z')) |
[INFO] [stdout]     |                                          ^^^ help: use `..=` for an inclusive range
[INFO] [stdout]     |
[INFO] [stdout]     = warning: this is accepted in the current edition (Rust 2015) but is a hard error in Rust 2021!
[INFO] [stdout]     = note: for more information, see <https://doc.rust-lang.org/nightly/edition-guide/rust-2021/warnings-promoted-to-error.html>
[INFO] [stdout]     = note: `#[warn(ellipsis_inclusive_range_patterns)]` on by default
[INFO] [stdout] 
[INFO] [stdout] 
[INFO] [stdout] warning: `...` range patterns are deprecated
[INFO] [stdout]    --> src/lexer/mod.rs:237:42
[INFO] [stdout]     |
[INFO] [stdout] 237 |                         Some(&(_, c @ 'a'...'z')) => {
[INFO] [stdout]     |                                          ^^^ help: use `..=` for an inclusive range
[INFO] [stdout]     |
[INFO] [stdout]     = warning: this is accepted in the current edition (Rust 2015) but is a hard error in Rust 2021!
[INFO] [stdout]     = note: for more information, see <https://doc.rust-lang.org/nightly/edition-guide/rust-2021/warnings-promoted-to-error.html>
[INFO] [stdout] 
[INFO] [stdout] 
[INFO] [stdout] warning: `...` range patterns are deprecated
[INFO] [stdout]    --> src/lexer/mod.rs:246:37
[INFO] [stdout]     |
[INFO] [stdout] 246 |                 Some((start, c @ 'A'...'Z')) |
[INFO] [stdout]     |                                     ^^^ help: use `..=` for an inclusive range
[INFO] [stdout]     |
[INFO] [stdout]     = warning: this is accepted in the current edition (Rust 2015) but is a hard error in Rust 2021!
[INFO] [stdout]     = note: for more information, see <https://doc.rust-lang.org/nightly/edition-guide/rust-2021/warnings-promoted-to-error.html>
[INFO] [stdout] 
[INFO] [stdout] 
[INFO] [stdout] warning: `...` range patterns are deprecated
[INFO] [stdout]    --> src/lexer/mod.rs:247:37
[INFO] [stdout]     |
[INFO] [stdout] 247 |                 Some((start, c @ 'a'...'z')) => {
[INFO] [stdout]     |                                     ^^^ help: use `..=` for an inclusive range
[INFO] [stdout]     |
[INFO] [stdout]     = warning: this is accepted in the current edition (Rust 2015) but is a hard error in Rust 2021!
[INFO] [stdout]     = note: for more information, see <https://doc.rust-lang.org/nightly/edition-guide/rust-2021/warnings-promoted-to-error.html>
[INFO] [stdout] 
[INFO] [stdout] 
[INFO] [stdout] warning: `...` range patterns are deprecated
[INFO] [stdout]    --> src/lexer/mod.rs:250:37
[INFO] [stdout]     |
[INFO] [stdout] 250 |                 Some((start, c @ '0'...'9')) => {
[INFO] [stdout]     |                                     ^^^ help: use `..=` for an inclusive range
[INFO] [stdout]     |
[INFO] [stdout]     = warning: this is accepted in the current edition (Rust 2015) but is a hard error in Rust 2021!
[INFO] [stdout]     = note: for more information, see <https://doc.rust-lang.org/nightly/edition-guide/rust-2021/warnings-promoted-to-error.html>
[INFO] [stdout] 
[INFO] [stdout] 
[INFO] [stdout] warning: `...` range patterns are deprecated
[INFO] [stdout]    --> src/lexer/mod.rs:285:42
[INFO] [stdout]     |
[INFO] [stdout] 285 |                         Some(&(_, c @ '0'...'9')) => {
[INFO] [stdout]     |                                          ^^^ help: use `..=` for an inclusive range
[INFO] [stdout]     |
[INFO] [stdout]     = warning: this is accepted in the current edition (Rust 2015) but is a hard error in Rust 2021!
[INFO] [stdout]     = note: for more information, see <https://doc.rust-lang.org/nightly/edition-guide/rust-2021/warnings-promoted-to-error.html>
[INFO] [stdout] 
[INFO] [stdout] 
[INFO] [stdout] warning: `...` range patterns are deprecated
[INFO] [stdout]    --> src/lexer/mod.rs:309:42
[INFO] [stdout]     |
[INFO] [stdout] 309 |                         Some(&(_, c @ '0'...'9')) => {
[INFO] [stdout]     |                                          ^^^ help: use `..=` for an inclusive range
[INFO] [stdout]     |
[INFO] [stdout]     = warning: this is accepted in the current edition (Rust 2015) but is a hard error in Rust 2021!
[INFO] [stdout]     = note: for more information, see <https://doc.rust-lang.org/nightly/edition-guide/rust-2021/warnings-promoted-to-error.html>
[INFO] [stdout] 
[INFO] [stdout] 
[INFO] [stdout] warning: `...` range patterns are deprecated
[INFO] [stdout]    --> src/lexer/mod.rs:386:38
[INFO] [stdout]     |
[INFO] [stdout] 386 |                     Some(&(_, c @ '0'...'9')) => {
[INFO] [stdout]     |                                      ^^^ help: use `..=` for an inclusive range
[INFO] [stdout]     |
[INFO] [stdout]     = warning: this is accepted in the current edition (Rust 2015) but is a hard error in Rust 2021!
[INFO] [stdout]     = note: for more information, see <https://doc.rust-lang.org/nightly/edition-guide/rust-2021/warnings-promoted-to-error.html>
[INFO] [stdout] 
[INFO] [stdout] 
[INFO] [stdout] warning: `...` range patterns are deprecated
[INFO] [stdout]    --> src/lexer/mod.rs:403:38
[INFO] [stdout]     |
[INFO] [stdout] 403 |                     Some(&(_, c @ '0'...'9')) => {
[INFO] [stdout]     |                                      ^^^ help: use `..=` for an inclusive range
[INFO] [stdout]     |
[INFO] [stdout]     = warning: this is accepted in the current edition (Rust 2015) but is a hard error in Rust 2021!
[INFO] [stdout]     = note: for more information, see <https://doc.rust-lang.org/nightly/edition-guide/rust-2021/warnings-promoted-to-error.html>
[INFO] [stdout] 
[INFO] [stdout] 
[INFO] [stdout] warning: `...` range patterns are deprecated
[INFO] [stdout]    --> src/lexer/mod.rs:433:38
[INFO] [stdout]     |
[INFO] [stdout] 433 |                     Some(&(_, c @ '0'...'9')) => {
[INFO] [stdout]     |                                      ^^^ help: use `..=` for an inclusive range
[INFO] [stdout]     |
[INFO] [stdout]     = warning: this is accepted in the current edition (Rust 2015) but is a hard error in Rust 2021!
[INFO] [stdout]     = note: for more information, see <https://doc.rust-lang.org/nightly/edition-guide/rust-2021/warnings-promoted-to-error.html>
[INFO] [stdout] 
[INFO] [stdout] 
[INFO] [stdout] warning: `...` range patterns are deprecated
[INFO] [stdout]    --> src/lexer/mod.rs:449:38
[INFO] [stdout]     |
[INFO] [stdout] 449 |                     Some(&(_, c @ '0'...'9')) => {
[INFO] [stdout]     |                                      ^^^ help: use `..=` for an inclusive range
[INFO] [stdout]     |
[INFO] [stdout]     = warning: this is accepted in the current edition (Rust 2015) but is a hard error in Rust 2021!
[INFO] [stdout]     = note: for more information, see <https://doc.rust-lang.org/nightly/edition-guide/rust-2021/warnings-promoted-to-error.html>
[INFO] [stdout] 
[INFO] [stdout] 
[INFO] [stdout] warning: `...` range patterns are deprecated
[INFO] [stdout]    --> src/lexer/mod.rs:465:38
[INFO] [stdout]     |
[INFO] [stdout] 465 |                     Some(&(_, c @ '0'...'9')) => {
[INFO] [stdout]     |                                      ^^^ help: use `..=` for an inclusive range
[INFO] [stdout]     |
[INFO] [stdout]     = warning: this is accepted in the current edition (Rust 2015) but is a hard error in Rust 2021!
[INFO] [stdout]     = note: for more information, see <https://doc.rust-lang.org/nightly/edition-guide/rust-2021/warnings-promoted-to-error.html>
[INFO] [stdout] 
[INFO] [stdout] 
[INFO] [stdout] warning: `...` range patterns are deprecated
[INFO] [stdout]    --> src/lexer/mod.rs:477:38
[INFO] [stdout]     |
[INFO] [stdout] 477 |                     Some(&(_, c @ '0'...'9')) => {
[INFO] [stdout]     |                                      ^^^ help: use `..=` for an inclusive range
[INFO] [stdout]     |
[INFO] [stdout]     = warning: this is accepted in the current edition (Rust 2015) but is a hard error in Rust 2021!
[INFO] [stdout]     = note: for more information, see <https://doc.rust-lang.org/nightly/edition-guide/rust-2021/warnings-promoted-to-error.html>
[INFO] [stdout] 
[INFO] [stdout] 
[INFO] [stdout] warning: `...` range patterns are deprecated
[INFO] [stdout]    --> src/lexer/mod.rs:527:34
[INFO] [stdout]     |
[INFO] [stdout] 527 |                 Some(&(_, c @ 'A'...'Z'))
[INFO] [stdout]     |                                  ^^^ help: use `..=` for an inclusive range
[INFO] [stdout]     |
[INFO] [stdout]     = warning: this is accepted in the current edition (Rust 2015) but is a hard error in Rust 2021!
[INFO] [stdout]     = note: for more information, see <https://doc.rust-lang.org/nightly/edition-guide/rust-2021/warnings-promoted-to-error.html>
[INFO] [stdout] 
[INFO] [stdout] 
[INFO] [stdout] warning: `...` range patterns are deprecated
[INFO] [stdout]    --> src/lexer/mod.rs:528:36
[INFO] [stdout]     |
[INFO] [stdout] 528 |                 | Some(&(_, c @ 'a'...'z'))
[INFO] [stdout]     |                                    ^^^ help: use `..=` for an inclusive range
[INFO] [stdout]     |
[INFO] [stdout]     = warning: this is accepted in the current edition (Rust 2015) but is a hard error in Rust 2021!
[INFO] [stdout]     = note: for more information, see <https://doc.rust-lang.org/nightly/edition-guide/rust-2021/warnings-promoted-to-error.html>
[INFO] [stdout] 
[INFO] [stdout] 
[INFO] [stdout] warning: `...` range patterns are deprecated
[INFO] [stdout]    --> src/lexer/mod.rs:529:36
[INFO] [stdout]     |
[INFO] [stdout] 529 |                 | Some(&(_, c @ '0'...'9'))
[INFO] [stdout]     |                                    ^^^ help: use `..=` for an inclusive range
[INFO] [stdout]     |
[INFO] [stdout]     = warning: this is accepted in the current edition (Rust 2015) but is a hard error in Rust 2021!
[INFO] [stdout]     = note: for more information, see <https://doc.rust-lang.org/nightly/edition-guide/rust-2021/warnings-promoted-to-error.html>
[INFO] [stdout] 
[INFO] [stdout] 
[INFO] [stdout] warning: `...` range patterns are deprecated
[INFO] [stdout]    --> src/lexer/mod.rs:637:34
[INFO] [stdout]     |
[INFO] [stdout] 637 |                 Some(&(_, c @ '0'...'9')) => {
[INFO] [stdout]     |                                  ^^^ help: use `..=` for an inclusive range
[INFO] [stdout]     |
[INFO] [stdout]     = warning: this is accepted in the current edition (Rust 2015) but is a hard error in Rust 2021!
[INFO] [stdout]     = note: for more information, see <https://doc.rust-lang.org/nightly/edition-guide/rust-2021/warnings-promoted-to-error.html>
[INFO] [stdout] 
[INFO] [stdout] 
[INFO] [stdout] warning: `...` range patterns are deprecated
[INFO] [stdout]    --> src/lexer/mod.rs:659:46
[INFO] [stdout]     |
[INFO] [stdout] 659 | ...                   Some(&(_, c @ '0'...'9')) => {
[INFO] [stdout]     |                                        ^^^ help: use `..=` for an inclusive range
[INFO] [stdout]     |
[INFO] [stdout]     = warning: this is accepted in the current edition (Rust 2015) but is a hard error in Rust 2021!
[INFO] [stdout]     = note: for more information, see <https://doc.rust-lang.org/nightly/edition-guide/rust-2021/warnings-promoted-to-error.html>
[INFO] [stdout] 
[INFO] [stdout] 
[INFO] [stdout] warning: `...` range patterns are deprecated
[INFO] [stdout]    --> src/lexer/mod.rs:740:42
[INFO] [stdout]     |
[INFO] [stdout] 740 |                         Some(&(_, c @ '0'...'9')) => {
[INFO] [stdout]     |                                          ^^^ help: use `..=` for an inclusive range
[INFO] [stdout]     |
[INFO] [stdout]     = warning: this is accepted in the current edition (Rust 2015) but is a hard error in Rust 2021!
[INFO] [stdout]     = note: for more information, see <https://doc.rust-lang.org/nightly/edition-guide/rust-2021/warnings-promoted-to-error.html>
[INFO] [stdout] 
[INFO] [stdout] 
[INFO] [stdout] warning: `...` range patterns are deprecated
[INFO] [stdout]    --> src/lexer/mod.rs:846:29
[INFO] [stdout]     |
[INFO] [stdout] 846 |                 Some((_, '0'...'9')) => continue,
[INFO] [stdout]     |                             ^^^ help: use `..=` for an inclusive range
[INFO] [stdout]     |
[INFO] [stdout]     = warning: this is accepted in the current edition (Rust 2015) but is a hard error in Rust 2021!
[INFO] [stdout]     = note: for more information, see <https://doc.rust-lang.org/nightly/edition-guide/rust-2021/warnings-promoted-to-error.html>
[INFO] [stdout] 
[INFO] [stdout] 
[INFO] [stdout] warning: unnecessary parentheses around block return value
[INFO] [stdout]      --> /opt/rustwide/target/debug/build/webidl-74ee03bc05e55c3c/out/parser/grammar.rs:14469:5
[INFO] [stdout]       |
[INFO] [stdout] 14469 |     (__0)
[INFO] [stdout]       |     ^   ^
[INFO] [stdout]       |
[INFO] [stdout]       = note: `#[warn(unused_parens)]` on by default
[INFO] [stdout] help: remove these parentheses
[INFO] [stdout]       |
[INFO] [stdout] 14469 -     (__0)
[INFO] [stdout] 14469 +     __0
[INFO] [stdout]       |
[INFO] [stdout] 
[INFO] [stdout] 
[INFO] [stdout] warning: unnecessary parentheses around block return value
[INFO] [stdout]      --> /opt/rustwide/target/debug/build/webidl-74ee03bc05e55c3c/out/parser/grammar.rs:14507:5
[INFO] [stdout]       |
[INFO] [stdout] 14507 |     (__0)
[INFO] [stdout]       |     ^   ^
[INFO] [stdout]       |
[INFO] [stdout] help: remove these parentheses
[INFO] [stdout]       |
[INFO] [stdout] 14507 -     (__0)
[INFO] [stdout] 14507 +     __0
[INFO] [stdout]       |
[INFO] [stdout] 
[INFO] [stdout] 
[INFO] [stdout] warning: unnecessary parentheses around block return value
[INFO] [stdout]      --> /opt/rustwide/target/debug/build/webidl-74ee03bc05e55c3c/out/parser/grammar.rs:14515:5
[INFO] [stdout]       |
[INFO] [stdout] 14515 |     (__0)
[INFO] [stdout]       |     ^   ^
[INFO] [stdout]       |
[INFO] [stdout] help: remove these parentheses
[INFO] [stdout]       |
[INFO] [stdout] 14515 -     (__0)
[INFO] [stdout] 14515 +     __0
[INFO] [stdout]       |
[INFO] [stdout] 
[INFO] [stdout] 
[INFO] [stdout] warning: unnecessary parentheses around block return value
[INFO] [stdout]      --> /opt/rustwide/target/debug/build/webidl-74ee03bc05e55c3c/out/parser/grammar.rs:14763:5
[INFO] [stdout]       |
[INFO] [stdout] 14763 |     (__0)
[INFO] [stdout]       |     ^   ^
[INFO] [stdout]       |
[INFO] [stdout] help: remove these parentheses
[INFO] [stdout]       |
[INFO] [stdout] 14763 -     (__0)
[INFO] [stdout] 14763 +     __0
[INFO] [stdout]       |
[INFO] [stdout] 
[INFO] [stdout] 
[INFO] [stdout] warning: unnecessary parentheses around block return value
[INFO] [stdout]      --> /opt/rustwide/target/debug/build/webidl-74ee03bc05e55c3c/out/parser/grammar.rs:14771:5
[INFO] [stdout]       |
[INFO] [stdout] 14771 |     (__0)
[INFO] [stdout]       |     ^   ^
[INFO] [stdout]       |
[INFO] [stdout] help: remove these parentheses
[INFO] [stdout]       |
[INFO] [stdout] 14771 -     (__0)
[INFO] [stdout] 14771 +     __0
[INFO] [stdout]       |
[INFO] [stdout] 
[INFO] [stdout] 
[INFO] [stdout] warning: unnecessary parentheses around block return value
[INFO] [stdout]      --> /opt/rustwide/target/debug/build/webidl-74ee03bc05e55c3c/out/parser/grammar.rs:14903:5
[INFO] [stdout]       |
[INFO] [stdout] 14903 |     (__0)
[INFO] [stdout]       |     ^   ^
[INFO] [stdout]       |
[INFO] [stdout] help: remove these parentheses
[INFO] [stdout]       |
[INFO] [stdout] 14903 -     (__0)
[INFO] [stdout] 14903 +     __0
[INFO] [stdout]       |
[INFO] [stdout] 
[INFO] [stdout] 
[INFO] [stdout] warning: unnecessary parentheses around block return value
[INFO] [stdout]      --> /opt/rustwide/target/debug/build/webidl-74ee03bc05e55c3c/out/parser/grammar.rs:14912:5
[INFO] [stdout]       |
[INFO] [stdout] 14912 |     (__0)
[INFO] [stdout]       |     ^   ^
[INFO] [stdout]       |
[INFO] [stdout] help: remove these parentheses
[INFO] [stdout]       |
[INFO] [stdout] 14912 -     (__0)
[INFO] [stdout] 14912 +     __0
[INFO] [stdout]       |
[INFO] [stdout] 
[INFO] [stdout] 
[INFO] [stdout] warning: unnecessary parentheses around block return value
[INFO] [stdout]      --> /opt/rustwide/target/debug/build/webidl-74ee03bc05e55c3c/out/parser/grammar.rs:15078:5
[INFO] [stdout]       |
[INFO] [stdout] 15078 |     (__0)
[INFO] [stdout]       |     ^   ^
[INFO] [stdout]       |
[INFO] [stdout] help: remove these parentheses
[INFO] [stdout]       |
[INFO] [stdout] 15078 -     (__0)
[INFO] [stdout] 15078 +     __0
[INFO] [stdout]       |
[INFO] [stdout] 
[INFO] [stdout] 
[INFO] [stdout] warning: unnecessary parentheses around block return value
[INFO] [stdout]      --> /opt/rustwide/target/debug/build/webidl-74ee03bc05e55c3c/out/parser/grammar.rs:15111:5
[INFO] [stdout]       |
[INFO] [stdout] 15111 |     (__0)
[INFO] [stdout]       |     ^   ^
[INFO] [stdout]       |
[INFO] [stdout] help: remove these parentheses
[INFO] [stdout]       |
[INFO] [stdout] 15111 -     (__0)
[INFO] [stdout] 15111 +     __0
[INFO] [stdout]       |
[INFO] [stdout] 
[INFO] [stdout] 
[INFO] [stdout] warning: unnecessary parentheses around block return value
[INFO] [stdout]      --> /opt/rustwide/target/debug/build/webidl-74ee03bc05e55c3c/out/parser/grammar.rs:15133:5
[INFO] [stdout]       |
[INFO] [stdout] 15133 |     (__0)
[INFO] [stdout]       |     ^   ^
[INFO] [stdout]       |
[INFO] [stdout] help: remove these parentheses
[INFO] [stdout]       |
[INFO] [stdout] 15133 -     (__0)
[INFO] [stdout] 15133 +     __0
[INFO] [stdout]       |
[INFO] [stdout] 
[INFO] [stdout] 
[INFO] [stdout] warning: unnecessary parentheses around block return value
[INFO] [stdout]      --> /opt/rustwide/target/debug/build/webidl-74ee03bc05e55c3c/out/parser/grammar.rs:15421:5
[INFO] [stdout]       |
[INFO] [stdout] 15421 |     (__0)
[INFO] [stdout]       |     ^   ^
[INFO] [stdout]       |
[INFO] [stdout] help: remove these parentheses
[INFO] [stdout]       |
[INFO] [stdout] 15421 -     (__0)
[INFO] [stdout] 15421 +     __0
[INFO] [stdout]       |
[INFO] [stdout] 
[INFO] [stdout] 
[INFO] [stdout] warning: unnecessary parentheses around block return value
[INFO] [stdout]      --> /opt/rustwide/target/debug/build/webidl-74ee03bc05e55c3c/out/parser/grammar.rs:15429:5
[INFO] [stdout]       |
[INFO] [stdout] 15429 |     (__0)
[INFO] [stdout]       |     ^   ^
[INFO] [stdout]       |
[INFO] [stdout] help: remove these parentheses
[INFO] [stdout]       |
[INFO] [stdout] 15429 -     (__0)
[INFO] [stdout] 15429 +     __0
[INFO] [stdout]       |
[INFO] [stdout] 
[INFO] [stdout] 
[INFO] [stdout] warning: unnecessary parentheses around block return value
[INFO] [stdout]      --> /opt/rustwide/target/debug/build/webidl-74ee03bc05e55c3c/out/parser/grammar.rs:15437:5
[INFO] [stdout]       |
[INFO] [stdout] 15437 |     (__0)
[INFO] [stdout]       |     ^   ^
[INFO] [stdout]       |
[INFO] [stdout] help: remove these parentheses
[INFO] [stdout]       |
[INFO] [stdout] 15437 -     (__0)
[INFO] [stdout] 15437 +     __0
[INFO] [stdout]       |
[INFO] [stdout] 
[INFO] [stdout] 
[INFO] [stdout] warning: unnecessary parentheses around block return value
[INFO] [stdout]      --> /opt/rustwide/target/debug/build/webidl-74ee03bc05e55c3c/out/parser/grammar.rs:15445:5
[INFO] [stdout]       |
[INFO] [stdout] 15445 |     (__0)
[INFO] [stdout]       |     ^   ^
[INFO] [stdout]       |
[INFO] [stdout] help: remove these parentheses
[INFO] [stdout]       |
[INFO] [stdout] 15445 -     (__0)
[INFO] [stdout] 15445 +     __0
[INFO] [stdout]       |
[INFO] [stdout] 
[INFO] [stdout] 
[INFO] [stdout] warning: unnecessary parentheses around block return value
[INFO] [stdout]      --> /opt/rustwide/target/debug/build/webidl-74ee03bc05e55c3c/out/parser/grammar.rs:15453:5
[INFO] [stdout]       |
[INFO] [stdout] 15453 |     (__0)
[INFO] [stdout]       |     ^   ^
[INFO] [stdout]       |
[INFO] [stdout] help: remove these parentheses
[INFO] [stdout]       |
[INFO] [stdout] 15453 -     (__0)
[INFO] [stdout] 15453 +     __0
[INFO] [stdout]       |
[INFO] [stdout] 
[INFO] [stdout] 
[INFO] [stdout] warning: unnecessary parentheses around block return value
[INFO] [stdout]      --> /opt/rustwide/target/debug/build/webidl-74ee03bc05e55c3c/out/parser/grammar.rs:15461:5
[INFO] [stdout]       |
[INFO] [stdout] 15461 |     (__0)
[INFO] [stdout]       |     ^   ^
[INFO] [stdout]       |
[INFO] [stdout] help: remove these parentheses
[INFO] [stdout]       |
[INFO] [stdout] 15461 -     (__0)
[INFO] [stdout] 15461 +     __0
[INFO] [stdout]       |
[INFO] [stdout] 
[INFO] [stdout] 
[INFO] [stdout] warning: unnecessary parentheses around block return value
[INFO] [stdout]      --> /opt/rustwide/target/debug/build/webidl-74ee03bc05e55c3c/out/parser/grammar.rs:15469:5
[INFO] [stdout]       |
[INFO] [stdout] 15469 |     (__0)
[INFO] [stdout]       |     ^   ^
[INFO] [stdout]       |
[INFO] [stdout] help: remove these parentheses
[INFO] [stdout]       |
[INFO] [stdout] 15469 -     (__0)
[INFO] [stdout] 15469 +     __0
[INFO] [stdout]       |
[INFO] [stdout] 
[INFO] [stdout] 
[INFO] [stdout] warning: unnecessary parentheses around block return value
[INFO] [stdout]      --> /opt/rustwide/target/debug/build/webidl-74ee03bc05e55c3c/out/parser/grammar.rs:15477:5
[INFO] [stdout]       |
[INFO] [stdout] 15477 |     (__0)
[INFO] [stdout]       |     ^   ^
[INFO] [stdout]       |
[INFO] [stdout] help: remove these parentheses
[INFO] [stdout]       |
[INFO] [stdout] 15477 -     (__0)
[INFO] [stdout] 15477 +     __0
[INFO] [stdout]       |
[INFO] [stdout] 
[INFO] [stdout] 
[INFO] [stdout] warning: unnecessary parentheses around block return value
[INFO] [stdout]      --> /opt/rustwide/target/debug/build/webidl-74ee03bc05e55c3c/out/parser/grammar.rs:15485:5
[INFO] [stdout]       |
[INFO] [stdout] 15485 |     (__0)
[INFO] [stdout]       |     ^   ^
[INFO] [stdout]       |
[INFO] [stdout] help: remove these parentheses
[INFO] [stdout]       |
[INFO] [stdout] 15485 -     (__0)
[INFO] [stdout] 15485 +     __0
[INFO] [stdout]       |
[INFO] [stdout] 
[INFO] [stdout] 
[INFO] [stdout] warning: unnecessary parentheses around block return value
[INFO] [stdout]      --> /opt/rustwide/target/debug/build/webidl-74ee03bc05e55c3c/out/parser/grammar.rs:15493:5
[INFO] [stdout]       |
[INFO] [stdout] 15493 |     (__0)
[INFO] [stdout]       |     ^   ^
[INFO] [stdout]       |
[INFO] [stdout] help: remove these parentheses
[INFO] [stdout]       |
[INFO] [stdout] 15493 -     (__0)
[INFO] [stdout] 15493 +     __0
[INFO] [stdout]       |
[INFO] [stdout] 
[INFO] [stdout] 
[INFO] [stdout] warning: unnecessary parentheses around block return value
[INFO] [stdout]      --> /opt/rustwide/target/debug/build/webidl-74ee03bc05e55c3c/out/parser/grammar.rs:15610:5
[INFO] [stdout]       |
[INFO] [stdout] 15610 |     (__0)
[INFO] [stdout]       |     ^   ^
[INFO] [stdout]       |
[INFO] [stdout] help: remove these parentheses
[INFO] [stdout]       |
[INFO] [stdout] 15610 -     (__0)
[INFO] [stdout] 15610 +     __0
[INFO] [stdout]       |
[INFO] [stdout] 
[INFO] [stdout] 
[INFO] [stdout] warning: unnecessary parentheses around block return value
[INFO] [stdout]      --> /opt/rustwide/target/debug/build/webidl-74ee03bc05e55c3c/out/parser/grammar.rs:15714:5
[INFO] [stdout]       |
[INFO] [stdout] 15714 |     (__0)
[INFO] [stdout]       |     ^   ^
[INFO] [stdout]       |
[INFO] [stdout] help: remove these parentheses
[INFO] [stdout]       |
[INFO] [stdout] 15714 -     (__0)
[INFO] [stdout] 15714 +     __0
[INFO] [stdout]       |
[INFO] [stdout] 
[INFO] [stdout] 
[INFO] [stdout] warning: unnecessary parentheses around block return value
[INFO] [stdout]      --> /opt/rustwide/target/debug/build/webidl-74ee03bc05e55c3c/out/parser/grammar.rs:15780:5
[INFO] [stdout]       |
[INFO] [stdout] 15780 |     (__0)
[INFO] [stdout]       |     ^   ^
[INFO] [stdout]       |
[INFO] [stdout] help: remove these parentheses
[INFO] [stdout]       |
[INFO] [stdout] 15780 -     (__0)
[INFO] [stdout] 15780 +     __0
[INFO] [stdout]       |
[INFO] [stdout] 
[INFO] [stdout] 
[INFO] [stdout] warning: `...` range patterns are deprecated
[INFO] [stdout]    --> src/lexer/mod.rs:236:42
[INFO] [stdout]     |
[INFO] [stdout] 236 |                         Some(&(_, c @ 'A'...'Z')) |
[INFO] [stdout]     |                                          ^^^ help: use `..=` for an inclusive range
[INFO] [stdout]     |
[INFO] [stdout]     = warning: this is accepted in the current edition (Rust 2015) but is a hard error in Rust 2021!
[INFO] [stdout]     = note: for more information, see <https://doc.rust-lang.org/nightly/edition-guide/rust-2021/warnings-promoted-to-error.html>
[INFO] [stdout]     = note: `#[warn(ellipsis_inclusive_range_patterns)]` on by default
[INFO] [stdout] 
[INFO] [stdout] 
[INFO] [stdout] warning: `...` range patterns are deprecated
[INFO] [stdout]    --> src/lexer/mod.rs:237:42
[INFO] [stdout]     |
[INFO] [stdout] 237 |                         Some(&(_, c @ 'a'...'z')) => {
[INFO] [stdout]     |                                          ^^^ help: use `..=` for an inclusive range
[INFO] [stdout]     |
[INFO] [stdout]     = warning: this is accepted in the current edition (Rust 2015) but is a hard error in Rust 2021!
[INFO] [stdout]     = note: for more information, see <https://doc.rust-lang.org/nightly/edition-guide/rust-2021/warnings-promoted-to-error.html>
[INFO] [stdout] 
[INFO] [stdout] 
[INFO] [stdout] warning: `...` range patterns are deprecated
[INFO] [stdout]    --> src/lexer/mod.rs:246:37
[INFO] [stdout]     |
[INFO] [stdout] 246 |                 Some((start, c @ 'A'...'Z')) |
[INFO] [stdout]     |                                     ^^^ help: use `..=` for an inclusive range
[INFO] [stdout]     |
[INFO] [stdout]     = warning: this is accepted in the current edition (Rust 2015) but is a hard error in Rust 2021!
[INFO] [stdout]     = note: for more information, see <https://doc.rust-lang.org/nightly/edition-guide/rust-2021/warnings-promoted-to-error.html>
[INFO] [stdout] 
[INFO] [stdout] 
[INFO] [stdout] warning: unnecessary parentheses around block return value
[INFO] [stdout]      --> /opt/rustwide/target/debug/build/webidl-74ee03bc05e55c3c/out/parser/grammar.rs:15796:5
[INFO] [stdout]       |
[INFO] [stdout] 15796 |     (__0)
[INFO] [stdout]       |     ^   ^
[INFO] [stdout]       |
[INFO] [stdout] help: remove these parentheses
[INFO] [stdout]       |
[INFO] [stdout] 15796 -     (__0)
[INFO] [stdout] 15796 +     __0
[INFO] [stdout]       |
[INFO] [stdout] 
[INFO] [stdout] 
[INFO] [stdout] warning: `...` range patterns are deprecated
[INFO] [stdout]    --> src/lexer/mod.rs:247:37
[INFO] [stdout]     |
[INFO] [stdout] 247 |                 Some((start, c @ 'a'...'z')) => {
[INFO] [stdout]     |                                     ^^^ help: use `..=` for an inclusive range
[INFO] [stdout]     |
[INFO] [stdout]     = warning: this is accepted in the current edition (Rust 2015) but is a hard error in Rust 2021!
[INFO] [stdout]     = note: for more information, see <https://doc.rust-lang.org/nightly/edition-guide/rust-2021/warnings-promoted-to-error.html>
[INFO] [stdout] 
[INFO] [stdout] 
[INFO] [stdout] warning: `...` range patterns are deprecated
[INFO] [stdout]    --> src/lexer/mod.rs:250:37
[INFO] [stdout]     |
[INFO] [stdout] 250 |                 Some((start, c @ '0'...'9')) => {
[INFO] [stdout]     |                                     ^^^ help: use `..=` for an inclusive range
[INFO] [stdout]     |
[INFO] [stdout]     = warning: this is accepted in the current edition (Rust 2015) but is a hard error in Rust 2021!
[INFO] [stdout]     = note: for more information, see <https://doc.rust-lang.org/nightly/edition-guide/rust-2021/warnings-promoted-to-error.html>
[INFO] [stdout] 
[INFO] [stdout] 
[INFO] [stdout] warning: `...` range patterns are deprecated
[INFO] [stdout]    --> src/lexer/mod.rs:285:42
[INFO] [stdout]     |
[INFO] [stdout] 285 |                         Some(&(_, c @ '0'...'9')) => {
[INFO] [stdout]     |                                          ^^^ help: use `..=` for an inclusive range
[INFO] [stdout]     |
[INFO] [stdout]     = warning: this is accepted in the current edition (Rust 2015) but is a hard error in Rust 2021!
[INFO] [stdout]     = note: for more information, see <https://doc.rust-lang.org/nightly/edition-guide/rust-2021/warnings-promoted-to-error.html>
[INFO] [stdout] 
[INFO] [stdout] 
[INFO] [stdout] warning: `...` range patterns are deprecated
[INFO] [stdout]    --> src/lexer/mod.rs:309:42
[INFO] [stdout]     |
[INFO] [stdout] 309 |                         Some(&(_, c @ '0'...'9')) => {
[INFO] [stdout]     |                                          ^^^ help: use `..=` for an inclusive range
[INFO] [stdout]     |
[INFO] [stdout]     = warning: this is accepted in the current edition (Rust 2015) but is a hard error in Rust 2021!
[INFO] [stdout]     = note: for more information, see <https://doc.rust-lang.org/nightly/edition-guide/rust-2021/warnings-promoted-to-error.html>
[INFO] [stdout] 
[INFO] [stdout] 
[INFO] [stdout] warning: `...` range patterns are deprecated
[INFO] [stdout]    --> src/lexer/mod.rs:386:38
[INFO] [stdout]     |
[INFO] [stdout] 386 |                     Some(&(_, c @ '0'...'9')) => {
[INFO] [stdout]     |                                      ^^^ help: use `..=` for an inclusive range
[INFO] [stdout]     |
[INFO] [stdout]     = warning: this is accepted in the current edition (Rust 2015) but is a hard error in Rust 2021!
[INFO] [stdout]     = note: for more information, see <https://doc.rust-lang.org/nightly/edition-guide/rust-2021/warnings-promoted-to-error.html>
[INFO] [stdout] 
[INFO] [stdout] 
[INFO] [stdout] warning: `...` range patterns are deprecated
[INFO] [stdout]    --> src/lexer/mod.rs:403:38
[INFO] [stdout]     |
[INFO] [stdout] 403 |                     Some(&(_, c @ '0'...'9')) => {
[INFO] [stdout]     |                                      ^^^ help: use `..=` for an inclusive range
[INFO] [stdout]     |
[INFO] [stdout]     = warning: this is accepted in the current edition (Rust 2015) but is a hard error in Rust 2021!
[INFO] [stdout]     = note: for more information, see <https://doc.rust-lang.org/nightly/edition-guide/rust-2021/warnings-promoted-to-error.html>
[INFO] [stdout] 
[INFO] [stdout] 
[INFO] [stdout] warning: `...` range patterns are deprecated
[INFO] [stdout]    --> src/lexer/mod.rs:433:38
[INFO] [stdout]     |
[INFO] [stdout] 433 |                     Some(&(_, c @ '0'...'9')) => {
[INFO] [stdout]     |                                      ^^^ help: use `..=` for an inclusive range
[INFO] [stdout]     |
[INFO] [stdout]     = warning: this is accepted in the current edition (Rust 2015) but is a hard error in Rust 2021!
[INFO] [stdout]     = note: for more information, see <https://doc.rust-lang.org/nightly/edition-guide/rust-2021/warnings-promoted-to-error.html>
[INFO] [stdout] 
[INFO] [stdout] 
[INFO] [stdout] warning: `...` range patterns are deprecated
[INFO] [stdout]    --> src/lexer/mod.rs:449:38
[INFO] [stdout]     |
[INFO] [stdout] 449 |                     Some(&(_, c @ '0'...'9')) => {
[INFO] [stdout]     |                                      ^^^ help: use `..=` for an inclusive range
[INFO] [stdout]     |
[INFO] [stdout]     = warning: this is accepted in the current edition (Rust 2015) but is a hard error in Rust 2021!
[INFO] [stdout]     = note: for more information, see <https://doc.rust-lang.org/nightly/edition-guide/rust-2021/warnings-promoted-to-error.html>
[INFO] [stdout] 
[INFO] [stdout] 
[INFO] [stdout] warning: `...` range patterns are deprecated
[INFO] [stdout]    --> src/lexer/mod.rs:465:38
[INFO] [stdout]     |
[INFO] [stdout] 465 |                     Some(&(_, c @ '0'...'9')) => {
[INFO] [stdout]     |                                      ^^^ help: use `..=` for an inclusive range
[INFO] [stdout]     |
[INFO] [stdout]     = warning: this is accepted in the current edition (Rust 2015) but is a hard error in Rust 2021!
[INFO] [stdout]     = note: for more information, see <https://doc.rust-lang.org/nightly/edition-guide/rust-2021/warnings-promoted-to-error.html>
[INFO] [stdout] 
[INFO] [stdout] 
[INFO] [stdout] warning: unnecessary parentheses around block return value
[INFO] [stdout]      --> /opt/rustwide/target/debug/build/webidl-74ee03bc05e55c3c/out/parser/grammar.rs:16430:5
[INFO] [stdout]       |
[INFO] [stdout] 16430 |     (__0)
[INFO] [stdout]       |     ^   ^
[INFO] [stdout]       |
[INFO] [stdout] help: remove these parentheses
[INFO] [stdout]       |
[INFO] [stdout] 16430 -     (__0)
[INFO] [stdout] 16430 +     __0
[INFO] [stdout]       |
[INFO] [stdout] 
[INFO] [stdout] 
[INFO] [stdout] warning: `...` range patterns are deprecated
[INFO] [stdout]    --> src/lexer/mod.rs:477:38
[INFO] [stdout]     |
[INFO] [stdout] 477 |                     Some(&(_, c @ '0'...'9')) => {
[INFO] [stdout]     |                                      ^^^ help: use `..=` for an inclusive range
[INFO] [stdout]     |
[INFO] [stdout]     = warning: this is accepted in the current edition (Rust 2015) but is a hard error in Rust 2021!
[INFO] [stdout]     = note: for more information, see <https://doc.rust-lang.org/nightly/edition-guide/rust-2021/warnings-promoted-to-error.html>
[INFO] [stdout] 
[INFO] [stdout] 
[INFO] [stdout] warning: `...` range patterns are deprecated
[INFO] [stdout]    --> src/lexer/mod.rs:527:34
[INFO] [stdout]     |
[INFO] [stdout] 527 |                 Some(&(_, c @ 'A'...'Z'))
[INFO] [stdout]     |                                  ^^^ help: use `..=` for an inclusive range
[INFO] [stdout]     |
[INFO] [stdout]     = warning: this is accepted in the current edition (Rust 2015) but is a hard error in Rust 2021!
[INFO] [stdout]     = note: for more information, see <https://doc.rust-lang.org/nightly/edition-guide/rust-2021/warnings-promoted-to-error.html>
[INFO] [stdout] 
[INFO] [stdout] 
[INFO] [stdout] warning: `...` range patterns are deprecated
[INFO] [stdout]    --> src/lexer/mod.rs:528:36
[INFO] [stdout]     |
[INFO] [stdout] 528 |                 | Some(&(_, c @ 'a'...'z'))
[INFO] [stdout]     |                                    ^^^ help: use `..=` for an inclusive range
[INFO] [stdout]     |
[INFO] [stdout]     = warning: this is accepted in the current edition (Rust 2015) but is a hard error in Rust 2021!
[INFO] [stdout]     = note: for more information, see <https://doc.rust-lang.org/nightly/edition-guide/rust-2021/warnings-promoted-to-error.html>
[INFO] [stdout] 
[INFO] [stdout] 
[INFO] [stdout] warning: `...` range patterns are deprecated
[INFO] [stdout]    --> src/lexer/mod.rs:529:36
[INFO] [stdout]     |
[INFO] [stdout] 529 |                 | Some(&(_, c @ '0'...'9'))
[INFO] [stdout]     |                                    ^^^ help: use `..=` for an inclusive range
[INFO] [stdout]     |
[INFO] [stdout]     = warning: this is accepted in the current edition (Rust 2015) but is a hard error in Rust 2021!
[INFO] [stdout]     = note: for more information, see <https://doc.rust-lang.org/nightly/edition-guide/rust-2021/warnings-promoted-to-error.html>
[INFO] [stdout] 
[INFO] [stdout] 
[INFO] [stdout] warning: `...` range patterns are deprecated
[INFO] [stdout]    --> src/lexer/mod.rs:637:34
[INFO] [stdout]     |
[INFO] [stdout] 637 |                 Some(&(_, c @ '0'...'9')) => {
[INFO] [stdout]     |                                  ^^^ help: use `..=` for an inclusive range
[INFO] [stdout]     |
[INFO] [stdout]     = warning: this is accepted in the current edition (Rust 2015) but is a hard error in Rust 2021!
[INFO] [stdout]     = note: for more information, see <https://doc.rust-lang.org/nightly/edition-guide/rust-2021/warnings-promoted-to-error.html>
[INFO] [stdout] 
[INFO] [stdout] 
[INFO] [stdout] warning: `...` range patterns are deprecated
[INFO] [stdout]    --> src/lexer/mod.rs:659:46
[INFO] [stdout]     |
[INFO] [stdout] 659 | ...                   Some(&(_, c @ '0'...'9')) => {
[INFO] [stdout]     |                                        ^^^ help: use `..=` for an inclusive range
[INFO] [stdout]     |
[INFO] [stdout]     = warning: this is accepted in the current edition (Rust 2015) but is a hard error in Rust 2021!
[INFO] [stdout]     = note: for more information, see <https://doc.rust-lang.org/nightly/edition-guide/rust-2021/warnings-promoted-to-error.html>
[INFO] [stdout] 
[INFO] [stdout] 
[INFO] [stdout] warning: `...` range patterns are deprecated
[INFO] [stdout]    --> src/lexer/mod.rs:740:42
[INFO] [stdout]     |
[INFO] [stdout] 740 |                         Some(&(_, c @ '0'...'9')) => {
[INFO] [stdout]     |                                          ^^^ help: use `..=` for an inclusive range
[INFO] [stdout]     |
[INFO] [stdout]     = warning: this is accepted in the current edition (Rust 2015) but is a hard error in Rust 2021!
[INFO] [stdout]     = note: for more information, see <https://doc.rust-lang.org/nightly/edition-guide/rust-2021/warnings-promoted-to-error.html>
[INFO] [stdout] 
[INFO] [stdout] 
[INFO] [stdout] warning: `...` range patterns are deprecated
[INFO] [stdout]    --> src/lexer/mod.rs:846:29
[INFO] [stdout]     |
[INFO] [stdout] 846 |                 Some((_, '0'...'9')) => continue,
[INFO] [stdout]     |                             ^^^ help: use `..=` for an inclusive range
[INFO] [stdout]     |
[INFO] [stdout]     = warning: this is accepted in the current edition (Rust 2015) but is a hard error in Rust 2021!
[INFO] [stdout]     = note: for more information, see <https://doc.rust-lang.org/nightly/edition-guide/rust-2021/warnings-promoted-to-error.html>
[INFO] [stdout] 
[INFO] [stdout] 
[INFO] [stdout] warning: unnecessary parentheses around block return value
[INFO] [stdout]      --> /opt/rustwide/target/debug/build/webidl-74ee03bc05e55c3c/out/parser/grammar.rs:16438:5
[INFO] [stdout]       |
[INFO] [stdout] 16438 |     (__0)
[INFO] [stdout]       |     ^   ^
[INFO] [stdout]       |
[INFO] [stdout] help: remove these parentheses
[INFO] [stdout]       |
[INFO] [stdout] 16438 -     (__0)
[INFO] [stdout] 16438 +     __0
[INFO] [stdout]       |
[INFO] [stdout] 
[INFO] [stdout] 
[INFO] [stdout] warning: unnecessary parentheses around block return value
[INFO] [stdout]      --> /opt/rustwide/target/debug/build/webidl-74ee03bc05e55c3c/out/parser/grammar.rs:16446:5
[INFO] [stdout]       |
[INFO] [stdout] 16446 |     (__0)
[INFO] [stdout]       |     ^   ^
[INFO] [stdout]       |
[INFO] [stdout] help: remove these parentheses
[INFO] [stdout]       |
[INFO] [stdout] 16446 -     (__0)
[INFO] [stdout] 16446 +     __0
[INFO] [stdout]       |
[INFO] [stdout] 
[INFO] [stdout] 
[INFO] [stdout] warning: unnecessary parentheses around block return value
[INFO] [stdout]      --> /opt/rustwide/target/debug/build/webidl-74ee03bc05e55c3c/out/parser/grammar.rs:17069:5
[INFO] [stdout]       |
[INFO] [stdout] 17069 |     (__0)
[INFO] [stdout]       |     ^   ^
[INFO] [stdout]       |
[INFO] [stdout] help: remove these parentheses
[INFO] [stdout]       |
[INFO] [stdout] 17069 -     (__0)
[INFO] [stdout] 17069 +     __0
[INFO] [stdout]       |
[INFO] [stdout] 
[INFO] [stdout] 
[INFO] [stdout] warning: unnecessary parentheses around block return value
[INFO] [stdout]      --> /opt/rustwide/target/debug/build/webidl-74ee03bc05e55c3c/out/parser/grammar.rs:14469:5
[INFO] [stdout]       |
[INFO] [stdout] 14469 |     (__0)
[INFO] [stdout]       |     ^   ^
[INFO] [stdout]       |
[INFO] [stdout]       = note: `#[warn(unused_parens)]` on by default
[INFO] [stdout] help: remove these parentheses
[INFO] [stdout]       |
[INFO] [stdout] 14469 -     (__0)
[INFO] [stdout] 14469 +     __0
[INFO] [stdout]       |
[INFO] [stdout] 
[INFO] [stdout] 
[INFO] [stdout] warning: unnecessary parentheses around block return value
[INFO] [stdout]      --> /opt/rustwide/target/debug/build/webidl-74ee03bc05e55c3c/out/parser/grammar.rs:14507:5
[INFO] [stdout]       |
[INFO] [stdout] 14507 |     (__0)
[INFO] [stdout]       |     ^   ^
[INFO] [stdout]       |
[INFO] [stdout] help: remove these parentheses
[INFO] [stdout]       |
[INFO] [stdout] 14507 -     (__0)
[INFO] [stdout] 14507 +     __0
[INFO] [stdout]       |
[INFO] [stdout] 
[INFO] [stdout] 
[INFO] [stdout] warning: unnecessary parentheses around block return value
[INFO] [stdout]      --> /opt/rustwide/target/debug/build/webidl-74ee03bc05e55c3c/out/parser/grammar.rs:14515:5
[INFO] [stdout]       |
[INFO] [stdout] 14515 |     (__0)
[INFO] [stdout]       |     ^   ^
[INFO] [stdout]       |
[INFO] [stdout] help: remove these parentheses
[INFO] [stdout]       |
[INFO] [stdout] 14515 -     (__0)
[INFO] [stdout] 14515 +     __0
[INFO] [stdout]       |
[INFO] [stdout] 
[INFO] [stdout] 
[INFO] [stdout] warning: unnecessary parentheses around block return value
[INFO] [stdout]      --> /opt/rustwide/target/debug/build/webidl-74ee03bc05e55c3c/out/parser/grammar.rs:14763:5
[INFO] [stdout]       |
[INFO] [stdout] 14763 |     (__0)
[INFO] [stdout]       |     ^   ^
[INFO] [stdout]       |
[INFO] [stdout] help: remove these parentheses
[INFO] [stdout]       |
[INFO] [stdout] 14763 -     (__0)
[INFO] [stdout] 14763 +     __0
[INFO] [stdout]       |
[INFO] [stdout] 
[INFO] [stdout] 
[INFO] [stdout] warning: unnecessary parentheses around block return value
[INFO] [stdout]      --> /opt/rustwide/target/debug/build/webidl-74ee03bc05e55c3c/out/parser/grammar.rs:17078:5
[INFO] [stdout]       |
[INFO] [stdout] 17078 |     (__0)
[INFO] [stdout]       |     ^   ^
[INFO] [stdout]       |
[INFO] [stdout] help: remove these parentheses
[INFO] [stdout]       |
[INFO] [stdout] 17078 -     (__0)
[INFO] [stdout] 17078 +     __0
[INFO] [stdout]       |
[INFO] [stdout] 
[INFO] [stdout] 
[INFO] [stdout] warning: unnecessary parentheses around block return value
[INFO] [stdout]      --> /opt/rustwide/target/debug/build/webidl-74ee03bc05e55c3c/out/parser/grammar.rs:14771:5
[INFO] [stdout]       |
[INFO] [stdout] 14771 |     (__0)
[INFO] [stdout]       |     ^   ^
[INFO] [stdout]       |
[INFO] [stdout] help: remove these parentheses
[INFO] [stdout]       |
[INFO] [stdout] 14771 -     (__0)
[INFO] [stdout] 14771 +     __0
[INFO] [stdout]       |
[INFO] [stdout] 
[INFO] [stdout] 
[INFO] [stdout] warning: unnecessary parentheses around block return value
[INFO] [stdout]      --> /opt/rustwide/target/debug/build/webidl-74ee03bc05e55c3c/out/parser/grammar.rs:14903:5
[INFO] [stdout]       |
[INFO] [stdout] 14903 |     (__0)
[INFO] [stdout]       |     ^   ^
[INFO] [stdout]       |
[INFO] [stdout] help: remove these parentheses
[INFO] [stdout]       |
[INFO] [stdout] 14903 -     (__0)
[INFO] [stdout] 14903 +     __0
[INFO] [stdout]       |
[INFO] [stdout] 
[INFO] [stdout] 
[INFO] [stdout] warning: unnecessary parentheses around block return value
[INFO] [stdout]      --> /opt/rustwide/target/debug/build/webidl-74ee03bc05e55c3c/out/parser/grammar.rs:14912:5
[INFO] [stdout]       |
[INFO] [stdout] 14912 |     (__0)
[INFO] [stdout]       |     ^   ^
[INFO] [stdout]       |
[INFO] [stdout] help: remove these parentheses
[INFO] [stdout]       |
[INFO] [stdout] 14912 -     (__0)
[INFO] [stdout] 14912 +     __0
[INFO] [stdout]       |
[INFO] [stdout] 
[INFO] [stdout] 
[INFO] [stdout] warning: unnecessary parentheses around block return value
[INFO] [stdout]      --> /opt/rustwide/target/debug/build/webidl-74ee03bc05e55c3c/out/parser/grammar.rs:15078:5
[INFO] [stdout]       |
[INFO] [stdout] 15078 |     (__0)
[INFO] [stdout]       |     ^   ^
[INFO] [stdout]       |
[INFO] [stdout] help: remove these parentheses
[INFO] [stdout]       |
[INFO] [stdout] 15078 -     (__0)
[INFO] [stdout] 15078 +     __0
[INFO] [stdout]       |
[INFO] [stdout] 
[INFO] [stdout] 
[INFO] [stdout] warning: unnecessary parentheses around block return value
[INFO] [stdout]      --> /opt/rustwide/target/debug/build/webidl-74ee03bc05e55c3c/out/parser/grammar.rs:15111:5
[INFO] [stdout]       |
[INFO] [stdout] 15111 |     (__0)
[INFO] [stdout]       |     ^   ^
[INFO] [stdout]       |
[INFO] [stdout] help: remove these parentheses
[INFO] [stdout]       |
[INFO] [stdout] 15111 -     (__0)
[INFO] [stdout] 15111 +     __0
[INFO] [stdout]       |
[INFO] [stdout] 
[INFO] [stdout] 
[INFO] [stdout] warning: unnecessary parentheses around block return value
[INFO] [stdout]      --> /opt/rustwide/target/debug/build/webidl-74ee03bc05e55c3c/out/parser/grammar.rs:15133:5
[INFO] [stdout]       |
[INFO] [stdout] 15133 |     (__0)
[INFO] [stdout]       |     ^   ^
[INFO] [stdout]       |
[INFO] [stdout] help: remove these parentheses
[INFO] [stdout]       |
[INFO] [stdout] 15133 -     (__0)
[INFO] [stdout] 15133 +     __0
[INFO] [stdout]       |
[INFO] [stdout] 
[INFO] [stdout] 
[INFO] [stdout] warning: unnecessary parentheses around block return value
[INFO] [stdout]      --> /opt/rustwide/target/debug/build/webidl-74ee03bc05e55c3c/out/parser/grammar.rs:17210:5
[INFO] [stdout]       |
[INFO] [stdout] 17210 |     (__0)
[INFO] [stdout]       |     ^   ^
[INFO] [stdout]       |
[INFO] [stdout] help: remove these parentheses
[INFO] [stdout]       |
[INFO] [stdout] 17210 -     (__0)
[INFO] [stdout] 17210 +     __0
[INFO] [stdout]       |
[INFO] [stdout] 
[INFO] [stdout] 
[INFO] [stdout] warning: unnecessary parentheses around block return value
[INFO] [stdout]      --> /opt/rustwide/target/debug/build/webidl-74ee03bc05e55c3c/out/parser/grammar.rs:17227:5
[INFO] [stdout]       |
[INFO] [stdout] 17227 |     (__0)
[INFO] [stdout]       |     ^   ^
[INFO] [stdout]       |
[INFO] [stdout] help: remove these parentheses
[INFO] [stdout]       |
[INFO] [stdout] 17227 -     (__0)
[INFO] [stdout] 17227 +     __0
[INFO] [stdout]       |
[INFO] [stdout] 
[INFO] [stdout] 
[INFO] [stdout] warning: unnecessary parentheses around block return value
[INFO] [stdout]      --> /opt/rustwide/target/debug/build/webidl-74ee03bc05e55c3c/out/parser/grammar.rs:17314:5
[INFO] [stdout]       |
[INFO] [stdout] 17314 |     (__0)
[INFO] [stdout]       |     ^   ^
[INFO] [stdout]       |
[INFO] [stdout] help: remove these parentheses
[INFO] [stdout]       |
[INFO] [stdout] 17314 -     (__0)
[INFO] [stdout] 17314 +     __0
[INFO] [stdout]       |
[INFO] [stdout] 
[INFO] [stdout] 
[INFO] [stdout] warning: unnecessary parentheses around block return value
[INFO] [stdout]      --> /opt/rustwide/target/debug/build/webidl-74ee03bc05e55c3c/out/parser/grammar.rs:17322:5
[INFO] [stdout]       |
[INFO] [stdout] 17322 |     (__0)
[INFO] [stdout]       |     ^   ^
[INFO] [stdout]       |
[INFO] [stdout] help: remove these parentheses
[INFO] [stdout]       |
[INFO] [stdout] 17322 -     (__0)
[INFO] [stdout] 17322 +     __0
[INFO] [stdout]       |
[INFO] [stdout] 
[INFO] [stdout] 
[INFO] [stdout] warning: unnecessary parentheses around block return value
[INFO] [stdout]      --> /opt/rustwide/target/debug/build/webidl-74ee03bc05e55c3c/out/parser/grammar.rs:17376:5
[INFO] [stdout]       |
[INFO] [stdout] 17376 |     (__0)
[INFO] [stdout]       |     ^   ^
[INFO] [stdout]       |
[INFO] [stdout] help: remove these parentheses
[INFO] [stdout]       |
[INFO] [stdout] 17376 -     (__0)
[INFO] [stdout] 17376 +     __0
[INFO] [stdout]       |
[INFO] [stdout] 
[INFO] [stdout] 
[INFO] [stdout] warning: unnecessary parentheses around block return value
[INFO] [stdout]      --> /opt/rustwide/target/debug/build/webidl-74ee03bc05e55c3c/out/parser/grammar.rs:17384:5
[INFO] [stdout]       |
[INFO] [stdout] 17384 |     (__0)
[INFO] [stdout]       |     ^   ^
[INFO] [stdout]       |
[INFO] [stdout] help: remove these parentheses
[INFO] [stdout]       |
[INFO] [stdout] 17384 -     (__0)
[INFO] [stdout] 17384 +     __0
[INFO] [stdout]       |
[INFO] [stdout] 
[INFO] [stdout] 
[INFO] [stdout] warning: unnecessary parentheses around block return value
[INFO] [stdout]      --> /opt/rustwide/target/debug/build/webidl-74ee03bc05e55c3c/out/parser/grammar.rs:17477:5
[INFO] [stdout]       |
[INFO] [stdout] 17477 |     (__0)
[INFO] [stdout]       |     ^   ^
[INFO] [stdout]       |
[INFO] [stdout] help: remove these parentheses
[INFO] [stdout]       |
[INFO] [stdout] 17477 -     (__0)
[INFO] [stdout] 17477 +     __0
[INFO] [stdout]       |
[INFO] [stdout] 
[INFO] [stdout] 
[INFO] [stdout] warning: unnecessary parentheses around block return value
[INFO] [stdout]      --> /opt/rustwide/target/debug/build/webidl-74ee03bc05e55c3c/out/parser/grammar.rs:17541:5
[INFO] [stdout]       |
[INFO] [stdout] 17541 |     (__0)
[INFO] [stdout]       |     ^   ^
[INFO] [stdout]       |
[INFO] [stdout] help: remove these parentheses
[INFO] [stdout]       |
[INFO] [stdout] 17541 -     (__0)
[INFO] [stdout] 17541 +     __0
[INFO] [stdout]       |
[INFO] [stdout] 
[INFO] [stdout] 
[INFO] [stdout] warning: unnecessary parentheses around block return value
[INFO] [stdout]      --> /opt/rustwide/target/debug/build/webidl-74ee03bc05e55c3c/out/parser/grammar.rs:17592:5
[INFO] [stdout]       |
[INFO] [stdout] 17592 |     (__0)
[INFO] [stdout]       |     ^   ^
[INFO] [stdout]       |
[INFO] [stdout] help: remove these parentheses
[INFO] [stdout]       |
[INFO] [stdout] 17592 -     (__0)
[INFO] [stdout] 17592 +     __0
[INFO] [stdout]       |
[INFO] [stdout] 
[INFO] [stdout] 
[INFO] [stdout] warning: unnecessary parentheses around block return value
[INFO] [stdout]      --> /opt/rustwide/target/debug/build/webidl-74ee03bc05e55c3c/out/parser/grammar.rs:17883:5
[INFO] [stdout]       |
[INFO] [stdout] 17883 |     (__0)
[INFO] [stdout]       |     ^   ^
[INFO] [stdout]       |
[INFO] [stdout] help: remove these parentheses
[INFO] [stdout]       |
[INFO] [stdout] 17883 -     (__0)
[INFO] [stdout] 17883 +     __0
[INFO] [stdout]       |
[INFO] [stdout] 
[INFO] [stdout] 
[INFO] [stdout] warning: unnecessary parentheses around block return value
[INFO] [stdout]      --> /opt/rustwide/target/debug/build/webidl-74ee03bc05e55c3c/out/parser/grammar.rs:18024:5
[INFO] [stdout]       |
[INFO] [stdout] 18024 |     (__0)
[INFO] [stdout]       |     ^   ^
[INFO] [stdout]       |
[INFO] [stdout] help: remove these parentheses
[INFO] [stdout]       |
[INFO] [stdout] 18024 -     (__0)
[INFO] [stdout] 18024 +     __0
[INFO] [stdout]       |
[INFO] [stdout] 
[INFO] [stdout] 
[INFO] [stdout] warning: unnecessary parentheses around block return value
[INFO] [stdout]      --> /opt/rustwide/target/debug/build/webidl-74ee03bc05e55c3c/out/parser/grammar.rs:18175:5
[INFO] [stdout]       |
[INFO] [stdout] 18175 |     (__0)
[INFO] [stdout]       |     ^   ^
[INFO] [stdout]       |
[INFO] [stdout] help: remove these parentheses
[INFO] [stdout]       |
[INFO] [stdout] 18175 -     (__0)
[INFO] [stdout] 18175 +     __0
[INFO] [stdout]       |
[INFO] [stdout] 
[INFO] [stdout] 
[INFO] [stdout] warning: unnecessary parentheses around block return value
[INFO] [stdout]      --> /opt/rustwide/target/debug/build/webidl-74ee03bc05e55c3c/out/parser/grammar.rs:18271:5
[INFO] [stdout]       |
[INFO] [stdout] 18271 |     (__0)
[INFO] [stdout]       |     ^   ^
[INFO] [stdout]       |
[INFO] [stdout] help: remove these parentheses
[INFO] [stdout]       |
[INFO] [stdout] 18271 -     (__0)
[INFO] [stdout] 18271 +     __0
[INFO] [stdout]       |
[INFO] [stdout] 
[INFO] [stdout] 
[INFO] [stdout] warning: unnecessary parentheses around block return value
[INFO] [stdout]      --> /opt/rustwide/target/debug/build/webidl-74ee03bc05e55c3c/out/parser/grammar.rs:15421:5
[INFO] [stdout]       |
[INFO] [stdout] 15421 |     (__0)
[INFO] [stdout]       |     ^   ^
[INFO] [stdout]       |
[INFO] [stdout] help: remove these parentheses
[INFO] [stdout]       |
[INFO] [stdout] 15421 -     (__0)
[INFO] [stdout] 15421 +     __0
[INFO] [stdout]       |
[INFO] [stdout] 
[INFO] [stdout] 
[INFO] [stdout] warning: unnecessary parentheses around block return value
[INFO] [stdout]      --> /opt/rustwide/target/debug/build/webidl-74ee03bc05e55c3c/out/parser/grammar.rs:15429:5
[INFO] [stdout]       |
[INFO] [stdout] 15429 |     (__0)
[INFO] [stdout]       |     ^   ^
[INFO] [stdout]       |
[INFO] [stdout] help: remove these parentheses
[INFO] [stdout]       |
[INFO] [stdout] 15429 -     (__0)
[INFO] [stdout] 15429 +     __0
[INFO] [stdout]       |
[INFO] [stdout] 
[INFO] [stdout] 
[INFO] [stdout] warning: unnecessary parentheses around block return value
[INFO] [stdout]      --> /opt/rustwide/target/debug/build/webidl-74ee03bc05e55c3c/out/parser/grammar.rs:15437:5
[INFO] [stdout]       |
[INFO] [stdout] 15437 |     (__0)
[INFO] [stdout]       |     ^   ^
[INFO] [stdout]       |
[INFO] [stdout] help: remove these parentheses
[INFO] [stdout]       |
[INFO] [stdout] 15437 -     (__0)
[INFO] [stdout] 15437 +     __0
[INFO] [stdout]       |
[INFO] [stdout] 
[INFO] [stdout] 
[INFO] [stdout] warning: unnecessary parentheses around block return value
[INFO] [stdout]      --> /opt/rustwide/target/debug/build/webidl-74ee03bc05e55c3c/out/parser/grammar.rs:15445:5
[INFO] [stdout]       |
[INFO] [stdout] 15445 |     (__0)
[INFO] [stdout]       |     ^   ^
[INFO] [stdout]       |
[INFO] [stdout] help: remove these parentheses
[INFO] [stdout]       |
[INFO] [stdout] 15445 -     (__0)
[INFO] [stdout] 15445 +     __0
[INFO] [stdout]       |
[INFO] [stdout] 
[INFO] [stdout] 
[INFO] [stdout] warning: unnecessary parentheses around block return value
[INFO] [stdout]      --> /opt/rustwide/target/debug/build/webidl-74ee03bc05e55c3c/out/parser/grammar.rs:15453:5
[INFO] [stdout]       |
[INFO] [stdout] 15453 |     (__0)
[INFO] [stdout]       |     ^   ^
[INFO] [stdout]       |
[INFO] [stdout] help: remove these parentheses
[INFO] [stdout]       |
[INFO] [stdout] 15453 -     (__0)
[INFO] [stdout] 15453 +     __0
[INFO] [stdout]       |
[INFO] [stdout] 
[INFO] [stdout] 
[INFO] [stdout] warning: unnecessary parentheses around block return value
[INFO] [stdout]      --> /opt/rustwide/target/debug/build/webidl-74ee03bc05e55c3c/out/parser/grammar.rs:15461:5
[INFO] [stdout]       |
[INFO] [stdout] 15461 |     (__0)
[INFO] [stdout]       |     ^   ^
[INFO] [stdout]       |
[INFO] [stdout] help: remove these parentheses
[INFO] [stdout]       |
[INFO] [stdout] 15461 -     (__0)
[INFO] [stdout] 15461 +     __0
[INFO] [stdout]       |
[INFO] [stdout] 
[INFO] [stdout] 
[INFO] [stdout] warning: unnecessary parentheses around block return value
[INFO] [stdout]      --> /opt/rustwide/target/debug/build/webidl-74ee03bc05e55c3c/out/parser/grammar.rs:15469:5
[INFO] [stdout]       |
[INFO] [stdout] 15469 |     (__0)
[INFO] [stdout]       |     ^   ^
[INFO] [stdout]       |
[INFO] [stdout] help: remove these parentheses
[INFO] [stdout]       |
[INFO] [stdout] 15469 -     (__0)
[INFO] [stdout] 15469 +     __0
[INFO] [stdout]       |
[INFO] [stdout] 
[INFO] [stdout] 
[INFO] [stdout] warning: unnecessary parentheses around block return value
[INFO] [stdout]      --> /opt/rustwide/target/debug/build/webidl-74ee03bc05e55c3c/out/parser/grammar.rs:15477:5
[INFO] [stdout]       |
[INFO] [stdout] 15477 |     (__0)
[INFO] [stdout]       |     ^   ^
[INFO] [stdout]       |
[INFO] [stdout] help: remove these parentheses
[INFO] [stdout]       |
[INFO] [stdout] 15477 -     (__0)
[INFO] [stdout] 15477 +     __0
[INFO] [stdout]       |
[INFO] [stdout] 
[INFO] [stdout] 
[INFO] [stdout] warning: unnecessary parentheses around block return value
[INFO] [stdout]      --> /opt/rustwide/target/debug/build/webidl-74ee03bc05e55c3c/out/parser/grammar.rs:15485:5
[INFO] [stdout]       |
[INFO] [stdout] 15485 |     (__0)
[INFO] [stdout]       |     ^   ^
[INFO] [stdout]       |
[INFO] [stdout] help: remove these parentheses
[INFO] [stdout]       |
[INFO] [stdout] 15485 -     (__0)
[INFO] [stdout] 15485 +     __0
[INFO] [stdout]       |
[INFO] [stdout] 
[INFO] [stdout] 
[INFO] [stdout] warning: unnecessary parentheses around block return value
[INFO] [stdout]      --> /opt/rustwide/target/debug/build/webidl-74ee03bc05e55c3c/out/parser/grammar.rs:15493:5
[INFO] [stdout]       |
[INFO] [stdout] 15493 |     (__0)
[INFO] [stdout]       |     ^   ^
[INFO] [stdout]       |
[INFO] [stdout] help: remove these parentheses
[INFO] [stdout]       |
[INFO] [stdout] 15493 -     (__0)
[INFO] [stdout] 15493 +     __0
[INFO] [stdout]       |
[INFO] [stdout] 
[INFO] [stdout] 
[INFO] [stdout] warning: unnecessary parentheses around block return value
[INFO] [stdout]      --> /opt/rustwide/target/debug/build/webidl-74ee03bc05e55c3c/out/parser/grammar.rs:15610:5
[INFO] [stdout]       |
[INFO] [stdout] 15610 |     (__0)
[INFO] [stdout]       |     ^   ^
[INFO] [stdout]       |
[INFO] [stdout] help: remove these parentheses
[INFO] [stdout]       |
[INFO] [stdout] 15610 -     (__0)
[INFO] [stdout] 15610 +     __0
[INFO] [stdout]       |
[INFO] [stdout] 
[INFO] [stdout] 
[INFO] [stdout] warning: unnecessary parentheses around block return value
[INFO] [stdout]      --> /opt/rustwide/target/debug/build/webidl-74ee03bc05e55c3c/out/parser/grammar.rs:15714:5
[INFO] [stdout]       |
[INFO] [stdout] 15714 |     (__0)
[INFO] [stdout]       |     ^   ^
[INFO] [stdout]       |
[INFO] [stdout] help: remove these parentheses
[INFO] [stdout]       |
[INFO] [stdout] 15714 -     (__0)
[INFO] [stdout] 15714 +     __0
[INFO] [stdout]       |
[INFO] [stdout] 
[INFO] [stdout] 
[INFO] [stdout] warning: unnecessary parentheses around block return value
[INFO] [stdout]      --> /opt/rustwide/target/debug/build/webidl-74ee03bc05e55c3c/out/parser/grammar.rs:15780:5
[INFO] [stdout]       |
[INFO] [stdout] 15780 |     (__0)
[INFO] [stdout]       |     ^   ^
[INFO] [stdout]       |
[INFO] [stdout] help: remove these parentheses
[INFO] [stdout]       |
[INFO] [stdout] 15780 -     (__0)
[INFO] [stdout] 15780 +     __0
[INFO] [stdout]       |
[INFO] [stdout] 
[INFO] [stdout] 
[INFO] [stdout] warning: unnecessary parentheses around block return value
[INFO] [stdout]      --> /opt/rustwide/target/debug/build/webidl-74ee03bc05e55c3c/out/parser/grammar.rs:15796:5
[INFO] [stdout]       |
[INFO] [stdout] 15796 |     (__0)
[INFO] [stdout]       |     ^   ^
[INFO] [stdout]       |
[INFO] [stdout] help: remove these parentheses
[INFO] [stdout]       |
[INFO] [stdout] 15796 -     (__0)
[INFO] [stdout] 15796 +     __0
[INFO] [stdout]       |
[INFO] [stdout] 
[INFO] [stdout] 
[INFO] [stdout] warning: unnecessary parentheses around block return value
[INFO] [stdout]      --> /opt/rustwide/target/debug/build/webidl-74ee03bc05e55c3c/out/parser/grammar.rs:16430:5
[INFO] [stdout]       |
[INFO] [stdout] 16430 |     (__0)
[INFO] [stdout]       |     ^   ^
[INFO] [stdout]       |
[INFO] [stdout] help: remove these parentheses
[INFO] [stdout]       |
[INFO] [stdout] 16430 -     (__0)
[INFO] [stdout] 16430 +     __0
[INFO] [stdout]       |
[INFO] [stdout] 
[INFO] [stdout] 
[INFO] [stdout] warning: unnecessary parentheses around block return value
[INFO] [stdout]      --> /opt/rustwide/target/debug/build/webidl-74ee03bc05e55c3c/out/parser/grammar.rs:16438:5
[INFO] [stdout]       |
[INFO] [stdout] 16438 |     (__0)
[INFO] [stdout]       |     ^   ^
[INFO] [stdout]       |
[INFO] [stdout] help: remove these parentheses
[INFO] [stdout]       |
[INFO] [stdout] 16438 -     (__0)
[INFO] [stdout] 16438 +     __0
[INFO] [stdout]       |
[INFO] [stdout] 
[INFO] [stdout] 
[INFO] [stdout] warning: unnecessary parentheses around block return value
[INFO] [stdout]      --> /opt/rustwide/target/debug/build/webidl-74ee03bc05e55c3c/out/parser/grammar.rs:16446:5
[INFO] [stdout]       |
[INFO] [stdout] 16446 |     (__0)
[INFO] [stdout]       |     ^   ^
[INFO] [stdout]       |
[INFO] [stdout] help: remove these parentheses
[INFO] [stdout]       |
[INFO] [stdout] 16446 -     (__0)
[INFO] [stdout] 16446 +     __0
[INFO] [stdout]       |
[INFO] [stdout] 
[INFO] [stdout] 
[INFO] [stdout] warning: unnecessary parentheses around block return value
[INFO] [stdout]      --> /opt/rustwide/target/debug/build/webidl-74ee03bc05e55c3c/out/parser/grammar.rs:17069:5
[INFO] [stdout]       |
[INFO] [stdout] 17069 |     (__0)
[INFO] [stdout]       |     ^   ^
[INFO] [stdout]       |
[INFO] [stdout] help: remove these parentheses
[INFO] [stdout]       |
[INFO] [stdout] 17069 -     (__0)
[INFO] [stdout] 17069 +     __0
[INFO] [stdout]       |
[INFO] [stdout] 
[INFO] [stdout] 
[INFO] [stdout] warning: unnecessary parentheses around block return value
[INFO] [stdout]      --> /opt/rustwide/target/debug/build/webidl-74ee03bc05e55c3c/out/parser/grammar.rs:17078:5
[INFO] [stdout]       |
[INFO] [stdout] 17078 |     (__0)
[INFO] [stdout]       |     ^   ^
[INFO] [stdout]       |
[INFO] [stdout] help: remove these parentheses
[INFO] [stdout]       |
[INFO] [stdout] 17078 -     (__0)
[INFO] [stdout] 17078 +     __0
[INFO] [stdout]       |
[INFO] [stdout] 
[INFO] [stdout] 
[INFO] [stdout] warning: unnecessary parentheses around block return value
[INFO] [stdout]      --> /opt/rustwide/target/debug/build/webidl-74ee03bc05e55c3c/out/parser/grammar.rs:17210:5
[INFO] [stdout]       |
[INFO] [stdout] 17210 |     (__0)
[INFO] [stdout]       |     ^   ^
[INFO] [stdout]       |
[INFO] [stdout] help: remove these parentheses
[INFO] [stdout]       |
[INFO] [stdout] 17210 -     (__0)
[INFO] [stdout] 17210 +     __0
[INFO] [stdout]       |
[INFO] [stdout] 
[INFO] [stdout] 
[INFO] [stdout] warning: unnecessary parentheses around block return value
[INFO] [stdout]      --> /opt/rustwide/target/debug/build/webidl-74ee03bc05e55c3c/out/parser/grammar.rs:17227:5
[INFO] [stdout]       |
[INFO] [stdout] 17227 |     (__0)
[INFO] [stdout]       |     ^   ^
[INFO] [stdout]       |
[INFO] [stdout] help: remove these parentheses
[INFO] [stdout]       |
[INFO] [stdout] 17227 -     (__0)
[INFO] [stdout] 17227 +     __0
[INFO] [stdout]       |
[INFO] [stdout] 
[INFO] [stdout] 
[INFO] [stdout] warning: unnecessary parentheses around block return value
[INFO] [stdout]      --> /opt/rustwide/target/debug/build/webidl-74ee03bc05e55c3c/out/parser/grammar.rs:17314:5
[INFO] [stdout]       |
[INFO] [stdout] 17314 |     (__0)
[INFO] [stdout]       |     ^   ^
[INFO] [stdout]       |
[INFO] [stdout] help: remove these parentheses
[INFO] [stdout]       |
[INFO] [stdout] 17314 -     (__0)
[INFO] [stdout] 17314 +     __0
[INFO] [stdout]       |
[INFO] [stdout] 
[INFO] [stdout] 
[INFO] [stdout] warning: unnecessary parentheses around block return value
[INFO] [stdout]      --> /opt/rustwide/target/debug/build/webidl-74ee03bc05e55c3c/out/parser/grammar.rs:17322:5
[INFO] [stdout]       |
[INFO] [stdout] 17322 |     (__0)
[INFO] [stdout]       |     ^   ^
[INFO] [stdout]       |
[INFO] [stdout] help: remove these parentheses
[INFO] [stdout]       |
[INFO] [stdout] 17322 -     (__0)
[INFO] [stdout] 17322 +     __0
[INFO] [stdout]       |
[INFO] [stdout] 
[INFO] [stdout] 
[INFO] [stdout] warning: unnecessary parentheses around block return value
[INFO] [stdout]      --> /opt/rustwide/target/debug/build/webidl-74ee03bc05e55c3c/out/parser/grammar.rs:17376:5
[INFO] [stdout]       |
[INFO] [stdout] 17376 |     (__0)
[INFO] [stdout]       |     ^   ^
[INFO] [stdout]       |
[INFO] [stdout] help: remove these parentheses
[INFO] [stdout]       |
[INFO] [stdout] 17376 -     (__0)
[INFO] [stdout] 17376 +     __0
[INFO] [stdout]       |
[INFO] [stdout] 
[INFO] [stdout] 
[INFO] [stdout] warning: unnecessary parentheses around block return value
[INFO] [stdout]      --> /opt/rustwide/target/debug/build/webidl-74ee03bc05e55c3c/out/parser/grammar.rs:17384:5
[INFO] [stdout]       |
[INFO] [stdout] 17384 |     (__0)
[INFO] [stdout]       |     ^   ^
[INFO] [stdout]       |
[INFO] [stdout] help: remove these parentheses
[INFO] [stdout]       |
[INFO] [stdout] 17384 -     (__0)
[INFO] [stdout] 17384 +     __0
[INFO] [stdout]       |
[INFO] [stdout] 
[INFO] [stdout] 
[INFO] [stdout] warning: unnecessary parentheses around block return value
[INFO] [stdout]      --> /opt/rustwide/target/debug/build/webidl-74ee03bc05e55c3c/out/parser/grammar.rs:17477:5
[INFO] [stdout]       |
[INFO] [stdout] 17477 |     (__0)
[INFO] [stdout]       |     ^   ^
[INFO] [stdout]       |
[INFO] [stdout] help: remove these parentheses
[INFO] [stdout]       |
[INFO] [stdout] 17477 -     (__0)
[INFO] [stdout] 17477 +     __0
[INFO] [stdout]       |
[INFO] [stdout] 
[INFO] [stdout] 
[INFO] [stdout] warning: unnecessary parentheses around block return value
[INFO] [stdout]      --> /opt/rustwide/target/debug/build/webidl-74ee03bc05e55c3c/out/parser/grammar.rs:17541:5
[INFO] [stdout]       |
[INFO] [stdout] 17541 |     (__0)
[INFO] [stdout]       |     ^   ^
[INFO] [stdout]       |
[INFO] [stdout] help: remove these parentheses
[INFO] [stdout]       |
[INFO] [stdout] 17541 -     (__0)
[INFO] [stdout] 17541 +     __0
[INFO] [stdout]       |
[INFO] [stdout] 
[INFO] [stdout] 
[INFO] [stdout] warning: unnecessary parentheses around block return value
[INFO] [stdout]      --> /opt/rustwide/target/debug/build/webidl-74ee03bc05e55c3c/out/parser/grammar.rs:17592:5
[INFO] [stdout]       |
[INFO] [stdout] 17592 |     (__0)
[INFO] [stdout]       |     ^   ^
[INFO] [stdout]       |
[INFO] [stdout] help: remove these parentheses
[INFO] [stdout]       |
[INFO] [stdout] 17592 -     (__0)
[INFO] [stdout] 17592 +     __0
[INFO] [stdout]       |
[INFO] [stdout] 
[INFO] [stdout] 
[INFO] [stdout] warning: unnecessary parentheses around block return value
[INFO] [stdout]      --> /opt/rustwide/target/debug/build/webidl-74ee03bc05e55c3c/out/parser/grammar.rs:17883:5
[INFO] [stdout]       |
[INFO] [stdout] 17883 |     (__0)
[INFO] [stdout]       |     ^   ^
[INFO] [stdout]       |
[INFO] [stdout] help: remove these parentheses
[INFO] [stdout]       |
[INFO] [stdout] 17883 -     (__0)
[INFO] [stdout] 17883 +     __0
[INFO] [stdout]       |
[INFO] [stdout] 
[INFO] [stdout] 
[INFO] [stdout] warning: unnecessary parentheses around block return value
[INFO] [stdout]      --> /opt/rustwide/target/debug/build/webidl-74ee03bc05e55c3c/out/parser/grammar.rs:18024:5
[INFO] [stdout]       |
[INFO] [stdout] 18024 |     (__0)
[INFO] [stdout]       |     ^   ^
[INFO] [stdout]       |
[INFO] [stdout] help: remove these parentheses
[INFO] [stdout]       |
[INFO] [stdout] 18024 -     (__0)
[INFO] [stdout] 18024 +     __0
[INFO] [stdout]       |
[INFO] [stdout] 
[INFO] [stdout] 
[INFO] [stdout] warning: unnecessary parentheses around block return value
[INFO] [stdout]      --> /opt/rustwide/target/debug/build/webidl-74ee03bc05e55c3c/out/parser/grammar.rs:18175:5
[INFO] [stdout]       |
[INFO] [stdout] 18175 |     (__0)
[INFO] [stdout]       |     ^   ^
[INFO] [stdout]       |
[INFO] [stdout] help: remove these parentheses
[INFO] [stdout]       |
[INFO] [stdout] 18175 -     (__0)
[INFO] [stdout] 18175 +     __0
[INFO] [stdout]       |
[INFO] [stdout] 
[INFO] [stdout] 
[INFO] [stdout] warning: unnecessary parentheses around block return value
[INFO] [stdout]      --> /opt/rustwide/target/debug/build/webidl-74ee03bc05e55c3c/out/parser/grammar.rs:18271:5
[INFO] [stdout]       |
[INFO] [stdout] 18271 |     (__0)
[INFO] [stdout]       |     ^   ^
[INFO] [stdout]       |
[INFO] [stdout] help: remove these parentheses
[INFO] [stdout]       |
[INFO] [stdout] 18271 -     (__0)
[INFO] [stdout] 18271 +     __0
[INFO] [stdout]       |
[INFO] [stdout] 
[INFO] [stdout] 
[INFO] [stdout] warning: use of deprecated method `std::error::Error::description`: use the Display impl or to_string()
[INFO] [stdout]   --> src/lexer/mod.rs:63:30
[INFO] [stdout]    |
[INFO] [stdout] 63 |         write!(f, "{}", self.description())
[INFO] [stdout]    |                              ^^^^^^^^^^^
[INFO] [stdout]    |
[INFO] [stdout]    = note: `#[warn(deprecated)]` on by default
[INFO] [stdout] 
[INFO] [stdout] 
[INFO] [stdout] warning: use of deprecated method `std::error::Error::description`: use the Display impl or to_string()
[INFO] [stdout]   --> src/lexer/mod.rs:63:30
[INFO] [stdout]    |
[INFO] [stdout] 63 |         write!(f, "{}", self.description())
[INFO] [stdout]    |                              ^^^^^^^^^^^
[INFO] [stdout]    |
[INFO] [stdout]    = note: `#[warn(deprecated)]` on by default
[INFO] [stdout] 
[INFO] [stdout] 
[INFO] [stdout] warning: field `input` is never read
[INFO] [stdout]    --> src/lexer/mod.rs:203:5
[INFO] [stdout]     |
[INFO] [stdout] 196 | pub struct Lexer<'input> {
[INFO] [stdout]     |            ----- field in this struct
[INFO] [stdout] ...
[INFO] [stdout] 203 |     input: &'input str,
[INFO] [stdout]     |     ^^^^^
[INFO] [stdout]     |
[INFO] [stdout]     = note: `Lexer` has derived impls for the traits `Debug` and `Clone`, but these are intentionally ignored during dead code analysis
[INFO] [stdout]     = note: `#[warn(dead_code)]` on by default
[INFO] [stdout] 
[INFO] [stdout] 
[INFO] [stdout] warning: field `input` is never read
[INFO] [stdout]    --> src/lexer/mod.rs:203:5
[INFO] [stdout]     |
[INFO] [stdout] 196 | pub struct Lexer<'input> {
[INFO] [stdout]     |            ----- field in this struct
[INFO] [stdout] ...
[INFO] [stdout] 203 |     input: &'input str,
[INFO] [stdout]     |     ^^^^^
[INFO] [stdout]     |
[INFO] [stdout]     = note: `Lexer` has derived impls for the traits `Debug` and `Clone`, but these are intentionally ignored during dead code analysis
[INFO] [stdout]     = note: `#[warn(dead_code)]` on by default
[INFO] [stdout] 
[INFO] [stdout] 
[INFO] [stdout] warning: 64 warnings emitted
[INFO] [stdout] 
[INFO] [stdout] 
[INFO] [stdout] warning: 64 warnings emitted
[INFO] [stdout] 
[INFO] [stdout] 
[INFO] [stderr]     Finished test [unoptimized + debuginfo] target(s) in 22.50s
[INFO] [stderr] warning: the following packages contain code that will be rejected by a future version of Rust: lalrpop v0.17.2
[INFO] [stderr] note: to see what the problems were, use the option `--future-incompat-report`, or run `cargo report future-incompatibilities --id 2`
[INFO] running `Command { std: "docker" "inspect" "0cc21401c2ae8f296b43b957cafd8007c553b791dd386864aa78d3cb141e62c4", kill_on_drop: false }`
[INFO] running `Command { std: "docker" "rm" "-f" "0cc21401c2ae8f296b43b957cafd8007c553b791dd386864aa78d3cb141e62c4", kill_on_drop: false }`
[INFO] [stdout] 0cc21401c2ae8f296b43b957cafd8007c553b791dd386864aa78d3cb141e62c4
[INFO] running `Command { std: "docker" "create" "-v" "/var/lib/crater-agent-workspace/builds/worker-6-tc2/target:/opt/rustwide/target:rw,Z" "-v" "/var/lib/crater-agent-workspace/builds/worker-6-tc2/source:/opt/rustwide/workdir:ro,Z" "-v" "/var/lib/crater-agent-workspace/cargo-home:/opt/rustwide/cargo-home:ro,Z" "-v" "/var/lib/crater-agent-workspace/rustup-home:/opt/rustwide/rustup-home:ro,Z" "-e" "SOURCE_DIR=/opt/rustwide/workdir" "-e" "CARGO_TARGET_DIR=/opt/rustwide/target" "-e" "CARGO_INCREMENTAL=0" "-e" "RUST_BACKTRACE=full" "-e" "RUSTFLAGS=--cap-lints=warn" "-e" "RUSTDOCFLAGS=--cap-lints=warn" "-e" "CARGO_HOME=/opt/rustwide/cargo-home" "-e" "RUSTUP_HOME=/opt/rustwide/rustup-home" "-w" "/opt/rustwide/workdir" "-m" "1610612736" "--user" "0:0" "--network" "none" "ghcr.io/rust-lang/crates-build-env/linux@sha256:5ff2268d62e97bff2cde7d5815dd6ed5b47097566f13b8d0ca110b04b60e07ed" "/opt/rustwide/cargo-home/bin/cargo" "+beta-2023-04-20" "test" "--frozen", kill_on_drop: false }`
[INFO] [stdout] 79d51a7a5ddd4e35ae426d7b9875385fbaa432d92875bc48327e912f12cb3836
[INFO] running `Command { std: "docker" "start" "-a" "79d51a7a5ddd4e35ae426d7b9875385fbaa432d92875bc48327e912f12cb3836", kill_on_drop: false }`
[INFO] [stderr] warning: `...` range patterns are deprecated
[INFO] [stderr]    --> src/lexer/mod.rs:236:42
[INFO] [stderr]     |
[INFO] [stderr] 236 |                         Some(&(_, c @ 'A'...'Z')) |
[INFO] [stderr]     |                                          ^^^ help: use `..=` for an inclusive range
[INFO] [stderr]     |
[INFO] [stderr]     = warning: this is accepted in the current edition (Rust 2015) but is a hard error in Rust 2021!
[INFO] [stderr]     = note: for more information, see <https://doc.rust-lang.org/nightly/edition-guide/rust-2021/warnings-promoted-to-error.html>
[INFO] [stderr]     = note: `#[warn(ellipsis_inclusive_range_patterns)]` on by default
[INFO] [stderr] 
[INFO] [stderr] warning: `...` range patterns are deprecated
[INFO] [stderr]    --> src/lexer/mod.rs:237:42
[INFO] [stderr]     |
[INFO] [stderr] 237 |                         Some(&(_, c @ 'a'...'z')) => {
[INFO] [stderr]     |                                          ^^^ help: use `..=` for an inclusive range
[INFO] [stderr]     |
[INFO] [stderr]     = warning: this is accepted in the current edition (Rust 2015) but is a hard error in Rust 2021!
[INFO] [stderr]     = note: for more information, see <https://doc.rust-lang.org/nightly/edition-guide/rust-2021/warnings-promoted-to-error.html>
[INFO] [stderr] 
[INFO] [stderr] warning: `...` range patterns are deprecated
[INFO] [stderr]    --> src/lexer/mod.rs:246:37
[INFO] [stderr]     |
[INFO] [stderr] 246 |                 Some((start, c @ 'A'...'Z')) |
[INFO] [stderr]     |                                     ^^^ help: use `..=` for an inclusive range
[INFO] [stderr]     |
[INFO] [stderr]     = warning: this is accepted in the current edition (Rust 2015) but is a hard error in Rust 2021!
[INFO] [stderr]     = note: for more information, see <https://doc.rust-lang.org/nightly/edition-guide/rust-2021/warnings-promoted-to-error.html>
[INFO] [stderr] 
[INFO] [stderr] warning: `...` range patterns are deprecated
[INFO] [stderr]    --> src/lexer/mod.rs:247:37
[INFO] [stderr]     |
[INFO] [stderr] 247 |                 Some((start, c @ 'a'...'z')) => {
[INFO] [stderr]     |                                     ^^^ help: use `..=` for an inclusive range
[INFO] [stderr]     |
[INFO] [stderr]     = warning: this is accepted in the current edition (Rust 2015) but is a hard error in Rust 2021!
[INFO] [stderr]     = note: for more information, see <https://doc.rust-lang.org/nightly/edition-guide/rust-2021/warnings-promoted-to-error.html>
[INFO] [stderr] 
[INFO] [stderr] warning: `...` range patterns are deprecated
[INFO] [stderr]    --> src/lexer/mod.rs:250:37
[INFO] [stderr]     |
[INFO] [stderr] 250 |                 Some((start, c @ '0'...'9')) => {
[INFO] [stderr]     |                                     ^^^ help: use `..=` for an inclusive range
[INFO] [stderr]     |
[INFO] [stderr]     = warning: this is accepted in the current edition (Rust 2015) but is a hard error in Rust 2021!
[INFO] [stderr]     = note: for more information, see <https://doc.rust-lang.org/nightly/edition-guide/rust-2021/warnings-promoted-to-error.html>
[INFO] [stderr] 
[INFO] [stderr] warning: `...` range patterns are deprecated
[INFO] [stderr]    --> src/lexer/mod.rs:285:42
[INFO] [stderr]     |
[INFO] [stderr] 285 |                         Some(&(_, c @ '0'...'9')) => {
[INFO] [stderr]     |                                          ^^^ help: use `..=` for an inclusive range
[INFO] [stderr]     |
[INFO] [stderr]     = warning: this is accepted in the current edition (Rust 2015) but is a hard error in Rust 2021!
[INFO] [stderr]     = note: for more information, see <https://doc.rust-lang.org/nightly/edition-guide/rust-2021/warnings-promoted-to-error.html>
[INFO] [stderr] 
[INFO] [stderr] warning: `...` range patterns are deprecated
[INFO] [stderr]    --> src/lexer/mod.rs:309:42
[INFO] [stderr]     |
[INFO] [stderr] 309 |                         Some(&(_, c @ '0'...'9')) => {
[INFO] [stderr]     |                                          ^^^ help: use `..=` for an inclusive range
[INFO] [stderr]     |
[INFO] [stderr]     = warning: this is accepted in the current edition (Rust 2015) but is a hard error in Rust 2021!
[INFO] [stderr]     = note: for more information, see <https://doc.rust-lang.org/nightly/edition-guide/rust-2021/warnings-promoted-to-error.html>
[INFO] [stderr] 
[INFO] [stderr] warning: `...` range patterns are deprecated
[INFO] [stderr]    --> src/lexer/mod.rs:386:38
[INFO] [stderr]     |
[INFO] [stderr] 386 |                     Some(&(_, c @ '0'...'9')) => {
[INFO] [stderr]     |                                      ^^^ help: use `..=` for an inclusive range
[INFO] [stderr]     |
[INFO] [stderr]     = warning: this is accepted in the current edition (Rust 2015) but is a hard error in Rust 2021!
[INFO] [stderr]     = note: for more information, see <https://doc.rust-lang.org/nightly/edition-guide/rust-2021/warnings-promoted-to-error.html>
[INFO] [stderr] 
[INFO] [stderr] warning: `...` range patterns are deprecated
[INFO] [stderr]    --> src/lexer/mod.rs:403:38
[INFO] [stderr]     |
[INFO] [stderr] 403 |                     Some(&(_, c @ '0'...'9')) => {
[INFO] [stderr]     |                                      ^^^ help: use `..=` for an inclusive range
[INFO] [stderr]     |
[INFO] [stderr]     = warning: this is accepted in the current edition (Rust 2015) but is a hard error in Rust 2021!
[INFO] [stderr]     = note: for more information, see <https://doc.rust-lang.org/nightly/edition-guide/rust-2021/warnings-promoted-to-error.html>
[INFO] [stderr] 
[INFO] [stderr] warning: `...` range patterns are deprecated
[INFO] [stderr]    --> src/lexer/mod.rs:433:38
[INFO] [stderr]     |
[INFO] [stderr] 433 |                     Some(&(_, c @ '0'...'9')) => {
[INFO] [stderr]     |                                      ^^^ help: use `..=` for an inclusive range
[INFO] [stderr]     |
[INFO] [stderr]     = warning: this is accepted in the current edition (Rust 2015) but is a hard error in Rust 2021!
[INFO] [stderr]     = note: for more information, see <https://doc.rust-lang.org/nightly/edition-guide/rust-2021/warnings-promoted-to-error.html>
[INFO] [stderr] 
[INFO] [stderr] warning: `...` range patterns are deprecated
[INFO] [stderr]    --> src/lexer/mod.rs:449:38
[INFO] [stderr]     |
[INFO] [stderr] 449 |                     Some(&(_, c @ '0'...'9')) => {
[INFO] [stderr]     |                                      ^^^ help: use `..=` for an inclusive range
[INFO] [stderr]     |
[INFO] [stderr]     = warning: this is accepted in the current edition (Rust 2015) but is a hard error in Rust 2021!
[INFO] [stderr]     = note: for more information, see <https://doc.rust-lang.org/nightly/edition-guide/rust-2021/warnings-promoted-to-error.html>
[INFO] [stderr] 
[INFO] [stderr] warning: `...` range patterns are deprecated
[INFO] [stderr]    --> src/lexer/mod.rs:465:38
[INFO] [stderr]     |
[INFO] [stderr] 465 |                     Some(&(_, c @ '0'...'9')) => {
[INFO] [stderr]     |                                      ^^^ help: use `..=` for an inclusive range
[INFO] [stderr]     |
[INFO] [stderr]     = warning: this is accepted in the current edition (Rust 2015) but is a hard error in Rust 2021!
[INFO] [stderr]     = note: for more information, see <https://doc.rust-lang.org/nightly/edition-guide/rust-2021/warnings-promoted-to-error.html>
[INFO] [stderr] 
[INFO] [stderr] warning: `...` range patterns are deprecated
[INFO] [stderr]    --> src/lexer/mod.rs:477:38
[INFO] [stderr]     |
[INFO] [stderr] 477 |                     Some(&(_, c @ '0'...'9')) => {
[INFO] [stderr]     |                                      ^^^ help: use `..=` for an inclusive range
[INFO] [stderr]     |
[INFO] [stderr]     = warning: this is accepted in the current edition (Rust 2015) but is a hard error in Rust 2021!
[INFO] [stderr]     = note: for more information, see <https://doc.rust-lang.org/nightly/edition-guide/rust-2021/warnings-promoted-to-error.html>
[INFO] [stderr] 
[INFO] [stderr] warning: `...` range patterns are deprecated
[INFO] [stderr]    --> src/lexer/mod.rs:527:34
[INFO] [stderr]     |
[INFO] [stderr] 527 |                 Some(&(_, c @ 'A'...'Z'))
[INFO] [stderr]     |                                  ^^^ help: use `..=` for an inclusive range
[INFO] [stderr]     |
[INFO] [stderr]     = warning: this is accepted in the current edition (Rust 2015) but is a hard error in Rust 2021!
[INFO] [stderr]     = note: for more information, see <https://doc.rust-lang.org/nightly/edition-guide/rust-2021/warnings-promoted-to-error.html>
[INFO] [stderr] 
[INFO] [stderr] warning: `...` range patterns are deprecated
[INFO] [stderr]    --> src/lexer/mod.rs:528:36
[INFO] [stderr]     |
[INFO] [stderr] 528 |                 | Some(&(_, c @ 'a'...'z'))
[INFO] [stderr]     |                                    ^^^ help: use `..=` for an inclusive range
[INFO] [stderr]     |
[INFO] [stderr]     = warning: this is accepted in the current edition (Rust 2015) but is a hard error in Rust 2021!
[INFO] [stderr]     = note: for more information, see <https://doc.rust-lang.org/nightly/edition-guide/rust-2021/warnings-promoted-to-error.html>
[INFO] [stderr] 
[INFO] [stderr] warning: `...` range patterns are deprecated
[INFO] [stderr]    --> src/lexer/mod.rs:529:36
[INFO] [stderr]     |
[INFO] [stderr] 529 |                 | Some(&(_, c @ '0'...'9'))
[INFO] [stderr]     |                                    ^^^ help: use `..=` for an inclusive range
[INFO] [stderr]     |
[INFO] [stderr]     = warning: this is accepted in the current edition (Rust 2015) but is a hard error in Rust 2021!
[INFO] [stderr]     = note: for more information, see <https://doc.rust-lang.org/nightly/edition-guide/rust-2021/warnings-promoted-to-error.html>
[INFO] [stderr] 
[INFO] [stderr] warning: `...` range patterns are deprecated
[INFO] [stderr]    --> src/lexer/mod.rs:637:34
[INFO] [stderr]     |
[INFO] [stderr] 637 |                 Some(&(_, c @ '0'...'9')) => {
[INFO] [stderr]     |                                  ^^^ help: use `..=` for an inclusive range
[INFO] [stderr]     |
[INFO] [stderr]     = warning: this is accepted in the current edition (Rust 2015) but is a hard error in Rust 2021!
[INFO] [stderr]     = note: for more information, see <https://doc.rust-lang.org/nightly/edition-guide/rust-2021/warnings-promoted-to-error.html>
[INFO] [stderr] 
[INFO] [stderr] warning: `...` range patterns are deprecated
[INFO] [stderr]    --> src/lexer/mod.rs:659:46
[INFO] [stderr]     |
[INFO] [stderr] 659 | ...                   Some(&(_, c @ '0'...'9')) => {
[INFO] [stderr]     |                                        ^^^ help: use `..=` for an inclusive range
[INFO] [stderr]     |
[INFO] [stderr]     = warning: this is accepted in the current edition (Rust 2015) but is a hard error in Rust 2021!
[INFO] [stderr]     = note: for more information, see <https://doc.rust-lang.org/nightly/edition-guide/rust-2021/warnings-promoted-to-error.html>
[INFO] [stderr] 
[INFO] [stderr] warning: `...` range patterns are deprecated
[INFO] [stderr]    --> src/lexer/mod.rs:740:42
[INFO] [stderr]     |
[INFO] [stderr] 740 |                         Some(&(_, c @ '0'...'9')) => {
[INFO] [stderr]     |                                          ^^^ help: use `..=` for an inclusive range
[INFO] [stderr]     |
[INFO] [stderr]     = warning: this is accepted in the current edition (Rust 2015) but is a hard error in Rust 2021!
[INFO] [stderr]     = note: for more information, see <https://doc.rust-lang.org/nightly/edition-guide/rust-2021/warnings-promoted-to-error.html>
[INFO] [stderr] 
[INFO] [stderr] warning: `...` range patterns are deprecated
[INFO] [stderr]    --> src/lexer/mod.rs:846:29
[INFO] [stderr]     |
[INFO] [stderr] 846 |                 Some((_, '0'...'9')) => continue,
[INFO] [stderr]     |                             ^^^ help: use `..=` for an inclusive range
[INFO] [stderr]     |
[INFO] [stderr]     = warning: this is accepted in the current edition (Rust 2015) but is a hard error in Rust 2021!
[INFO] [stderr]     = note: for more information, see <https://doc.rust-lang.org/nightly/edition-guide/rust-2021/warnings-promoted-to-error.html>
[INFO] [stderr] 
[INFO] [stderr] warning: unnecessary parentheses around block return value
[INFO] [stderr]      --> /opt/rustwide/target/debug/build/webidl-74ee03bc05e55c3c/out/parser/grammar.rs:14469:5
[INFO] [stderr]       |
[INFO] [stderr] 14469 |     (__0)
[INFO] [stderr]       |     ^   ^
[INFO] [stderr]       |
[INFO] [stderr]       = note: `#[warn(unused_parens)]` on by default
[INFO] [stderr] help: remove these parentheses
[INFO] [stderr]       |
[INFO] [stderr] 14469 -     (__0)
[INFO] [stderr] 14469 +     __0
[INFO] [stderr]       |
[INFO] [stderr] 
[INFO] [stderr] warning: unnecessary parentheses around block return value
[INFO] [stderr]      --> /opt/rustwide/target/debug/build/webidl-74ee03bc05e55c3c/out/parser/grammar.rs:14507:5
[INFO] [stderr]       |
[INFO] [stderr] 14507 |     (__0)
[INFO] [stderr]       |     ^   ^
[INFO] [stderr]       |
[INFO] [stderr] help: remove these parentheses
[INFO] [stderr]       |
[INFO] [stderr] 14507 -     (__0)
[INFO] [stderr] 14507 +     __0
[INFO] [stderr]       |
[INFO] [stderr] 
[INFO] [stderr] warning: unnecessary parentheses around block return value
[INFO] [stderr]      --> /opt/rustwide/target/debug/build/webidl-74ee03bc05e55c3c/out/parser/grammar.rs:14515:5
[INFO] [stderr]       |
[INFO] [stderr] 14515 |     (__0)
[INFO] [stderr]       |     ^   ^
[INFO] [stderr]       |
[INFO] [stderr] help: remove these parentheses
[INFO] [stderr]       |
[INFO] [stderr] 14515 -     (__0)
[INFO] [stderr] 14515 +     __0
[INFO] [stderr]       |
[INFO] [stderr] 
[INFO] [stderr] warning: unnecessary parentheses around block return value
[INFO] [stderr]      --> /opt/rustwide/target/debug/build/webidl-74ee03bc05e55c3c/out/parser/grammar.rs:14763:5
[INFO] [stderr]       |
[INFO] [stderr] 14763 |     (__0)
[INFO] [stderr]       |     ^   ^
[INFO] [stderr]       |
[INFO] [stderr] help: remove these parentheses
[INFO] [stderr]       |
[INFO] [stderr] 14763 -     (__0)
[INFO] [stderr] 14763 +     __0
[INFO] [stderr]       |
[INFO] [stderr] 
[INFO] [stderr] warning: unnecessary parentheses around block return value
[INFO] [stderr]      --> /opt/rustwide/target/debug/build/webidl-74ee03bc05e55c3c/out/parser/grammar.rs:14771:5
[INFO] [stderr]       |
[INFO] [stderr] 14771 |     (__0)
[INFO] [stderr]       |     ^   ^
[INFO] [stderr]       |
[INFO] [stderr] help: remove these parentheses
[INFO] [stderr]       |
[INFO] [stderr] 14771 -     (__0)
[INFO] [stderr] 14771 +     __0
[INFO] [stderr]       |
[INFO] [stderr] 
[INFO] [stderr] warning: unnecessary parentheses around block return value
[INFO] [stderr]      --> /opt/rustwide/target/debug/build/webidl-74ee03bc05e55c3c/out/parser/grammar.rs:14903:5
[INFO] [stderr]       |
[INFO] [stderr] 14903 |     (__0)
[INFO] [stderr]       |     ^   ^
[INFO] [stderr]       |
[INFO] [stderr] help: remove these parentheses
[INFO] [stderr]       |
[INFO] [stderr] 14903 -     (__0)
[INFO] [stderr] 14903 +     __0
[INFO] [stderr]       |
[INFO] [stderr] 
[INFO] [stderr] warning: unnecessary parentheses around block return value
[INFO] [stderr]      --> /opt/rustwide/target/debug/build/webidl-74ee03bc05e55c3c/out/parser/grammar.rs:14912:5
[INFO] [stderr]       |
[INFO] [stderr] 14912 |     (__0)
[INFO] [stderr]       |     ^   ^
[INFO] [stderr]       |
[INFO] [stderr] help: remove these parentheses
[INFO] [stderr]       |
[INFO] [stderr] 14912 -     (__0)
[INFO] [stderr] 14912 +     __0
[INFO] [stderr]       |
[INFO] [stderr] 
[INFO] [stderr] warning: unnecessary parentheses around block return value
[INFO] [stderr]      --> /opt/rustwide/target/debug/build/webidl-74ee03bc05e55c3c/out/parser/grammar.rs:15078:5
[INFO] [stderr]       |
[INFO] [stderr] 15078 |     (__0)
[INFO] [stderr]       |     ^   ^
[INFO] [stderr]       |
[INFO] [stderr] help: remove these parentheses
[INFO] [stderr]       |
[INFO] [stderr] 15078 -     (__0)
[INFO] [stderr] 15078 +     __0
[INFO] [stderr]       |
[INFO] [stderr] 
[INFO] [stderr] warning: unnecessary parentheses around block return value
[INFO] [stderr]      --> /opt/rustwide/target/debug/build/webidl-74ee03bc05e55c3c/out/parser/grammar.rs:15111:5
[INFO] [stderr]       |
[INFO] [stderr] 15111 |     (__0)
[INFO] [stderr]       |     ^   ^
[INFO] [stderr]       |
[INFO] [stderr] help: remove these parentheses
[INFO] [stderr]       |
[INFO] [stderr] 15111 -     (__0)
[INFO] [stderr] 15111 +     __0
[INFO] [stderr]       |
[INFO] [stderr] 
[INFO] [stderr] warning: unnecessary parentheses around block return value
[INFO] [stderr]      --> /opt/rustwide/target/debug/build/webidl-74ee03bc05e55c3c/out/parser/grammar.rs:15133:5
[INFO] [stderr]       |
[INFO] [stderr] 15133 |     (__0)
[INFO] [stderr]       |     ^   ^
[INFO] [stderr]       |
[INFO] [stderr] help: remove these parentheses
[INFO] [stderr]       |
[INFO] [stderr] 15133 -     (__0)
[INFO] [stderr] 15133 +     __0
[INFO] [stderr]       |
[INFO] [stderr] 
[INFO] [stderr] warning: unnecessary parentheses around block return value
[INFO] [stderr]      --> /opt/rustwide/target/debug/build/webidl-74ee03bc05e55c3c/out/parser/grammar.rs:15421:5
[INFO] [stderr]       |
[INFO] [stderr] 15421 |     (__0)
[INFO] [stderr]       |     ^   ^
[INFO] [stderr]       |
[INFO] [stderr] help: remove these parentheses
[INFO] [stderr]       |
[INFO] [stderr] 15421 -     (__0)
[INFO] [stderr] 15421 +     __0
[INFO] [stderr]       |
[INFO] [stderr] 
[INFO] [stderr] warning: unnecessary parentheses around block return value
[INFO] [stderr]      --> /opt/rustwide/target/debug/build/webidl-74ee03bc05e55c3c/out/parser/grammar.rs:15429:5
[INFO] [stderr]       |
[INFO] [stderr] 15429 |     (__0)
[INFO] [stderr]       |     ^   ^
[INFO] [stderr]       |
[INFO] [stderr] help: remove these parentheses
[INFO] [stderr]       |
[INFO] [stderr] 15429 -     (__0)
[INFO] [stderr] 15429 +     __0
[INFO] [stderr]       |
[INFO] [stderr] 
[INFO] [stderr] warning: unnecessary parentheses around block return value
[INFO] [stderr]      --> /opt/rustwide/target/debug/build/webidl-74ee03bc05e55c3c/out/parser/grammar.rs:15437:5
[INFO] [stderr]       |
[INFO] [stderr] 15437 |     (__0)
[INFO] [stderr]       |     ^   ^
[INFO] [stderr]       |
[INFO] [stderr] help: remove these parentheses
[INFO] [stderr]       |
[INFO] [stderr] 15437 -     (__0)
[INFO] [stderr] 15437 +     __0
[INFO] [stderr]       |
[INFO] [stderr] 
[INFO] [stderr] warning: unnecessary parentheses around block return value
[INFO] [stderr]      --> /opt/rustwide/target/debug/build/webidl-74ee03bc05e55c3c/out/parser/grammar.rs:15445:5
[INFO] [stderr]       |
[INFO] [stderr] 15445 |     (__0)
[INFO] [stderr]       |     ^   ^
[INFO] [stderr]       |
[INFO] [stderr] help: remove these parentheses
[INFO] [stderr]       |
[INFO] [stderr] 15445 -     (__0)
[INFO] [stderr] 15445 +     __0
[INFO] [stderr]       |
[INFO] [stderr] 
[INFO] [stderr] warning: unnecessary parentheses around block return value
[INFO] [stderr]      --> /opt/rustwide/target/debug/build/webidl-74ee03bc05e55c3c/out/parser/grammar.rs:15453:5
[INFO] [stderr]       |
[INFO] [stderr] 15453 |     (__0)
[INFO] [stderr]       |     ^   ^
[INFO] [stderr]       |
[INFO] [stderr] help: remove these parentheses
[INFO] [stderr]       |
[INFO] [stderr] 15453 -     (__0)
[INFO] [stderr] 15453 +     __0
[INFO] [stderr]       |
[INFO] [stderr] 
[INFO] [stderr] warning: unnecessary parentheses around block return value
[INFO] [stderr]      --> /opt/rustwide/target/debug/build/webidl-74ee03bc05e55c3c/out/parser/grammar.rs:15461:5
[INFO] [stderr]       |
[INFO] [stderr] 15461 |     (__0)
[INFO] [stderr]       |     ^   ^
[INFO] [stderr]       |
[INFO] [stderr] help: remove these parentheses
[INFO] [stderr]       |
[INFO] [stderr] 15461 -     (__0)
[INFO] [stderr] 15461 +     __0
[INFO] [stderr]       |
[INFO] [stderr] 
[INFO] [stderr] warning: unnecessary parentheses around block return value
[INFO] [stderr]      --> /opt/rustwide/target/debug/build/webidl-74ee03bc05e55c3c/out/parser/grammar.rs:15469:5
[INFO] [stderr]       |
[INFO] [stderr] 15469 |     (__0)
[INFO] [stderr]       |     ^   ^
[INFO] [stderr]       |
[INFO] [stderr] help: remove these parentheses
[INFO] [stderr]       |
[INFO] [stderr] 15469 -     (__0)
[INFO] [stderr] 15469 +     __0
[INFO] [stderr]       |
[INFO] [stderr] 
[INFO] [stderr] warning: unnecessary parentheses around block return value
[INFO] [stderr]      --> /opt/rustwide/target/debug/build/webidl-74ee03bc05e55c3c/out/parser/grammar.rs:15477:5
[INFO] [stderr]       |
[INFO] [stderr] 15477 |     (__0)
[INFO] [stderr]       |     ^   ^
[INFO] [stderr]       |
[INFO] [stderr] help: remove these parentheses
[INFO] [stderr]       |
[INFO] [stderr] 15477 -     (__0)
[INFO] [stderr] 15477 +     __0
[INFO] [stderr]       |
[INFO] [stderr] 
[INFO] [stderr] warning: unnecessary parentheses around block return value
[INFO] [stderr]      --> /opt/rustwide/target/debug/build/webidl-74ee03bc05e55c3c/out/parser/grammar.rs:15485:5
[INFO] [stderr]       |
[INFO] [stderr] 15485 |     (__0)
[INFO] [stderr]       |     ^   ^
[INFO] [stderr]       |
[INFO] [stderr] help: remove these parentheses
[INFO] [stderr]       |
[INFO] [stderr] 15485 -     (__0)
[INFO] [stderr] 15485 +     __0
[INFO] [stderr]       |
[INFO] [stderr] 
[INFO] [stderr] warning: unnecessary parentheses around block return value
[INFO] [stderr]      --> /opt/rustwide/target/debug/build/webidl-74ee03bc05e55c3c/out/parser/grammar.rs:15493:5
[INFO] [stderr]       |
[INFO] [stderr] 15493 |     (__0)
[INFO] [stderr]       |     ^   ^
[INFO] [stderr]       |
[INFO] [stderr] help: remove these parentheses
[INFO] [stderr]       |
[INFO] [stderr] 15493 -     (__0)
[INFO] [stderr] 15493 +     __0
[INFO] [stderr]       |
[INFO] [stderr] 
[INFO] [stderr] warning: unnecessary parentheses around block return value
[INFO] [stderr]      --> /opt/rustwide/target/debug/build/webidl-74ee03bc05e55c3c/out/parser/grammar.rs:15610:5
[INFO] [stderr]       |
[INFO] [stderr] 15610 |     (__0)
[INFO] [stderr]       |     ^   ^
[INFO] [stderr]       |
[INFO] [stderr] help: remove these parentheses
[INFO] [stderr]       |
[INFO] [stderr] 15610 -     (__0)
[INFO] [stderr] 15610 +     __0
[INFO] [stderr]       |
[INFO] [stderr] 
[INFO] [stderr] warning: unnecessary parentheses around block return value
[INFO] [stderr]      --> /opt/rustwide/target/debug/build/webidl-74ee03bc05e55c3c/out/parser/grammar.rs:15714:5
[INFO] [stderr]       |
[INFO] [stderr] 15714 |     (__0)
[INFO] [stderr]       |     ^   ^
[INFO] [stderr]       |
[INFO] [stderr] help: remove these parentheses
[INFO] [stderr]       |
[INFO] [stderr] 15714 -     (__0)
[INFO] [stderr] 15714 +     __0
[INFO] [stderr]       |
[INFO] [stderr] 
[INFO] [stderr] warning: unnecessary parentheses around block return value
[INFO] [stderr]      --> /opt/rustwide/target/debug/build/webidl-74ee03bc05e55c3c/out/parser/grammar.rs:15780:5
[INFO] [stderr]       |
[INFO] [stderr] 15780 |     (__0)
[INFO] [stderr]       |     ^   ^
[INFO] [stderr]       |
[INFO] [stderr] help: remove these parentheses
[INFO] [stderr]       |
[INFO] [stderr] 15780 -     (__0)
[INFO] [stderr] 15780 +     __0
[INFO] [stderr]       |
[INFO] [stderr] 
[INFO] [stderr] warning: unnecessary parentheses around block return value
[INFO] [stderr]      --> /opt/rustwide/target/debug/build/webidl-74ee03bc05e55c3c/out/parser/grammar.rs:15796:5
[INFO] [stderr]       |
[INFO] [stderr] 15796 |     (__0)
[INFO] [stderr]       |     ^   ^
[INFO] [stderr]       |
[INFO] [stderr] help: remove these parentheses
[INFO] [stderr]       |
[INFO] [stderr] 15796 -     (__0)
[INFO] [stderr] 15796 +     __0
[INFO] [stderr]       |
[INFO] [stderr] 
[INFO] [stderr] warning: unnecessary parentheses around block return value
[INFO] [stderr]      --> /opt/rustwide/target/debug/build/webidl-74ee03bc05e55c3c/out/parser/grammar.rs:16430:5
[INFO] [stderr]       |
[INFO] [stderr] 16430 |     (__0)
[INFO] [stderr]       |     ^   ^
[INFO] [stderr]       |
[INFO] [stderr] help: remove these parentheses
[INFO] [stderr]       |
[INFO] [stderr] 16430 -     (__0)
[INFO] [stderr] 16430 +     __0
[INFO] [stderr]       |
[INFO] [stderr] 
[INFO] [stderr] warning: unnecessary parentheses around block return value
[INFO] [stderr]      --> /opt/rustwide/target/debug/build/webidl-74ee03bc05e55c3c/out/parser/grammar.rs:16438:5
[INFO] [stderr]       |
[INFO] [stderr] 16438 |     (__0)
[INFO] [stderr]       |     ^   ^
[INFO] [stderr]       |
[INFO] [stderr] help: remove these parentheses
[INFO] [stderr]       |
[INFO] [stderr] 16438 -     (__0)
[INFO] [stderr] 16438 +     __0
[INFO] [stderr]       |
[INFO] [stderr] 
[INFO] [stderr] warning: unnecessary parentheses around block return value
[INFO] [stderr]      --> /opt/rustwide/target/debug/build/webidl-74ee03bc05e55c3c/out/parser/grammar.rs:16446:5
[INFO] [stderr]       |
[INFO] [stderr] 16446 |     (__0)
[INFO] [stderr]       |     ^   ^
[INFO] [stderr]       |
[INFO] [stderr] help: remove these parentheses
[INFO] [stderr]       |
[INFO] [stderr] 16446 -     (__0)
[INFO] [stderr] 16446 +     __0
[INFO] [stderr]       |
[INFO] [stderr] 
[INFO] [stderr] warning: unnecessary parentheses around block return value
[INFO] [stderr]      --> /opt/rustwide/target/debug/build/webidl-74ee03bc05e55c3c/out/parser/grammar.rs:17069:5
[INFO] [stderr]       |
[INFO] [stderr] 17069 |     (__0)
[INFO] [stderr]       |     ^   ^
[INFO] [stderr]       |
[INFO] [stderr] help: remove these parentheses
[INFO] [stderr]       |
[INFO] [stderr] 17069 -     (__0)
[INFO] [stderr] 17069 +     __0
[INFO] [stderr]       |
[INFO] [stderr] 
[INFO] [stderr] warning: unnecessary parentheses around block return value
[INFO] [stderr]      --> /opt/rustwide/target/debug/build/webidl-74ee03bc05e55c3c/out/parser/grammar.rs:17078:5
[INFO] [stderr]       |
[INFO] [stderr] 17078 |     (__0)
[INFO] [stderr]       |     ^   ^
[INFO] [stderr]       |
[INFO] [stderr] help: remove these parentheses
[INFO] [stderr]       |
[INFO] [stderr] 17078 -     (__0)
[INFO] [stderr] 17078 +     __0
[INFO] [stderr]       |
[INFO] [stderr] 
[INFO] [stderr] warning: unnecessary parentheses around block return value
[INFO] [stderr]      --> /opt/rustwide/target/debug/build/webidl-74ee03bc05e55c3c/out/parser/grammar.rs:17210:5
[INFO] [stderr]       |
[INFO] [stderr] 17210 |     (__0)
[INFO] [stderr]       |     ^   ^
[INFO] [stderr]       |
[INFO] [stderr] help: remove these parentheses
[INFO] [stderr]       |
[INFO] [stderr] 17210 -     (__0)
[INFO] [stderr] 17210 +     __0
[INFO] [stderr]       |
[INFO] [stderr] 
[INFO] [stderr] warning: unnecessary parentheses around block return value
[INFO] [stderr]      --> /opt/rustwide/target/debug/build/webidl-74ee03bc05e55c3c/out/parser/grammar.rs:17227:5
[INFO] [stderr]       |
[INFO] [stderr] 17227 |     (__0)
[INFO] [stderr]       |     ^   ^
[INFO] [stderr]       |
[INFO] [stderr] help: remove these parentheses
[INFO] [stderr]       |
[INFO] [stderr] 17227 -     (__0)
[INFO] [stderr] 17227 +     __0
[INFO] [stderr]       |
[INFO] [stderr] 
[INFO] [stderr] warning: unnecessary parentheses around block return value
[INFO] [stderr]      --> /opt/rustwide/target/debug/build/webidl-74ee03bc05e55c3c/out/parser/grammar.rs:17314:5
[INFO] [stderr]       |
[INFO] [stderr] 17314 |     (__0)
[INFO] [stderr]       |     ^   ^
[INFO] [stderr]       |
[INFO] [stderr] help: remove these parentheses
[INFO] [stderr]       |
[INFO] [stderr] 17314 -     (__0)
[INFO] [stderr] 17314 +     __0
[INFO] [stderr]       |
[INFO] [stderr] 
[INFO] [stderr] warning: unnecessary parentheses around block return value
[INFO] [stderr]      --> /opt/rustwide/target/debug/build/webidl-74ee03bc05e55c3c/out/parser/grammar.rs:17322:5
[INFO] [stderr]       |
[INFO] [stderr] 17322 |     (__0)
[INFO] [stderr]       |     ^   ^
[INFO] [stderr]       |
[INFO] [stderr] help: remove these parentheses
[INFO] [stderr]       |
[INFO] [stderr] 17322 -     (__0)
[INFO] [stderr] 17322 +     __0
[INFO] [stderr]       |
[INFO] [stderr] 
[INFO] [stderr] warning: unnecessary parentheses around block return value
[INFO] [stderr]      --> /opt/rustwide/target/debug/build/webidl-74ee03bc05e55c3c/out/parser/grammar.rs:17376:5
[INFO] [stderr]       |
[INFO] [stderr] 17376 |     (__0)
[INFO] [stderr]       |     ^   ^
[INFO] [stderr]       |
[INFO] [stderr] help: remove these parentheses
[INFO] [stderr]       |
[INFO] [stderr] 17376 -     (__0)
[INFO] [stderr] 17376 +     __0
[INFO] [stderr]       |
[INFO] [stderr] 
[INFO] [stderr] warning: unnecessary parentheses around block return value
[INFO] [stderr]      --> /opt/rustwide/target/debug/build/webidl-74ee03bc05e55c3c/out/parser/grammar.rs:17384:5
[INFO] [stderr]       |
[INFO] [stderr] 17384 |     (__0)
[INFO] [stderr]       |     ^   ^
[INFO] [stderr]       |
[INFO] [stderr] help: remove these parentheses
[INFO] [stderr]       |
[INFO] [stderr] 17384 -     (__0)
[INFO] [stderr] 17384 +     __0
[INFO] [stderr]       |
[INFO] [stderr] 
[INFO] [stderr] warning: unnecessary parentheses around block return value
[INFO] [stderr]      --> /opt/rustwide/target/debug/build/webidl-74ee03bc05e55c3c/out/parser/grammar.rs:17477:5
[INFO] [stderr]       |
[INFO] [stderr] 17477 |     (__0)
[INFO] [stderr]       |     ^   ^
[INFO] [stderr]       |
[INFO] [stderr] help: remove these parentheses
[INFO] [stderr]       |
[INFO] [stderr] 17477 -     (__0)
[INFO] [stderr] 17477 +     __0
[INFO] [stderr]       |
[INFO] [stderr] 
[INFO] [stderr] warning: unnecessary parentheses around block return value
[INFO] [stderr]      --> /opt/rustwide/target/debug/build/webidl-74ee03bc05e55c3c/out/parser/grammar.rs:17541:5
[INFO] [stderr]       |
[INFO] [stderr] 17541 |     (__0)
[INFO] [stderr]       |     ^   ^
[INFO] [stderr]       |
[INFO] [stderr] help: remove these parentheses
[INFO] [stderr]       |
[INFO] [stderr] 17541 -     (__0)
[INFO] [stderr] 17541 +     __0
[INFO] [stderr]       |
[INFO] [stderr] 
[INFO] [stderr] warning: unnecessary parentheses around block return value
[INFO] [stderr]      --> /opt/rustwide/target/debug/build/webidl-74ee03bc05e55c3c/out/parser/grammar.rs:17592:5
[INFO] [stderr]       |
[INFO] [stderr] 17592 |     (__0)
[INFO] [stderr]       |     ^   ^
[INFO] [stderr]       |
[INFO] [stderr] help: remove these parentheses
[INFO] [stderr]       |
[INFO] [stderr] 17592 -     (__0)
[INFO] [stderr] 17592 +     __0
[INFO] [stderr]       |
[INFO] [stderr] 
[INFO] [stderr] warning: unnecessary parentheses around block return value
[INFO] [stderr]      --> /opt/rustwide/target/debug/build/webidl-74ee03bc05e55c3c/out/parser/grammar.rs:17883:5
[INFO] [stderr]       |
[INFO] [stderr] 17883 |     (__0)
[INFO] [stderr]       |     ^   ^
[INFO] [stderr]       |
[INFO] [stderr] help: remove these parentheses
[INFO] [stderr]       |
[INFO] [stderr] 17883 -     (__0)
[INFO] [stderr] 17883 +     __0
[INFO] [stderr]       |
[INFO] [stderr] 
[INFO] [stderr] warning: unnecessary parentheses around block return value
[INFO] [stderr]      --> /opt/rustwide/target/debug/build/webidl-74ee03bc05e55c3c/out/parser/grammar.rs:18024:5
[INFO] [stderr]       |
[INFO] [stderr] 18024 |     (__0)
[INFO] [stderr]       |     ^   ^
[INFO] [stderr]       |
[INFO] [stderr] help: remove these parentheses
[INFO] [stderr]       |
[INFO] [stderr] 18024 -     (__0)
[INFO] [stderr] 18024 +     __0
[INFO] [stderr]       |
[INFO] [stderr] 
[INFO] [stderr] warning: unnecessary parentheses around block return value
[INFO] [stderr]      --> /opt/rustwide/target/debug/build/webidl-74ee03bc05e55c3c/out/parser/grammar.rs:18175:5
[INFO] [stderr]       |
[INFO] [stderr] 18175 |     (__0)
[INFO] [stderr]       |     ^   ^
[INFO] [stderr]       |
[INFO] [stderr] help: remove these parentheses
[INFO] [stderr]       |
[INFO] [stderr] 18175 -     (__0)
[INFO] [stderr] 18175 +     __0
[INFO] [stderr]       |
[INFO] [stderr] 
[INFO] [stderr] warning: unnecessary parentheses around block return value
[INFO] [stderr]      --> /opt/rustwide/target/debug/build/webidl-74ee03bc05e55c3c/out/parser/grammar.rs:18271:5
[INFO] [stderr]       |
[INFO] [stderr] 18271 |     (__0)
[INFO] [stderr]       |     ^   ^
[INFO] [stderr]       |
[INFO] [stderr] help: remove these parentheses
[INFO] [stderr]       |
[INFO] [stderr] 18271 -     (__0)
[INFO] [stderr] 18271 +     __0
[INFO] [stderr]       |
[INFO] [stderr] 
[INFO] [stderr] warning: use of deprecated method `std::error::Error::description`: use the Display impl or to_string()
[INFO] [stderr]   --> src/lexer/mod.rs:63:30
[INFO] [stderr]    |
[INFO] [stderr] 63 |         write!(f, "{}", self.description())
[INFO] [stderr]    |                              ^^^^^^^^^^^
[INFO] [stderr]    |
[INFO] [stderr]    = note: `#[warn(deprecated)]` on by default
[INFO] [stderr] 
[INFO] [stderr] warning: field `input` is never read
[INFO] [stderr]    --> src/lexer/mod.rs:203:5
[INFO] [stderr]     |
[INFO] [stderr] 196 | pub struct Lexer<'input> {
[INFO] [stderr]     |            ----- field in this struct
[INFO] [stderr] ...
[INFO] [stderr] 203 |     input: &'input str,
[INFO] [stderr]     |     ^^^^^
[INFO] [stderr]     |
[INFO] [stderr]     = note: `Lexer` has derived impls for the traits `Debug` and `Clone`, but these are intentionally ignored during dead code analysis
[INFO] [stderr]     = note: `#[warn(dead_code)]` on by default
[INFO] [stderr] 
[INFO] [stdout] 
[INFO] [stderr] warning: `webidl` (lib) generated 64 warnings (run `cargo fix --lib -p webidl` to apply 62 suggestions)
[INFO] [stdout] running 26 tests
[INFO] [stderr] warning: `webidl` (lib test) generated 64 warnings (64 duplicates)
[INFO] [stderr]     Finished test [unoptimized + debuginfo] target(s) in 0.09s
[INFO] [stderr] warning: the following packages contain code that will be rejected by a future version of Rust: lalrpop v0.17.2
[INFO] [stderr] note: to see what the problems were, use the option `--future-incompat-report`, or run `cargo report future-incompatibilities --id 2`
[INFO] [stderr]      Running unittests src/lib.rs (/opt/rustwide/target/debug/deps/webidl-6a7170248508fa79)
[INFO] [stdout] test lexer::test::lex_float_literal ... ok
[INFO] [stdout] test lexer::test::lex_equals ... ok
[INFO] [stdout] test lexer::test::lex_comment ... ok
[INFO] [stdout] test lexer::test::lex_comma ... ok
[INFO] [stdout] test lexer::test::lex_ellipsis ... ok
[INFO] [stdout] test lexer::test::lex_colon ... ok
[INFO] [stdout] test lexer::test::lex_identifier ... ok
[INFO] [stdout] test lexer::test::lex_hyphen ... ok
[INFO] [stdout] test lexer::test::lex_greater_than ... ok
[INFO] [stdout] test lexer::test::lex_left_parenthesis ... ok
[INFO] [stdout] test lexer::test::lex_left_brace ... ok
[INFO] [stdout] test lexer::test::lex_less_than ... ok
[INFO] [stdout] test lexer::test::lex_negative_infinity ... ok
[INFO] [stdout] test lexer::test::lex_other_literal ... ok
[INFO] [stdout] test lexer::test::lex_integer_literal ... ok
[INFO] [stdout] test lexer::test::lex_left_bracket ... ok
[INFO] [stdout] test lexer::test::lex_keyword ... ok
[INFO] [stdout] test lexer::test::lex_right_parenthesis ... ok
[INFO] [stderr]      Running tests/parse_test.rs (/opt/rustwide/target/debug/deps/parse_test-31e245837f2ce655)
[INFO] [stdout] test lexer::test::lex_period ... ok
[INFO] [stdout] test lexer::test::lex_semicolon ... ok
[INFO] [stdout] test lexer::test::lex_string ... ok
[INFO] [stdout] test lexer::test::lex_question_mark ... ok
[INFO] [stdout] test lexer::test::lex_right_brace ... ok
[INFO] [stdout] test lexer::test::lex_right_bracket ... ok
[INFO] [stdout] test lexer::test::lex_whitespace ... ok
[INFO] [stdout] test parser::ast::test::test_flatten_asts ... ok
[INFO] [stdout] 
[INFO] [stdout] test result: ok. 26 passed; 0 failed; 0 ignored; 0 measured; 0 filtered out; finished in 0.02s
[INFO] [stdout] 
[INFO] [stdout] 
[INFO] [stdout] running 4 tests
[INFO] [stdout] test parse_includes ... ok
[INFO] [stdout] test parse_mixin ... ok
[INFO] [stdout] test parse_integer_literals ... ok
[INFO] [stderr] error: test failed, to rerun pass `--test parse_test`
[INFO] [stdout] test parse_servo_webidls ... FAILED
[INFO] [stdout] 
[INFO] [stdout] failures:
[INFO] [stdout] 
[INFO] [stdout] ---- parse_servo_webidls stdout ----
[INFO] [stdout] thread 'parse_servo_webidls' panicked at 'called `Result::unwrap()` on an `Err` value: Os { code: 2, kind: NotFound, message: "No such file or directory" }', tests/parse_test.rs:11:60
[INFO] [stdout] stack backtrace:
[INFO] [stdout]    0:     0x562cfdb4cf8a - std::backtrace_rs::backtrace::libunwind::trace::h2f05d0192276a8f6
[INFO] [stdout]                                at /rustc/1b7dd2252b99671ce5d1cb9664c5f8636329436d/library/std/src/../../backtrace/src/backtrace/libunwind.rs:93:5
[INFO] [stdout]    1:     0x562cfdb4cf8a - std::backtrace_rs::backtrace::trace_unsynchronized::hedc23dff7a1af150
[INFO] [stdout]                                at /rustc/1b7dd2252b99671ce5d1cb9664c5f8636329436d/library/std/src/../../backtrace/src/backtrace/mod.rs:66:5
[INFO] [stdout]    2:     0x562cfdb4cf8a - std::sys_common::backtrace::_print_fmt::h17541ef7592f3ce2
[INFO] [stdout]                                at /rustc/1b7dd2252b99671ce5d1cb9664c5f8636329436d/library/std/src/sys_common/backtrace.rs:65:5
[INFO] [stdout]    3:     0x562cfdb4cf8a - <std::sys_common::backtrace::_print::DisplayBacktrace as core::fmt::Display>::fmt::h20f75df5ab0c0792
[INFO] [stdout]                                at /rustc/1b7dd2252b99671ce5d1cb9664c5f8636329436d/library/std/src/sys_common/backtrace.rs:44:22
[INFO] [stdout]    4:     0x562cfdb724df - core::fmt::write::h78109e6f466b3af6
[INFO] [stdout]                                at /rustc/1b7dd2252b99671ce5d1cb9664c5f8636329436d/library/core/src/fmt/mod.rs:1254:17
[INFO] [stdout]    5:     0x562cfdb4a2d5 - std::io::Write::write_fmt::hd24bfb68a1b35a25
[INFO] [stdout]                                at /rustc/1b7dd2252b99671ce5d1cb9664c5f8636329436d/library/std/src/io/mod.rs:1698:15
[INFO] [stdout]    6:     0x562cfdb4cd55 - std::sys_common::backtrace::_print::h8dac57a9f8fbf9a5
[INFO] [stdout]                                at /rustc/1b7dd2252b99671ce5d1cb9664c5f8636329436d/library/std/src/sys_common/backtrace.rs:47:5
[INFO] [stdout]    7:     0x562cfdb4cd55 - std::sys_common::backtrace::print::hf9ecbf41d1aa712f
[INFO] [stdout]                                at /rustc/1b7dd2252b99671ce5d1cb9664c5f8636329436d/library/std/src/sys_common/backtrace.rs:34:9
[INFO] [stdout]    8:     0x562cfdb4ea0e - std::panicking::default_hook::{{closure}}::h04c07acfc84ca028
[INFO] [stdout]                                at /rustc/1b7dd2252b99671ce5d1cb9664c5f8636329436d/library/std/src/panicking.rs:269:22
[INFO] [stdout]    9:     0x562cfdb4e741 - std::panicking::default_hook::h01f6bb23e1eceb2c
[INFO] [stdout]                                at /rustc/1b7dd2252b99671ce5d1cb9664c5f8636329436d/library/std/src/panicking.rs:285:9
[INFO] [stdout]   10:     0x562cfda69ecb - <alloc::boxed::Box<F,A> as core::ops::function::Fn<Args>>::call::h87fe9f7b2fd49e4c
[INFO] [stdout]                                at /rustc/1b7dd2252b99671ce5d1cb9664c5f8636329436d/library/alloc/src/boxed.rs:1987:9
[INFO] [stdout]   11:     0x562cfda69ecb - test::test_main::{{closure}}::he94d679243a7531b
[INFO] [stdout]                                at /rustc/1b7dd2252b99671ce5d1cb9664c5f8636329436d/library/test/src/lib.rs:134:21
[INFO] [stdout]   12:     0x562cfdb4f0f4 - <alloc::boxed::Box<F,A> as core::ops::function::Fn<Args>>::call::h3f2d6d8b14c4769f
[INFO] [stdout]                                at /rustc/1b7dd2252b99671ce5d1cb9664c5f8636329436d/library/alloc/src/boxed.rs:1987:9
[INFO] [stdout]   13:     0x562cfdb4f0f4 - std::panicking::rust_panic_with_hook::h2bb3722bbaf2f6df
[INFO] [stdout]                                at /rustc/1b7dd2252b99671ce5d1cb9664c5f8636329436d/library/std/src/panicking.rs:695:13
[INFO] [stdout]   14:     0x562cfdb4ee69 - std::panicking::begin_panic_handler::{{closure}}::h91bc7f36a4be011b
[INFO] [stdout]                                at /rustc/1b7dd2252b99671ce5d1cb9664c5f8636329436d/library/std/src/panicking.rs:582:13
[INFO] [stdout]   15:     0x562cfdb4d3f6 - std::sys_common::backtrace::__rust_end_short_backtrace::h8b3d3717114f9e59
[INFO] [stdout]                                at /rustc/1b7dd2252b99671ce5d1cb9664c5f8636329436d/library/std/src/sys_common/backtrace.rs:150:18
[INFO] [stdout]   16:     0x562cfdb4ebc2 - rust_begin_unwind
[INFO] [stdout]                                at /rustc/1b7dd2252b99671ce5d1cb9664c5f8636329436d/library/std/src/panicking.rs:578:5
[INFO] [stdout]   17:     0x562cfda1a083 - core::panicking::panic_fmt::hfd368e3fbdabea26
[INFO] [stdout]                                at /rustc/1b7dd2252b99671ce5d1cb9664c5f8636329436d/library/core/src/panicking.rs:67:14
[INFO] [stdout]   18:     0x562cfda1a623 - core::result::unwrap_failed::he54eb4b2f125b26f
[INFO] [stdout]                                at /rustc/1b7dd2252b99671ce5d1cb9664c5f8636329436d/library/core/src/result.rs:1687:5
[INFO] [stdout]   19:     0x562cfda266fb - core::result::Result<T,E>::unwrap::hb76d490d0c5d377a
[INFO] [stdout]                                at /rustc/1b7dd2252b99671ce5d1cb9664c5f8636329436d/library/core/src/result.rs:1089:23
[INFO] [stdout]   20:     0x562cfda2a413 - parse_test::parse_servo_webidls::h2bfee880b94e7fc7
[INFO] [stdout]                                at /opt/rustwide/workdir/tests/parse_test.rs:11:16
[INFO] [stdout]   21:     0x562cfda2a3c7 - parse_test::parse_servo_webidls::{{closure}}::he14cfd337fabb4bd
[INFO] [stdout]                                at /opt/rustwide/workdir/tests/parse_test.rs:10:26
[INFO] [stdout]   22:     0x562cfda277f5 - core::ops::function::FnOnce::call_once::h45c4fc04450551e4
[INFO] [stdout]                                at /rustc/1b7dd2252b99671ce5d1cb9664c5f8636329436d/library/core/src/ops/function.rs:250:5
[INFO] [stdout]   23:     0x562cfda6ed9f - core::ops::function::FnOnce::call_once::ha6a70e79f7481a7e
[INFO] [stdout]                                at /rustc/1b7dd2252b99671ce5d1cb9664c5f8636329436d/library/core/src/ops/function.rs:250:5
[INFO] [stdout]   24:     0x562cfda6ed9f - test::__rust_begin_short_backtrace::hce33033019b61e69
[INFO] [stdout]                                at /rustc/1b7dd2252b99671ce5d1cb9664c5f8636329436d/library/test/src/lib.rs:655:18
[INFO] [stdout]   25:     0x562cfda3c58c - test::run_test::{{closure}}::h858d3528838ae3e5
[INFO] [stdout]                                at /rustc/1b7dd2252b99671ce5d1cb9664c5f8636329436d/library/test/src/lib.rs:646:30
[INFO] [stdout]   26:     0x562cfda3c58c - core::ops::function::FnOnce::call_once{{vtable.shim}}::he8ac2b00f01ae79e
[INFO] [stdout]                                at /rustc/1b7dd2252b99671ce5d1cb9664c5f8636329436d/library/core/src/ops/function.rs:250:5
[INFO] [stdout]   27:     0x562cfda6de76 - <alloc::boxed::Box<F,A> as core::ops::function::FnOnce<Args>>::call_once::h8093d25b522725ef
[INFO] [stdout]                                at /rustc/1b7dd2252b99671ce5d1cb9664c5f8636329436d/library/alloc/src/boxed.rs:1973:9
[INFO] [stdout]   28:     0x562cfda6de76 - <core::panic::unwind_safe::AssertUnwindSafe<F> as core::ops::function::FnOnce<()>>::call_once::h5c334c204e4a3913
[INFO] [stdout]                                at /rustc/1b7dd2252b99671ce5d1cb9664c5f8636329436d/library/core/src/panic/unwind_safe.rs:271:9
[INFO] [stdout]   29:     0x562cfda6de76 - std::panicking::try::do_call::ha8b740c7b9478074
[INFO] [stdout]                                at /rustc/1b7dd2252b99671ce5d1cb9664c5f8636329436d/library/std/src/panicking.rs:485:40
[INFO] [stdout]   30:     0x562cfda6de76 - std::panicking::try::h5d34f63d0e41b64e
[INFO] [stdout]                                at /rustc/1b7dd2252b99671ce5d1cb9664c5f8636329436d/library/std/src/panicking.rs:449:19
[INFO] [stdout]   31:     0x562cfda6de76 - std::panic::catch_unwind::hcfbb511e1aa7fc67
[INFO] [stdout]                                at /rustc/1b7dd2252b99671ce5d1cb9664c5f8636329436d/library/std/src/panic.rs:140:14
[INFO] [stdout]   32:     0x562cfda6de76 - test::run_test_in_process::h9abda90f802eaf21
[INFO] [stdout]                                at /rustc/1b7dd2252b99671ce5d1cb9664c5f8636329436d/library/test/src/lib.rs:678:27
[INFO] [stdout]   33:     0x562cfda6de76 - test::run_test::run_test_inner::{{closure}}::h0f058de91f6c6edf
[INFO] [stdout]                                at /rustc/1b7dd2252b99671ce5d1cb9664c5f8636329436d/library/test/src/lib.rs:572:39
[INFO] [stdout]   34:     0x562cfda36d95 - test::run_test::run_test_inner::{{closure}}::h5ca48a4c59c6c1fb
[INFO] [stdout]                                at /rustc/1b7dd2252b99671ce5d1cb9664c5f8636329436d/library/test/src/lib.rs:599:37
[INFO] [stdout]   35:     0x562cfda36d95 - std::sys_common::backtrace::__rust_begin_short_backtrace::h32bd51e1495d4a33
[INFO] [stdout]                                at /rustc/1b7dd2252b99671ce5d1cb9664c5f8636329436d/library/std/src/sys_common/backtrace.rs:134:18
[INFO] [stdout]   36:     0x562cfda3c2d1 - std::thread::Builder::spawn_unchecked_::{{closure}}::{{closure}}::hc086fae9b128b2db
[INFO] [stdout]                                at /rustc/1b7dd2252b99671ce5d1cb9664c5f8636329436d/library/std/src/thread/mod.rs:526:17
[INFO] [stdout]   37:     0x562cfda3c2d1 - <core::panic::unwind_safe::AssertUnwindSafe<F> as core::ops::function::FnOnce<()>>::call_once::hb66571888d270d43
[INFO] [stdout]                                at /rustc/1b7dd2252b99671ce5d1cb9664c5f8636329436d/library/core/src/panic/unwind_safe.rs:271:9
[INFO] [stdout]   38:     0x562cfda3c2d1 - std::panicking::try::do_call::h4fa2ef4f6e51fecf
[INFO] [stdout]                                at /rustc/1b7dd2252b99671ce5d1cb9664c5f8636329436d/library/std/src/panicking.rs:485:40
[INFO] [stdout]   39:     0x562cfda3c2d1 - std::panicking::try::h1e9e22b8584489b5
[INFO] [stdout]                                at /rustc/1b7dd2252b99671ce5d1cb9664c5f8636329436d/library/std/src/panicking.rs:449:19
[INFO] [stdout]   40:     0x562cfda3c2d1 - std::panic::catch_unwind::h44698a3de0e0769e
[INFO] [stdout]                                at /rustc/1b7dd2252b99671ce5d1cb9664c5f8636329436d/library/std/src/panic.rs:140:14
[INFO] [stdout]   41:     0x562cfda3c2d1 - std::thread::Builder::spawn_unchecked_::{{closure}}::h50153abde3fe239e
[INFO] [stdout]                                at /rustc/1b7dd2252b99671ce5d1cb9664c5f8636329436d/library/std/src/thread/mod.rs:525:30
[INFO] [stdout]   42:     0x562cfda3c2d1 - core::ops::function::FnOnce::call_once{{vtable.shim}}::hbe5bbf6f38394364
[INFO] [stdout]                                at /rustc/1b7dd2252b99671ce5d1cb9664c5f8636329436d/library/core/src/ops/function.rs:250:5
[INFO] [stdout]   43:     0x562cfdb535c5 - <alloc::boxed::Box<F,A> as core::ops::function::FnOnce<Args>>::call_once::h0d83cb2920a49046
[INFO] [stdout]                                at /rustc/1b7dd2252b99671ce5d1cb9664c5f8636329436d/library/alloc/src/boxed.rs:1973:9
[INFO] [stdout]   44:     0x562cfdb535c5 - <alloc::boxed::Box<F,A> as core::ops::function::FnOnce<Args>>::call_once::hbe0a008aa7d9ef59
[INFO] [stdout]                                at /rustc/1b7dd2252b99671ce5d1cb9664c5f8636329436d/library/alloc/src/boxed.rs:1973:9
[INFO] [stdout]   45:     0x562cfdb535c5 - std::sys::unix::thread::Thread::new::thread_start::h3a466996bdf6b1f9
[INFO] [stdout]                                at /rustc/1b7dd2252b99671ce5d1cb9664c5f8636329436d/library/std/src/sys/unix/thread.rs:108:17
[INFO] [stdout]   46:     0x7fd12cfbbb43 - <unknown>
[INFO] [stdout]   47:     0x7fd12d04cbb4 - __clone
[INFO] [stdout]   48:                0x0 - <unknown>
[INFO] [stdout] 
[INFO] [stdout] 
[INFO] [stdout] failures:
[INFO] [stdout]     parse_servo_webidls
[INFO] [stdout] 
[INFO] [stdout] test result: FAILED. 3 passed; 1 failed; 0 ignored; 0 measured; 0 filtered out; finished in 0.04s
[INFO] [stdout] 
[INFO] running `Command { std: "docker" "inspect" "79d51a7a5ddd4e35ae426d7b9875385fbaa432d92875bc48327e912f12cb3836", kill_on_drop: false }`
[INFO] running `Command { std: "docker" "rm" "-f" "79d51a7a5ddd4e35ae426d7b9875385fbaa432d92875bc48327e912f12cb3836", kill_on_drop: false }`
[INFO] [stdout] 79d51a7a5ddd4e35ae426d7b9875385fbaa432d92875bc48327e912f12cb3836
