[INFO] fetching crate webgl-rc-macro 0.1.3...
[INFO] testing webgl-rc-macro-0.1.3 against beta-2023-04-20 for beta-1.70-1
[INFO] extracting crate webgl-rc-macro 0.1.3 into /workspace/builds/worker-7-tc2/source
[INFO] validating manifest of crates.io crate webgl-rc-macro 0.1.3 on toolchain beta-2023-04-20
[INFO] running `Command { std: CARGO_HOME="/workspace/cargo-home" RUSTUP_HOME="/workspace/rustup-home" "/workspace/cargo-home/bin/cargo" "+beta-2023-04-20" "metadata" "--manifest-path" "Cargo.toml" "--no-deps", kill_on_drop: false }`
[INFO] started tweaking crates.io crate webgl-rc-macro 0.1.3
[INFO] finished tweaking crates.io crate webgl-rc-macro 0.1.3
[INFO] tweaked toml for crates.io crate webgl-rc-macro 0.1.3 written to /workspace/builds/worker-7-tc2/source/Cargo.toml
[INFO] running `Command { std: CARGO_HOME="/workspace/cargo-home" RUSTUP_HOME="/workspace/rustup-home" __CARGO_TEST_CHANNEL_OVERRIDE_DO_NOT_USE_THIS="nightly" "/workspace/cargo-home/bin/cargo" "+beta-2023-04-20" "generate-lockfile" "--manifest-path" "Cargo.toml" "-Zno-index-update", kill_on_drop: false }`
[INFO] running `Command { std: CARGO_HOME="/workspace/cargo-home" RUSTUP_HOME="/workspace/rustup-home" "/workspace/cargo-home/bin/cargo" "+beta-2023-04-20" "fetch" "--manifest-path" "Cargo.toml", kill_on_drop: false }`
[INFO] running `Command { std: "docker" "create" "-v" "/var/lib/crater-agent-workspace/builds/worker-7-tc2/target:/opt/rustwide/target:rw,Z" "-v" "/var/lib/crater-agent-workspace/builds/worker-7-tc2/source:/opt/rustwide/workdir:ro,Z" "-v" "/var/lib/crater-agent-workspace/cargo-home:/opt/rustwide/cargo-home:ro,Z" "-v" "/var/lib/crater-agent-workspace/rustup-home:/opt/rustwide/rustup-home:ro,Z" "-e" "SOURCE_DIR=/opt/rustwide/workdir" "-e" "CARGO_TARGET_DIR=/opt/rustwide/target" "-e" "CARGO_HOME=/opt/rustwide/cargo-home" "-e" "RUSTUP_HOME=/opt/rustwide/rustup-home" "-w" "/opt/rustwide/workdir" "-m" "1610612736" "--user" "0:0" "--network" "none" "ghcr.io/rust-lang/crates-build-env/linux@sha256:5ff2268d62e97bff2cde7d5815dd6ed5b47097566f13b8d0ca110b04b60e07ed" "/opt/rustwide/cargo-home/bin/cargo" "+beta-2023-04-20" "metadata" "--no-deps" "--format-version=1", kill_on_drop: false }`
[INFO] [stdout] d85d3ae6a79002e20ba46180745ef57dde099b57a3d9b7817bd6c81386cee0f7
[INFO] running `Command { std: "docker" "start" "-a" "d85d3ae6a79002e20ba46180745ef57dde099b57a3d9b7817bd6c81386cee0f7", kill_on_drop: false }`
[INFO] running `Command { std: "docker" "inspect" "d85d3ae6a79002e20ba46180745ef57dde099b57a3d9b7817bd6c81386cee0f7", kill_on_drop: false }`
[INFO] running `Command { std: "docker" "rm" "-f" "d85d3ae6a79002e20ba46180745ef57dde099b57a3d9b7817bd6c81386cee0f7", kill_on_drop: false }`
[INFO] [stdout] d85d3ae6a79002e20ba46180745ef57dde099b57a3d9b7817bd6c81386cee0f7
[INFO] running `Command { std: "docker" "create" "-v" "/var/lib/crater-agent-workspace/builds/worker-7-tc2/target:/opt/rustwide/target:rw,Z" "-v" "/var/lib/crater-agent-workspace/builds/worker-7-tc2/source:/opt/rustwide/workdir:ro,Z" "-v" "/var/lib/crater-agent-workspace/cargo-home:/opt/rustwide/cargo-home:ro,Z" "-v" "/var/lib/crater-agent-workspace/rustup-home:/opt/rustwide/rustup-home:ro,Z" "-e" "SOURCE_DIR=/opt/rustwide/workdir" "-e" "CARGO_TARGET_DIR=/opt/rustwide/target" "-e" "CARGO_INCREMENTAL=0" "-e" "RUST_BACKTRACE=full" "-e" "RUSTFLAGS=--cap-lints=warn" "-e" "RUSTDOCFLAGS=--cap-lints=warn" "-e" "CARGO_HOME=/opt/rustwide/cargo-home" "-e" "RUSTUP_HOME=/opt/rustwide/rustup-home" "-w" "/opt/rustwide/workdir" "-m" "1610612736" "--user" "0:0" "--network" "none" "ghcr.io/rust-lang/crates-build-env/linux@sha256:5ff2268d62e97bff2cde7d5815dd6ed5b47097566f13b8d0ca110b04b60e07ed" "/opt/rustwide/cargo-home/bin/cargo" "+beta-2023-04-20" "build" "--frozen" "--message-format=json", kill_on_drop: false }`
[INFO] [stdout] aad3c1e1f925a589bd4f05635b94fa8c57606e28f9405e8de33fabc3852ca34f
[INFO] running `Command { std: "docker" "start" "-a" "aad3c1e1f925a589bd4f05635b94fa8c57606e28f9405e8de33fabc3852ca34f", kill_on_drop: false }`
[INFO] [stderr]    Compiling memchr v2.5.0
[INFO] [stderr]    Compiling regex-syntax v0.7.1
[INFO] [stderr]    Compiling aho-corasick v1.0.1
[INFO] [stderr]    Compiling regex v1.8.1
[INFO] [stderr]    Compiling webgl-rc-macro v0.1.3 (/opt/rustwide/workdir)
[INFO] [stderr]     Finished dev [unoptimized + debuginfo] target(s) in 6.20s
[INFO] running `Command { std: "docker" "inspect" "aad3c1e1f925a589bd4f05635b94fa8c57606e28f9405e8de33fabc3852ca34f", kill_on_drop: false }`
[INFO] running `Command { std: "docker" "rm" "-f" "aad3c1e1f925a589bd4f05635b94fa8c57606e28f9405e8de33fabc3852ca34f", kill_on_drop: false }`
[INFO] [stdout] aad3c1e1f925a589bd4f05635b94fa8c57606e28f9405e8de33fabc3852ca34f
[INFO] running `Command { std: "docker" "create" "-v" "/var/lib/crater-agent-workspace/builds/worker-7-tc2/target:/opt/rustwide/target:rw,Z" "-v" "/var/lib/crater-agent-workspace/builds/worker-7-tc2/source:/opt/rustwide/workdir:ro,Z" "-v" "/var/lib/crater-agent-workspace/cargo-home:/opt/rustwide/cargo-home:ro,Z" "-v" "/var/lib/crater-agent-workspace/rustup-home:/opt/rustwide/rustup-home:ro,Z" "-e" "SOURCE_DIR=/opt/rustwide/workdir" "-e" "CARGO_TARGET_DIR=/opt/rustwide/target" "-e" "CARGO_INCREMENTAL=0" "-e" "RUST_BACKTRACE=full" "-e" "RUSTFLAGS=--cap-lints=warn" "-e" "RUSTDOCFLAGS=--cap-lints=warn" "-e" "CARGO_HOME=/opt/rustwide/cargo-home" "-e" "RUSTUP_HOME=/opt/rustwide/rustup-home" "-w" "/opt/rustwide/workdir" "-m" "1610612736" "--user" "0:0" "--network" "none" "ghcr.io/rust-lang/crates-build-env/linux@sha256:5ff2268d62e97bff2cde7d5815dd6ed5b47097566f13b8d0ca110b04b60e07ed" "/opt/rustwide/cargo-home/bin/cargo" "+beta-2023-04-20" "test" "--frozen" "--no-run" "--message-format=json", kill_on_drop: false }`
[INFO] [stdout] cd815584d70f4794728b9068f237d628d1b231a46307ab530178d4a45813746a
[INFO] running `Command { std: "docker" "start" "-a" "cd815584d70f4794728b9068f237d628d1b231a46307ab530178d4a45813746a", kill_on_drop: false }`
[INFO] [stderr]     Blocking waiting for file lock on package cache
[INFO] [stderr]    Compiling webgl-rc-macro v0.1.3 (/opt/rustwide/workdir)
[INFO] [stderr]     Finished test [unoptimized + debuginfo] target(s) in 1.18s
[INFO] running `Command { std: "docker" "inspect" "cd815584d70f4794728b9068f237d628d1b231a46307ab530178d4a45813746a", kill_on_drop: false }`
[INFO] running `Command { std: "docker" "rm" "-f" "cd815584d70f4794728b9068f237d628d1b231a46307ab530178d4a45813746a", kill_on_drop: false }`
[INFO] [stdout] cd815584d70f4794728b9068f237d628d1b231a46307ab530178d4a45813746a
[INFO] running `Command { std: "docker" "create" "-v" "/var/lib/crater-agent-workspace/builds/worker-7-tc2/target:/opt/rustwide/target:rw,Z" "-v" "/var/lib/crater-agent-workspace/builds/worker-7-tc2/source:/opt/rustwide/workdir:ro,Z" "-v" "/var/lib/crater-agent-workspace/cargo-home:/opt/rustwide/cargo-home:ro,Z" "-v" "/var/lib/crater-agent-workspace/rustup-home:/opt/rustwide/rustup-home:ro,Z" "-e" "SOURCE_DIR=/opt/rustwide/workdir" "-e" "CARGO_TARGET_DIR=/opt/rustwide/target" "-e" "CARGO_INCREMENTAL=0" "-e" "RUST_BACKTRACE=full" "-e" "RUSTFLAGS=--cap-lints=warn" "-e" "RUSTDOCFLAGS=--cap-lints=warn" "-e" "CARGO_HOME=/opt/rustwide/cargo-home" "-e" "RUSTUP_HOME=/opt/rustwide/rustup-home" "-w" "/opt/rustwide/workdir" "-m" "1610612736" "--user" "0:0" "--network" "none" "ghcr.io/rust-lang/crates-build-env/linux@sha256:5ff2268d62e97bff2cde7d5815dd6ed5b47097566f13b8d0ca110b04b60e07ed" "/opt/rustwide/cargo-home/bin/cargo" "+beta-2023-04-20" "test" "--frozen", kill_on_drop: false }`
[INFO] [stdout] d03994d5100b8f5d849241eb13110c883932d3e262dba83548847f2465cd42c3
[INFO] running `Command { std: "docker" "start" "-a" "d03994d5100b8f5d849241eb13110c883932d3e262dba83548847f2465cd42c3", kill_on_drop: false }`
[INFO] [stderr]     Finished test [unoptimized + debuginfo] target(s) in 0.01s
[INFO] [stderr]      Running unittests src/lib.rs (/opt/rustwide/target/debug/deps/webgl_rc_macro-cf6a37a26127c20b)
[INFO] [stdout] 
[INFO] [stdout] running 0 tests
[INFO] [stdout] 
[INFO] [stderr]    Doc-tests webgl-rc-macro
[INFO] [stdout] test result: ok. 0 passed; 0 failed; 0 ignored; 0 measured; 0 filtered out; finished in 0.00s
[INFO] [stdout] 
[INFO] [stdout] 
[INFO] [stdout] running 1 test
[INFO] [stdout] test src/lib.rs - load_glsl (line 309) ... FAILED
[INFO] [stdout] 
[INFO] [stdout] failures:
[INFO] [stdout] 
[INFO] [stdout] ---- src/lib.rs - load_glsl (line 309) stdout ----
[INFO] [stdout] error[E0433]: failed to resolve: use of undeclared crate or module `webgl_rc`
[INFO] [stdout]  --> src/lib.rs:310:20
[INFO] [stdout]   |
[INFO] [stdout] 3 | let vertex: &str = webgl_rc::load_glsl!("draw/vertex.glsl");
[INFO] [stdout]   |                    ^^^^^^^^ use of undeclared crate or module `webgl_rc`
[INFO] [stdout] 
[INFO] [stdout] error[E0433]: failed to resolve: use of undeclared crate or module `webgl_rc`
[INFO] [stdout]  --> src/lib.rs:311:22
[INFO] [stdout]   |
[INFO] [stdout] 4 | let fragment: &str = webgl_rc::load_glsl!("draw/fragment.glsl");
[INFO] [stdout]   |                      ^^^^^^^^ use of undeclared crate or module `webgl_rc`
[INFO] [stdout] 
[INFO] [stdout] error: aborting due to 2 previous errors
[INFO] [stdout] 
[INFO] [stdout] For more information about this error, try `rustc --explain E0433`.
[INFO] [stdout] Couldn't compile the test.
[INFO] [stdout] 
[INFO] [stdout] failures:
[INFO] [stdout]     src/lib.rs - load_glsl (line 309)
[INFO] [stdout] 
[INFO] [stdout] test result: FAILED. 0 passed; 1 failed; 0 ignored; 0 measured; 0 filtered out; finished in 0.05s
[INFO] [stdout] 
[INFO] [stderr] error: doctest failed, to rerun pass `--doc`
[INFO] running `Command { std: "docker" "inspect" "d03994d5100b8f5d849241eb13110c883932d3e262dba83548847f2465cd42c3", kill_on_drop: false }`
[INFO] running `Command { std: "docker" "rm" "-f" "d03994d5100b8f5d849241eb13110c883932d3e262dba83548847f2465cd42c3", kill_on_drop: false }`
[INFO] [stdout] d03994d5100b8f5d849241eb13110c883932d3e262dba83548847f2465cd42c3
