[INFO] fetching crate weather-reports 0.1.5...
[INFO] testing weather-reports-0.1.5 against beta-2023-04-20 for beta-1.70-1
[INFO] extracting crate weather-reports 0.1.5 into /workspace/builds/worker-4-tc2/source
[INFO] validating manifest of crates.io crate weather-reports 0.1.5 on toolchain beta-2023-04-20
[INFO] running `Command { std: CARGO_HOME="/workspace/cargo-home" RUSTUP_HOME="/workspace/rustup-home" "/workspace/cargo-home/bin/cargo" "+beta-2023-04-20" "metadata" "--manifest-path" "Cargo.toml" "--no-deps", kill_on_drop: false }`
[INFO] started tweaking crates.io crate weather-reports 0.1.5
[INFO] finished tweaking crates.io crate weather-reports 0.1.5
[INFO] tweaked toml for crates.io crate weather-reports 0.1.5 written to /workspace/builds/worker-4-tc2/source/Cargo.toml
[INFO] crate crates.io crate weather-reports 0.1.5 already has a lockfile, it will not be regenerated
[INFO] running `Command { std: CARGO_HOME="/workspace/cargo-home" RUSTUP_HOME="/workspace/rustup-home" "/workspace/cargo-home/bin/cargo" "+beta-2023-04-20" "fetch" "--manifest-path" "Cargo.toml", kill_on_drop: false }`
[INFO] [stderr]     Updating crates.io index
[INFO] [stderr]  Downloading crates ...
[INFO] [stderr]   Downloaded zstd-safe v4.1.1+zstd.1.5.0
[INFO] [stderr]   Downloaded tracing-core v0.1.19
[INFO] [stderr]   Downloaded wasm-bindgen-futures v0.4.26
[INFO] [stderr]   Downloaded wasm-bindgen-backend v0.2.76
[INFO] [stderr]   Downloaded h2 v0.3.4
[INFO] [stderr]   Downloaded js-sys v0.3.53
[INFO] [stderr]   Downloaded tokio v1.11.0
[INFO] [stderr]   Downloaded web-sys v0.3.53
[INFO] [stderr]   Downloaded wasm-bindgen-shared v0.2.76
[INFO] [stderr]   Downloaded hyper v0.14.12
[INFO] [stderr]   Downloaded wasm-bindgen-macro-support v0.2.76
[INFO] [stderr]   Downloaded libc v0.2.100
[INFO] [stderr]   Downloaded zstd-sys v1.6.1+zstd.1.5.0
[INFO] [stderr]   Downloaded wasm-bindgen-macro v0.2.76
[INFO] [stderr]   Downloaded wasm-bindgen v0.2.76
[INFO] [stderr]   Downloaded uom v0.31.1
[INFO] [stderr]   Downloaded zstd v0.9.0+zstd.1.5.0
[INFO] running `Command { std: "docker" "create" "-v" "/var/lib/crater-agent-workspace/builds/worker-4-tc2/target:/opt/rustwide/target:rw,Z" "-v" "/var/lib/crater-agent-workspace/builds/worker-4-tc2/source:/opt/rustwide/workdir:ro,Z" "-v" "/var/lib/crater-agent-workspace/cargo-home:/opt/rustwide/cargo-home:ro,Z" "-v" "/var/lib/crater-agent-workspace/rustup-home:/opt/rustwide/rustup-home:ro,Z" "-e" "SOURCE_DIR=/opt/rustwide/workdir" "-e" "CARGO_TARGET_DIR=/opt/rustwide/target" "-e" "CARGO_HOME=/opt/rustwide/cargo-home" "-e" "RUSTUP_HOME=/opt/rustwide/rustup-home" "-w" "/opt/rustwide/workdir" "-m" "1610612736" "--user" "0:0" "--network" "none" "ghcr.io/rust-lang/crates-build-env/linux@sha256:5ff2268d62e97bff2cde7d5815dd6ed5b47097566f13b8d0ca110b04b60e07ed" "/opt/rustwide/cargo-home/bin/cargo" "+beta-2023-04-20" "metadata" "--no-deps" "--format-version=1", kill_on_drop: false }`
[INFO] [stdout] 9e5d3e5b124fbad379d6466fdc8421a82201275b273eb8275ac1fad30a816ecb
[INFO] running `Command { std: "docker" "start" "-a" "9e5d3e5b124fbad379d6466fdc8421a82201275b273eb8275ac1fad30a816ecb", kill_on_drop: false }`
[INFO] running `Command { std: "docker" "inspect" "9e5d3e5b124fbad379d6466fdc8421a82201275b273eb8275ac1fad30a816ecb", kill_on_drop: false }`
[INFO] running `Command { std: "docker" "rm" "-f" "9e5d3e5b124fbad379d6466fdc8421a82201275b273eb8275ac1fad30a816ecb", kill_on_drop: false }`
[INFO] [stdout] 9e5d3e5b124fbad379d6466fdc8421a82201275b273eb8275ac1fad30a816ecb
[INFO] running `Command { std: "docker" "create" "-v" "/var/lib/crater-agent-workspace/builds/worker-4-tc2/target:/opt/rustwide/target:rw,Z" "-v" "/var/lib/crater-agent-workspace/builds/worker-4-tc2/source:/opt/rustwide/workdir:ro,Z" "-v" "/var/lib/crater-agent-workspace/cargo-home:/opt/rustwide/cargo-home:ro,Z" "-v" "/var/lib/crater-agent-workspace/rustup-home:/opt/rustwide/rustup-home:ro,Z" "-e" "SOURCE_DIR=/opt/rustwide/workdir" "-e" "CARGO_TARGET_DIR=/opt/rustwide/target" "-e" "CARGO_INCREMENTAL=0" "-e" "RUST_BACKTRACE=full" "-e" "RUSTFLAGS=--cap-lints=warn" "-e" "RUSTDOCFLAGS=--cap-lints=warn" "-e" "CARGO_HOME=/opt/rustwide/cargo-home" "-e" "RUSTUP_HOME=/opt/rustwide/rustup-home" "-w" "/opt/rustwide/workdir" "-m" "1610612736" "--user" "0:0" "--network" "none" "ghcr.io/rust-lang/crates-build-env/linux@sha256:5ff2268d62e97bff2cde7d5815dd6ed5b47097566f13b8d0ca110b04b60e07ed" "/opt/rustwide/cargo-home/bin/cargo" "+beta-2023-04-20" "build" "--frozen" "--message-format=json", kill_on_drop: false }`
[INFO] [stdout] 0084a64c6fe7e5723815ffb16b840a764a65976f8ced7fb0c846d4cd06368087
[INFO] running `Command { std: "docker" "start" "-a" "0084a64c6fe7e5723815ffb16b840a764a65976f8ced7fb0c846d4cd06368087", kill_on_drop: false }`
[INFO] [stderr]    Compiling num-traits v0.2.14
[INFO] [stderr]    Compiling regex-syntax v0.6.25
[INFO] [stderr]    Compiling proc-macro2 v1.0.28
[INFO] [stderr]    Compiling libc v0.2.100
[INFO] [stderr]    Compiling num-integer v0.1.44
[INFO] [stderr]    Compiling typenum v1.13.0
[INFO] [stderr]    Compiling peg-runtime v0.7.0
[INFO] [stderr]    Compiling unicode-width v0.1.8
[INFO] [stderr]    Compiling codespan-reporting v0.11.1
[INFO] [stderr]    Compiling codespan v0.11.1
[INFO] [stderr]    Compiling quote v1.0.9
[INFO] [stderr]    Compiling time v0.1.44
[INFO] [stderr]    Compiling peg-macros v0.7.0
[INFO] [stderr]    Compiling regex v1.5.4
[INFO] [stderr]    Compiling uom v0.31.1
[INFO] [stderr]    Compiling chrono v0.4.19
[INFO] [stderr]    Compiling parse-zoneinfo v0.3.0
[INFO] [stderr]    Compiling peg v0.7.0
[INFO] [stderr]    Compiling chrono-tz v0.5.3
[INFO] [stderr]    Compiling weather-reports v0.1.5 (/opt/rustwide/workdir)
[INFO] [stderr]     Finished dev [unoptimized + debuginfo] target(s) in 14.08s
[INFO] running `Command { std: "docker" "inspect" "0084a64c6fe7e5723815ffb16b840a764a65976f8ced7fb0c846d4cd06368087", kill_on_drop: false }`
[INFO] running `Command { std: "docker" "rm" "-f" "0084a64c6fe7e5723815ffb16b840a764a65976f8ced7fb0c846d4cd06368087", kill_on_drop: false }`
[INFO] [stdout] 0084a64c6fe7e5723815ffb16b840a764a65976f8ced7fb0c846d4cd06368087
[INFO] running `Command { std: "docker" "create" "-v" "/var/lib/crater-agent-workspace/builds/worker-4-tc2/target:/opt/rustwide/target:rw,Z" "-v" "/var/lib/crater-agent-workspace/builds/worker-4-tc2/source:/opt/rustwide/workdir:ro,Z" "-v" "/var/lib/crater-agent-workspace/cargo-home:/opt/rustwide/cargo-home:ro,Z" "-v" "/var/lib/crater-agent-workspace/rustup-home:/opt/rustwide/rustup-home:ro,Z" "-e" "SOURCE_DIR=/opt/rustwide/workdir" "-e" "CARGO_TARGET_DIR=/opt/rustwide/target" "-e" "CARGO_INCREMENTAL=0" "-e" "RUST_BACKTRACE=full" "-e" "RUSTFLAGS=--cap-lints=warn" "-e" "RUSTDOCFLAGS=--cap-lints=warn" "-e" "CARGO_HOME=/opt/rustwide/cargo-home" "-e" "RUSTUP_HOME=/opt/rustwide/rustup-home" "-w" "/opt/rustwide/workdir" "-m" "1610612736" "--user" "0:0" "--network" "none" "ghcr.io/rust-lang/crates-build-env/linux@sha256:5ff2268d62e97bff2cde7d5815dd6ed5b47097566f13b8d0ca110b04b60e07ed" "/opt/rustwide/cargo-home/bin/cargo" "+beta-2023-04-20" "test" "--frozen" "--no-run" "--message-format=json", kill_on_drop: false }`
[INFO] [stdout] 800c91055b2585ceaf84050ea73d15582fa222c8cca0b3a1f9a6cc3a6bb074bb
[INFO] running `Command { std: "docker" "start" "-a" "800c91055b2585ceaf84050ea73d15582fa222c8cca0b3a1f9a6cc3a6bb074bb", kill_on_drop: false }`
[INFO] [stderr]    Compiling log v0.4.14
[INFO] [stderr]    Compiling pkg-config v0.3.19
[INFO] [stderr]    Compiling foreign-types-shared v0.1.1
[INFO] [stderr]    Compiling openssl v0.10.36
[INFO] [stderr]    Compiling tokio v1.11.0
[INFO] [stderr]    Compiling futures-util v0.3.17
[INFO] [stderr]    Compiling indexmap v1.7.0
[INFO] [stderr]    Compiling http v0.2.4
[INFO] [stderr]    Compiling jobserver v0.1.24
[INFO] [stderr]    Compiling num_cpus v1.13.0
[INFO] [stderr]    Compiling tracing-core v0.1.19
[INFO] [stderr]    Compiling slab v0.4.4
[INFO] [stderr]    Compiling futures-channel v0.3.17
[INFO] [stderr]    Compiling native-tls v0.2.8
[INFO] [stderr]    Compiling futures-io v0.3.17
[INFO] [stderr]    Compiling tinyvec v1.3.1
[INFO] [stderr]    Compiling foreign-types v0.3.2
[INFO] [stderr]    Compiling openssl-probe v0.1.4
[INFO] [stderr]    Compiling socket2 v0.4.1
[INFO] [stderr]    Compiling encoding_rs v0.8.28
[INFO] [stderr]    Compiling cc v1.0.70
[INFO] [stderr]    Compiling unicode-bidi v0.3.6
[INFO] [stderr]    Compiling tracing v0.1.26
[INFO] [stderr]    Compiling zstd-safe v4.1.1+zstd.1.5.0
[INFO] [stderr]    Compiling xattr v0.2.2
[INFO] [stderr]    Compiling mio v0.7.13
[INFO] [stderr]    Compiling want v0.3.0
[INFO] [stderr]    Compiling filetime v0.2.15
[INFO] [stderr]    Compiling ipnet v2.3.1
[INFO] [stderr]    Compiling tar v0.4.37
[INFO] [stderr]    Compiling unicode-normalization v0.1.19
[INFO] [stderr]    Compiling openssl-sys v0.9.66
[INFO] [stderr]    Compiling zstd-sys v1.6.1+zstd.1.5.0
[INFO] [stderr]    Compiling idna v0.2.3
[INFO] [stderr]    Compiling http-body v0.4.3
[INFO] [stderr]    Compiling url v2.2.2
[INFO] [stderr]    Compiling tokio-util v0.6.7
[INFO] [stderr]    Compiling h2 v0.3.4
[INFO] [stderr]    Compiling tokio-native-tls v0.3.0
[INFO] [stderr]    Compiling hyper v0.14.12
[INFO] [stderr]    Compiling hyper-tls v0.5.0
[INFO] [stderr]    Compiling reqwest v0.11.4
[INFO] [stderr]    Compiling zstd v0.9.0+zstd.1.5.0
[INFO] [stderr]    Compiling weather-reports v0.1.5 (/opt/rustwide/workdir)
[INFO] [stderr]     Finished test [unoptimized + debuginfo] target(s) in 30.84s
[INFO] running `Command { std: "docker" "inspect" "800c91055b2585ceaf84050ea73d15582fa222c8cca0b3a1f9a6cc3a6bb074bb", kill_on_drop: false }`
[INFO] running `Command { std: "docker" "rm" "-f" "800c91055b2585ceaf84050ea73d15582fa222c8cca0b3a1f9a6cc3a6bb074bb", kill_on_drop: false }`
[INFO] [stdout] 800c91055b2585ceaf84050ea73d15582fa222c8cca0b3a1f9a6cc3a6bb074bb
[INFO] running `Command { std: "docker" "create" "-v" "/var/lib/crater-agent-workspace/builds/worker-4-tc2/target:/opt/rustwide/target:rw,Z" "-v" "/var/lib/crater-agent-workspace/builds/worker-4-tc2/source:/opt/rustwide/workdir:ro,Z" "-v" "/var/lib/crater-agent-workspace/cargo-home:/opt/rustwide/cargo-home:ro,Z" "-v" "/var/lib/crater-agent-workspace/rustup-home:/opt/rustwide/rustup-home:ro,Z" "-e" "SOURCE_DIR=/opt/rustwide/workdir" "-e" "CARGO_TARGET_DIR=/opt/rustwide/target" "-e" "CARGO_INCREMENTAL=0" "-e" "RUST_BACKTRACE=full" "-e" "RUSTFLAGS=--cap-lints=warn" "-e" "RUSTDOCFLAGS=--cap-lints=warn" "-e" "CARGO_HOME=/opt/rustwide/cargo-home" "-e" "RUSTUP_HOME=/opt/rustwide/rustup-home" "-w" "/opt/rustwide/workdir" "-m" "1610612736" "--user" "0:0" "--network" "none" "ghcr.io/rust-lang/crates-build-env/linux@sha256:5ff2268d62e97bff2cde7d5815dd6ed5b47097566f13b8d0ca110b04b60e07ed" "/opt/rustwide/cargo-home/bin/cargo" "+beta-2023-04-20" "test" "--frozen", kill_on_drop: false }`
[INFO] [stdout] dd60182ff55f2291886e9faecffc64b7278ae2c0834248c291d1824509dd5444
[INFO] running `Command { std: "docker" "start" "-a" "dd60182ff55f2291886e9faecffc64b7278ae2c0834248c291d1824509dd5444", kill_on_drop: false }`
[INFO] [stderr]     Finished test [unoptimized + debuginfo] target(s) in 0.16s
[INFO] [stdout] 
[INFO] [stderr]      Running unittests src/lib.rs (/opt/rustwide/target/debug/deps/weather_reports-c22eeea0e0f5bea7)
[INFO] [stdout] running 15 tests
[INFO] [stdout] test parse::tests::parse_runway_visibility ... ok
[INFO] [stdout] test parse::tests::parse_water_conditions ... ok
[INFO] [stdout] test parse::tests::parse_temperatures ... ok
[INFO] [stdout] test parse::tests::parse_observation_time ... ok
[INFO] [stdout] test parse::tests::parse_weather ... ok
[INFO] [stdout] test parse::tests::parse_wind ... ok
[INFO] [stdout] test parse::tests::parse_color ... ok
[INFO] [stdout] test parse::tests::parse_prevailing_visibility ... ok
[INFO] [stdout] test parse::tests::parse_whitespace ... ok
[INFO] [stdout] test parse::tests::parse_icao_identifier ... ok
[INFO] [stdout] test parse::tests::parse_pressure ... ok
[INFO] [stdout] test parse::tests::parse_cloud_cover ... ok
[INFO] [stderr] error: could not parse report
[INFO] [stderr]   ┌─ countries/Brazil.txt:1:37
[INFO] [stderr]   │
[INFO] [stderr] 1 │  METAR SBCI 300100Z AUTO /////KT ///V/// //// // /////////
[INFO] [stderr]   │                                     ^ expected one of "/", "///", EOF, cloud type, or whitespace
[INFO] [stderr] 
[INFO] [stderr] error: could not parse report
[INFO] [stderr]   ┌─ countries/Colombia.txt:2:31
[INFO] [stderr]   │
[INFO] [stderr] 2 │                         Q1027 NSOIG RMK VCSH/S A3033
[INFO] [stderr]   │                               ^ expected one of "/", ":RMK", "BLACK", "R MK", "R", "RE", "RE//", "REMARK", "RF", "RMK", "VC", "W", "XX/XX", EOF, cloud coverage, color state, descriptor, digit, intensity, minus, obscuration, other weather condition, precipitation, pressure unit, trend, or whitespace
[INFO] [stderr] 
[INFO] [stderr] error: could not parse report
[INFO] [stderr]   ┌─ countries/Dominican Republic.txt:2:31
[INFO] [stderr]   │
[INFO] [stderr] 2 │                         Q1016 CB/W
[INFO] [stderr]   │                               ^ expected one of "/", ":RMK", "BLACK", "R MK", "R", "RE", "RE//", "REMARK", "RF", "RMK", "VC", "W", "XX/XX", EOF, cloud coverage, color state, descriptor, digit, intensity, minus, obscuration, other weather condition, precipitation, pressure unit, trend, or whitespace
[INFO] [stderr] 
[INFO] [stderr] error: could not parse report
[INFO] [stderr]   ┌─ countries/Dominica.txt:2:31
[INFO] [stderr]   │
[INFO] [stderr] 2 │                         Q1016 CB/W
[INFO] [stderr]   │                               ^ expected one of "/", ":RMK", "BLACK", "R MK", "R", "RE", "RE//", "REMARK", "RF", "RMK", "VC", "W", "XX/XX", EOF, cloud coverage, color state, descriptor, digit, intensity, minus, obscuration, other weather condition, precipitation, pressure unit, trend, or whitespace
[INFO] [stderr] 
[INFO] [stderr] error: could not parse report
[INFO] [stderr]   ┌─ countries/Finland.txt:1:44
[INFO] [stderr]   │
[INFO] [stderr] 1 │  METAR EFKK 300120Z AUTO VRB01KT 9999 2100 FEW002 04/04 Q1022
[INFO] [stderr]   │                                            ^ expected one of digit, or visibility unit
[INFO] [stderr] 
[INFO] [stderr] error: could not parse report
[INFO] [stderr]   ┌─ countries/Finland.txt:1:44
[INFO] [stderr]   │
[INFO] [stderr] 1 │  METAR EFVA 300120Z AUTO VRB01KT 3500 0900 R34/P2000U BCFG
[INFO] [stderr]   │                                            ^ expected one of digit, or visibility unit
[INFO] [stderr] 
[INFO] [stderr] error: could not parse report
[INFO] [stderr]   ┌─ countries/France.txt:1:44
[INFO] [stderr]   │
[INFO] [stderr] 1 │  METAR LFRB 300100Z AUTO 04004KT 0400 0300 R25/0650U R07/0450N
[INFO] [stderr]   │                                            ^ expected one of digit, or visibility unit
[INFO] [stderr] 
[INFO] [stderr] error: could not parse report
[INFO] [stderr]   ┌─ countries/Gambia, The.txt:2:25
[INFO] [stderr]   │
[INFO] [stderr] 2 │                         CB SE-S
[INFO] [stderr]   │                         ^ expected one of "/", ":RMK", "BLACK", "R MK", "R", "RE", "RE//", "REMARK", "RF", "RMK", "VC", "W", "XX/XX", EOF, cloud coverage, color state, descriptor, digit, intensity, minus, obscuration, other weather condition, precipitation, pressure unit, trend, or whitespace
[INFO] [stderr] 
[INFO] [stderr] error: could not parse report
[INFO] [stderr]   ┌─ countries/Greenland.txt:1:43
[INFO] [stderr]   │
[INFO] [stderr] 1 │  METAR BGSF 300050Z AUTO 03008KT 9999NDV - SCT026/// OVC030///
[INFO] [stderr]   │                                           ^ expected one of "VC", descriptor, digit, obscuration, other weather condition, or precipitation
[INFO] [stderr] 
[INFO] [stderr] error: could not parse report
[INFO] [stderr]   ┌─ countries/Guatemala.txt:2:31
[INFO] [stderr]   │
[INFO] [stderr] 2 │                         16/16 CB/LTNG SSW CB E
[INFO] [stderr]   │                               ^ expected one of "/", ":RMK", "BLACK", "R MK", "R", "RE", "RE//", "REMARK", "RF", "RMK", "VC", "W", "XX/XX", EOF, cloud coverage, color state, descriptor, digit, intensity, minus, obscuration, other weather condition, precipitation, pressure unit, trend, or whitespace
[INFO] [stderr] 
[INFO] [stderr] error: could not parse report
[INFO] [stderr]   ┌─ countries/Guatemala.txt:2:41
[INFO] [stderr]   │
[INFO] [stderr] 2 │                         14/14 QFE 773.7 CB/TS E/SE/S/SW
[INFO] [stderr]   │                                         ^ expected one of "/", ":RMK", "BLACK", "R MK", "R", "RE", "RE//", "REMARK", "RF", "RMK", "VC", "W", "XX/XX", EOF, cloud coverage, color state, descriptor, digit, intensity, minus, obscuration, other weather condition, precipitation, pressure unit, trend, or whitespace
[INFO] [stderr] 
[INFO] [stderr] error: could not parse report
[INFO] [stderr]   ┌─ countries/Guatemala.txt:2:31
[INFO] [stderr]   │
[INFO] [stderr] 2 │                         A2991 VOL. SANTA MARIA Y SANTIAGUITO
[INFO] [stderr]   │                               ^ expected one of "/", ":RMK", "BLACK", "R MK", "R", "RE", "RE//", "REMARK", "RF", "RMK", "VC", "W", "XX/XX", EOF, cloud coverage, color state, descriptor, digit, intensity, minus, obscuration, other weather condition, precipitation, pressure unit, trend, or whitespace
[INFO] [stderr] 
[INFO] [stderr] error: could not parse report
[INFO] [stderr]   ┌─ countries/Guatemala.txt:2:31
[INFO] [stderr]   │
[INFO] [stderr] 2 │                         A2988 CB SMC N
[INFO] [stderr]   │                               ^ expected one of "/", ":RMK", "BLACK", "R MK", "R", "RE", "RE//", "REMARK", "RF", "RMK", "VC", "W", "XX/XX", EOF, cloud coverage, color state, descriptor, digit, intensity, minus, obscuration, other weather condition, precipitation, pressure unit, trend, or whitespace
[INFO] [stderr] 
[INFO] [stderr] error: could not parse report
[INFO] [stderr]   ┌─ countries/Guatemala.txt:2:35
[INFO] [stderr]   │
[INFO] [stderr] 2 │                         QFE 985.6 CB NW/NNW TCU N RETS
[INFO] [stderr]   │                                   ^ expected one of "/", ":RMK", "BLACK", "R MK", "R", "RE", "RE//", "REMARK", "RF", "RMK", "VC", "W", "XX/XX", EOF, cloud coverage, color state, descriptor, digit, intensity, minus, obscuration, other weather condition, precipitation, pressure unit, trend, or whitespace
[INFO] [stderr] 
[INFO] [stderr] error: could not parse report
[INFO] [stderr]   ┌─ countries/Italy.txt:1:39
[INFO] [stderr]   │
[INFO] [stderr] 1 │  METAR LIEB 300055Z 30002KT 9999 0000 NSC 21/13 Q1011 RMK
[INFO] [stderr]   │                                       ^ expected one of digit, or visibility unit
[INFO] [stderr] 
[INFO] [stderr] error: could not parse report
[INFO] [stderr]   ┌─ countries/Kazakhstan.txt:1:62
[INFO] [stderr]   │
[INFO] [stderr] 1 │  METAR UACC 300100Z 04006MPS 9999 OVC029 10/07 Q1012 R04/0///70
[INFO] [stderr]   │                                                              ^ expected one of EOF, or whitespace
[INFO] [stderr] 
[INFO] [stderr] error: could not parse report
[INFO] [stderr]   ┌─ countries/Kazakhstan.txt:1:56
[INFO] [stderr]   │
[INFO] [stderr] 1 │  METAR UAII 300100Z 14002MPS CAVOK 23/04 Q1006 R28/0///70
[INFO] [stderr]   │                                                        ^ expected one of EOF, or whitespace
[INFO] [stderr] 
[INFO] [stderr] error: could not parse report
[INFO] [stderr]   ┌─ countries/Kazakhstan.txt:2:33
[INFO] [stderr]   │
[INFO] [stderr] 2 │                         R05/2///60 TEMPO 2000 BR SCT003 RMK
[INFO] [stderr]   │                                 ^ expected one of EOF, or whitespace
[INFO] [stderr] 
[INFO] [stderr] error: could not parse report
[INFO] [stderr]   ┌─ countries/Kazakhstan.txt:1:56
[INFO] [stderr]   │
[INFO] [stderr] 1 │  METAR UATE 300100Z 03005MPS CAVOK 19/12 Q1011 R12/0///70
[INFO] [stderr]   │                                                        ^ expected one of EOF, or whitespace
[INFO] [stderr] 
[INFO] [stderr] error: could not parse report
[INFO] [stderr]   ┌─ countries/Mexico.txt:1:21
[INFO] [stderr]   │
[INFO] [stderr] 1 │  METAR MMCV 300049Z E18008KT 6SM OVC090 30/20 A2983 RMK 8/05/
[INFO] [stderr]   │                     ^ expected one of "/", "////", "/////", "//////", ":RMK", "BLACK", "CAVOK", "G", "NDV", "P", "R MK", "R", "RE", "RE//", "REMARK", "RF", "RMK", "VC", "VRB", "W", "XX/XX", EOF, bound, cloud coverage, color state, descriptor, digit, intensity, minus, obscuration, observation flag, other weather condition, precipitation, pressure unit, report name, trend, velocity unit, or whitespace
[INFO] [stderr] 
[INFO] [stderr] error: could not parse report
[INFO] [stderr]   ┌─ countries/Nicaragua.txt:2:25
[INFO] [stderr]   │
[INFO] [stderr] 2 │                         FL CB N NOSIG
[INFO] [stderr]   │                         ^ expected one of "/", ":RMK", "BLACK", "R MK", "R", "RE", "RE//", "REMARK", "RF", "RMK", "VC", "W", "XX/XX", EOF, cloud coverage, color state, descriptor, digit, intensity, minus, obscuration, other weather condition, precipitation, pressure unit, trend, or whitespace
[INFO] [stderr] 
[INFO] [stdout] test tests::validate_against_all_ogimet_august_2021_reports_by_station ... FAILED
[INFO] [stderr] error: could not parse report
[INFO] [stderr]   ┌─ countries/Russia.txt:1:57
[INFO] [stderr]   │
[INFO] [stderr] 1 │  METAR UEEE 300100Z 16004MPS CAVOK 14/06 Q1007 R23L/09//60
[INFO] [stderr]   │                                                         ^ expected one of EOF, or whitespace
[INFO] [stderr] 
[INFO] [stderr] error: could not parse report
[INFO] [stderr]   ┌─ countries/Russia.txt:1:63
[INFO] [stderr]   │
[INFO] [stderr] 1 │  METAR UHWW 300100Z 15001G06MPS 9999 NSC 21/15 Q1011 R25L/0///70
[INFO] [stderr]   │                                                               ^ expected one of EOF, or whitespace
[INFO] [stderr] 
[INFO] [stderr] error: could not parse report
[INFO] [stderr]   ┌─ countries/Russia.txt:1:56
[INFO] [stderr]   │
[INFO] [stderr] 1 │  METAR UNWW 300100Z 11002MPS CAVOK 13/11 Q1006 R01/09//60
[INFO] [stderr]   │                                                        ^ expected one of EOF, or whitespace
[INFO] [stderr] 
[INFO] [stderr] error: could not parse report
[INFO] [stderr]   ┌─ countries/Russia.txt:2:39
[INFO] [stderr]   │
[INFO] [stderr] 2 │                         Q1007 R25/15//60 NOSIG RMK OBST OBSC
[INFO] [stderr]   │                                       ^ expected one of EOF, or whitespace
[INFO] [stderr] 
[INFO] [stderr] error: could not parse report
[INFO] [stderr]   ┌─ countries/Russia.txt:1:57
[INFO] [stderr]   │
[INFO] [stderr] 1 │  METAR UWUU 300100Z 24004MPS CAVOK 06/02 Q1018 R32L/0///60
[INFO] [stderr]   │                                                         ^ expected one of EOF, or whitespace
[INFO] [stderr] 
[INFO] [stderr] error: could not parse report
[INFO] [stderr]   ┌─ countries/Saint Eustatius.txt:2:25
[INFO] [stderr]   │
[INFO] [stderr] 2 │                         28/23 Q1014 RE//
[INFO] [stderr]   │                         ^ expected one of EOF, or whitespace
[INFO] [stderr] 
[INFO] [stderr] error: could not parse report
[INFO] [stderr]   ┌─ countries/Singapore.txt:2:50
[INFO] [stderr]   │
[INFO] [stderr] 2 │                         25/25 Q1010 BECMG FM0130 TL0140 6000
[INFO] [stderr]   │                                                  ^ expected one of "/", "////", "/////", "//////", ":RMK", "G", "NDV", "NSW", "P", "R MK", "REMARK", "RMK", "VC", "VRB", EOF, bound, cloud coverage, color state, descriptor, digit, intensity, obscuration, other weather condition, precipitation, trend, velocity unit, or whitespace
[INFO] [stderr] 
[INFO] [stderr] error: could not parse report
[INFO] [stderr]   ┌─ countries/South Africa.txt:2:25
[INFO] [stderr]   │
[INFO] [stderr] 2 │                         09/02 Q1004
[INFO] [stderr]   │                         ^ expected one of EOF, or whitespace
[INFO] [stderr] 
[INFO] [stderr] error: could not parse report
[INFO] [stderr]   ┌─ countries/Sweden.txt:1:46
[INFO] [stderr]   │
[INFO] [stderr] 1 │  METAR ESIB 300120Z AUTO 03004KT 9999 2000// BR NCD 12/11
[INFO] [stderr]   │                                              ^ expected one of EOF, or whitespace
[INFO] [stderr] 
[INFO] [stderr] error: could not parse report
[INFO] [stderr]   ┌─ countries/Ukraine.txt:1:64
[INFO] [stderr]   │
[INFO] [stderr] 1 │  METAR UKDR 300100Z 11005MPS 070V140 CAVOK 23/13 Q1007 R36/09//70
[INFO] [stderr]   │                                                                ^ expected one of EOF, or whitespace
[INFO] [stderr] 
[INFO] [stderr] error: could not parse report
[INFO] [stderr]   ┌─ countries/Ukraine.txt:1:56
[INFO] [stderr]   │
[INFO] [stderr] 1 │  METAR UKHH 300100Z 10005MPS CAVOK 21/07 Q1012 R07/0///81
[INFO] [stderr]   │                                                        ^ expected one of EOF, or whitespace
[INFO] [stderr] 
[INFO] [stderr] error: could not parse report
[INFO] [stderr]   ┌─ countries/United States.txt:2:34
[INFO] [stderr]   │
[INFO] [stderr] 2 │                         SLP176 $ COR 0108
[INFO] [stderr]   │                                  ^ expected one of EOF, or whitespace
[INFO] [stderr] 
[INFO] [stdout] test tests::validate_against_all_ogimet_latest_reports_by_country ... ok
[INFO] [stderr] error: could not parse report
[INFO] [stderr]   ┌─ <metar_report>:1:33
[INFO] [stderr]   │
[INFO] [stderr] 1 │ METAR KTPA 300353Z 00000KT 10SM > FEW020 25/22 A3006 RMK AO2 SLP180 T02500217 $=
[INFO] [stderr]   │                                 ^ expected one of "/", ":RMK", "BLACK", "CAVOK", "R MK", "R", "RE", "RE//", "REMARK", "RF", "RMK", "VC", "W", "XX/XX", EOF, bound, cloud coverage, color state, descriptor, digit, intensity, minus, obscuration, other weather condition, precipitation, pressure unit, trend, or whitespace
[INFO] [stderr] 
[INFO] [stdout] test tests::validate_against_year_of_ktpa_metar_reports ... FAILED
[INFO] [stdout] 
[INFO] [stdout] failures:
[INFO] [stdout] 
[INFO] [stdout] ---- tests::validate_against_all_ogimet_august_2021_reports_by_station stdout ----
[INFO] [stdout] thread 'tests::validate_against_all_ogimet_august_2021_reports_by_station' panicked at 'called `Result::unwrap()` on an `Err` value: reqwest::Error { kind: Request, url: Url { scheme: "https", cannot_be_a_base: false, username: "", password: None, host: Some(Domain("ipfs.io")), port: None, path: "/ipfs/QmSafVXLeEYiSmofSxKcWCAHfRz9EwHAkS1tYDRPtxt7qz", query: None, fragment: None }, source: hyper::Error(Connect, ConnectError("dns error", Custom { kind: Uncategorized, error: "failed to lookup address information: Temporary failure in name resolution" })) }', src/lib.rs:132:10
[INFO] [stdout] stack backtrace:
[INFO] [stdout]    0:     0x560d01665d3a - std::backtrace_rs::backtrace::libunwind::trace::h2f05d0192276a8f6
[INFO] [stdout]                                at /rustc/1b7dd2252b99671ce5d1cb9664c5f8636329436d/library/std/src/../../backtrace/src/backtrace/libunwind.rs:93:5
[INFO] [stdout]    1:     0x560d01665d3a - std::backtrace_rs::backtrace::trace_unsynchronized::hedc23dff7a1af150
[INFO] [stdout]                                at /rustc/1b7dd2252b99671ce5d1cb9664c5f8636329436d/library/std/src/../../backtrace/src/backtrace/mod.rs:66:5
[INFO] [stdout]    2:     0x560d01665d3a - std::sys_common::backtrace::_print_fmt::h17541ef7592f3ce2
[INFO] [stdout]                                at /rustc/1b7dd2252b99671ce5d1cb9664c5f8636329436d/library/std/src/sys_common/backtrace.rs:65:5
[INFO] [stdout]    3:     0x560d01665d3a - <std::sys_common::backtrace::_print::DisplayBacktrace as core::fmt::Display>::fmt::h20f75df5ab0c0792
[INFO] [stdout]                                at /rustc/1b7dd2252b99671ce5d1cb9664c5f8636329436d/library/std/src/sys_common/backtrace.rs:44:22
[INFO] [stdout]    4:     0x560d0168de3f - core::fmt::write::h78109e6f466b3af6
[INFO] [stdout]                                at /rustc/1b7dd2252b99671ce5d1cb9664c5f8636329436d/library/core/src/fmt/mod.rs:1254:17
[INFO] [stdout]    5:     0x560d016626a5 - std::io::Write::write_fmt::hd24bfb68a1b35a25
[INFO] [stdout]                                at /rustc/1b7dd2252b99671ce5d1cb9664c5f8636329436d/library/std/src/io/mod.rs:1698:15
[INFO] [stdout]    6:     0x560d01665b05 - std::sys_common::backtrace::_print::h8dac57a9f8fbf9a5
[INFO] [stdout]                                at /rustc/1b7dd2252b99671ce5d1cb9664c5f8636329436d/library/std/src/sys_common/backtrace.rs:47:5
[INFO] [stdout]    7:     0x560d01665b05 - std::sys_common::backtrace::print::hf9ecbf41d1aa712f
[INFO] [stdout]                                at /rustc/1b7dd2252b99671ce5d1cb9664c5f8636329436d/library/std/src/sys_common/backtrace.rs:34:9
[INFO] [stdout]    8:     0x560d016677be - std::panicking::default_hook::{{closure}}::h04c07acfc84ca028
[INFO] [stdout]                                at /rustc/1b7dd2252b99671ce5d1cb9664c5f8636329436d/library/std/src/panicking.rs:269:22
[INFO] [stdout]    9:     0x560d016674f1 - std::panicking::default_hook::h01f6bb23e1eceb2c
[INFO] [stdout]                                at /rustc/1b7dd2252b99671ce5d1cb9664c5f8636329436d/library/std/src/panicking.rs:285:9
[INFO] [stdout]   10:     0x560d015be50b - <alloc::boxed::Box<F,A> as core::ops::function::Fn<Args>>::call::h87fe9f7b2fd49e4c
[INFO] [stdout]                                at /rustc/1b7dd2252b99671ce5d1cb9664c5f8636329436d/library/alloc/src/boxed.rs:1987:9
[INFO] [stdout]   11:     0x560d015be50b - test::test_main::{{closure}}::he94d679243a7531b
[INFO] [stdout]                                at /rustc/1b7dd2252b99671ce5d1cb9664c5f8636329436d/library/test/src/lib.rs:134:21
[INFO] [stdout]   12:     0x560d01667ea4 - <alloc::boxed::Box<F,A> as core::ops::function::Fn<Args>>::call::h3f2d6d8b14c4769f
[INFO] [stdout]                                at /rustc/1b7dd2252b99671ce5d1cb9664c5f8636329436d/library/alloc/src/boxed.rs:1987:9
[INFO] [stdout]   13:     0x560d01667ea4 - std::panicking::rust_panic_with_hook::h2bb3722bbaf2f6df
[INFO] [stdout]                                at /rustc/1b7dd2252b99671ce5d1cb9664c5f8636329436d/library/std/src/panicking.rs:695:13
[INFO] [stdout]   14:     0x560d01667c19 - std::panicking::begin_panic_handler::{{closure}}::h91bc7f36a4be011b
[INFO] [stdout]                                at /rustc/1b7dd2252b99671ce5d1cb9664c5f8636329436d/library/std/src/panicking.rs:582:13
[INFO] [stdout]   15:     0x560d016661a6 - std::sys_common::backtrace::__rust_end_short_backtrace::h8b3d3717114f9e59
[INFO] [stdout]                                at /rustc/1b7dd2252b99671ce5d1cb9664c5f8636329436d/library/std/src/sys_common/backtrace.rs:150:18
[INFO] [stdout]   16:     0x560d01667972 - rust_begin_unwind
[INFO] [stdout]                                at /rustc/1b7dd2252b99671ce5d1cb9664c5f8636329436d/library/std/src/panicking.rs:578:5
[INFO] [stdout]   17:     0x560d01085573 - core::panicking::panic_fmt::hfd368e3fbdabea26
[INFO] [stdout]                                at /rustc/1b7dd2252b99671ce5d1cb9664c5f8636329436d/library/core/src/panicking.rs:67:14
[INFO] [stdout]   18:     0x560d01085b13 - core::result::unwrap_failed::he54eb4b2f125b26f
[INFO] [stdout]                                at /rustc/1b7dd2252b99671ce5d1cb9664c5f8636329436d/library/core/src/result.rs:1687:5
[INFO] [stdout]   19:     0x560d010f5e40 - core::result::Result<T,E>::unwrap::h96619168bb5ea26f
[INFO] [stdout]                                at /rustc/1b7dd2252b99671ce5d1cb9664c5f8636329436d/library/core/src/result.rs:1089:23
[INFO] [stdout]   20:     0x560d010f0319 - weather_reports::tests::validate_against_all_ogimet_august_2021_reports_by_station::hea1cd818ccefdb6d
[INFO] [stdout]                                at /opt/rustwide/workdir/src/lib.rs:124:9
[INFO] [stdout]   21:     0x560d010f0267 - weather_reports::tests::validate_against_all_ogimet_august_2021_reports_by_station::{{closure}}::h61dbd07ba7bb3190
[INFO] [stdout]                                at /opt/rustwide/workdir/src/lib.rs:122:69
[INFO] [stdout]   22:     0x560d010df125 - core::ops::function::FnOnce::call_once::hed23935728ff0f18
[INFO] [stdout]                                at /rustc/1b7dd2252b99671ce5d1cb9664c5f8636329436d/library/core/src/ops/function.rs:250:5
[INFO] [stdout]   23:     0x560d015c33df - core::ops::function::FnOnce::call_once::ha6a70e79f7481a7e
[INFO] [stdout]                                at /rustc/1b7dd2252b99671ce5d1cb9664c5f8636329436d/library/core/src/ops/function.rs:250:5
[INFO] [stdout]   24:     0x560d015c33df - test::__rust_begin_short_backtrace::hce33033019b61e69
[INFO] [stdout]                                at /rustc/1b7dd2252b99671ce5d1cb9664c5f8636329436d/library/test/src/lib.rs:655:18
[INFO] [stdout]   25:     0x560d01590bcc - test::run_test::{{closure}}::h858d3528838ae3e5
[INFO] [stdout]                                at /rustc/1b7dd2252b99671ce5d1cb9664c5f8636329436d/library/test/src/lib.rs:646:30
[INFO] [stdout]   26:     0x560d01590bcc - core::ops::function::FnOnce::call_once{{vtable.shim}}::he8ac2b00f01ae79e
[INFO] [stdout]                                at /rustc/1b7dd2252b99671ce5d1cb9664c5f8636329436d/library/core/src/ops/function.rs:250:5
[INFO] [stdout]   27:     0x560d015c24b6 - <alloc::boxed::Box<F,A> as core::ops::function::FnOnce<Args>>::call_once::h8093d25b522725ef
[INFO] [stdout]                                at /rustc/1b7dd2252b99671ce5d1cb9664c5f8636329436d/library/alloc/src/boxed.rs:1973:9
[INFO] [stdout]   28:     0x560d015c24b6 - <core::panic::unwind_safe::AssertUnwindSafe<F> as core::ops::function::FnOnce<()>>::call_once::h5c334c204e4a3913
[INFO] [stdout]                                at /rustc/1b7dd2252b99671ce5d1cb9664c5f8636329436d/library/core/src/panic/unwind_safe.rs:271:9
[INFO] [stdout]   29:     0x560d015c24b6 - std::panicking::try::do_call::ha8b740c7b9478074
[INFO] [stdout]                                at /rustc/1b7dd2252b99671ce5d1cb9664c5f8636329436d/library/std/src/panicking.rs:485:40
[INFO] [stdout]   30:     0x560d015c24b6 - std::panicking::try::h5d34f63d0e41b64e
[INFO] [stdout]                                at /rustc/1b7dd2252b99671ce5d1cb9664c5f8636329436d/library/std/src/panicking.rs:449:19
[INFO] [stdout]   31:     0x560d015c24b6 - std::panic::catch_unwind::hcfbb511e1aa7fc67
[INFO] [stdout]                                at /rustc/1b7dd2252b99671ce5d1cb9664c5f8636329436d/library/std/src/panic.rs:140:14
[INFO] [stdout]   32:     0x560d015c24b6 - test::run_test_in_process::h9abda90f802eaf21
[INFO] [stdout]                                at /rustc/1b7dd2252b99671ce5d1cb9664c5f8636329436d/library/test/src/lib.rs:678:27
[INFO] [stdout]   33:     0x560d015c24b6 - test::run_test::run_test_inner::{{closure}}::h0f058de91f6c6edf
[INFO] [stdout]                                at /rustc/1b7dd2252b99671ce5d1cb9664c5f8636329436d/library/test/src/lib.rs:572:39
[INFO] [stdout]   34:     0x560d0158b3d5 - test::run_test::run_test_inner::{{closure}}::h5ca48a4c59c6c1fb
[INFO] [stdout]                                at /rustc/1b7dd2252b99671ce5d1cb9664c5f8636329436d/library/test/src/lib.rs:599:37
[INFO] [stdout]   35:     0x560d0158b3d5 - std::sys_common::backtrace::__rust_begin_short_backtrace::h32bd51e1495d4a33
[INFO] [stdout]                                at /rustc/1b7dd2252b99671ce5d1cb9664c5f8636329436d/library/std/src/sys_common/backtrace.rs:134:18
[INFO] [stdout]   36:     0x560d01590911 - std::thread::Builder::spawn_unchecked_::{{closure}}::{{closure}}::hc086fae9b128b2db
[INFO] [stdout]                                at /rustc/1b7dd2252b99671ce5d1cb9664c5f8636329436d/library/std/src/thread/mod.rs:526:17
[INFO] [stdout]   37:     0x560d01590911 - <core::panic::unwind_safe::AssertUnwindSafe<F> as core::ops::function::FnOnce<()>>::call_once::hb66571888d270d43
[INFO] [stdout]                                at /rustc/1b7dd2252b99671ce5d1cb9664c5f8636329436d/library/core/src/panic/unwind_safe.rs:271:9
[INFO] [stdout]   38:     0x560d01590911 - std::panicking::try::do_call::h4fa2ef4f6e51fecf
[INFO] [stdout]                                at /rustc/1b7dd2252b99671ce5d1cb9664c5f8636329436d/library/std/src/panicking.rs:485:40
[INFO] [stdout]   39:     0x560d01590911 - std::panicking::try::h1e9e22b8584489b5
[INFO] [stdout]                                at /rustc/1b7dd2252b99671ce5d1cb9664c5f8636329436d/library/std/src/panicking.rs:449:19
[INFO] [stdout]   40:     0x560d01590911 - std::panic::catch_unwind::h44698a3de0e0769e
[INFO] [stdout]                                at /rustc/1b7dd2252b99671ce5d1cb9664c5f8636329436d/library/std/src/panic.rs:140:14
[INFO] [stdout]   41:     0x560d01590911 - std::thread::Builder::spawn_unchecked_::{{closure}}::h50153abde3fe239e
[INFO] [stdout]                                at /rustc/1b7dd2252b99671ce5d1cb9664c5f8636329436d/library/std/src/thread/mod.rs:525:30
[INFO] [stdout]   42:     0x560d01590911 - core::ops::function::FnOnce::call_once{{vtable.shim}}::hbe5bbf6f38394364
[INFO] [stdout]                                at /rustc/1b7dd2252b99671ce5d1cb9664c5f8636329436d/library/core/src/ops/function.rs:250:5
[INFO] [stdout]   43:     0x560d0166c5d5 - <alloc::boxed::Box<F,A> as core::ops::function::FnOnce<Args>>::call_once::h0d83cb2920a49046
[INFO] [stdout]                                at /rustc/1b7dd2252b99671ce5d1cb9664c5f8636329436d/library/alloc/src/boxed.rs:1973:9
[INFO] [stdout]   44:     0x560d0166c5d5 - <alloc::boxed::Box<F,A> as core::ops::function::FnOnce<Args>>::call_once::hbe0a008aa7d9ef59
[INFO] [stdout]                                at /rustc/1b7dd2252b99671ce5d1cb9664c5f8636329436d/library/alloc/src/boxed.rs:1973:9
[INFO] [stdout]   45:     0x560d0166c5d5 - std::sys::unix::thread::Thread::new::thread_start::h3a466996bdf6b1f9
[INFO] [stdout]                                at /rustc/1b7dd2252b99671ce5d1cb9664c5f8636329436d/library/std/src/sys/unix/thread.rs:108:17
[INFO] [stdout]   46:     0x7fb198c06b43 - <unknown>
[INFO] [stdout]   47:     0x7fb198c97bb4 - __clone
[INFO] [stdout]   48:                0x0 - <unknown>
[INFO] [stdout] 
[INFO] [stdout] ---- tests::validate_against_year_of_ktpa_metar_reports stdout ----
[INFO] [stdout] thread 'tests::validate_against_year_of_ktpa_metar_reports' panicked at '[
[INFO] [stdout]     ParseError {
[INFO] [stdout]         location: LineCol {
[INFO] [stdout]             line: 1,
[INFO] [stdout]             column: 33,
[INFO] [stdout]             offset: 32,
[INFO] [stdout]         },
[INFO] [stdout]         expected: ExpectedSet {
[INFO] [stdout]             expected: {
[INFO] [stdout]                 "\"VC\"",
[INFO] [stdout]                 "whitespace",
[INFO] [stdout]                 "bound",
[INFO] [stdout]                 "\"RE//\"",
[INFO] [stdout]                 "descriptor",
[INFO] [stdout]                 "cloud coverage",
[INFO] [stdout]                 "trend",
[INFO] [stdout]                 "color state",
[INFO] [stdout]                 "obscuration",
[INFO] [stdout]                 "\"/\"",
[INFO] [stdout]                 "other weather condition",
[INFO] [stdout]                 "\"CAVOK\"",
[INFO] [stdout]                 "intensity",
[INFO] [stdout]                 "\"XX/XX\"",
[INFO] [stdout]                 "\":RMK\"",
[INFO] [stdout]                 "\"RE\"",
[INFO] [stdout]                 "\"RMK\"",
[INFO] [stdout]                 "\"R\"",
[INFO] [stdout]                 "\"REMARK\"",
[INFO] [stdout]                 "pressure unit",
[INFO] [stdout]                 "EOF",
[INFO] [stdout]                 "\"R MK\"",
[INFO] [stdout]                 "digit",
[INFO] [stdout]                 "minus",
[INFO] [stdout]                 "\"RF\"",
[INFO] [stdout]                 "\"BLACK\"",
[INFO] [stdout]                 "precipitation",
[INFO] [stdout]                 "\"W\"",
[INFO] [stdout]             },
[INFO] [stdout]         },
[INFO] [stdout]     },
[INFO] [stdout] ]', src/lib.rs:45:13
[INFO] [stdout] stack backtrace:
[INFO] [stdout]    0:     0x560d01665d3a - std::backtrace_rs::backtrace::libunwind::trace::h2f05d0192276a8f6
[INFO] [stdout]                                at /rustc/1b7dd2252b99671ce5d1cb9664c5f8636329436d/library/std/src/../../backtrace/src/backtrace/libunwind.rs:93:5
[INFO] [stdout]    1:     0x560d01665d3a - std::backtrace_rs::backtrace::trace_unsynchronized::hedc23dff7a1af150
[INFO] [stdout]                                at /rustc/1b7dd2252b99671ce5d1cb9664c5f8636329436d/library/std/src/../../backtrace/src/backtrace/mod.rs:66:5
[INFO] [stdout]    2:     0x560d01665d3a - std::sys_common::backtrace::_print_fmt::h17541ef7592f3ce2
[INFO] [stdout]                                at /rustc/1b7dd2252b99671ce5d1cb9664c5f8636329436d/library/std/src/sys_common/backtrace.rs:65:5
[INFO] [stdout]    3:     0x560d01665d3a - <std::sys_common::backtrace::_print::DisplayBacktrace as core::fmt::Display>::fmt::h20f75df5ab0c0792
[INFO] [stdout]                                at /rustc/1b7dd2252b99671ce5d1cb9664c5f8636329436d/library/std/src/sys_common/backtrace.rs:44:22
[INFO] [stdout]    4:     0x560d0168de3f - core::fmt::write::h78109e6f466b3af6
[INFO] [stdout]                                at /rustc/1b7dd2252b99671ce5d1cb9664c5f8636329436d/library/core/src/fmt/mod.rs:1254:17
[INFO] [stdout]    5:     0x560d016626a5 - std::io::Write::write_fmt::hd24bfb68a1b35a25
[INFO] [stdout]                                at /rustc/1b7dd2252b99671ce5d1cb9664c5f8636329436d/library/std/src/io/mod.rs:1698:15
[INFO] [stdout]    6:     0x560d01665b05 - std::sys_common::backtrace::_print::h8dac57a9f8fbf9a5
[INFO] [stdout]                                at /rustc/1b7dd2252b99671ce5d1cb9664c5f8636329436d/library/std/src/sys_common/backtrace.rs:47:5
[INFO] [stdout]    7:     0x560d01665b05 - std::sys_common::backtrace::print::hf9ecbf41d1aa712f
[INFO] [stdout]                                at /rustc/1b7dd2252b99671ce5d1cb9664c5f8636329436d/library/std/src/sys_common/backtrace.rs:34:9
[INFO] [stdout]    8:     0x560d016677be - std::panicking::default_hook::{{closure}}::h04c07acfc84ca028
[INFO] [stdout]                                at /rustc/1b7dd2252b99671ce5d1cb9664c5f8636329436d/library/std/src/panicking.rs:269:22
[INFO] [stdout]    9:     0x560d016674f1 - std::panicking::default_hook::h01f6bb23e1eceb2c
[INFO] [stdout]                                at /rustc/1b7dd2252b99671ce5d1cb9664c5f8636329436d/library/std/src/panicking.rs:285:9
[INFO] [stdout]   10:     0x560d015be50b - <alloc::boxed::Box<F,A> as core::ops::function::Fn<Args>>::call::h87fe9f7b2fd49e4c
[INFO] [stdout]                                at /rustc/1b7dd2252b99671ce5d1cb9664c5f8636329436d/library/alloc/src/boxed.rs:1987:9
[INFO] [stdout]   11:     0x560d015be50b - test::test_main::{{closure}}::he94d679243a7531b
[INFO] [stdout]                                at /rustc/1b7dd2252b99671ce5d1cb9664c5f8636329436d/library/test/src/lib.rs:134:21
[INFO] [stdout]   12:     0x560d01667ea4 - <alloc::boxed::Box<F,A> as core::ops::function::Fn<Args>>::call::h3f2d6d8b14c4769f
[INFO] [stdout]                                at /rustc/1b7dd2252b99671ce5d1cb9664c5f8636329436d/library/alloc/src/boxed.rs:1987:9
[INFO] [stdout]   13:     0x560d01667ea4 - std::panicking::rust_panic_with_hook::h2bb3722bbaf2f6df
[INFO] [stdout]                                at /rustc/1b7dd2252b99671ce5d1cb9664c5f8636329436d/library/std/src/panicking.rs:695:13
[INFO] [stdout]   14:     0x560d01667c19 - std::panicking::begin_panic_handler::{{closure}}::h91bc7f36a4be011b
[INFO] [stdout]                                at /rustc/1b7dd2252b99671ce5d1cb9664c5f8636329436d/library/std/src/panicking.rs:582:13
[INFO] [stdout]   15:     0x560d016661a6 - std::sys_common::backtrace::__rust_end_short_backtrace::h8b3d3717114f9e59
[INFO] [stdout]                                at /rustc/1b7dd2252b99671ce5d1cb9664c5f8636329436d/library/std/src/sys_common/backtrace.rs:150:18
[INFO] [stdout]   16:     0x560d01667972 - rust_begin_unwind
[INFO] [stdout]                                at /rustc/1b7dd2252b99671ce5d1cb9664c5f8636329436d/library/std/src/panicking.rs:578:5
[INFO] [stdout]   17:     0x560d01085573 - core::panicking::panic_fmt::hfd368e3fbdabea26
[INFO] [stdout]                                at /rustc/1b7dd2252b99671ce5d1cb9664c5f8636329436d/library/core/src/panicking.rs:67:14
[INFO] [stdout]   18:     0x560d010eea90 - weather_reports::tests::validate_against_year_of_ktpa_metar_reports::hc600a5b737dcd1dd
[INFO] [stdout]                                at /opt/rustwide/workdir/src/lib.rs:45:13
[INFO] [stdout]   19:     0x560d010ee727 - weather_reports::tests::validate_against_year_of_ktpa_metar_reports::{{closure}}::h34ce3cc12d1377a6
[INFO] [stdout]                                at /opt/rustwide/workdir/src/lib.rs:17:54
[INFO] [stdout]   20:     0x560d010deff5 - core::ops::function::FnOnce::call_once::hca6702dc5927ed1a
[INFO] [stdout]                                at /rustc/1b7dd2252b99671ce5d1cb9664c5f8636329436d/library/core/src/ops/function.rs:250:5
[INFO] [stdout]   21:     0x560d015c33df - core::ops::function::FnOnce::call_once::ha6a70e79f7481a7e
[INFO] [stdout]                                at /rustc/1b7dd2252b99671ce5d1cb9664c5f8636329436d/library/core/src/ops/function.rs:250:5
[INFO] [stdout]   22:     0x560d015c33df - test::__rust_begin_short_backtrace::hce33033019b61e69
[INFO] [stdout]                                at /rustc/1b7dd2252b99671ce5d1cb9664c5f8636329436d/library/test/src/lib.rs:655:18
[INFO] [stdout]   23:     0x560d01590bcc - test::run_test::{{closure}}::h858d3528838ae3e5
[INFO] [stdout]                                at /rustc/1b7dd2252b99671ce5d1cb9664c5f8636329436d/library/test/src/lib.rs:646:30
[INFO] [stdout]   24:     0x560d01590bcc - core::ops::function::FnOnce::call_once{{vtable.shim}}::he8ac2b00f01ae79e
[INFO] [stdout]                                at /rustc/1b7dd2252b99671ce5d1cb9664c5f8636329436d/library/core/src/ops/function.rs:250:5
[INFO] [stdout]   25:     0x560d015c24b6 - <alloc::boxed::Box<F,A> as core::ops::function::FnOnce<Args>>::call_once::h8093d25b522725ef
[INFO] [stdout]                                at /rustc/1b7dd2252b99671ce5d1cb9664c5f8636329436d/library/alloc/src/boxed.rs:1973:9
[INFO] [stdout]   26:     0x560d015c24b6 - <core::panic::unwind_safe::AssertUnwindSafe<F> as core::ops::function::FnOnce<()>>::call_once::h5c334c204e4a3913
[INFO] [stdout]                                at /rustc/1b7dd2252b99671ce5d1cb9664c5f8636329436d/library/core/src/panic/unwind_safe.rs:271:9
[INFO] [stdout]   27:     0x560d015c24b6 - std::panicking::try::do_call::ha8b740c7b9478074
[INFO] [stdout]                                at /rustc/1b7dd2252b99671ce5d1cb9664c5f8636329436d/library/std/src/panicking.rs:485:40
[INFO] [stdout]   28:     0x560d015c24b6 - std::panicking::try::h5d34f63d0e41b64e
[INFO] [stdout]                                at /rustc/1b7dd2252b99671ce5d1cb9664c5f8636329436d/library/std/src/panicking.rs:449:19
[INFO] [stdout]   29:     0x560d015c24b6 - std::panic::catch_unwind::hcfbb511e1aa7fc67
[INFO] [stdout]                                at /rustc/1b7dd2252b99671ce5d1cb9664c5f8636329436d/library/std/src/panic.rs:140:14
[INFO] [stdout]   30:     0x560d015c24b6 - test::run_test_in_process::h9abda90f802eaf21
[INFO] [stdout]                                at /rustc/1b7dd2252b99671ce5d1cb9664c5f8636329436d/library/test/src/lib.rs:678:27
[INFO] [stdout]   31:     0x560d015c24b6 - test::run_test::run_test_inner::{{closure}}::h0f058de91f6c6edf
[INFO] [stdout]                                at /rustc/1b7dd2252b99671ce5d1cb9664c5f8636329436d/library/test/src/lib.rs:572:39
[INFO] [stdout]   32:     0x560d0158b3d5 - test::run_test::run_test_inner::{{closure}}::h5ca48a4c59c6c1fb
[INFO] [stdout]                                at /rustc/1b7dd2252b99671ce5d1cb9664c5f8636329436d/library/test/src/lib.rs:599:37
[INFO] [stdout]   33:     0x560d0158b3d5 - std::sys_common::backtrace::__rust_begin_short_backtrace::h32bd51e1495d4a33
[INFO] [stdout]                                at /rustc/1b7dd2252b99671ce5d1cb9664c5f8636329436d/library/std/src/sys_common/backtrace.rs:134:18
[INFO] [stdout]   34:     0x560d01590911 - std::thread::Builder::spawn_unchecked_::{{closure}}::{{closure}}::hc086fae9b128b2db
[INFO] [stdout]                                at /rustc/1b7dd2252b99671ce5d1cb9664c5f8636329436d/library/std/src/thread/mod.rs:526:17
[INFO] [stdout]   35:     0x560d01590911 - <core::panic::unwind_safe::AssertUnwindSafe<F> as core::ops::function::FnOnce<()>>::call_once::hb66571888d270d43
[INFO] [stdout]                                at /rustc/1b7dd2252b99671ce5d1cb9664c5f8636329436d/library/core/src/panic/unwind_safe.rs:271:9
[INFO] [stdout]   36:     0x560d01590911 - std::panicking::try::do_call::h4fa2ef4f6e51fecf
[INFO] [stdout]                                at /rustc/1b7dd2252b99671ce5d1cb9664c5f8636329436d/library/std/src/panicking.rs:485:40
[INFO] [stdout]   37:     0x560d01590911 - std::panicking::try::h1e9e22b8584489b5
[INFO] [stdout]                                at /rustc/1b7dd2252b99671ce5d1cb9664c5f8636329436d/library/std/src/panicking.rs:449:19
[INFO] [stdout]   38:     0x560d01590911 - std::panic::catch_unwind::h44698a3de0e0769e
[INFO] [stdout]                                at /rustc/1b7dd2252b99671ce5d1cb9664c5f8636329436d/library/std/src/panic.rs:140:14
[INFO] [stdout]   39:     0x560d01590911 - std::thread::Builder::spawn_unchecked_::{{closure}}::h50153abde3fe239e
[INFO] [stdout]                                at /rustc/1b7dd2252b99671ce5d1cb9664c5f8636329436d/library/std/src/thread/mod.rs:525:30
[INFO] [stdout]   40:     0x560d01590911 - core::ops::function::FnOnce::call_once{{vtable.shim}}::hbe5bbf6f38394364
[INFO] [stdout]                                at /rustc/1b7dd2252b99671ce5d1cb9664c5f8636329436d/library/core/src/ops/function.rs:250:5
[INFO] [stdout]   41:     0x560d0166c5d5 - <alloc::boxed::Box<F,A> as core::ops::function::FnOnce<Args>>::call_once::h0d83cb2920a49046
[INFO] [stdout]                                at /rustc/1b7dd2252b99671ce5d1cb9664c5f8636329436d/library/alloc/src/boxed.rs:1973:9
[INFO] [stdout]   42:     0x560d0166c5d5 - <alloc::boxed::Box<F,A> as core::ops::function::FnOnce<Args>>::call_once::hbe0a008aa7d9ef59
[INFO] [stdout]                                at /rustc/1b7dd2252b99671ce5d1cb9664c5f8636329436d/library/alloc/src/boxed.rs:1973:9
[INFO] [stdout]   43:     0x560d0166c5d5 - std::sys::unix::thread::Thread::new::thread_start::h3a466996bdf6b1f9
[INFO] [stdout]                                at /rustc/1b7dd2252b99671ce5d1cb9664c5f8636329436d/library/std/src/sys/unix/thread.rs:108:17
[INFO] [stdout]   44:     0x7fb198c06b43 - <unknown>
[INFO] [stdout]   45:     0x7fb198c97bb4 - __clone
[INFO] [stdout]   46:                0x0 - <unknown>
[INFO] [stdout] 
[INFO] [stdout] 
[INFO] [stdout] failures:
[INFO] [stdout]     tests::validate_against_all_ogimet_august_2021_reports_by_station
[INFO] [stdout]     tests::validate_against_year_of_ktpa_metar_reports
[INFO] [stdout] 
[INFO] [stdout] test result: FAILED. 13 passed; 2 failed; 0 ignored; 0 measured; 0 filtered out; finished in 1.09s
[INFO] [stdout] 
[INFO] [stderr] error: test failed, to rerun pass `--lib`
[INFO] running `Command { std: "docker" "inspect" "dd60182ff55f2291886e9faecffc64b7278ae2c0834248c291d1824509dd5444", kill_on_drop: false }`
[INFO] running `Command { std: "docker" "rm" "-f" "dd60182ff55f2291886e9faecffc64b7278ae2c0834248c291d1824509dd5444", kill_on_drop: false }`
[INFO] [stdout] dd60182ff55f2291886e9faecffc64b7278ae2c0834248c291d1824509dd5444
