[INFO] fetching crate wdcrypt 2.3.1...
[INFO] testing wdcrypt-2.3.1 against beta-2023-04-20 for beta-1.70-1
[INFO] extracting crate wdcrypt 2.3.1 into /workspace/builds/worker-1-tc2/source
[INFO] validating manifest of crates.io crate wdcrypt 2.3.1 on toolchain beta-2023-04-20
[INFO] running `Command { std: CARGO_HOME="/workspace/cargo-home" RUSTUP_HOME="/workspace/rustup-home" "/workspace/cargo-home/bin/cargo" "+beta-2023-04-20" "metadata" "--manifest-path" "Cargo.toml" "--no-deps", kill_on_drop: false }`
[INFO] started tweaking crates.io crate wdcrypt 2.3.1
[INFO] finished tweaking crates.io crate wdcrypt 2.3.1
[INFO] tweaked toml for crates.io crate wdcrypt 2.3.1 written to /workspace/builds/worker-1-tc2/source/Cargo.toml
[INFO] crate crates.io crate wdcrypt 2.3.1 already has a lockfile, it will not be regenerated
[INFO] running `Command { std: CARGO_HOME="/workspace/cargo-home" RUSTUP_HOME="/workspace/rustup-home" "/workspace/cargo-home/bin/cargo" "+beta-2023-04-20" "fetch" "--manifest-path" "Cargo.toml", kill_on_drop: false }`
[INFO] [stderr]     Updating crates.io index
[INFO] [stderr]  Downloading crates ...
[INFO] [stderr]   Downloaded fernet v0.2.1
[INFO] running `Command { std: "docker" "create" "-v" "/var/lib/crater-agent-workspace/builds/worker-1-tc2/target:/opt/rustwide/target:rw,Z" "-v" "/var/lib/crater-agent-workspace/builds/worker-1-tc2/source:/opt/rustwide/workdir:ro,Z" "-v" "/var/lib/crater-agent-workspace/cargo-home:/opt/rustwide/cargo-home:ro,Z" "-v" "/var/lib/crater-agent-workspace/rustup-home:/opt/rustwide/rustup-home:ro,Z" "-e" "SOURCE_DIR=/opt/rustwide/workdir" "-e" "CARGO_TARGET_DIR=/opt/rustwide/target" "-e" "CARGO_HOME=/opt/rustwide/cargo-home" "-e" "RUSTUP_HOME=/opt/rustwide/rustup-home" "-w" "/opt/rustwide/workdir" "-m" "1610612736" "--user" "0:0" "--network" "none" "ghcr.io/rust-lang/crates-build-env/linux@sha256:5ff2268d62e97bff2cde7d5815dd6ed5b47097566f13b8d0ca110b04b60e07ed" "/opt/rustwide/cargo-home/bin/cargo" "+beta-2023-04-20" "metadata" "--no-deps" "--format-version=1", kill_on_drop: false }`
[INFO] [stdout] 99ece0d066ada215124d6b31a812211f0b291829718590f658efc0ff12e529cc
[INFO] running `Command { std: "docker" "start" "-a" "99ece0d066ada215124d6b31a812211f0b291829718590f658efc0ff12e529cc", kill_on_drop: false }`
[INFO] running `Command { std: "docker" "inspect" "99ece0d066ada215124d6b31a812211f0b291829718590f658efc0ff12e529cc", kill_on_drop: false }`
[INFO] running `Command { std: "docker" "rm" "-f" "99ece0d066ada215124d6b31a812211f0b291829718590f658efc0ff12e529cc", kill_on_drop: false }`
[INFO] [stdout] 99ece0d066ada215124d6b31a812211f0b291829718590f658efc0ff12e529cc
[INFO] running `Command { std: "docker" "create" "-v" "/var/lib/crater-agent-workspace/builds/worker-1-tc2/target:/opt/rustwide/target:rw,Z" "-v" "/var/lib/crater-agent-workspace/builds/worker-1-tc2/source:/opt/rustwide/workdir:ro,Z" "-v" "/var/lib/crater-agent-workspace/cargo-home:/opt/rustwide/cargo-home:ro,Z" "-v" "/var/lib/crater-agent-workspace/rustup-home:/opt/rustwide/rustup-home:ro,Z" "-e" "SOURCE_DIR=/opt/rustwide/workdir" "-e" "CARGO_TARGET_DIR=/opt/rustwide/target" "-e" "CARGO_INCREMENTAL=0" "-e" "RUST_BACKTRACE=full" "-e" "RUSTFLAGS=--cap-lints=warn" "-e" "RUSTDOCFLAGS=--cap-lints=warn" "-e" "CARGO_HOME=/opt/rustwide/cargo-home" "-e" "RUSTUP_HOME=/opt/rustwide/rustup-home" "-w" "/opt/rustwide/workdir" "-m" "1610612736" "--user" "0:0" "--network" "none" "ghcr.io/rust-lang/crates-build-env/linux@sha256:5ff2268d62e97bff2cde7d5815dd6ed5b47097566f13b8d0ca110b04b60e07ed" "/opt/rustwide/cargo-home/bin/cargo" "+beta-2023-04-20" "build" "--frozen" "--message-format=json", kill_on_drop: false }`
[INFO] [stdout] 2cd0491514a6d9369dd3b4844778ba20e38fadd434eebd6cbb331a194572139a
[INFO] running `Command { std: "docker" "start" "-a" "2cd0491514a6d9369dd3b4844778ba20e38fadd434eebd6cbb331a194572139a", kill_on_drop: false }`
[INFO] [stderr]    Compiling libc v0.2.140
[INFO] [stderr]    Compiling typenum v1.16.0
[INFO] [stderr]    Compiling version_check v0.9.4
[INFO] [stderr]    Compiling proc-macro2 v1.0.51
[INFO] [stderr]    Compiling unicode-ident v1.0.8
[INFO] [stderr]    Compiling quote v1.0.23
[INFO] [stderr]    Compiling io-lifetimes v1.0.6
[INFO] [stderr]    Compiling syn v1.0.109
[INFO] [stderr]    Compiling cfg-if v1.0.0
[INFO] [stderr]    Compiling rustix v0.36.9
[INFO] [stderr]    Compiling bitflags v1.3.2
[INFO] [stderr]    Compiling linux-raw-sys v0.1.4
[INFO] [stderr]    Compiling utf8parse v0.2.1
[INFO] [stderr]    Compiling unicode-xid v0.2.4
[INFO] [stderr]    Compiling subtle v2.4.1
[INFO] [stderr]    Compiling concolor-query v0.3.3
[INFO] [stderr]    Compiling cpufeatures v0.2.5
[INFO] [stderr]    Compiling anstyle v0.3.5
[INFO] [stderr]    Compiling anstyle-parse v0.1.1
[INFO] [stderr]    Compiling concolor-override v1.0.0
[INFO] [stderr]    Compiling strsim v0.10.0
[INFO] [stderr]    Compiling clap_lex v0.4.1
[INFO] [stderr]    Compiling base64 v0.21.0
[INFO] [stderr]    Compiling byteorder v1.4.3
[INFO] [stderr]    Compiling generic-array v0.14.6
[INFO] [stderr]    Compiling num_cpus v1.15.0
[INFO] [stderr]    Compiling filetime v0.2.20
[INFO] [stderr]    Compiling xattr v0.2.3
[INFO] [stderr]    Compiling getrandom v0.2.8
[INFO] [stderr]    Compiling tar v0.4.38
[INFO] [stderr]    Compiling threadpool v1.8.1
[INFO] [stderr]    Compiling crypto-common v0.1.6
[INFO] [stderr]    Compiling block-padding v0.3.2
[INFO] [stderr]    Compiling block-buffer v0.10.4
[INFO] [stderr]    Compiling inout v0.1.3
[INFO] [stderr]    Compiling digest v0.10.6
[INFO] [stderr]    Compiling cipher v0.4.4
[INFO] [stderr]    Compiling sha2 v0.10.6
[INFO] [stderr]    Compiling hmac v0.12.1
[INFO] [stderr]    Compiling aes v0.8.2
[INFO] [stderr]    Compiling cbc v0.1.2
[INFO] [stderr]    Compiling is-terminal v0.4.4
[INFO] [stderr]    Compiling anstream v0.2.6
[INFO] [stderr]    Compiling synstructure v0.12.6
[INFO] [stderr]    Compiling clap_builder v4.2.1
[INFO] [stderr]    Compiling zeroize_derive v1.3.3
[INFO] [stderr]    Compiling zeroize v1.5.7
[INFO] [stderr]    Compiling fernet v0.2.1
[INFO] [stderr]    Compiling clap v4.2.1
[INFO] [stderr]    Compiling wdcrypt v2.3.1 (/opt/rustwide/workdir)
[INFO] [stderr]     Finished dev [unoptimized + debuginfo] target(s) in 6.74s
[INFO] running `Command { std: "docker" "inspect" "2cd0491514a6d9369dd3b4844778ba20e38fadd434eebd6cbb331a194572139a", kill_on_drop: false }`
[INFO] running `Command { std: "docker" "rm" "-f" "2cd0491514a6d9369dd3b4844778ba20e38fadd434eebd6cbb331a194572139a", kill_on_drop: false }`
[INFO] [stdout] 2cd0491514a6d9369dd3b4844778ba20e38fadd434eebd6cbb331a194572139a
[INFO] running `Command { std: "docker" "create" "-v" "/var/lib/crater-agent-workspace/builds/worker-1-tc2/target:/opt/rustwide/target:rw,Z" "-v" "/var/lib/crater-agent-workspace/builds/worker-1-tc2/source:/opt/rustwide/workdir:ro,Z" "-v" "/var/lib/crater-agent-workspace/cargo-home:/opt/rustwide/cargo-home:ro,Z" "-v" "/var/lib/crater-agent-workspace/rustup-home:/opt/rustwide/rustup-home:ro,Z" "-e" "SOURCE_DIR=/opt/rustwide/workdir" "-e" "CARGO_TARGET_DIR=/opt/rustwide/target" "-e" "CARGO_INCREMENTAL=0" "-e" "RUST_BACKTRACE=full" "-e" "RUSTFLAGS=--cap-lints=warn" "-e" "RUSTDOCFLAGS=--cap-lints=warn" "-e" "CARGO_HOME=/opt/rustwide/cargo-home" "-e" "RUSTUP_HOME=/opt/rustwide/rustup-home" "-w" "/opt/rustwide/workdir" "-m" "1610612736" "--user" "0:0" "--network" "none" "ghcr.io/rust-lang/crates-build-env/linux@sha256:5ff2268d62e97bff2cde7d5815dd6ed5b47097566f13b8d0ca110b04b60e07ed" "/opt/rustwide/cargo-home/bin/cargo" "+beta-2023-04-20" "test" "--frozen" "--no-run" "--message-format=json", kill_on_drop: false }`
[INFO] [stdout] f30a5eb78461ba2ebe2830b626840b6a0e4d8891df5790e376892d5546a2160b
[INFO] running `Command { std: "docker" "start" "-a" "f30a5eb78461ba2ebe2830b626840b6a0e4d8891df5790e376892d5546a2160b", kill_on_drop: false }`
[INFO] [stderr]    Compiling getrandom v0.2.8
[INFO] [stderr]    Compiling fernet v0.2.1
[INFO] [stderr]    Compiling wdcrypt v2.3.1 (/opt/rustwide/workdir)
[INFO] [stderr]     Finished test [unoptimized + debuginfo] target(s) in 1.02s
[INFO] running `Command { std: "docker" "inspect" "f30a5eb78461ba2ebe2830b626840b6a0e4d8891df5790e376892d5546a2160b", kill_on_drop: false }`
[INFO] running `Command { std: "docker" "rm" "-f" "f30a5eb78461ba2ebe2830b626840b6a0e4d8891df5790e376892d5546a2160b", kill_on_drop: false }`
[INFO] [stdout] f30a5eb78461ba2ebe2830b626840b6a0e4d8891df5790e376892d5546a2160b
[INFO] running `Command { std: "docker" "create" "-v" "/var/lib/crater-agent-workspace/builds/worker-1-tc2/target:/opt/rustwide/target:rw,Z" "-v" "/var/lib/crater-agent-workspace/builds/worker-1-tc2/source:/opt/rustwide/workdir:ro,Z" "-v" "/var/lib/crater-agent-workspace/cargo-home:/opt/rustwide/cargo-home:ro,Z" "-v" "/var/lib/crater-agent-workspace/rustup-home:/opt/rustwide/rustup-home:ro,Z" "-e" "SOURCE_DIR=/opt/rustwide/workdir" "-e" "CARGO_TARGET_DIR=/opt/rustwide/target" "-e" "CARGO_INCREMENTAL=0" "-e" "RUST_BACKTRACE=full" "-e" "RUSTFLAGS=--cap-lints=warn" "-e" "RUSTDOCFLAGS=--cap-lints=warn" "-e" "CARGO_HOME=/opt/rustwide/cargo-home" "-e" "RUSTUP_HOME=/opt/rustwide/rustup-home" "-w" "/opt/rustwide/workdir" "-m" "1610612736" "--user" "0:0" "--network" "none" "ghcr.io/rust-lang/crates-build-env/linux@sha256:5ff2268d62e97bff2cde7d5815dd6ed5b47097566f13b8d0ca110b04b60e07ed" "/opt/rustwide/cargo-home/bin/cargo" "+beta-2023-04-20" "test" "--frozen", kill_on_drop: false }`
[INFO] [stdout] ef2d94ba49767c8adccd061fd360e0abb4de2edd2953d433dec97f8a59a8ae82
[INFO] running `Command { std: "docker" "start" "-a" "ef2d94ba49767c8adccd061fd360e0abb4de2edd2953d433dec97f8a59a8ae82", kill_on_drop: false }`
[INFO] [stderr]     Finished test [unoptimized + debuginfo] target(s) in 0.03s
[INFO] [stderr]      Running unittests src/main.rs (/opt/rustwide/target/debug/deps/wdcrypt-cc9bc7f14eacb358)
[INFO] [stdout] 
[INFO] [stdout] running 2 tests
[INFO] [stdout] test encryption::tests::encryption_test ... ok
[INFO] [stdout] test encryption::tests::key_file_test ... FAILED
[INFO] [stdout] 
[INFO] [stdout] failures:
[INFO] [stdout] 
[INFO] [stdout] ---- encryption::tests::key_file_test stdout ----
[INFO] [stdout] thread 'encryption::tests::key_file_test' panicked at 'called `Result::unwrap()` on an `Err` value: Os { code: 30, kind: ReadOnlyFilesystem, message: "Read-only file system" }', src/encryption.rs:76:46
[INFO] [stdout] stack backtrace:
[INFO] [stdout]    0:     0x55e0a32b5daa - std::backtrace_rs::backtrace::libunwind::trace::h2f05d0192276a8f6
[INFO] [stdout]                                at /rustc/1b7dd2252b99671ce5d1cb9664c5f8636329436d/library/std/src/../../backtrace/src/backtrace/libunwind.rs:93:5
[INFO] [stdout]    1:     0x55e0a32b5daa - std::backtrace_rs::backtrace::trace_unsynchronized::hedc23dff7a1af150
[INFO] [stdout]                                at /rustc/1b7dd2252b99671ce5d1cb9664c5f8636329436d/library/std/src/../../backtrace/src/backtrace/mod.rs:66:5
[INFO] [stdout]    2:     0x55e0a32b5daa - std::sys_common::backtrace::_print_fmt::h17541ef7592f3ce2
[INFO] [stdout]                                at /rustc/1b7dd2252b99671ce5d1cb9664c5f8636329436d/library/std/src/sys_common/backtrace.rs:65:5
[INFO] [stdout]    3:     0x55e0a32b5daa - <std::sys_common::backtrace::_print::DisplayBacktrace as core::fmt::Display>::fmt::h20f75df5ab0c0792
[INFO] [stdout]                                at /rustc/1b7dd2252b99671ce5d1cb9664c5f8636329436d/library/std/src/sys_common/backtrace.rs:44:22
[INFO] [stdout]    4:     0x55e0a32d9bbf - core::fmt::write::h78109e6f466b3af6
[INFO] [stdout]                                at /rustc/1b7dd2252b99671ce5d1cb9664c5f8636329436d/library/core/src/fmt/mod.rs:1254:17
[INFO] [stdout]    5:     0x55e0a32b2d05 - std::io::Write::write_fmt::hd24bfb68a1b35a25
[INFO] [stdout]                                at /rustc/1b7dd2252b99671ce5d1cb9664c5f8636329436d/library/std/src/io/mod.rs:1698:15
[INFO] [stdout]    6:     0x55e0a32b5b75 - std::sys_common::backtrace::_print::h8dac57a9f8fbf9a5
[INFO] [stdout]                                at /rustc/1b7dd2252b99671ce5d1cb9664c5f8636329436d/library/std/src/sys_common/backtrace.rs:47:5
[INFO] [stdout]    7:     0x55e0a32b5b75 - std::sys_common::backtrace::print::hf9ecbf41d1aa712f
[INFO] [stdout]                                at /rustc/1b7dd2252b99671ce5d1cb9664c5f8636329436d/library/std/src/sys_common/backtrace.rs:34:9
[INFO] [stdout]    8:     0x55e0a32b782e - std::panicking::default_hook::{{closure}}::h04c07acfc84ca028
[INFO] [stdout]                                at /rustc/1b7dd2252b99671ce5d1cb9664c5f8636329436d/library/std/src/panicking.rs:269:22
[INFO] [stdout]    9:     0x55e0a32b7561 - std::panicking::default_hook::h01f6bb23e1eceb2c
[INFO] [stdout]                                at /rustc/1b7dd2252b99671ce5d1cb9664c5f8636329436d/library/std/src/panicking.rs:285:9
[INFO] [stdout]   10:     0x55e0a328232b - <alloc::boxed::Box<F,A> as core::ops::function::Fn<Args>>::call::h87fe9f7b2fd49e4c
[INFO] [stdout]                                at /rustc/1b7dd2252b99671ce5d1cb9664c5f8636329436d/library/alloc/src/boxed.rs:1987:9
[INFO] [stdout]   11:     0x55e0a328232b - test::test_main::{{closure}}::he94d679243a7531b
[INFO] [stdout]                                at /rustc/1b7dd2252b99671ce5d1cb9664c5f8636329436d/library/test/src/lib.rs:134:21
[INFO] [stdout]   12:     0x55e0a32b7f14 - <alloc::boxed::Box<F,A> as core::ops::function::Fn<Args>>::call::h3f2d6d8b14c4769f
[INFO] [stdout]                                at /rustc/1b7dd2252b99671ce5d1cb9664c5f8636329436d/library/alloc/src/boxed.rs:1987:9
[INFO] [stdout]   13:     0x55e0a32b7f14 - std::panicking::rust_panic_with_hook::h2bb3722bbaf2f6df
[INFO] [stdout]                                at /rustc/1b7dd2252b99671ce5d1cb9664c5f8636329436d/library/std/src/panicking.rs:695:13
[INFO] [stdout]   14:     0x55e0a32b7c89 - std::panicking::begin_panic_handler::{{closure}}::h91bc7f36a4be011b
[INFO] [stdout]                                at /rustc/1b7dd2252b99671ce5d1cb9664c5f8636329436d/library/std/src/panicking.rs:582:13
[INFO] [stdout]   15:     0x55e0a32b6216 - std::sys_common::backtrace::__rust_end_short_backtrace::h8b3d3717114f9e59
[INFO] [stdout]                                at /rustc/1b7dd2252b99671ce5d1cb9664c5f8636329436d/library/std/src/sys_common/backtrace.rs:150:18
[INFO] [stdout]   16:     0x55e0a32b79e2 - rust_begin_unwind
[INFO] [stdout]                                at /rustc/1b7dd2252b99671ce5d1cb9664c5f8636329436d/library/std/src/panicking.rs:578:5
[INFO] [stdout]   17:     0x55e0a3201f03 - core::panicking::panic_fmt::hfd368e3fbdabea26
[INFO] [stdout]                                at /rustc/1b7dd2252b99671ce5d1cb9664c5f8636329436d/library/core/src/panicking.rs:67:14
[INFO] [stdout]   18:     0x55e0a3202353 - core::result::unwrap_failed::he54eb4b2f125b26f
[INFO] [stdout]                                at /rustc/1b7dd2252b99671ce5d1cb9664c5f8636329436d/library/core/src/result.rs:1687:5
[INFO] [stdout]   19:     0x55e0a3205c3b - core::result::Result<T,E>::unwrap::haeb80588fcce707b
[INFO] [stdout]                                at /rustc/1b7dd2252b99671ce5d1cb9664c5f8636329436d/library/core/src/result.rs:1089:23
[INFO] [stdout]   20:     0x55e0a320484b - wdcrypt::encryption::write_fernet_key_to_file::ha6957e6d4c70029b
[INFO] [stdout]                                at /opt/rustwide/workdir/src/encryption.rs:76:20
[INFO] [stdout]   21:     0x55e0a32059aa - wdcrypt::encryption::tests::key_file_test::h8719eb907e774082
[INFO] [stdout]                                at /opt/rustwide/workdir/src/encryption.rs:116:9
[INFO] [stdout]   22:     0x55e0a3205927 - wdcrypt::encryption::tests::key_file_test::{{closure}}::h96ed998e955013cd
[INFO] [stdout]                                at /opt/rustwide/workdir/src/encryption.rs:114:24
[INFO] [stdout]   23:     0x55e0a3203d85 - core::ops::function::FnOnce::call_once::h5404e48587f5b3a3
[INFO] [stdout]                                at /rustc/1b7dd2252b99671ce5d1cb9664c5f8636329436d/library/core/src/ops/function.rs:250:5
[INFO] [stdout]   24:     0x55e0a32871ff - core::ops::function::FnOnce::call_once::ha6a70e79f7481a7e
[INFO] [stdout]                                at /rustc/1b7dd2252b99671ce5d1cb9664c5f8636329436d/library/core/src/ops/function.rs:250:5
[INFO] [stdout]   25:     0x55e0a32871ff - test::__rust_begin_short_backtrace::hce33033019b61e69
[INFO] [stdout]                                at /rustc/1b7dd2252b99671ce5d1cb9664c5f8636329436d/library/test/src/lib.rs:655:18
[INFO] [stdout]   26:     0x55e0a32549ec - test::run_test::{{closure}}::h858d3528838ae3e5
[INFO] [stdout]                                at /rustc/1b7dd2252b99671ce5d1cb9664c5f8636329436d/library/test/src/lib.rs:646:30
[INFO] [stdout]   27:     0x55e0a32549ec - core::ops::function::FnOnce::call_once{{vtable.shim}}::he8ac2b00f01ae79e
[INFO] [stdout]                                at /rustc/1b7dd2252b99671ce5d1cb9664c5f8636329436d/library/core/src/ops/function.rs:250:5
[INFO] [stdout]   28:     0x55e0a32862d6 - <alloc::boxed::Box<F,A> as core::ops::function::FnOnce<Args>>::call_once::h8093d25b522725ef
[INFO] [stdout]                                at /rustc/1b7dd2252b99671ce5d1cb9664c5f8636329436d/library/alloc/src/boxed.rs:1973:9
[INFO] [stdout]   29:     0x55e0a32862d6 - <core::panic::unwind_safe::AssertUnwindSafe<F> as core::ops::function::FnOnce<()>>::call_once::h5c334c204e4a3913
[INFO] [stdout]                                at /rustc/1b7dd2252b99671ce5d1cb9664c5f8636329436d/library/core/src/panic/unwind_safe.rs:271:9
[INFO] [stdout]   30:     0x55e0a32862d6 - std::panicking::try::do_call::ha8b740c7b9478074
[INFO] [stdout]                                at /rustc/1b7dd2252b99671ce5d1cb9664c5f8636329436d/library/std/src/panicking.rs:485:40
[INFO] [stdout]   31:     0x55e0a32862d6 - std::panicking::try::h5d34f63d0e41b64e
[INFO] [stdout]                                at /rustc/1b7dd2252b99671ce5d1cb9664c5f8636329436d/library/std/src/panicking.rs:449:19
[INFO] [stdout]   32:     0x55e0a32862d6 - std::panic::catch_unwind::hcfbb511e1aa7fc67
[INFO] [stdout]                                at /rustc/1b7dd2252b99671ce5d1cb9664c5f8636329436d/library/std/src/panic.rs:140:14
[INFO] [stdout]   33:     0x55e0a32862d6 - test::run_test_in_process::h9abda90f802eaf21
[INFO] [stdout]                                at /rustc/1b7dd2252b99671ce5d1cb9664c5f8636329436d/library/test/src/lib.rs:678:27
[INFO] [stdout]   34:     0x55e0a32862d6 - test::run_test::run_test_inner::{{closure}}::h0f058de91f6c6edf
[INFO] [stdout]                                at /rustc/1b7dd2252b99671ce5d1cb9664c5f8636329436d/library/test/src/lib.rs:572:39
[INFO] [stdout]   35:     0x55e0a324f1f5 - test::run_test::run_test_inner::{{closure}}::h5ca48a4c59c6c1fb
[INFO] [stdout]                                at /rustc/1b7dd2252b99671ce5d1cb9664c5f8636329436d/library/test/src/lib.rs:599:37
[INFO] [stdout]   36:     0x55e0a324f1f5 - std::sys_common::backtrace::__rust_begin_short_backtrace::h32bd51e1495d4a33
[INFO] [stdout]                                at /rustc/1b7dd2252b99671ce5d1cb9664c5f8636329436d/library/std/src/sys_common/backtrace.rs:134:18
[INFO] [stdout]   37:     0x55e0a3254731 - std::thread::Builder::spawn_unchecked_::{{closure}}::{{closure}}::hc086fae9b128b2db
[INFO] [stdout]                                at /rustc/1b7dd2252b99671ce5d1cb9664c5f8636329436d/library/std/src/thread/mod.rs:526:17
[INFO] [stdout]   38:     0x55e0a3254731 - <core::panic::unwind_safe::AssertUnwindSafe<F> as core::ops::function::FnOnce<()>>::call_once::hb66571888d270d43
[INFO] [stdout]                                at /rustc/1b7dd2252b99671ce5d1cb9664c5f8636329436d/library/core/src/panic/unwind_safe.rs:271:9
[INFO] [stdout]   39:     0x55e0a3254731 - std::panicking::try::do_call::h4fa2ef4f6e51fecf
[INFO] [stdout]                                at /rustc/1b7dd2252b99671ce5d1cb9664c5f8636329436d/library/std/src/panicking.rs:485:40
[INFO] [stdout]   40:     0x55e0a3254731 - std::panicking::try::h1e9e22b8584489b5
[INFO] [stdout]                                at /rustc/1b7dd2252b99671ce5d1cb9664c5f8636329436d/library/std/src/panicking.rs:449:19
[INFO] [stdout]   41:     0x55e0a3254731 - std::panic::catch_unwind::h44698a3de0e0769e
[INFO] [stdout]                                at /rustc/1b7dd2252b99671ce5d1cb9664c5f8636329436d/library/std/src/panic.rs:140:14
[INFO] [stdout]   42:     0x55e0a3254731 - std::thread::Builder::spawn_unchecked_::{{closure}}::h50153abde3fe239e
[INFO] [stdout]                                at /rustc/1b7dd2252b99671ce5d1cb9664c5f8636329436d/library/std/src/thread/mod.rs:525:30
[INFO] [stdout]   43:     0x55e0a3254731 - core::ops::function::FnOnce::call_once{{vtable.shim}}::hbe5bbf6f38394364
[INFO] [stdout]                                at /rustc/1b7dd2252b99671ce5d1cb9664c5f8636329436d/library/core/src/ops/function.rs:250:5
[INFO] [stdout]   44:     0x55e0a32bc495 - <alloc::boxed::Box<F,A> as core::ops::function::FnOnce<Args>>::call_once::h0d83cb2920a49046
[INFO] [stdout]                                at /rustc/1b7dd2252b99671ce5d1cb9664c5f8636329436d/library/alloc/src/boxed.rs:1973:9
[INFO] [stdout]   45:     0x55e0a32bc495 - <alloc::boxed::Box<F,A> as core::ops::function::FnOnce<Args>>::call_once::hbe0a008aa7d9ef59
[INFO] [stdout]                                at /rustc/1b7dd2252b99671ce5d1cb9664c5f8636329436d/library/alloc/src/boxed.rs:1973:9
[INFO] [stdout]   46:     0x55e0a32bc495 - std::sys::unix::thread::Thread::new::thread_start::h3a466996bdf6b1f9
[INFO] [stdout]                                at /rustc/1b7dd2252b99671ce5d1cb9664c5f8636329436d/library/std/src/sys/unix/thread.rs:108:17
[INFO] [stdout]   47:     0x7f2e71444b43 - <unknown>
[INFO] [stdout]   48:     0x7f2e714d5bb4 - __clone
[INFO] [stdout]   49:                0x0 - <unknown>
[INFO] [stdout] 
[INFO] [stdout] 
[INFO] [stdout] failures:
[INFO] [stdout]     encryption::tests::key_file_test
[INFO] [stdout] 
[INFO] [stdout] test result: FAILED. 1 passed; 1 failed; 0 ignored; 0 measured; 0 filtered out; finished in 0.01s
[INFO] [stdout] 
[INFO] [stderr] error: test failed, to rerun pass `--bin wdcrypt`
[INFO] running `Command { std: "docker" "inspect" "ef2d94ba49767c8adccd061fd360e0abb4de2edd2953d433dec97f8a59a8ae82", kill_on_drop: false }`
[INFO] running `Command { std: "docker" "rm" "-f" "ef2d94ba49767c8adccd061fd360e0abb4de2edd2953d433dec97f8a59a8ae82", kill_on_drop: false }`
[INFO] [stdout] ef2d94ba49767c8adccd061fd360e0abb4de2edd2953d433dec97f8a59a8ae82
