[INFO] fetching crate wbuf 0.1.1...
[INFO] testing wbuf-0.1.1 against 1.69.0 for beta-1.70-1
[INFO] extracting crate wbuf 0.1.1 into /workspace/builds/worker-1-tc1/source
[INFO] validating manifest of crates.io crate wbuf 0.1.1 on toolchain 1.69.0
[INFO] running `Command { std: CARGO_HOME="/workspace/cargo-home" RUSTUP_HOME="/workspace/rustup-home" "/workspace/cargo-home/bin/cargo" "+1.69.0" "metadata" "--manifest-path" "Cargo.toml" "--no-deps", kill_on_drop: false }`
[INFO] started tweaking crates.io crate wbuf 0.1.1
[INFO] finished tweaking crates.io crate wbuf 0.1.1
[INFO] tweaked toml for crates.io crate wbuf 0.1.1 written to /workspace/builds/worker-1-tc1/source/Cargo.toml
[INFO] running `Command { std: CARGO_HOME="/workspace/cargo-home" RUSTUP_HOME="/workspace/rustup-home" __CARGO_TEST_CHANNEL_OVERRIDE_DO_NOT_USE_THIS="nightly" "/workspace/cargo-home/bin/cargo" "+1.69.0" "generate-lockfile" "--manifest-path" "Cargo.toml" "-Zno-index-update", kill_on_drop: false }`
[INFO] running `Command { std: CARGO_HOME="/workspace/cargo-home" RUSTUP_HOME="/workspace/rustup-home" "/workspace/cargo-home/bin/cargo" "+1.69.0" "fetch" "--manifest-path" "Cargo.toml", kill_on_drop: false }`
[INFO] [stderr] warning: only one of `license` or `license-file` is necessary
[INFO] [stderr] `license` should be used if the package license can be expressed with a standard SPDX expression.
[INFO] [stderr] `license-file` should be used if the package uses a non-standard license.
[INFO] [stderr] See https://doc.rust-lang.org/cargo/reference/manifest.html#the-license-and-license-file-fields for more information.
[INFO] running `Command { std: "docker" "create" "-v" "/var/lib/crater-agent-workspace/builds/worker-1-tc1/target:/opt/rustwide/target:rw,Z" "-v" "/var/lib/crater-agent-workspace/builds/worker-1-tc1/source:/opt/rustwide/workdir:ro,Z" "-v" "/var/lib/crater-agent-workspace/cargo-home:/opt/rustwide/cargo-home:ro,Z" "-v" "/var/lib/crater-agent-workspace/rustup-home:/opt/rustwide/rustup-home:ro,Z" "-e" "SOURCE_DIR=/opt/rustwide/workdir" "-e" "CARGO_TARGET_DIR=/opt/rustwide/target" "-e" "CARGO_HOME=/opt/rustwide/cargo-home" "-e" "RUSTUP_HOME=/opt/rustwide/rustup-home" "-w" "/opt/rustwide/workdir" "-m" "1610612736" "--user" "0:0" "--network" "none" "ghcr.io/rust-lang/crates-build-env/linux@sha256:5ff2268d62e97bff2cde7d5815dd6ed5b47097566f13b8d0ca110b04b60e07ed" "/opt/rustwide/cargo-home/bin/cargo" "+1.69.0" "metadata" "--no-deps" "--format-version=1", kill_on_drop: false }`
[INFO] [stdout] af5f0e019a86141dcf5449ca2e51e8579358376819dd2760203ffd193686a595
[INFO] running `Command { std: "docker" "start" "-a" "af5f0e019a86141dcf5449ca2e51e8579358376819dd2760203ffd193686a595", kill_on_drop: false }`
[INFO] running `Command { std: "docker" "inspect" "af5f0e019a86141dcf5449ca2e51e8579358376819dd2760203ffd193686a595", kill_on_drop: false }`
[INFO] running `Command { std: "docker" "rm" "-f" "af5f0e019a86141dcf5449ca2e51e8579358376819dd2760203ffd193686a595", kill_on_drop: false }`
[INFO] [stdout] af5f0e019a86141dcf5449ca2e51e8579358376819dd2760203ffd193686a595
[INFO] running `Command { std: "docker" "create" "-v" "/var/lib/crater-agent-workspace/builds/worker-1-tc1/target:/opt/rustwide/target:rw,Z" "-v" "/var/lib/crater-agent-workspace/builds/worker-1-tc1/source:/opt/rustwide/workdir:ro,Z" "-v" "/var/lib/crater-agent-workspace/cargo-home:/opt/rustwide/cargo-home:ro,Z" "-v" "/var/lib/crater-agent-workspace/rustup-home:/opt/rustwide/rustup-home:ro,Z" "-e" "SOURCE_DIR=/opt/rustwide/workdir" "-e" "CARGO_TARGET_DIR=/opt/rustwide/target" "-e" "CARGO_INCREMENTAL=0" "-e" "RUST_BACKTRACE=full" "-e" "RUSTFLAGS=--cap-lints=warn" "-e" "RUSTDOCFLAGS=--cap-lints=warn" "-e" "CARGO_HOME=/opt/rustwide/cargo-home" "-e" "RUSTUP_HOME=/opt/rustwide/rustup-home" "-w" "/opt/rustwide/workdir" "-m" "1610612736" "--user" "0:0" "--network" "none" "ghcr.io/rust-lang/crates-build-env/linux@sha256:5ff2268d62e97bff2cde7d5815dd6ed5b47097566f13b8d0ca110b04b60e07ed" "/opt/rustwide/cargo-home/bin/cargo" "+1.69.0" "build" "--frozen" "--message-format=json", kill_on_drop: false }`
[INFO] [stdout] 6f48b5427fc00fb8ca3edbe300fd21aa75693363e2acab89ecd7eb137094ac63
[INFO] running `Command { std: "docker" "start" "-a" "6f48b5427fc00fb8ca3edbe300fd21aa75693363e2acab89ecd7eb137094ac63", kill_on_drop: false }`
[INFO] [stderr] warning: only one of `license` or `license-file` is necessary
[INFO] [stderr] `license` should be used if the package license can be expressed with a standard SPDX expression.
[INFO] [stderr] `license-file` should be used if the package uses a non-standard license.
[INFO] [stderr] See https://doc.rust-lang.org/cargo/reference/manifest.html#the-license-and-license-file-fields for more information.
[INFO] [stderr]    Compiling wbuf v0.1.1 (/opt/rustwide/workdir)
[INFO] [stderr]     Finished dev [unoptimized + debuginfo] target(s) in 0.31s
[INFO] running `Command { std: "docker" "inspect" "6f48b5427fc00fb8ca3edbe300fd21aa75693363e2acab89ecd7eb137094ac63", kill_on_drop: false }`
[INFO] running `Command { std: "docker" "rm" "-f" "6f48b5427fc00fb8ca3edbe300fd21aa75693363e2acab89ecd7eb137094ac63", kill_on_drop: false }`
[INFO] [stdout] 6f48b5427fc00fb8ca3edbe300fd21aa75693363e2acab89ecd7eb137094ac63
[INFO] running `Command { std: "docker" "create" "-v" "/var/lib/crater-agent-workspace/builds/worker-1-tc1/target:/opt/rustwide/target:rw,Z" "-v" "/var/lib/crater-agent-workspace/builds/worker-1-tc1/source:/opt/rustwide/workdir:ro,Z" "-v" "/var/lib/crater-agent-workspace/cargo-home:/opt/rustwide/cargo-home:ro,Z" "-v" "/var/lib/crater-agent-workspace/rustup-home:/opt/rustwide/rustup-home:ro,Z" "-e" "SOURCE_DIR=/opt/rustwide/workdir" "-e" "CARGO_TARGET_DIR=/opt/rustwide/target" "-e" "CARGO_INCREMENTAL=0" "-e" "RUST_BACKTRACE=full" "-e" "RUSTFLAGS=--cap-lints=warn" "-e" "RUSTDOCFLAGS=--cap-lints=warn" "-e" "CARGO_HOME=/opt/rustwide/cargo-home" "-e" "RUSTUP_HOME=/opt/rustwide/rustup-home" "-w" "/opt/rustwide/workdir" "-m" "1610612736" "--user" "0:0" "--network" "none" "ghcr.io/rust-lang/crates-build-env/linux@sha256:5ff2268d62e97bff2cde7d5815dd6ed5b47097566f13b8d0ca110b04b60e07ed" "/opt/rustwide/cargo-home/bin/cargo" "+1.69.0" "test" "--frozen" "--no-run" "--message-format=json", kill_on_drop: false }`
[INFO] [stdout] a0b349ca3750056f56ca67dea827ede2c26b683dc9dec264505da4341d185b15
[INFO] running `Command { std: "docker" "start" "-a" "a0b349ca3750056f56ca67dea827ede2c26b683dc9dec264505da4341d185b15", kill_on_drop: false }`
[INFO] [stderr] warning: only one of `license` or `license-file` is necessary
[INFO] [stderr] `license` should be used if the package license can be expressed with a standard SPDX expression.
[INFO] [stderr] `license-file` should be used if the package uses a non-standard license.
[INFO] [stderr] See https://doc.rust-lang.org/cargo/reference/manifest.html#the-license-and-license-file-fields for more information.
[INFO] [stderr]    Compiling wbuf v0.1.1 (/opt/rustwide/workdir)
[INFO] [stderr]     Finished test [unoptimized + debuginfo] target(s) in 0.46s
[INFO] running `Command { std: "docker" "inspect" "a0b349ca3750056f56ca67dea827ede2c26b683dc9dec264505da4341d185b15", kill_on_drop: false }`
[INFO] running `Command { std: "docker" "rm" "-f" "a0b349ca3750056f56ca67dea827ede2c26b683dc9dec264505da4341d185b15", kill_on_drop: false }`
[INFO] [stdout] a0b349ca3750056f56ca67dea827ede2c26b683dc9dec264505da4341d185b15
[INFO] running `Command { std: "docker" "create" "-v" "/var/lib/crater-agent-workspace/builds/worker-1-tc1/target:/opt/rustwide/target:rw,Z" "-v" "/var/lib/crater-agent-workspace/builds/worker-1-tc1/source:/opt/rustwide/workdir:ro,Z" "-v" "/var/lib/crater-agent-workspace/cargo-home:/opt/rustwide/cargo-home:ro,Z" "-v" "/var/lib/crater-agent-workspace/rustup-home:/opt/rustwide/rustup-home:ro,Z" "-e" "SOURCE_DIR=/opt/rustwide/workdir" "-e" "CARGO_TARGET_DIR=/opt/rustwide/target" "-e" "CARGO_INCREMENTAL=0" "-e" "RUST_BACKTRACE=full" "-e" "RUSTFLAGS=--cap-lints=warn" "-e" "RUSTDOCFLAGS=--cap-lints=warn" "-e" "CARGO_HOME=/opt/rustwide/cargo-home" "-e" "RUSTUP_HOME=/opt/rustwide/rustup-home" "-w" "/opt/rustwide/workdir" "-m" "1610612736" "--user" "0:0" "--network" "none" "ghcr.io/rust-lang/crates-build-env/linux@sha256:5ff2268d62e97bff2cde7d5815dd6ed5b47097566f13b8d0ca110b04b60e07ed" "/opt/rustwide/cargo-home/bin/cargo" "+1.69.0" "test" "--frozen", kill_on_drop: false }`
[INFO] [stdout] 8abb28d72e42c77a9e3f4e5978c50dd99fbaf6ff56d6b1a95384e9dae28fd1a6
[INFO] running `Command { std: "docker" "start" "-a" "8abb28d72e42c77a9e3f4e5978c50dd99fbaf6ff56d6b1a95384e9dae28fd1a6", kill_on_drop: false }`
[INFO] [stderr] warning: only one of `license` or `license-file` is necessary
[INFO] [stderr] `license` should be used if the package license can be expressed with a standard SPDX expression.
[INFO] [stderr] `license-file` should be used if the package uses a non-standard license.
[INFO] [stderr] See https://doc.rust-lang.org/cargo/reference/manifest.html#the-license-and-license-file-fields for more information.
[INFO] [stderr]     Finished test [unoptimized + debuginfo] target(s) in 0.00s
[INFO] [stderr]      Running unittests src/lib.rs (/opt/rustwide/target/debug/deps/wbuf-dda28a464f10dc84)
[INFO] [stdout] 
[INFO] [stdout] running 0 tests
[INFO] [stdout] 
[INFO] [stdout] test result: ok. 0 passed; 0 failed; 0 ignored; 0 measured; 0 filtered out; finished in 0.00s
[INFO] [stdout] 
[INFO] [stderr]    Doc-tests wbuf
[INFO] [stdout] 
[INFO] [stdout] running 1 test
[INFO] [stdout] test src/lib.rs - (line 16) ... FAILED
[INFO] [stdout] 
[INFO] [stdout] failures:
[INFO] [stdout] 
[INFO] [stdout] ---- src/lib.rs - (line 16) stdout ----
[INFO] [stdout] error[E0432]: unresolved import `clap`
[INFO] [stdout]  --> src/lib.rs:17:5
[INFO] [stdout]   |
[INFO] [stdout] 4 | use clap::{App, Arg};
[INFO] [stdout]   |     ^^^^ use of undeclared crate or module `clap`
[INFO] [stdout] 
[INFO] [stdout] error[E0425]: cannot find function `parse_input` in this scope
[INFO] [stdout]   --> src/lib.rs:25:1
[INFO] [stdout]    |
[INFO] [stdout] 12 | parse_input(&mut input_buf).and_then(|ast| transpile(ast, &mut output_buf));
[INFO] [stdout]    | ^^^^^^^^^^^ not found in this scope
[INFO] [stdout] 
[INFO] [stdout] error[E0425]: cannot find function `transpile` in this scope
[INFO] [stdout]   --> src/lib.rs:25:44
[INFO] [stdout]    |
[INFO] [stdout] 12 | parse_input(&mut input_buf).and_then(|ast| transpile(ast, &mut output_buf));
[INFO] [stdout]    |                                            ^^^^^^^^^ not found in this scope
[INFO] [stdout] 
[INFO] [stdout] error: aborting due to 3 previous errors
[INFO] [stdout] 
[INFO] [stdout] Some errors have detailed explanations: E0425, E0432.
[INFO] [stdout] For more information about an error, try `rustc --explain E0425`.
[INFO] [stdout] Couldn't compile the test.
[INFO] [stdout] 
[INFO] [stdout] failures:
[INFO] [stdout]     src/lib.rs - (line 16)
[INFO] [stdout] 
[INFO] [stdout] test result: FAILED. 0 passed; 1 failed; 0 ignored; 0 measured; 0 filtered out; finished in 0.09s
[INFO] [stdout] 
[INFO] [stderr] error: doctest failed, to rerun pass `--doc`
[INFO] running `Command { std: "docker" "inspect" "8abb28d72e42c77a9e3f4e5978c50dd99fbaf6ff56d6b1a95384e9dae28fd1a6", kill_on_drop: false }`
[INFO] running `Command { std: "docker" "rm" "-f" "8abb28d72e42c77a9e3f4e5978c50dd99fbaf6ff56d6b1a95384e9dae28fd1a6", kill_on_drop: false }`
[INFO] [stdout] 8abb28d72e42c77a9e3f4e5978c50dd99fbaf6ff56d6b1a95384e9dae28fd1a6
