[INFO] fetching crate wasm_request 0.1.1...
[INFO] testing wasm_request-0.1.1 against 1.69.0 for beta-1.70-1
[INFO] extracting crate wasm_request 0.1.1 into /workspace/builds/worker-6-tc1/source
[INFO] validating manifest of crates.io crate wasm_request 0.1.1 on toolchain 1.69.0
[INFO] running `Command { std: CARGO_HOME="/workspace/cargo-home" RUSTUP_HOME="/workspace/rustup-home" "/workspace/cargo-home/bin/cargo" "+1.69.0" "metadata" "--manifest-path" "Cargo.toml" "--no-deps", kill_on_drop: false }`
[INFO] started tweaking crates.io crate wasm_request 0.1.1
[INFO] finished tweaking crates.io crate wasm_request 0.1.1
[INFO] tweaked toml for crates.io crate wasm_request 0.1.1 written to /workspace/builds/worker-6-tc1/source/Cargo.toml
[INFO] running `Command { std: CARGO_HOME="/workspace/cargo-home" RUSTUP_HOME="/workspace/rustup-home" __CARGO_TEST_CHANNEL_OVERRIDE_DO_NOT_USE_THIS="nightly" "/workspace/cargo-home/bin/cargo" "+1.69.0" "generate-lockfile" "--manifest-path" "Cargo.toml" "-Zno-index-update", kill_on_drop: false }`
[INFO] running `Command { std: CARGO_HOME="/workspace/cargo-home" RUSTUP_HOME="/workspace/rustup-home" "/workspace/cargo-home/bin/cargo" "+1.69.0" "fetch" "--manifest-path" "Cargo.toml", kill_on_drop: false }`
[INFO] running `Command { std: "docker" "create" "-v" "/var/lib/crater-agent-workspace/builds/worker-6-tc1/target:/opt/rustwide/target:rw,Z" "-v" "/var/lib/crater-agent-workspace/builds/worker-6-tc1/source:/opt/rustwide/workdir:ro,Z" "-v" "/var/lib/crater-agent-workspace/cargo-home:/opt/rustwide/cargo-home:ro,Z" "-v" "/var/lib/crater-agent-workspace/rustup-home:/opt/rustwide/rustup-home:ro,Z" "-e" "SOURCE_DIR=/opt/rustwide/workdir" "-e" "CARGO_TARGET_DIR=/opt/rustwide/target" "-e" "CARGO_HOME=/opt/rustwide/cargo-home" "-e" "RUSTUP_HOME=/opt/rustwide/rustup-home" "-w" "/opt/rustwide/workdir" "-m" "1610612736" "--user" "0:0" "--network" "none" "ghcr.io/rust-lang/crates-build-env/linux@sha256:5ff2268d62e97bff2cde7d5815dd6ed5b47097566f13b8d0ca110b04b60e07ed" "/opt/rustwide/cargo-home/bin/cargo" "+1.69.0" "metadata" "--no-deps" "--format-version=1", kill_on_drop: false }`
[INFO] [stdout] ed4dc5a66a2e6322f115aea08c8952d660576df5ae11b5174aa5e9b7914e06e9
[INFO] running `Command { std: "docker" "start" "-a" "ed4dc5a66a2e6322f115aea08c8952d660576df5ae11b5174aa5e9b7914e06e9", kill_on_drop: false }`
[INFO] running `Command { std: "docker" "inspect" "ed4dc5a66a2e6322f115aea08c8952d660576df5ae11b5174aa5e9b7914e06e9", kill_on_drop: false }`
[INFO] running `Command { std: "docker" "rm" "-f" "ed4dc5a66a2e6322f115aea08c8952d660576df5ae11b5174aa5e9b7914e06e9", kill_on_drop: false }`
[INFO] [stdout] ed4dc5a66a2e6322f115aea08c8952d660576df5ae11b5174aa5e9b7914e06e9
[INFO] running `Command { std: "docker" "create" "-v" "/var/lib/crater-agent-workspace/builds/worker-6-tc1/target:/opt/rustwide/target:rw,Z" "-v" "/var/lib/crater-agent-workspace/builds/worker-6-tc1/source:/opt/rustwide/workdir:ro,Z" "-v" "/var/lib/crater-agent-workspace/cargo-home:/opt/rustwide/cargo-home:ro,Z" "-v" "/var/lib/crater-agent-workspace/rustup-home:/opt/rustwide/rustup-home:ro,Z" "-e" "SOURCE_DIR=/opt/rustwide/workdir" "-e" "CARGO_TARGET_DIR=/opt/rustwide/target" "-e" "CARGO_INCREMENTAL=0" "-e" "RUST_BACKTRACE=full" "-e" "RUSTFLAGS=--cap-lints=warn" "-e" "RUSTDOCFLAGS=--cap-lints=warn" "-e" "CARGO_HOME=/opt/rustwide/cargo-home" "-e" "RUSTUP_HOME=/opt/rustwide/rustup-home" "-w" "/opt/rustwide/workdir" "-m" "1610612736" "--user" "0:0" "--network" "none" "ghcr.io/rust-lang/crates-build-env/linux@sha256:5ff2268d62e97bff2cde7d5815dd6ed5b47097566f13b8d0ca110b04b60e07ed" "/opt/rustwide/cargo-home/bin/cargo" "+1.69.0" "build" "--frozen" "--message-format=json", kill_on_drop: false }`
[INFO] [stdout] 8a573e8d92fa8a8e410ca4e1ef2c7d421b0c969a5ff462f832a6fbb19aa7f8a3
[INFO] running `Command { std: "docker" "start" "-a" "8a573e8d92fa8a8e410ca4e1ef2c7d421b0c969a5ff462f832a6fbb19aa7f8a3", kill_on_drop: false }`
[INFO] [stderr]    Compiling syn v1.0.109
[INFO] [stderr]    Compiling wasm-bindgen-shared v0.2.84
[INFO] [stderr]    Compiling bumpalo v3.12.1
[INFO] [stderr]    Compiling once_cell v1.17.1
[INFO] [stderr]    Compiling wasm-bindgen v0.2.84
[INFO] [stderr]    Compiling libc v0.2.142
[INFO] [stderr]    Compiling log v0.4.17
[INFO] [stderr]    Compiling cc v1.0.79
[INFO] [stderr]    Compiling gimli v0.27.2
[INFO] [stderr]    Compiling unicode-xid v0.2.4
[INFO] [stderr]    Compiling failure_derive v0.1.8
[INFO] [stderr]    Compiling rustc-demangle v0.1.23
[INFO] [stderr]    Compiling miniz_oxide v0.6.2
[INFO] [stderr]    Compiling object v0.30.3
[INFO] [stderr]    Compiling wasm-bindgen-test-macro v0.3.34
[INFO] [stderr]    Compiling scoped-tls v1.0.1
[INFO] [stderr]    Compiling backtrace v0.3.67
[INFO] [stderr]    Compiling addr2line v0.19.0
[INFO] [stderr]    Compiling wasm-bindgen-backend v0.2.84
[INFO] [stderr]    Compiling synstructure v0.12.6
[INFO] [stderr]    Compiling wasm-bindgen-macro-support v0.2.84
[INFO] [stderr]    Compiling failure v0.1.8
[INFO] [stderr]    Compiling wasm-bindgen-macro v0.2.84
[INFO] [stderr]    Compiling js-sys v0.3.61
[INFO] [stderr]    Compiling console_error_panic_hook v0.1.7
[INFO] [stderr]    Compiling wasm-bindgen-futures v0.4.34
[INFO] [stderr]    Compiling web-sys v0.3.61
[INFO] [stderr]    Compiling wasm-bindgen-test v0.3.34
[INFO] [stderr]    Compiling wasm_request v0.1.1 (/opt/rustwide/workdir)
[INFO] [stdout] warning: use of deprecated method `wasm_bindgen::JsValue::into_serde`: causes dependency cycles, use `serde-wasm-bindgen` or `gloo_utils::format::JsValueSerdeExt` instead
[INFO] [stdout]    --> src/lib.rs:321:66
[INFO] [stdout]     |
[INFO] [stdout] 321 |     let price_1mt_token: Price = request(options).await.unwrap().into_serde().unwrap();
[INFO] [stdout]     |                                                                  ^^^^^^^^^^
[INFO] [stdout]     |
[INFO] [stdout]     = note: `#[warn(deprecated)]` on by default
[INFO] [stdout] 
[INFO] [stdout] 
[INFO] [stdout] warning: use of deprecated method `wasm_bindgen::JsValue::into_serde`: causes dependency cycles, use `serde-wasm-bindgen` or `gloo_utils::format::JsValueSerdeExt` instead
[INFO] [stdout]   --> src/error_handler.rs:22:49
[INFO] [stdout]    |
[INFO] [stdout] 22 |         let request_error: RequestError = value.into_serde().unwrap();
[INFO] [stdout]    |                                                 ^^^^^^^^^^
[INFO] [stdout] 
[INFO] [stdout] 
[INFO] [stdout] warning: 2 warnings emitted
[INFO] [stdout] 
[INFO] [stdout] 
[INFO] [stderr]     Finished dev [unoptimized + debuginfo] target(s) in 13.73s
[INFO] running `Command { std: "docker" "inspect" "8a573e8d92fa8a8e410ca4e1ef2c7d421b0c969a5ff462f832a6fbb19aa7f8a3", kill_on_drop: false }`
[INFO] running `Command { std: "docker" "rm" "-f" "8a573e8d92fa8a8e410ca4e1ef2c7d421b0c969a5ff462f832a6fbb19aa7f8a3", kill_on_drop: false }`
[INFO] [stdout] 8a573e8d92fa8a8e410ca4e1ef2c7d421b0c969a5ff462f832a6fbb19aa7f8a3
[INFO] running `Command { std: "docker" "create" "-v" "/var/lib/crater-agent-workspace/builds/worker-6-tc1/target:/opt/rustwide/target:rw,Z" "-v" "/var/lib/crater-agent-workspace/builds/worker-6-tc1/source:/opt/rustwide/workdir:ro,Z" "-v" "/var/lib/crater-agent-workspace/cargo-home:/opt/rustwide/cargo-home:ro,Z" "-v" "/var/lib/crater-agent-workspace/rustup-home:/opt/rustwide/rustup-home:ro,Z" "-e" "SOURCE_DIR=/opt/rustwide/workdir" "-e" "CARGO_TARGET_DIR=/opt/rustwide/target" "-e" "CARGO_INCREMENTAL=0" "-e" "RUST_BACKTRACE=full" "-e" "RUSTFLAGS=--cap-lints=warn" "-e" "RUSTDOCFLAGS=--cap-lints=warn" "-e" "CARGO_HOME=/opt/rustwide/cargo-home" "-e" "RUSTUP_HOME=/opt/rustwide/rustup-home" "-w" "/opt/rustwide/workdir" "-m" "1610612736" "--user" "0:0" "--network" "none" "ghcr.io/rust-lang/crates-build-env/linux@sha256:5ff2268d62e97bff2cde7d5815dd6ed5b47097566f13b8d0ca110b04b60e07ed" "/opt/rustwide/cargo-home/bin/cargo" "+1.69.0" "test" "--frozen" "--no-run" "--message-format=json", kill_on_drop: false }`
[INFO] [stdout] bd9707975d4e4a9d08fbb0db2425b2736e4a7ca196bbf0f08c8f3c46765037ed
[INFO] running `Command { std: "docker" "start" "-a" "bd9707975d4e4a9d08fbb0db2425b2736e4a7ca196bbf0f08c8f3c46765037ed", kill_on_drop: false }`
[INFO] [stdout] warning: use of deprecated method `wasm_bindgen::JsValue::into_serde`: causes dependency cycles, use `serde-wasm-bindgen` or `gloo_utils::format::JsValueSerdeExt` instead
[INFO] [stdout]    --> src/lib.rs:321:66
[INFO] [stdout]     |
[INFO] [stdout] 321 |     let price_1mt_token: Price = request(options).await.unwrap().into_serde().unwrap();
[INFO] [stdout]     |                                                                  ^^^^^^^^^^
[INFO] [stdout]     |
[INFO] [stdout]     = note: `#[warn(deprecated)]` on by default
[INFO] [stdout] 
[INFO] [stdout] 
[INFO] [stdout] warning: use of deprecated method `wasm_bindgen::JsValue::into_serde`: causes dependency cycles, use `serde-wasm-bindgen` or `gloo_utils::format::JsValueSerdeExt` instead
[INFO] [stdout]   --> src/error_handler.rs:22:49
[INFO] [stdout]    |
[INFO] [stdout] 22 |         let request_error: RequestError = value.into_serde().unwrap();
[INFO] [stdout]    |                                                 ^^^^^^^^^^
[INFO] [stdout] 
[INFO] [stdout] 
[INFO] [stdout] warning: 2 warnings emitted
[INFO] [stdout] 
[INFO] [stdout] 
[INFO] [stderr]    Compiling wasm_request v0.1.1 (/opt/rustwide/workdir)
[INFO] [stdout] warning: use of deprecated method `wasm_bindgen::JsValue::into_serde`: causes dependency cycles, use `serde-wasm-bindgen` or `gloo_utils::format::JsValueSerdeExt` instead
[INFO] [stdout]    --> src/lib.rs:321:66
[INFO] [stdout]     |
[INFO] [stdout] 321 |     let price_1mt_token: Price = request(options).await.unwrap().into_serde().unwrap();
[INFO] [stdout]     |                                                                  ^^^^^^^^^^
[INFO] [stdout]     |
[INFO] [stdout]     = note: `#[warn(deprecated)]` on by default
[INFO] [stdout] 
[INFO] [stdout] 
[INFO] [stdout] warning: use of deprecated method `wasm_bindgen::JsValue::into_serde`: causes dependency cycles, use `serde-wasm-bindgen` or `gloo_utils::format::JsValueSerdeExt` instead
[INFO] [stdout]   --> src/error_handler.rs:22:49
[INFO] [stdout]    |
[INFO] [stdout] 22 |         let request_error: RequestError = value.into_serde().unwrap();
[INFO] [stdout]    |                                                 ^^^^^^^^^^
[INFO] [stdout] 
[INFO] [stdout] 
[INFO] [stdout] warning: 2 warnings emitted
[INFO] [stdout] 
[INFO] [stdout] 
[INFO] [stderr]     Finished test [unoptimized + debuginfo] target(s) in 0.87s
[INFO] running `Command { std: "docker" "inspect" "bd9707975d4e4a9d08fbb0db2425b2736e4a7ca196bbf0f08c8f3c46765037ed", kill_on_drop: false }`
[INFO] running `Command { std: "docker" "rm" "-f" "bd9707975d4e4a9d08fbb0db2425b2736e4a7ca196bbf0f08c8f3c46765037ed", kill_on_drop: false }`
[INFO] [stdout] bd9707975d4e4a9d08fbb0db2425b2736e4a7ca196bbf0f08c8f3c46765037ed
[INFO] running `Command { std: "docker" "create" "-v" "/var/lib/crater-agent-workspace/builds/worker-6-tc1/target:/opt/rustwide/target:rw,Z" "-v" "/var/lib/crater-agent-workspace/builds/worker-6-tc1/source:/opt/rustwide/workdir:ro,Z" "-v" "/var/lib/crater-agent-workspace/cargo-home:/opt/rustwide/cargo-home:ro,Z" "-v" "/var/lib/crater-agent-workspace/rustup-home:/opt/rustwide/rustup-home:ro,Z" "-e" "SOURCE_DIR=/opt/rustwide/workdir" "-e" "CARGO_TARGET_DIR=/opt/rustwide/target" "-e" "CARGO_INCREMENTAL=0" "-e" "RUST_BACKTRACE=full" "-e" "RUSTFLAGS=--cap-lints=warn" "-e" "RUSTDOCFLAGS=--cap-lints=warn" "-e" "CARGO_HOME=/opt/rustwide/cargo-home" "-e" "RUSTUP_HOME=/opt/rustwide/rustup-home" "-w" "/opt/rustwide/workdir" "-m" "1610612736" "--user" "0:0" "--network" "none" "ghcr.io/rust-lang/crates-build-env/linux@sha256:5ff2268d62e97bff2cde7d5815dd6ed5b47097566f13b8d0ca110b04b60e07ed" "/opt/rustwide/cargo-home/bin/cargo" "+1.69.0" "test" "--frozen", kill_on_drop: false }`
[INFO] [stdout] 8579e1b8541fb3f849696934d9f8d15f146aa2f8e95b5b7e4731323b3e39e605
[INFO] running `Command { std: "docker" "start" "-a" "8579e1b8541fb3f849696934d9f8d15f146aa2f8e95b5b7e4731323b3e39e605", kill_on_drop: false }`
[INFO] [stderr] warning: use of deprecated method `wasm_bindgen::JsValue::into_serde`: causes dependency cycles, use `serde-wasm-bindgen` or `gloo_utils::format::JsValueSerdeExt` instead
[INFO] [stderr]    --> src/lib.rs:321:66
[INFO] [stderr]     |
[INFO] [stderr] 321 |     let price_1mt_token: Price = request(options).await.unwrap().into_serde().unwrap();
[INFO] [stderr]     |                                                                  ^^^^^^^^^^
[INFO] [stderr]     |
[INFO] [stderr]     = note: `#[warn(deprecated)]` on by default
[INFO] [stderr] 
[INFO] [stderr] warning: use of deprecated method `wasm_bindgen::JsValue::into_serde`: causes dependency cycles, use `serde-wasm-bindgen` or `gloo_utils::format::JsValueSerdeExt` instead
[INFO] [stderr]   --> src/error_handler.rs:22:49
[INFO] [stderr]    |
[INFO] [stderr] 22 |         let request_error: RequestError = value.into_serde().unwrap();
[INFO] [stderr]    |                                                 ^^^^^^^^^^
[INFO] [stderr] 
[INFO] [stderr] warning: `wasm_request` (lib) generated 2 warnings
[INFO] [stderr] warning: `wasm_request` (lib test) generated 2 warnings (2 duplicates)
[INFO] [stderr]     Finished test [unoptimized + debuginfo] target(s) in 0.10s
[INFO] [stderr]      Running unittests src/lib.rs (/opt/rustwide/target/debug/deps/wasm_request-b2959b4960bd7166)
[INFO] [stdout] 
[INFO] [stdout] running 0 tests
[INFO] [stdout] 
[INFO] [stdout] test result: ok. 0 passed; 0 failed; 0 ignored; 0 measured; 0 filtered out; finished in 0.00s
[INFO] [stdout] 
[INFO] [stderr]    Doc-tests wasm_request
[INFO] [stdout] 
[INFO] [stdout] running 6 tests
[INFO] [stdout] test src/lib.rs - (line 103) ... FAILED
[INFO] [stdout] test src/lib.rs - get_options (line 240) ... FAILED
[INFO] [stdout] test src/lib.rs - request (line 177) ... FAILED
[INFO] [stdout] test src/lib.rs - (line 17) ... FAILED
[INFO] [stdout] test src/lib.rs - (line 78) ... FAILED
[INFO] [stdout] test src/lib.rs - (line 49) ... FAILED
[INFO] [stdout] 
[INFO] [stdout] failures:
[INFO] [stdout] 
[INFO] [stdout] ---- src/lib.rs - (line 103) stdout ----
[INFO] [stdout] error[E0425]: cannot find function `set_storage` in this scope
[INFO] [stdout]  --> src/lib.rs:104:1
[INFO] [stdout]   |
[INFO] [stdout] 3 | set_storage("food", "ramen");
[INFO] [stdout]   | ^^^^^^^^^^^ not found in this scope
[INFO] [stdout]   |
[INFO] [stdout] help: consider importing this function
[INFO] [stdout]   |
[INFO] [stdout] 2 | use wasm_request::set_storage;
[INFO] [stdout]   |
[INFO] [stdout] 
[INFO] [stdout] error[E0425]: cannot find function `get_storage` in this scope
[INFO] [stdout]  --> src/lib.rs:105:12
[INFO] [stdout]   |
[INFO] [stdout] 4 | let food = get_storage("food").unwrap();
[INFO] [stdout]   |            ^^^^^^^^^^^ not found in this scope
[INFO] [stdout]   |
[INFO] [stdout] help: consider importing this function
[INFO] [stdout]   |
[INFO] [stdout] 2 | use wasm_request::get_storage;
[INFO] [stdout]   |
[INFO] [stdout] 
[INFO] [stdout] error[E0425]: cannot find function `delete_storage` in this scope
[INFO] [stdout]  --> src/lib.rs:106:1
[INFO] [stdout]   |
[INFO] [stdout] 5 | delete_storage("food");
[INFO] [stdout]   | ^^^^^^^^^^^^^^ not found in this scope
[INFO] [stdout]   |
[INFO] [stdout] help: consider importing this function
[INFO] [stdout]   |
[INFO] [stdout] 2 | use wasm_request::delete_storage;
[INFO] [stdout]   |
[INFO] [stdout] 
[INFO] [stdout] error: aborting due to 3 previous errors
[INFO] [stdout] 
[INFO] [stdout] For more information about this error, try `rustc --explain E0425`.
[INFO] [stdout] Couldn't compile the test.
[INFO] [stdout] ---- src/lib.rs - get_options (line 240) stdout ----
[INFO] [stdout] error[E0433]: failed to resolve: use of undeclared type `Method`
[INFO] [stdout]  --> src/lib.rs:243:8
[INFO] [stdout]   |
[INFO] [stdout] 5 |        Method::Get,
[INFO] [stdout]   |        ^^^^^^ use of undeclared type `Method`
[INFO] [stdout] 
[INFO] [stdout] error[E0425]: cannot find function `get_options` in this scope
[INFO] [stdout]  --> src/lib.rs:241:15
[INFO] [stdout]   |
[INFO] [stdout] 3 | let options = get_options::<()>(
[INFO] [stdout]   |               ^^^^^^^^^^^ not found in this scope
[INFO] [stdout]   |
[INFO] [stdout] help: consider importing this function
[INFO] [stdout]   |
[INFO] [stdout] 2 | use wasm_request::get_options;
[INFO] [stdout]   |
[INFO] [stdout] 
[INFO] [stdout] error[E0425]: cannot find value `headers` in this scope
[INFO] [stdout]  --> src/lib.rs:244:8
[INFO] [stdout]   |
[INFO] [stdout] 6 |        headers,
[INFO] [stdout]   |        ^^^^^^^ not found in this scope
[INFO] [stdout] 
[INFO] [stdout] error[E0433]: failed to resolve: use of undeclared type `DataType`
[INFO] [stdout]  --> src/lib.rs:245:13
[INFO] [stdout]   |
[INFO] [stdout] 7 |        Some(DataType::Form(form)),
[INFO] [stdout]   |             ^^^^^^^^ use of undeclared type `DataType`
[INFO] [stdout]   |
[INFO] [stdout] help: consider importing this enum
[INFO] [stdout]   |
[INFO] [stdout] 2 | use wasm_request::DataType;
[INFO] [stdout]   |
[INFO] [stdout] 
[INFO] [stdout] error[E0425]: cannot find value `form` in this scope
[INFO] [stdout]  --> src/lib.rs:245:28
[INFO] [stdout]   |
[INFO] [stdout] 7 |        Some(DataType::Form(form)),
[INFO] [stdout]   |                            ^^^^ not found in this scope
[INFO] [stdout] 
[INFO] [stdout] error: aborting due to 5 previous errors
[INFO] [stdout] 
[INFO] [stdout] Some errors have detailed explanations: E0425, E0433.
[INFO] [stdout] For more information about an error, try `rustc --explain E0425`.
[INFO] [stdout] Couldn't compile the test.
[INFO] [stdout] ---- src/lib.rs - request (line 177) stdout ----
[INFO] [stdout] error[E0412]: cannot find type `Price` in this scope
[INFO] [stdout]  --> src/lib.rs:178:22
[INFO] [stdout]   |
[INFO] [stdout] 3 | let price_1mt_token: Price = request(options).await.unwrap().into_serde().unwrap();
[INFO] [stdout]   |                      ^^^^^ not found in this scope
[INFO] [stdout] 
[INFO] [stdout] error[E0425]: cannot find function `request` in this scope
[INFO] [stdout]  --> src/lib.rs:178:30
[INFO] [stdout]   |
[INFO] [stdout] 3 | let price_1mt_token: Price = request(options).await.unwrap().into_serde().unwrap();
[INFO] [stdout]   |                              ^^^^^^^ not found in this scope
[INFO] [stdout]   |
[INFO] [stdout] help: consider importing this function
[INFO] [stdout]   |
[INFO] [stdout] 2 | use wasm_request::request;
[INFO] [stdout]   |
[INFO] [stdout] 
[INFO] [stdout] error[E0425]: cannot find value `options` in this scope
[INFO] [stdout]  --> src/lib.rs:178:38
[INFO] [stdout]   |
[INFO] [stdout] 3 | let price_1mt_token: Price = request(options).await.unwrap().into_serde().unwrap();
[INFO] [stdout]   |                                      ^^^^^^^ not found in this scope
[INFO] [stdout] 
[INFO] [stdout] error[E0728]: `await` is only allowed inside `async` functions and blocks
[INFO] [stdout]  --> src/lib.rs:178:46
[INFO] [stdout]   |
[INFO] [stdout] 2 | fn main() { #[allow(non_snake_case)] fn _doctest_main_src_lib_rs_177_0() {
[INFO] [stdout]   |                                         ------------------------------ this is not `async`
[INFO] [stdout] 3 | let price_1mt_token: Price = request(options).await.unwrap().into_serde().unwrap();
[INFO] [stdout]   |                                              ^^^^^^ only allowed inside `async` functions and blocks
[INFO] [stdout] 
[INFO] [stdout] error: aborting due to 4 previous errors
[INFO] [stdout] 
[INFO] [stdout] Some errors have detailed explanations: E0412, E0425, E0728.
[INFO] [stdout] For more information about an error, try `rustc --explain E0412`.
[INFO] [stdout] Couldn't compile the test.
[INFO] [stdout] ---- src/lib.rs - (line 17) stdout ----
[INFO] [stdout] error: cannot find derive macro `Serialize` in this scope
[INFO] [stdout]   --> src/lib.rs:28:10
[INFO] [stdout]    |
[INFO] [stdout] 13 | #[derive(Serialize, Deserialize, Debug, Clone)]
[INFO] [stdout]    |          ^^^^^^^^^
[INFO] [stdout]    |
[INFO] [stdout]    = help: consider importing this derive macro:
[INFO] [stdout]            serde_derive::Serialize
[INFO] [stdout] 
[INFO] [stdout] error: cannot find derive macro `Deserialize` in this scope
[INFO] [stdout]   --> src/lib.rs:28:21
[INFO] [stdout]    |
[INFO] [stdout] 13 | #[derive(Serialize, Deserialize, Debug, Clone)]
[INFO] [stdout]    |                     ^^^^^^^^^^^
[INFO] [stdout]    |
[INFO] [stdout]    = help: consider importing this derive macro:
[INFO] [stdout]            serde_derive::Deserialize
[INFO] [stdout] 
[INFO] [stdout] error: cannot find derive macro `Serialize` in this scope
[INFO] [stdout]  --> src/lib.rs:23:10
[INFO] [stdout]   |
[INFO] [stdout] 8 | #[derive(Serialize, Deserialize, Debug, Clone)]
[INFO] [stdout]   |          ^^^^^^^^^
[INFO] [stdout]   |
[INFO] [stdout]   = help: consider importing this derive macro:
[INFO] [stdout]           serde_derive::Serialize
[INFO] [stdout] 
[INFO] [stdout] error: cannot find derive macro `Deserialize` in this scope
[INFO] [stdout]  --> src/lib.rs:23:21
[INFO] [stdout]   |
[INFO] [stdout] 8 | #[derive(Serialize, Deserialize, Debug, Clone)]
[INFO] [stdout]   |                     ^^^^^^^^^^^
[INFO] [stdout]   |
[INFO] [stdout]   = help: consider importing this derive macro:
[INFO] [stdout]           serde_derive::Deserialize
[INFO] [stdout] 
[INFO] [stdout] error: cannot find derive macro `Serialize` in this scope
[INFO] [stdout]  --> src/lib.rs:18:10
[INFO] [stdout]   |
[INFO] [stdout] 3 | #[derive(Serialize, Deserialize, Debug, Clone)]
[INFO] [stdout]   |          ^^^^^^^^^
[INFO] [stdout]   |
[INFO] [stdout]   = help: consider importing this derive macro:
[INFO] [stdout]           serde_derive::Serialize
[INFO] [stdout] 
[INFO] [stdout] error: cannot find derive macro `Deserialize` in this scope
[INFO] [stdout]  --> src/lib.rs:18:21
[INFO] [stdout]   |
[INFO] [stdout] 3 | #[derive(Serialize, Deserialize, Debug, Clone)]
[INFO] [stdout]   |                     ^^^^^^^^^^^
[INFO] [stdout]   |
[INFO] [stdout]   = help: consider importing this derive macro:
[INFO] [stdout]           serde_derive::Deserialize
[INFO] [stdout] 
[INFO] [stdout] error[E0433]: failed to resolve: use of undeclared type `Method`
[INFO] [stdout]   --> src/lib.rs:36:9
[INFO] [stdout]    |
[INFO] [stdout] 21 |         Method::Get,
[INFO] [stdout]    |         ^^^^^^ use of undeclared type `Method`
[INFO] [stdout] 
[INFO] [stdout] error[E0425]: cannot find function `get_options` in this scope
[INFO] [stdout]   --> src/lib.rs:34:19
[INFO] [stdout]    |
[INFO] [stdout] 19 |     let options = get_options::<Price>(
[INFO] [stdout]    |                   ^^^^^^^^^^^ not found in this scope
[INFO] [stdout]    |
[INFO] [stdout] help: consider importing this function
[INFO] [stdout]    |
[INFO] [stdout] 2  | use wasm_request::get_options;
[INFO] [stdout]    |
[INFO] [stdout] 
[INFO] [stdout] error[E0425]: cannot find function `request` in this scope
[INFO] [stdout]   --> src/lib.rs:41:34
[INFO] [stdout]    |
[INFO] [stdout] 26 |     let price_1mt_token: Price = request(options).await.unwrap().into_serde().unwrap();
[INFO] [stdout]    |                                  ^^^^^^^ not found in this scope
[INFO] [stdout]    |
[INFO] [stdout] help: consider importing this function
[INFO] [stdout]    |
[INFO] [stdout] 2  | use wasm_request::request;
[INFO] [stdout]    |
[INFO] [stdout] 
[INFO] [stdout] error: aborting due to 9 previous errors
[INFO] [stdout] 
[INFO] [stdout] Some errors have detailed explanations: E0425, E0433.
[INFO] [stdout] For more information about an error, try `rustc --explain E0425`.
[INFO] [stdout] Couldn't compile the test.
[INFO] [stdout] ---- src/lib.rs - (line 78) stdout ----
[INFO] [stdout] error[E0599]: no variant or associated item named `Post` found for enum `Method` in the current scope
[INFO] [stdout]   --> src/lib.rs:92:13
[INFO] [stdout]    |
[INFO] [stdout] 17 |     Method::Post,
[INFO] [stdout]    |             ^^^^
[INFO] [stdout]    |             |
[INFO] [stdout]    |             variant or associated item not found in `Method`
[INFO] [stdout]    |             help: there is a variant with a similar name: `POST`
[INFO] [stdout] 
[INFO] [stdout] warning: use of deprecated method `wasm_bindgen::JsValue::into_serde`: causes dependency cycles, use `serde-wasm-bindgen` or `gloo_utils::format::JsValueSerdeExt` instead
[INFO] [stdout]   --> src/lib.rs:97:35
[INFO] [stdout]    |
[INFO] [stdout] 22 |   request(options).await.unwrap().into_serde().unwrap();
[INFO] [stdout]    |                                   ^^^^^^^^^^
[INFO] [stdout]    |
[INFO] [stdout]    = note: `#[warn(deprecated)]` on by default
[INFO] [stdout] 
[INFO] [stdout] error: aborting due to previous error; 1 warning emitted
[INFO] [stdout] 
[INFO] [stdout] For more information about this error, try `rustc --explain E0599`.
[INFO] [stdout] Couldn't compile the test.
[INFO] [stdout] ---- src/lib.rs - (line 49) stdout ----
[INFO] [stdout] error: expected `;`, found keyword `let`
[INFO] [stdout]   --> src/lib.rs:63:4
[INFO] [stdout]    |
[INFO] [stdout] 17 |   }
[INFO] [stdout]    |    ^ help: add `;` here
[INFO] [stdout] 18 |
[INFO] [stdout] 19 |   let options = get_options::<User>(
[INFO] [stdout]    |   --- unexpected token
[INFO] [stdout] 
[INFO] [stdout] error: cannot find derive macro `Serialize` in this scope
[INFO] [stdout]  --> src/lib.rs:52:10
[INFO] [stdout]   |
[INFO] [stdout] 6 | #[derive(Serialize, Deserialize, Debug)]
[INFO] [stdout]   |          ^^^^^^^^^
[INFO] [stdout]   |
[INFO] [stdout]   = help: consider importing this derive macro:
[INFO] [stdout]           serde_derive::Serialize
[INFO] [stdout] 
[INFO] [stdout] error: cannot find derive macro `Deserialize` in this scope
[INFO] [stdout]  --> src/lib.rs:52:21
[INFO] [stdout]   |
[INFO] [stdout] 6 | #[derive(Serialize, Deserialize, Debug)]
[INFO] [stdout]   |                     ^^^^^^^^^^^
[INFO] [stdout]   |
[INFO] [stdout]   = help: consider importing this derive macro:
[INFO] [stdout]           serde_derive::Deserialize
[INFO] [stdout] 
[INFO] [stdout] error[E0063]: missing field `username` in initializer of `User`
[INFO] [stdout]   --> src/lib.rs:60:14
[INFO] [stdout]    |
[INFO] [stdout] 14 |   let user = User {
[INFO] [stdout]    |              ^^^^ missing `username`
[INFO] [stdout] 
[INFO] [stdout] error[E0599]: no variant or associated item named `Post` found for enum `Method` in the current scope
[INFO] [stdout]   --> src/lib.rs:67:13
[INFO] [stdout]    |
[INFO] [stdout] 21 |     Method::Post,
[INFO] [stdout]    |             ^^^^
[INFO] [stdout]    |             |
[INFO] [stdout]    |             variant or associated item not found in `Method`
[INFO] [stdout]    |             help: there is a variant with a similar name: `POST`
[INFO] [stdout] 
[INFO] [stdout] error[E0277]: the trait bound `User: serde::ser::Serialize` is not satisfied
[INFO] [stdout]    --> src/lib.rs:69:5
[INFO] [stdout]     |
[INFO] [stdout] 19  |   let options = get_options::<User>(
[INFO] [stdout]     |                 ------------------- required by a bound introduced by this call
[INFO] [stdout] ...
[INFO] [stdout] 23  |     Some(DataType::Json(user)),
[INFO] [stdout]     |     ^^^^^^^^^^^^^^^^^^^^^^^^^^ the trait `serde::ser::Serialize` is not implemented for `User`
[INFO] [stdout]     |
[INFO] [stdout]     = help: the following other types implement trait `serde::ser::Serialize`:
[INFO] [stdout]               &'a T
[INFO] [stdout]               &'a mut T
[INFO] [stdout]               ()
[INFO] [stdout]               (T0, T1)
[INFO] [stdout]               (T0, T1, T2)
[INFO] [stdout]               (T0, T1, T2, T3)
[INFO] [stdout]               (T0, T1, T2, T3, T4)
[INFO] [stdout]               (T0, T1, T2, T3, T4, T5)
[INFO] [stdout]             and 128 others
[INFO] [stdout] note: required by a bound in `get_options`
[INFO] [stdout]    --> /opt/rustwide/workdir/src/lib.rs:255:8
[INFO] [stdout]     |
[INFO] [stdout] 255 |     T: Serialize,
[INFO] [stdout]     |        ^^^^^^^^^ required by this bound in `get_options`
[INFO] [stdout] 
[INFO] [stdout] warning: use of deprecated method `wasm_bindgen::JsValue::into_serde`: causes dependency cycles, use `serde-wasm-bindgen` or `gloo_utils::format::JsValueSerdeExt` instead
[INFO] [stdout]   --> src/lib.rs:72:35
[INFO] [stdout]    |
[INFO] [stdout] 26 |   request(options).await.unwrap().into_serde().unwrap();
[INFO] [stdout]    |                                   ^^^^^^^^^^
[INFO] [stdout]    |
[INFO] [stdout]    = note: `#[warn(deprecated)]` on by default
[INFO] [stdout] 
[INFO] [stdout] error: aborting due to 6 previous errors; 1 warning emitted
[INFO] [stdout] 
[INFO] [stdout] Some errors have detailed explanations: E0063, E0277, E0599.
[INFO] [stdout] For more information about an error, try `rustc --explain E0063`.
[INFO] [stdout] Couldn't compile the test.
[INFO] [stdout] 
[INFO] [stdout] failures:
[INFO] [stdout]     src/lib.rs - (line 103)
[INFO] [stdout]     src/lib.rs - (line 17)
[INFO] [stdout]     src/lib.rs - (line 49)
[INFO] [stdout]     src/lib.rs - (line 78)
[INFO] [stdout]     src/lib.rs - get_options (line 240)
[INFO] [stdout]     src/lib.rs - request (line 177)
[INFO] [stdout] 
[INFO] [stdout] test result: FAILED. 0 passed; 6 failed; 0 ignored; 0 measured; 0 filtered out; finished in 0.20s
[INFO] [stdout] 
[INFO] [stderr] error: doctest failed, to rerun pass `--doc`
[INFO] running `Command { std: "docker" "inspect" "8579e1b8541fb3f849696934d9f8d15f146aa2f8e95b5b7e4731323b3e39e605", kill_on_drop: false }`
[INFO] running `Command { std: "docker" "rm" "-f" "8579e1b8541fb3f849696934d9f8d15f146aa2f8e95b5b7e4731323b3e39e605", kill_on_drop: false }`
[INFO] [stdout] 8579e1b8541fb3f849696934d9f8d15f146aa2f8e95b5b7e4731323b3e39e605
