[INFO] fetching crate wallpaper 3.2.0...
[INFO] testing wallpaper-3.2.0 against 1.69.0 for beta-1.70-1
[INFO] extracting crate wallpaper 3.2.0 into /workspace/builds/worker-6-tc1/source
[INFO] validating manifest of crates.io crate wallpaper 3.2.0 on toolchain 1.69.0
[INFO] running `Command { std: CARGO_HOME="/workspace/cargo-home" RUSTUP_HOME="/workspace/rustup-home" "/workspace/cargo-home/bin/cargo" "+1.69.0" "metadata" "--manifest-path" "Cargo.toml" "--no-deps", kill_on_drop: false }`
[INFO] started tweaking crates.io crate wallpaper 3.2.0
[INFO] finished tweaking crates.io crate wallpaper 3.2.0
[INFO] tweaked toml for crates.io crate wallpaper 3.2.0 written to /workspace/builds/worker-6-tc1/source/Cargo.toml
[INFO] running `Command { std: CARGO_HOME="/workspace/cargo-home" RUSTUP_HOME="/workspace/rustup-home" __CARGO_TEST_CHANNEL_OVERRIDE_DO_NOT_USE_THIS="nightly" "/workspace/cargo-home/bin/cargo" "+1.69.0" "generate-lockfile" "--manifest-path" "Cargo.toml" "-Zno-index-update", kill_on_drop: false }`
[INFO] running `Command { std: CARGO_HOME="/workspace/cargo-home" RUSTUP_HOME="/workspace/rustup-home" "/workspace/cargo-home/bin/cargo" "+1.69.0" "fetch" "--manifest-path" "Cargo.toml", kill_on_drop: false }`
[INFO] [stderr]  Downloading crates ...
[INFO] [stderr]   Downloaded rust-ini v0.12.2
[INFO] [stderr]   Downloaded winreg v0.9.0
[INFO] running `Command { std: "docker" "create" "-v" "/var/lib/crater-agent-workspace/builds/worker-6-tc1/target:/opt/rustwide/target:rw,Z" "-v" "/var/lib/crater-agent-workspace/builds/worker-6-tc1/source:/opt/rustwide/workdir:ro,Z" "-v" "/var/lib/crater-agent-workspace/cargo-home:/opt/rustwide/cargo-home:ro,Z" "-v" "/var/lib/crater-agent-workspace/rustup-home:/opt/rustwide/rustup-home:ro,Z" "-e" "SOURCE_DIR=/opt/rustwide/workdir" "-e" "CARGO_TARGET_DIR=/opt/rustwide/target" "-e" "CARGO_HOME=/opt/rustwide/cargo-home" "-e" "RUSTUP_HOME=/opt/rustwide/rustup-home" "-w" "/opt/rustwide/workdir" "-m" "1610612736" "--user" "0:0" "--network" "none" "ghcr.io/rust-lang/crates-build-env/linux@sha256:5ff2268d62e97bff2cde7d5815dd6ed5b47097566f13b8d0ca110b04b60e07ed" "/opt/rustwide/cargo-home/bin/cargo" "+1.69.0" "metadata" "--no-deps" "--format-version=1", kill_on_drop: false }`
[INFO] [stdout] 0bd4f793789e8a2e2ac30a9e5f0021d5160d7f04385365f3545c3c64c7b722c4
[INFO] running `Command { std: "docker" "start" "-a" "0bd4f793789e8a2e2ac30a9e5f0021d5160d7f04385365f3545c3c64c7b722c4", kill_on_drop: false }`
[INFO] running `Command { std: "docker" "inspect" "0bd4f793789e8a2e2ac30a9e5f0021d5160d7f04385365f3545c3c64c7b722c4", kill_on_drop: false }`
[INFO] running `Command { std: "docker" "rm" "-f" "0bd4f793789e8a2e2ac30a9e5f0021d5160d7f04385365f3545c3c64c7b722c4", kill_on_drop: false }`
[INFO] [stdout] 0bd4f793789e8a2e2ac30a9e5f0021d5160d7f04385365f3545c3c64c7b722c4
[INFO] running `Command { std: "docker" "create" "-v" "/var/lib/crater-agent-workspace/builds/worker-6-tc1/target:/opt/rustwide/target:rw,Z" "-v" "/var/lib/crater-agent-workspace/builds/worker-6-tc1/source:/opt/rustwide/workdir:ro,Z" "-v" "/var/lib/crater-agent-workspace/cargo-home:/opt/rustwide/cargo-home:ro,Z" "-v" "/var/lib/crater-agent-workspace/rustup-home:/opt/rustwide/rustup-home:ro,Z" "-e" "SOURCE_DIR=/opt/rustwide/workdir" "-e" "CARGO_TARGET_DIR=/opt/rustwide/target" "-e" "CARGO_INCREMENTAL=0" "-e" "RUST_BACKTRACE=full" "-e" "RUSTFLAGS=--cap-lints=warn" "-e" "RUSTDOCFLAGS=--cap-lints=warn" "-e" "CARGO_HOME=/opt/rustwide/cargo-home" "-e" "RUSTUP_HOME=/opt/rustwide/rustup-home" "-w" "/opt/rustwide/workdir" "-m" "1610612736" "--user" "0:0" "--network" "none" "ghcr.io/rust-lang/crates-build-env/linux@sha256:5ff2268d62e97bff2cde7d5815dd6ed5b47097566f13b8d0ca110b04b60e07ed" "/opt/rustwide/cargo-home/bin/cargo" "+1.69.0" "build" "--frozen" "--message-format=json", kill_on_drop: false }`
[INFO] [stdout] 70ced9cf0725ce0ee15ff5e6070f6ab7346c3ea89ce8b1a16aa173cf66e7f069
[INFO] running `Command { std: "docker" "start" "-a" "70ced9cf0725ce0ee15ff5e6070f6ab7346c3ea89ce8b1a16aa173cf66e7f069", kill_on_drop: false }`
[INFO] [stderr]    Compiling proc-macro2 v1.0.56
[INFO] [stderr]    Compiling unicode-ident v1.0.8
[INFO] [stderr]    Compiling quote v1.0.26
[INFO] [stderr]    Compiling thiserror v1.0.40
[INFO] [stderr]    Compiling rust-ini v0.12.2
[INFO] [stderr]    Compiling dirs v1.0.5
[INFO] [stderr]    Compiling syn v2.0.15
[INFO] [stderr]    Compiling thiserror-impl v1.0.40
[INFO] [stderr]    Compiling enquote v1.1.0
[INFO] [stderr]    Compiling wallpaper v3.2.0 (/opt/rustwide/workdir)
[INFO] [stderr]     Finished dev [unoptimized + debuginfo] target(s) in 7.19s
[INFO] running `Command { std: "docker" "inspect" "70ced9cf0725ce0ee15ff5e6070f6ab7346c3ea89ce8b1a16aa173cf66e7f069", kill_on_drop: false }`
[INFO] running `Command { std: "docker" "rm" "-f" "70ced9cf0725ce0ee15ff5e6070f6ab7346c3ea89ce8b1a16aa173cf66e7f069", kill_on_drop: false }`
[INFO] [stdout] 70ced9cf0725ce0ee15ff5e6070f6ab7346c3ea89ce8b1a16aa173cf66e7f069
[INFO] running `Command { std: "docker" "create" "-v" "/var/lib/crater-agent-workspace/builds/worker-6-tc1/target:/opt/rustwide/target:rw,Z" "-v" "/var/lib/crater-agent-workspace/builds/worker-6-tc1/source:/opt/rustwide/workdir:ro,Z" "-v" "/var/lib/crater-agent-workspace/cargo-home:/opt/rustwide/cargo-home:ro,Z" "-v" "/var/lib/crater-agent-workspace/rustup-home:/opt/rustwide/rustup-home:ro,Z" "-e" "SOURCE_DIR=/opt/rustwide/workdir" "-e" "CARGO_TARGET_DIR=/opt/rustwide/target" "-e" "CARGO_INCREMENTAL=0" "-e" "RUST_BACKTRACE=full" "-e" "RUSTFLAGS=--cap-lints=warn" "-e" "RUSTDOCFLAGS=--cap-lints=warn" "-e" "CARGO_HOME=/opt/rustwide/cargo-home" "-e" "RUSTUP_HOME=/opt/rustwide/rustup-home" "-w" "/opt/rustwide/workdir" "-m" "1610612736" "--user" "0:0" "--network" "none" "ghcr.io/rust-lang/crates-build-env/linux@sha256:5ff2268d62e97bff2cde7d5815dd6ed5b47097566f13b8d0ca110b04b60e07ed" "/opt/rustwide/cargo-home/bin/cargo" "+1.69.0" "test" "--frozen" "--no-run" "--message-format=json", kill_on_drop: false }`
[INFO] [stdout] a36ec04d63bac5e699902e65ae02610778298343acc2117f2a9b0f60aae5e6b4
[INFO] running `Command { std: "docker" "start" "-a" "a36ec04d63bac5e699902e65ae02610778298343acc2117f2a9b0f60aae5e6b4", kill_on_drop: false }`
[INFO] [stderr]    Compiling wallpaper v3.2.0 (/opt/rustwide/workdir)
[INFO] [stderr]     Finished test [unoptimized + debuginfo] target(s) in 0.33s
[INFO] running `Command { std: "docker" "inspect" "a36ec04d63bac5e699902e65ae02610778298343acc2117f2a9b0f60aae5e6b4", kill_on_drop: false }`
[INFO] running `Command { std: "docker" "rm" "-f" "a36ec04d63bac5e699902e65ae02610778298343acc2117f2a9b0f60aae5e6b4", kill_on_drop: false }`
[INFO] [stdout] a36ec04d63bac5e699902e65ae02610778298343acc2117f2a9b0f60aae5e6b4
[INFO] running `Command { std: "docker" "create" "-v" "/var/lib/crater-agent-workspace/builds/worker-6-tc1/target:/opt/rustwide/target:rw,Z" "-v" "/var/lib/crater-agent-workspace/builds/worker-6-tc1/source:/opt/rustwide/workdir:ro,Z" "-v" "/var/lib/crater-agent-workspace/cargo-home:/opt/rustwide/cargo-home:ro,Z" "-v" "/var/lib/crater-agent-workspace/rustup-home:/opt/rustwide/rustup-home:ro,Z" "-e" "SOURCE_DIR=/opt/rustwide/workdir" "-e" "CARGO_TARGET_DIR=/opt/rustwide/target" "-e" "CARGO_INCREMENTAL=0" "-e" "RUST_BACKTRACE=full" "-e" "RUSTFLAGS=--cap-lints=warn" "-e" "RUSTDOCFLAGS=--cap-lints=warn" "-e" "CARGO_HOME=/opt/rustwide/cargo-home" "-e" "RUSTUP_HOME=/opt/rustwide/rustup-home" "-w" "/opt/rustwide/workdir" "-m" "1610612736" "--user" "0:0" "--network" "none" "ghcr.io/rust-lang/crates-build-env/linux@sha256:5ff2268d62e97bff2cde7d5815dd6ed5b47097566f13b8d0ca110b04b60e07ed" "/opt/rustwide/cargo-home/bin/cargo" "+1.69.0" "test" "--frozen", kill_on_drop: false }`
[INFO] [stdout] dee6e3abc6d1f39156dbf5f363afe43fec86167a005db9b88403e79867613e21
[INFO] running `Command { std: "docker" "start" "-a" "dee6e3abc6d1f39156dbf5f363afe43fec86167a005db9b88403e79867613e21", kill_on_drop: false }`
[INFO] [stderr]     Finished test [unoptimized + debuginfo] target(s) in 0.05s
[INFO] [stderr]      Running unittests src/lib.rs (/opt/rustwide/target/debug/deps/wallpaper-be8aa34fb6a20017)
[INFO] [stdout] 
[INFO] [stdout] running 0 tests
[INFO] [stdout] 
[INFO] [stdout] test result: ok. 0 passed; 0 failed; 0 ignored; 0 measured; 0 filtered out; finished in 0.00s
[INFO] [stdout] 
[INFO] [stderr]    Doc-tests wallpaper
[INFO] [stdout] 
[INFO] [stdout] running 1 test
[INFO] [stdout] test src/lib.rs - (line 19) ... FAILED
[INFO] [stdout] 
[INFO] [stdout] failures:
[INFO] [stdout] 
[INFO] [stdout] ---- src/lib.rs - (line 19) stdout ----
[INFO] [stdout] error[E0254]: the name `wallpaper` is defined multiple times
[INFO] [stdout]  --> src/lib.rs:20:5
[INFO] [stdout]   |
[INFO] [stdout] 2 | extern crate r#wallpaper;
[INFO] [stdout]   | ------------------------- previous import of the extern crate `wallpaper` here
[INFO] [stdout] 3 | use wallpaper;
[INFO] [stdout]   |     ^^^^^^^^^ `wallpaper` reimported here
[INFO] [stdout]   |
[INFO] [stdout]   = note: `wallpaper` must be defined only once in the type namespace of this module
[INFO] [stdout] 
[INFO] [stdout] error: aborting due to previous error
[INFO] [stdout] 
[INFO] [stdout] For more information about this error, try `rustc --explain E0254`.
[INFO] [stdout] Couldn't compile the test.
[INFO] [stdout] 
[INFO] [stdout] failures:
[INFO] [stdout]     src/lib.rs - (line 19)
[INFO] [stdout] 
[INFO] [stdout] test result: FAILED. 0 passed; 1 failed; 0 ignored; 0 measured; 0 filtered out; finished in 0.03s
[INFO] [stdout] 
[INFO] [stderr] error: doctest failed, to rerun pass `--doc`
[INFO] running `Command { std: "docker" "inspect" "dee6e3abc6d1f39156dbf5f363afe43fec86167a005db9b88403e79867613e21", kill_on_drop: false }`
[INFO] running `Command { std: "docker" "rm" "-f" "dee6e3abc6d1f39156dbf5f363afe43fec86167a005db9b88403e79867613e21", kill_on_drop: false }`
[INFO] [stdout] dee6e3abc6d1f39156dbf5f363afe43fec86167a005db9b88403e79867613e21
