[INFO] fetching crate wake-on-lan 0.2.0...
[INFO] testing wake-on-lan-0.2.0 against beta-2023-04-20 for beta-1.70-1
[INFO] extracting crate wake-on-lan 0.2.0 into /workspace/builds/worker-4-tc2/source
[INFO] validating manifest of crates.io crate wake-on-lan 0.2.0 on toolchain beta-2023-04-20
[INFO] running `Command { std: CARGO_HOME="/workspace/cargo-home" RUSTUP_HOME="/workspace/rustup-home" "/workspace/cargo-home/bin/cargo" "+beta-2023-04-20" "metadata" "--manifest-path" "Cargo.toml" "--no-deps", kill_on_drop: false }`
[INFO] started tweaking crates.io crate wake-on-lan 0.2.0
[INFO] finished tweaking crates.io crate wake-on-lan 0.2.0
[INFO] tweaked toml for crates.io crate wake-on-lan 0.2.0 written to /workspace/builds/worker-4-tc2/source/Cargo.toml
[INFO] running `Command { std: CARGO_HOME="/workspace/cargo-home" RUSTUP_HOME="/workspace/rustup-home" __CARGO_TEST_CHANNEL_OVERRIDE_DO_NOT_USE_THIS="nightly" "/workspace/cargo-home/bin/cargo" "+beta-2023-04-20" "generate-lockfile" "--manifest-path" "Cargo.toml" "-Zno-index-update", kill_on_drop: false }`
[INFO] running `Command { std: CARGO_HOME="/workspace/cargo-home" RUSTUP_HOME="/workspace/rustup-home" "/workspace/cargo-home/bin/cargo" "+beta-2023-04-20" "fetch" "--manifest-path" "Cargo.toml", kill_on_drop: false }`
[INFO] running `Command { std: "docker" "create" "-v" "/var/lib/crater-agent-workspace/builds/worker-4-tc2/target:/opt/rustwide/target:rw,Z" "-v" "/var/lib/crater-agent-workspace/builds/worker-4-tc2/source:/opt/rustwide/workdir:ro,Z" "-v" "/var/lib/crater-agent-workspace/cargo-home:/opt/rustwide/cargo-home:ro,Z" "-v" "/var/lib/crater-agent-workspace/rustup-home:/opt/rustwide/rustup-home:ro,Z" "-e" "SOURCE_DIR=/opt/rustwide/workdir" "-e" "CARGO_TARGET_DIR=/opt/rustwide/target" "-e" "CARGO_HOME=/opt/rustwide/cargo-home" "-e" "RUSTUP_HOME=/opt/rustwide/rustup-home" "-w" "/opt/rustwide/workdir" "-m" "1610612736" "--user" "0:0" "--network" "none" "ghcr.io/rust-lang/crates-build-env/linux@sha256:5ff2268d62e97bff2cde7d5815dd6ed5b47097566f13b8d0ca110b04b60e07ed" "/opt/rustwide/cargo-home/bin/cargo" "+beta-2023-04-20" "metadata" "--no-deps" "--format-version=1", kill_on_drop: false }`
[INFO] [stdout] c7cbd442ece528a1ba9710b21258165209981296fcd747e9aaa24474128eed8d
[INFO] running `Command { std: "docker" "start" "-a" "c7cbd442ece528a1ba9710b21258165209981296fcd747e9aaa24474128eed8d", kill_on_drop: false }`
[INFO] running `Command { std: "docker" "inspect" "c7cbd442ece528a1ba9710b21258165209981296fcd747e9aaa24474128eed8d", kill_on_drop: false }`
[INFO] running `Command { std: "docker" "rm" "-f" "c7cbd442ece528a1ba9710b21258165209981296fcd747e9aaa24474128eed8d", kill_on_drop: false }`
[INFO] [stdout] c7cbd442ece528a1ba9710b21258165209981296fcd747e9aaa24474128eed8d
[INFO] running `Command { std: "docker" "create" "-v" "/var/lib/crater-agent-workspace/builds/worker-4-tc2/target:/opt/rustwide/target:rw,Z" "-v" "/var/lib/crater-agent-workspace/builds/worker-4-tc2/source:/opt/rustwide/workdir:ro,Z" "-v" "/var/lib/crater-agent-workspace/cargo-home:/opt/rustwide/cargo-home:ro,Z" "-v" "/var/lib/crater-agent-workspace/rustup-home:/opt/rustwide/rustup-home:ro,Z" "-e" "SOURCE_DIR=/opt/rustwide/workdir" "-e" "CARGO_TARGET_DIR=/opt/rustwide/target" "-e" "CARGO_INCREMENTAL=0" "-e" "RUST_BACKTRACE=full" "-e" "RUSTFLAGS=--cap-lints=warn" "-e" "RUSTDOCFLAGS=--cap-lints=warn" "-e" "CARGO_HOME=/opt/rustwide/cargo-home" "-e" "RUSTUP_HOME=/opt/rustwide/rustup-home" "-w" "/opt/rustwide/workdir" "-m" "1610612736" "--user" "0:0" "--network" "none" "ghcr.io/rust-lang/crates-build-env/linux@sha256:5ff2268d62e97bff2cde7d5815dd6ed5b47097566f13b8d0ca110b04b60e07ed" "/opt/rustwide/cargo-home/bin/cargo" "+beta-2023-04-20" "build" "--frozen" "--message-format=json", kill_on_drop: false }`
[INFO] [stdout] d1ce888323ede819084a7ff7979b672b02ec51646c2fbc0566836516533eb533
[INFO] running `Command { std: "docker" "start" "-a" "d1ce888323ede819084a7ff7979b672b02ec51646c2fbc0566836516533eb533", kill_on_drop: false }`
[INFO] [stderr]    Compiling wake-on-lan v0.2.0 (/opt/rustwide/workdir)
[INFO] [stdout] warning: use of deprecated function `std::mem::uninitialized`: use `mem::MaybeUninit` instead
[INFO] [stdout]   --> src/lib.rs:36:37
[INFO] [stdout]    |
[INFO] [stdout] 36 |             magic_bytes = std::mem::uninitialized();
[INFO] [stdout]    |                                     ^^^^^^^^^^^^^
[INFO] [stdout]    |
[INFO] [stdout]    = note: `#[warn(deprecated)]` on by default
[INFO] [stdout] 
[INFO] [stdout] 
[INFO] [stdout] warning: the type `[u8; 102]` does not permit being left uninitialized
[INFO] [stdout]   --> src/lib.rs:36:27
[INFO] [stdout]    |
[INFO] [stdout] 36 |             magic_bytes = std::mem::uninitialized();
[INFO] [stdout]    |                           ^^^^^^^^^^^^^^^^^^^^^^^^^
[INFO] [stdout]    |                           |
[INFO] [stdout]    |                           this code causes undefined behavior when executed
[INFO] [stdout]    |                           help: use `MaybeUninit<T>` instead, and only call `assume_init` after initialization is done
[INFO] [stdout]    |
[INFO] [stdout]    = note: integers must be initialized
[INFO] [stdout]    = note: `#[warn(invalid_value)]` on by default
[INFO] [stdout] 
[INFO] [stdout] 
[INFO] [stdout] warning: 2 warnings emitted
[INFO] [stdout] 
[INFO] [stdout] 
[INFO] [stderr]     Finished dev [unoptimized + debuginfo] target(s) in 0.08s
[INFO] running `Command { std: "docker" "inspect" "d1ce888323ede819084a7ff7979b672b02ec51646c2fbc0566836516533eb533", kill_on_drop: false }`
[INFO] running `Command { std: "docker" "rm" "-f" "d1ce888323ede819084a7ff7979b672b02ec51646c2fbc0566836516533eb533", kill_on_drop: false }`
[INFO] [stdout] d1ce888323ede819084a7ff7979b672b02ec51646c2fbc0566836516533eb533
[INFO] running `Command { std: "docker" "create" "-v" "/var/lib/crater-agent-workspace/builds/worker-4-tc2/target:/opt/rustwide/target:rw,Z" "-v" "/var/lib/crater-agent-workspace/builds/worker-4-tc2/source:/opt/rustwide/workdir:ro,Z" "-v" "/var/lib/crater-agent-workspace/cargo-home:/opt/rustwide/cargo-home:ro,Z" "-v" "/var/lib/crater-agent-workspace/rustup-home:/opt/rustwide/rustup-home:ro,Z" "-e" "SOURCE_DIR=/opt/rustwide/workdir" "-e" "CARGO_TARGET_DIR=/opt/rustwide/target" "-e" "CARGO_INCREMENTAL=0" "-e" "RUST_BACKTRACE=full" "-e" "RUSTFLAGS=--cap-lints=warn" "-e" "RUSTDOCFLAGS=--cap-lints=warn" "-e" "CARGO_HOME=/opt/rustwide/cargo-home" "-e" "RUSTUP_HOME=/opt/rustwide/rustup-home" "-w" "/opt/rustwide/workdir" "-m" "1610612736" "--user" "0:0" "--network" "none" "ghcr.io/rust-lang/crates-build-env/linux@sha256:5ff2268d62e97bff2cde7d5815dd6ed5b47097566f13b8d0ca110b04b60e07ed" "/opt/rustwide/cargo-home/bin/cargo" "+beta-2023-04-20" "test" "--frozen" "--no-run" "--message-format=json", kill_on_drop: false }`
[INFO] [stdout] ddee58434bbcae9a8923f216cf3455196780392305e3e607d1632219fd60ee03
[INFO] running `Command { std: "docker" "start" "-a" "ddee58434bbcae9a8923f216cf3455196780392305e3e607d1632219fd60ee03", kill_on_drop: false }`
[INFO] [stdout] warning: use of deprecated function `std::mem::uninitialized`: use `mem::MaybeUninit` instead
[INFO] [stdout]   --> src/lib.rs:36:37
[INFO] [stdout]    |
[INFO] [stdout] 36 |             magic_bytes = std::mem::uninitialized();
[INFO] [stdout]    |                                     ^^^^^^^^^^^^^
[INFO] [stdout]    |
[INFO] [stdout]    = note: `#[warn(deprecated)]` on by default
[INFO] [stdout] 
[INFO] [stdout] 
[INFO] [stdout] warning: the type `[u8; 102]` does not permit being left uninitialized
[INFO] [stdout]   --> src/lib.rs:36:27
[INFO] [stdout]    |
[INFO] [stdout] 36 |             magic_bytes = std::mem::uninitialized();
[INFO] [stdout]    |                           ^^^^^^^^^^^^^^^^^^^^^^^^^
[INFO] [stdout]    |                           |
[INFO] [stdout]    |                           this code causes undefined behavior when executed
[INFO] [stdout]    |                           help: use `MaybeUninit<T>` instead, and only call `assume_init` after initialization is done
[INFO] [stdout]    |
[INFO] [stdout]    = note: integers must be initialized
[INFO] [stdout]    = note: `#[warn(invalid_value)]` on by default
[INFO] [stdout] 
[INFO] [stdout] 
[INFO] [stdout] warning: 2 warnings emitted
[INFO] [stdout] 
[INFO] [stdout] 
[INFO] [stderr]    Compiling wake-on-lan v0.2.0 (/opt/rustwide/workdir)
[INFO] [stdout] warning: use of deprecated function `std::mem::uninitialized`: use `mem::MaybeUninit` instead
[INFO] [stdout]   --> src/lib.rs:36:37
[INFO] [stdout]    |
[INFO] [stdout] 36 |             magic_bytes = std::mem::uninitialized();
[INFO] [stdout]    |                                     ^^^^^^^^^^^^^
[INFO] [stdout]    |
[INFO] [stdout]    = note: `#[warn(deprecated)]` on by default
[INFO] [stdout] 
[INFO] [stdout] 
[INFO] [stdout] warning: the type `[u8; 102]` does not permit being left uninitialized
[INFO] [stdout]   --> src/lib.rs:36:27
[INFO] [stdout]    |
[INFO] [stdout] 36 |             magic_bytes = std::mem::uninitialized();
[INFO] [stdout]    |                           ^^^^^^^^^^^^^^^^^^^^^^^^^
[INFO] [stdout]    |                           |
[INFO] [stdout]    |                           this code causes undefined behavior when executed
[INFO] [stdout]    |                           help: use `MaybeUninit<T>` instead, and only call `assume_init` after initialization is done
[INFO] [stdout]    |
[INFO] [stdout]    = note: integers must be initialized
[INFO] [stdout]    = note: `#[warn(invalid_value)]` on by default
[INFO] [stdout] 
[INFO] [stdout] 
[INFO] [stdout] warning: 2 warnings emitted
[INFO] [stdout] 
[INFO] [stdout] 
[INFO] [stderr]     Finished test [unoptimized + debuginfo] target(s) in 0.21s
[INFO] running `Command { std: "docker" "inspect" "ddee58434bbcae9a8923f216cf3455196780392305e3e607d1632219fd60ee03", kill_on_drop: false }`
[INFO] running `Command { std: "docker" "rm" "-f" "ddee58434bbcae9a8923f216cf3455196780392305e3e607d1632219fd60ee03", kill_on_drop: false }`
[INFO] [stdout] ddee58434bbcae9a8923f216cf3455196780392305e3e607d1632219fd60ee03
[INFO] running `Command { std: "docker" "create" "-v" "/var/lib/crater-agent-workspace/builds/worker-4-tc2/target:/opt/rustwide/target:rw,Z" "-v" "/var/lib/crater-agent-workspace/builds/worker-4-tc2/source:/opt/rustwide/workdir:ro,Z" "-v" "/var/lib/crater-agent-workspace/cargo-home:/opt/rustwide/cargo-home:ro,Z" "-v" "/var/lib/crater-agent-workspace/rustup-home:/opt/rustwide/rustup-home:ro,Z" "-e" "SOURCE_DIR=/opt/rustwide/workdir" "-e" "CARGO_TARGET_DIR=/opt/rustwide/target" "-e" "CARGO_INCREMENTAL=0" "-e" "RUST_BACKTRACE=full" "-e" "RUSTFLAGS=--cap-lints=warn" "-e" "RUSTDOCFLAGS=--cap-lints=warn" "-e" "CARGO_HOME=/opt/rustwide/cargo-home" "-e" "RUSTUP_HOME=/opt/rustwide/rustup-home" "-w" "/opt/rustwide/workdir" "-m" "1610612736" "--user" "0:0" "--network" "none" "ghcr.io/rust-lang/crates-build-env/linux@sha256:5ff2268d62e97bff2cde7d5815dd6ed5b47097566f13b8d0ca110b04b60e07ed" "/opt/rustwide/cargo-home/bin/cargo" "+beta-2023-04-20" "test" "--frozen", kill_on_drop: false }`
[INFO] [stdout] 2a491edba8973428cc18061e5d94dcb1565861fddb7ef4687f8d91d87f257b1e
[INFO] running `Command { std: "docker" "start" "-a" "2a491edba8973428cc18061e5d94dcb1565861fddb7ef4687f8d91d87f257b1e", kill_on_drop: false }`
[INFO] [stderr] warning: use of deprecated function `std::mem::uninitialized`: use `mem::MaybeUninit` instead
[INFO] [stderr]   --> src/lib.rs:36:37
[INFO] [stderr]    |
[INFO] [stderr] 36 |             magic_bytes = std::mem::uninitialized();
[INFO] [stderr]    |                                     ^^^^^^^^^^^^^
[INFO] [stderr]    |
[INFO] [stderr]    = note: `#[warn(deprecated)]` on by default
[INFO] [stderr] 
[INFO] [stderr] warning: the type `[u8; 102]` does not permit being left uninitialized
[INFO] [stderr]   --> src/lib.rs:36:27
[INFO] [stderr]    |
[INFO] [stderr] 36 |             magic_bytes = std::mem::uninitialized();
[INFO] [stderr]    |                           ^^^^^^^^^^^^^^^^^^^^^^^^^
[INFO] [stderr]    |                           |
[INFO] [stderr]    |                           this code causes undefined behavior when executed
[INFO] [stderr]    |                           help: use `MaybeUninit<T>` instead, and only call `assume_init` after initialization is done
[INFO] [stderr]    |
[INFO] [stderr]    = note: integers must be initialized
[INFO] [stderr]    = note: `#[warn(invalid_value)]` on by default
[INFO] [stderr] 
[INFO] [stderr] warning: `wake-on-lan` (lib) generated 2 warnings
[INFO] [stderr] warning: `wake-on-lan` (lib test) generated 2 warnings (2 duplicates)
[INFO] [stderr]     Finished test [unoptimized + debuginfo] target(s) in 0.00s
[INFO] [stderr]      Running unittests src/lib.rs (/opt/rustwide/target/debug/deps/wake_on_lan-1a30bf30ca542d34)
[INFO] [stdout] 
[INFO] [stdout] running 0 tests
[INFO] [stdout] 
[INFO] [stdout] test result: ok. 0 passed; 0 failed; 0 ignored; 0 measured; 0 filtered out; finished in 0.00s
[INFO] [stdout] 
[INFO] [stderr]    Doc-tests wake-on-lan
[INFO] [stdout] 
[INFO] [stdout] running 1 test
[INFO] [stdout] test src/lib.rs - (line 5) ... FAILED
[INFO] [stdout] 
[INFO] [stdout] failures:
[INFO] [stdout] 
[INFO] [stdout] ---- src/lib.rs - (line 5) stdout ----
[INFO] [stdout] error[E0277]: the `?` operator can only be used in a function that returns `Result` or `Option` (or another type that implements `FromResidual`)
[INFO] [stdout]   --> src/lib.rs:15:20
[INFO] [stdout]    |
[INFO] [stdout] 3  | fn main() { #[allow(non_snake_case)] fn _doctest_main_src_lib_rs_5_0() {
[INFO] [stdout]    |                                      --------------------------------- this function should return `Result` or `Option` to accept `?`
[INFO] [stdout] ...
[INFO] [stdout] 13 | magic_packet.send()?;
[INFO] [stdout]    |                    ^ cannot use the `?` operator in a function that returns `()`
[INFO] [stdout]    |
[INFO] [stdout]    = help: the trait `FromResidual<Result<Infallible, std::io::Error>>` is not implemented for `()`
[INFO] [stdout] 
[INFO] [stdout] error: aborting due to previous error
[INFO] [stdout] 
[INFO] [stdout] For more information about this error, try `rustc --explain E0277`.
[INFO] [stdout] Couldn't compile the test.
[INFO] [stdout] 
[INFO] [stdout] failures:
[INFO] [stdout]     src/lib.rs - (line 5)
[INFO] [stdout] 
[INFO] [stdout] test result: FAILED. 0 passed; 1 failed; 0 ignored; 0 measured; 0 filtered out; finished in 0.03s
[INFO] [stdout] 
[INFO] [stderr] error: doctest failed, to rerun pass `--doc`
[INFO] running `Command { std: "docker" "inspect" "2a491edba8973428cc18061e5d94dcb1565861fddb7ef4687f8d91d87f257b1e", kill_on_drop: false }`
[INFO] running `Command { std: "docker" "rm" "-f" "2a491edba8973428cc18061e5d94dcb1565861fddb7ef4687f8d91d87f257b1e", kill_on_drop: false }`
[INFO] [stdout] 2a491edba8973428cc18061e5d94dcb1565861fddb7ef4687f8d91d87f257b1e
