[INFO] fetching crate vtc 0.1.12...
[INFO] testing vtc-0.1.12 against beta-2023-04-20 for beta-1.70-1
[INFO] extracting crate vtc 0.1.12 into /workspace/builds/worker-2-tc2/source
[INFO] validating manifest of crates.io crate vtc 0.1.12 on toolchain beta-2023-04-20
[INFO] running `Command { std: CARGO_HOME="/workspace/cargo-home" RUSTUP_HOME="/workspace/rustup-home" "/workspace/cargo-home/bin/cargo" "+beta-2023-04-20" "metadata" "--manifest-path" "Cargo.toml" "--no-deps", kill_on_drop: false }`
[INFO] started tweaking crates.io crate vtc 0.1.12
[INFO] finished tweaking crates.io crate vtc 0.1.12
[INFO] tweaked toml for crates.io crate vtc 0.1.12 written to /workspace/builds/worker-2-tc2/source/Cargo.toml
[INFO] running `Command { std: CARGO_HOME="/workspace/cargo-home" RUSTUP_HOME="/workspace/rustup-home" __CARGO_TEST_CHANNEL_OVERRIDE_DO_NOT_USE_THIS="nightly" "/workspace/cargo-home/bin/cargo" "+beta-2023-04-20" "generate-lockfile" "--manifest-path" "Cargo.toml" "-Zno-index-update", kill_on_drop: false }`
[INFO] running `Command { std: CARGO_HOME="/workspace/cargo-home" RUSTUP_HOME="/workspace/rustup-home" "/workspace/cargo-home/bin/cargo" "+beta-2023-04-20" "fetch" "--manifest-path" "Cargo.toml", kill_on_drop: false }`
[INFO] [stderr]  Downloading crates ...
[INFO] [stderr]   Downloaded rstest v0.9.0
[INFO] running `Command { std: "docker" "create" "-v" "/var/lib/crater-agent-workspace/builds/worker-2-tc2/target:/opt/rustwide/target:rw,Z" "-v" "/var/lib/crater-agent-workspace/builds/worker-2-tc2/source:/opt/rustwide/workdir:ro,Z" "-v" "/var/lib/crater-agent-workspace/cargo-home:/opt/rustwide/cargo-home:ro,Z" "-v" "/var/lib/crater-agent-workspace/rustup-home:/opt/rustwide/rustup-home:ro,Z" "-e" "SOURCE_DIR=/opt/rustwide/workdir" "-e" "CARGO_TARGET_DIR=/opt/rustwide/target" "-e" "CARGO_HOME=/opt/rustwide/cargo-home" "-e" "RUSTUP_HOME=/opt/rustwide/rustup-home" "-w" "/opt/rustwide/workdir" "-m" "1610612736" "--user" "0:0" "--network" "none" "ghcr.io/rust-lang/crates-build-env/linux@sha256:5ff2268d62e97bff2cde7d5815dd6ed5b47097566f13b8d0ca110b04b60e07ed" "/opt/rustwide/cargo-home/bin/cargo" "+beta-2023-04-20" "metadata" "--no-deps" "--format-version=1", kill_on_drop: false }`
[INFO] [stdout] 6026dea9f6f67ed330dc809413b1ba020b56ab5507a9150562e2a6d3e3607af6
[INFO] running `Command { std: "docker" "start" "-a" "6026dea9f6f67ed330dc809413b1ba020b56ab5507a9150562e2a6d3e3607af6", kill_on_drop: false }`
[INFO] running `Command { std: "docker" "inspect" "6026dea9f6f67ed330dc809413b1ba020b56ab5507a9150562e2a6d3e3607af6", kill_on_drop: false }`
[INFO] running `Command { std: "docker" "rm" "-f" "6026dea9f6f67ed330dc809413b1ba020b56ab5507a9150562e2a6d3e3607af6", kill_on_drop: false }`
[INFO] [stdout] 6026dea9f6f67ed330dc809413b1ba020b56ab5507a9150562e2a6d3e3607af6
[INFO] running `Command { std: "docker" "create" "-v" "/var/lib/crater-agent-workspace/builds/worker-2-tc2/target:/opt/rustwide/target:rw,Z" "-v" "/var/lib/crater-agent-workspace/builds/worker-2-tc2/source:/opt/rustwide/workdir:ro,Z" "-v" "/var/lib/crater-agent-workspace/cargo-home:/opt/rustwide/cargo-home:ro,Z" "-v" "/var/lib/crater-agent-workspace/rustup-home:/opt/rustwide/rustup-home:ro,Z" "-e" "SOURCE_DIR=/opt/rustwide/workdir" "-e" "CARGO_TARGET_DIR=/opt/rustwide/target" "-e" "CARGO_INCREMENTAL=0" "-e" "RUST_BACKTRACE=full" "-e" "RUSTFLAGS=--cap-lints=warn" "-e" "RUSTDOCFLAGS=--cap-lints=warn" "-e" "CARGO_HOME=/opt/rustwide/cargo-home" "-e" "RUSTUP_HOME=/opt/rustwide/rustup-home" "-w" "/opt/rustwide/workdir" "-m" "1610612736" "--user" "0:0" "--network" "none" "ghcr.io/rust-lang/crates-build-env/linux@sha256:5ff2268d62e97bff2cde7d5815dd6ed5b47097566f13b8d0ca110b04b60e07ed" "/opt/rustwide/cargo-home/bin/cargo" "+beta-2023-04-20" "build" "--frozen" "--message-format=json", kill_on_drop: false }`
[INFO] [stdout] 6dd3edf22cbd5124ded74212e6718bb72b14613271ab18f1c24b4d9343f244f3
[INFO] running `Command { std: "docker" "start" "-a" "6dd3edf22cbd5124ded74212e6718bb72b14613271ab18f1c24b4d9343f244f3", kill_on_drop: false }`
[INFO] [stderr]    Compiling num-traits v0.2.15
[INFO] [stderr]    Compiling num-integer v0.1.45
[INFO] [stderr]    Compiling num-bigint v0.4.3
[INFO] [stderr]    Compiling memchr v2.5.0
[INFO] [stderr]    Compiling num-rational v0.4.1
[INFO] [stderr]    Compiling num-iter v0.1.43
[INFO] [stderr]    Compiling regex-syntax v0.7.1
[INFO] [stderr]    Compiling aho-corasick v1.0.1
[INFO] [stderr]    Compiling num-complex v0.4.3
[INFO] [stderr]    Compiling regex v1.8.1
[INFO] [stderr]    Compiling num v0.4.0
[INFO] [stderr]    Compiling vtc v0.1.12 (/opt/rustwide/workdir)
[INFO] [stderr]     Finished dev [unoptimized + debuginfo] target(s) in 9.65s
[INFO] running `Command { std: "docker" "inspect" "6dd3edf22cbd5124ded74212e6718bb72b14613271ab18f1c24b4d9343f244f3", kill_on_drop: false }`
[INFO] running `Command { std: "docker" "rm" "-f" "6dd3edf22cbd5124ded74212e6718bb72b14613271ab18f1c24b4d9343f244f3", kill_on_drop: false }`
[INFO] [stdout] 6dd3edf22cbd5124ded74212e6718bb72b14613271ab18f1c24b4d9343f244f3
[INFO] running `Command { std: "docker" "create" "-v" "/var/lib/crater-agent-workspace/builds/worker-2-tc2/target:/opt/rustwide/target:rw,Z" "-v" "/var/lib/crater-agent-workspace/builds/worker-2-tc2/source:/opt/rustwide/workdir:ro,Z" "-v" "/var/lib/crater-agent-workspace/cargo-home:/opt/rustwide/cargo-home:ro,Z" "-v" "/var/lib/crater-agent-workspace/rustup-home:/opt/rustwide/rustup-home:ro,Z" "-e" "SOURCE_DIR=/opt/rustwide/workdir" "-e" "CARGO_TARGET_DIR=/opt/rustwide/target" "-e" "CARGO_INCREMENTAL=0" "-e" "RUST_BACKTRACE=full" "-e" "RUSTFLAGS=--cap-lints=warn" "-e" "RUSTDOCFLAGS=--cap-lints=warn" "-e" "CARGO_HOME=/opt/rustwide/cargo-home" "-e" "RUSTUP_HOME=/opt/rustwide/rustup-home" "-w" "/opt/rustwide/workdir" "-m" "1610612736" "--user" "0:0" "--network" "none" "ghcr.io/rust-lang/crates-build-env/linux@sha256:5ff2268d62e97bff2cde7d5815dd6ed5b47097566f13b8d0ca110b04b60e07ed" "/opt/rustwide/cargo-home/bin/cargo" "+beta-2023-04-20" "test" "--frozen" "--no-run" "--message-format=json", kill_on_drop: false }`
[INFO] [stdout] 15836a4b3341d19f046380d48c72d9dd8fe2e12055a72d2ca4d7cd2b4447daef
[INFO] running `Command { std: "docker" "start" "-a" "15836a4b3341d19f046380d48c72d9dd8fe2e12055a72d2ca4d7cd2b4447daef", kill_on_drop: false }`
[INFO] [stderr]    Compiling thiserror v1.0.40
[INFO] [stderr]    Compiling ucd-trie v0.1.5
[INFO] [stderr]    Compiling syn v1.0.109
[INFO] [stderr]    Compiling serde_json v1.0.96
[INFO] [stderr]    Compiling ryu v1.0.13
[INFO] [stderr]    Compiling cfg-if v1.0.0
[INFO] [stderr]    Compiling itoa v1.0.6
[INFO] [stderr]    Compiling thiserror-impl v1.0.40
[INFO] [stderr]    Compiling pest v2.6.0
[INFO] [stderr]    Compiling semver-parser v0.10.2
[INFO] [stderr]    Compiling semver v0.11.0
[INFO] [stderr]    Compiling rustc_version v0.3.3
[INFO] [stderr]    Compiling rstest v0.9.0
[INFO] [stderr]    Compiling vtc v0.1.12 (/opt/rustwide/workdir)
[INFO] [stderr]     Finished test [unoptimized + debuginfo] target(s) in 14.90s
[INFO] [stderr] warning: the following packages contain code that will be rejected by a future version of Rust: rstest v0.9.0
[INFO] [stderr] note: to see what the problems were, use the option `--future-incompat-report`, or run `cargo report future-incompatibilities --id 1`
[INFO] running `Command { std: "docker" "inspect" "15836a4b3341d19f046380d48c72d9dd8fe2e12055a72d2ca4d7cd2b4447daef", kill_on_drop: false }`
[INFO] running `Command { std: "docker" "rm" "-f" "15836a4b3341d19f046380d48c72d9dd8fe2e12055a72d2ca4d7cd2b4447daef", kill_on_drop: false }`
[INFO] [stdout] 15836a4b3341d19f046380d48c72d9dd8fe2e12055a72d2ca4d7cd2b4447daef
[INFO] running `Command { std: "docker" "create" "-v" "/var/lib/crater-agent-workspace/builds/worker-2-tc2/target:/opt/rustwide/target:rw,Z" "-v" "/var/lib/crater-agent-workspace/builds/worker-2-tc2/source:/opt/rustwide/workdir:ro,Z" "-v" "/var/lib/crater-agent-workspace/cargo-home:/opt/rustwide/cargo-home:ro,Z" "-v" "/var/lib/crater-agent-workspace/rustup-home:/opt/rustwide/rustup-home:ro,Z" "-e" "SOURCE_DIR=/opt/rustwide/workdir" "-e" "CARGO_TARGET_DIR=/opt/rustwide/target" "-e" "CARGO_INCREMENTAL=0" "-e" "RUST_BACKTRACE=full" "-e" "RUSTFLAGS=--cap-lints=warn" "-e" "RUSTDOCFLAGS=--cap-lints=warn" "-e" "CARGO_HOME=/opt/rustwide/cargo-home" "-e" "RUSTUP_HOME=/opt/rustwide/rustup-home" "-w" "/opt/rustwide/workdir" "-m" "1610612736" "--user" "0:0" "--network" "none" "ghcr.io/rust-lang/crates-build-env/linux@sha256:5ff2268d62e97bff2cde7d5815dd6ed5b47097566f13b8d0ca110b04b60e07ed" "/opt/rustwide/cargo-home/bin/cargo" "+beta-2023-04-20" "test" "--frozen", kill_on_drop: false }`
[INFO] [stdout] 9189cfeaa1fb9d62b1cf557e959441d922ec69b6ca672c8492039466013898b3
[INFO] running `Command { std: "docker" "start" "-a" "9189cfeaa1fb9d62b1cf557e959441d922ec69b6ca672c8492039466013898b3", kill_on_drop: false }`
[INFO] [stderr]     Finished test [unoptimized + debuginfo] target(s) in 0.12s
[INFO] [stderr] warning: the following packages contain code that will be rejected by a future version of Rust: rstest v0.9.0
[INFO] [stderr] note: to see what the problems were, use the option `--future-incompat-report`, or run `cargo report future-incompatibilities --id 1`
[INFO] [stderr]      Running unittests src/lib.rs (/opt/rustwide/target/debug/deps/vtc-52cf1be1358be7ff)
[INFO] [stdout] 
[INFO] [stdout] running 166 tests
[INFO] [stdout] test framerate_test::test::test_framerate_consts::case_01_f23_98 ... ok
[INFO] [stdout] test framerate_test::test::test_framerate_consts::case_02_f24 ... ok
[INFO] [stdout] test framerate_test::test::test_framerate_consts::case_04_f29_97_ndf ... ok
[INFO] [stdout] test framerate_test::test::test_framerate_consts::case_03_f29_97_ndf ... ok
[INFO] [stdout] test framerate_test::test::test_framerate_consts::case_05_f29_97_df ... ok
[INFO] [stdout] test framerate_test::test::test_framerate_consts::case_06_f30 ... ok
[INFO] [stdout] test framerate_test::test::test_framerate_consts::case_09_f59_94_ndf ... ok
[INFO] [stdout] test framerate_test::test::test_framerate_consts::case_07_f47_95 ... ok
[INFO] [stdout] test framerate_test::test::test_framerate_consts::case_08_f48 ... ok
[INFO] [stdout] test framerate_test::test::test_framerate_display::case_1 ... ok
[INFO] [stdout] test framerate_test::test::test_framerate_consts::case_10_f59_94_df ... ok
[INFO] [stdout] test framerate_test::test::test_framerate_consts::case_11_f60 ... ok
[INFO] [stdout] test framerate_test::test::test_parse_framerate::case_02_float_2398_ntsc_timebase ... ok
[INFO] [stdout] test framerate_test::test::test_parse_framerate::case_03_strfloat_2398_ntsc_plaback ... ok
[INFO] [stdout] test framerate_test::test::test_parse_framerate::case_04_strfloat_2398_ntsc_base ... ok
[INFO] [stdout] test framerate_test::test::test_ntsc::case_1 ... ok
[INFO] [stdout] test framerate_test::test::test_parse_framerate::case_08_int_24_timebase ... ok
[INFO] [stdout] test framerate_test::test::test_parse_framerate::case_13_rational_2398_playback ... ok
[INFO] [stdout] test framerate_test::test::test_parse_framerate::case_16_int_2997_drop_timebase ... ok
[INFO] [stdout] test framerate_test::test::test_parse_framerate::case_06_rational_2398_ntsc_playback ... ok
[INFO] [stdout] test framerate_test::test::test_parse_framerate::case_17_rational_2997_drop_playback ... ok
[INFO] [stdout] test framerate_test::test::test_ntsc::case_3 ... ok
[INFO] [stdout] test framerate_test::test::test_parse_framerate::case_05_int_2398_ntsc_timebase ... ok
[INFO] [stdout] test framerate_test::test::test_parse_framerate::case_01_float_2398_ntsc_playback ... ok
[INFO] [stdout] test framerate_test::test::test_parse_framerate::case_07_rational_2398_ntsc_timebase ... ok
[INFO] [stdout] test framerate_test::test::test_parse_framerate::case_12_rational_2398_timebase ... ok
[INFO] [stdout] test framerate_test::test::test_framerate_display::case_2 ... ok
[INFO] [stdout] test framerate_test::test::test_ntsc::case_2 ... ok
[INFO] [stdout] test framerate_test::test::test_parse_framerate::case_09_int_24_playback ... ok
[INFO] [stdout] test framerate_test::test::test_parse_framerate::case_11_rational_2398_timebase ... ok
[INFO] [stdout] test framerate_test::test::test_parse_framerate::case_10_rational_2398_playback ... ok
[INFO] [stdout] test framerate_test::test::test_framerate_display::case_3 ... ok
[INFO] [stdout] test framerate_test::test::test_parse_framerate::case_14_float_2997_drop_playback ... ok
[INFO] [stdout] test framerate_test::test::test_parse_framerate::case_15_float_2997_drop_timebase ... ok
[INFO] [stdout] test framerate_test::test::test_parse_framerate::case_21_strint_2997_drop_timebase ... ok
[INFO] [stdout] test framerate_test::test::test_parse_framerate::case_22_strrational_2997_drop_playback ... ok
[INFO] [stdout] test framerate_test::test::test_parse_framerate::case_25_float_5994_drop_timebase ... ok
[INFO] [stdout] test framerate_test::test::test_parse_framerate::case_28_from_i32 ... ok
[INFO] [stdout] test framerate_test::test::test_parse_framerate::case_29_from_u32 ... ok
[INFO] [stdout] test framerate_test::test::test_parse_framerate::case_30_from_u16 ... ok
[INFO] [stdout] test framerate_test::test::test_parse_framerate::case_32_from_i8 ... ok
[INFO] [stdout] test framerate_test::test::test_parse_framerate::case_35_from_rational32 ... ok
[INFO] [stdout] test framerate_test::test::test_parse_framerate::case_20_strfloat_2997_drop_timebase ... ok
[INFO] [stdout] test framerate_test::test::test_parse_framerate::case_39_error_drop_frame_bad_value ... ok
[INFO] [stdout] test framerate_test::test::test_parse_framerate::case_37_error_ntsc_timebase_bad_denom ... ok
[INFO] [stdout] test framerate_test::test::test_parse_framerate::case_36_error_ntsc_playback_bad_denom ... ok
[INFO] [stdout] test framerate_test::test::test_parse_framerate::case_26_from_i64 ... ok
[INFO] [stdout] test framerate_test::test::test_parse_framerate::case_40_error_negative ... ok
[INFO] [stdout] test framerate_test::test::test_parse_framerate::case_42_error_f32_nonntsc ... ok
[INFO] [stdout] test framerate_test::test::test_parse_framerate::case_27_from_u64 ... ok
[INFO] [stdout] test framerate_test::test::test_parse_framerate::case_43_error_u64_overlfow ... ok
[INFO] [stdout] test framerate_test::test::test_parse_framerate::case_41_error_f64_nonntsc ... ok
[INFO] [stdout] test framerate_test::test::test_parse_framerate::case_31_from_i16 ... ok
[INFO] [stdout] test timecode_test_ops::test::test_abs ... ok
[INFO] [stdout] test timecode_test_ops::test::test_add::case_1 ... ok
[INFO] [stdout] test timecode_test_ops::test::test_comparison::case_6 ... ok
[INFO] [stdout] test framerate_test::test::test_parse_framerate::case_19_strfloat_2997_drop_playback ... ok
[INFO] [stdout] test timecode_test_ops::test::test_add::case_3 ... ok
[INFO] [stdout] test timecode_test_ops::test::test_comparison::case_5 ... ok
[INFO] [stdout] test framerate_test::test::test_parse_framerate::case_23_strrational_2997_drop_timebase ... ok
[INFO] [stdout] test framerate_test::test::test_parse_framerate::case_33_from_u8 ... ok
[INFO] [stdout] test framerate_test::test::test_parse_framerate::case_34_from_f32 ... ok
[INFO] [stdout] test framerate_test::test::test_parse_framerate::case_38_error_drop_frame_bad_value ... ok
[INFO] [stdout] test framerate_test::test::test_parse_framerate::case_18_rational_2997_drop_timebase ... ok
[INFO] [stdout] test framerate_test::test::test_parse_framerate::case_24_float_5994_drop_playback ... ok
[INFO] [stdout] test timecode_test_ops::test::test_comparison::case_1 ... ok
[INFO] [stdout] test timecode_test_ops::test::test_comparison::case_4 ... ok
[INFO] [stdout] test timecode_test_ops::test::test_add::case_2 ... ok
[INFO] [stdout] test timecode_test_ops::test::test_comparison::case_3 ... ok
[INFO] [stdout] test timecode_test_ops::test::test_divrem::case_03 ... ok
[INFO] [stdout] test timecode_test_ops::test::test_comparison::case_2 ... ok
[INFO] [stdout] test timecode_test_ops::test::test_divrem::case_06 ... ok
[INFO] [stdout] test timecode_test_ops::test::test_comparison::case_8 ... ok
[INFO] [stdout] test timecode_test_ops::test::test_divrem::case_05 ... ok
[INFO] [stdout] test timecode_test_ops::test::test_comparison::case_9 ... ok
[INFO] [stdout] test timecode_test_ops::test::test_comparison::case_7 ... ok
[INFO] [stdout] test timecode_test_ops::test::test_divrem::case_01 ... ok
[INFO] [stdout] test timecode_test_ops::test::test_divrem::case_04 ... ok
[INFO] [stdout] test timecode_test_ops::test::test_divrem::case_08 ... ok
[INFO] [stdout] test timecode_test_ops::test::test_divrem::case_09 ... ok
[INFO] [stdout] test timecode_test_ops::test::test_divrem::case_02 ... ok
[INFO] [stdout] test timecode_test_ops::test::test_divrem::case_10 ... ok
[INFO] [stdout] test timecode_test_ops::test::test_divrem::case_13 ... ok
[INFO] [stdout] test timecode_test_ops::test::test_divrem::case_14 ... ok
[INFO] [stdout] test timecode_test_ops::test::test_divrem::case_11 ... ok
[INFO] [stdout] test timecode_test_ops::test::test_negative ... ok
[INFO] [stdout] test timecode_test_ops::test::test_rebase::case_1 ... ok
[INFO] [stdout] test timecode_test_ops::test::test_subtract::case_3 ... ok
[INFO] [stdout] test timecode_test_parse::test::test_parse_bad_drop_frame::case_1 ... ok
[INFO] [stdout] test timecode_test_ops::test::test_multiply::case_1 ... ok
[INFO] [stdout] test timecode_test_ops::test::test_divrem::case_15 ... ok
[INFO] [stdout] test timecode_test_parse::test::test_parse_bad_drop_frame::case_2 ... ok
[INFO] [stdout] test timecode_test_ops::test::test_multiply::case_2 ... ok
[INFO] [stdout] test timecode_test_ops::test::test_multiply::case_3 ... ok
[INFO] [stdout] test timecode_test_ops::test::test_multiply::case_4 ... ok
[INFO] [stdout] test timecode_test_ops::test::test_multiply::case_5 ... ok
[INFO] [stdout] test timecode_test_ops::test::test_divrem::case_07 ... ok
[INFO] [stdout] test timecode_test_ops::test::test_subtract::case_2 ... ok
[INFO] [stdout] test timecode_test_ops::test::test_multiply::case_6 ... ok
[INFO] [stdout] test timecode_test_ops::test::test_multiply::case_7 ... ok
[INFO] [stdout] test timecode_test_ops::test::test_multiply::case_8 ... ok
[INFO] [stdout] test timecode_test_ops::test::test_subtract::case_1 ... ok
[INFO] [stdout] test timecode_test_ops::test::test_sort_timecodes::case_1 ... ok
[INFO] [stdout] test timecode_test_ops::test::test_divrem::case_12 ... ok
[INFO] [stdout] test timecode_test_parse::test::test_parse_bad_drop_frame::case_3 ... ok
[INFO] [stdout] test timecode_test_parse::test::test_parse_overflows::case_9 ... ok
[INFO] [stdout] test timecode_test_parse::test::test_parse_overflows::case_1 ... ok
[INFO] [stdout] test timecode_test_parse::test::test_parse_bad_drop_frame::case_8 ... ok
[INFO] [stdout] test timecode_test_parse::test::test_parse_overflows::case_5 ... ok
[INFO] [stdout] test timecode_test_parse::test::test_parse_overflows::case_4 ... ok
[INFO] [stdout] test timecode_test_parse::test::test_parse_overflows::case_2 ... ok
[INFO] [stdout] test timecode_test_parse::test::test_parse_bad_drop_frame::case_7 ... ok
[INFO] [stdout] test timecode_test_parse::test::test_parse_bad_drop_frame::case_5 ... ok
[INFO] [stdout] test timecode_test_parse::test::test_parse_bad_drop_frame::case_4 ... ok
[INFO] [stdout] test timecode_test_parse::test::test_parse_overflows::case_3 ... ok
[INFO] [stdout] test timecode_test_parse::test::test_parse_bad_drop_frame::case_6 ... ok
[INFO] [stdout] test timecode_test_parse::test::test_parse_partial_runtime::case_6 ... ok
[INFO] [stdout] test timecode_test_parse::test::test_parse_partial_runtime::case_5 ... ok
[INFO] [stdout] test timecode_test_parse::test::test_parse_partial_runtime::case_4 ... ok
[INFO] [stdout] test timecode_test_parse::test::test_parse_overflows::case_6 ... ok
[INFO] [stdout] test timecode_test_parse::test::test_parse_partial_tc::case_7 ... ok
[INFO] [stdout] test timecode_test_parse::test::test_parse_partial_tc::case_4 ... ok
[INFO] [stdout] test timecode_test_parse::test::test_parse_partial_tc::case_2 ... ok
[INFO] [stdout] test timecode_test_parse::test::test_parse_partial_runtime::case_8 ... ok
[INFO] [stdout] test timecode_test_parse::test::test_parse_partial_tc::case_1 ... ok
[INFO] [stdout] test timecode_test_parse::test::test_parse_timecode::case_01_t01_00_00_00_f23_98 ... ok
[INFO] [stdout] test timecode_test_parse::test::test_parse_overflows::case_7 ... ok
[INFO] [stdout] test timecode_test_parse::test::test_parse_partial_runtime::case_1 ... ok
[INFO] [stdout] test timecode_test_parse::test::test_parse_partial_tc::case_3 ... ok
[INFO] [stdout] test timecode_test_parse::test::test_parse_partial_tc::case_5 ... ok
[INFO] [stdout] test timecode_test_parse::test::test_parse_partial_runtime::case_7 ... ok
[INFO] [stdout] test timecode_test_parse::test::test_parse_timecode::case_03_t00_40_00_00_f23_98 ... ok
[INFO] [stdout] test timecode_test_parse::test::test_parse_timecode::case_10_t00_01_01_00_f29_97_df ... ok
[INFO] [stdout] test timecode_test_parse::test::test_parse_timecode::case_06_t01_00_00_00_f24_negative ... ok
[INFO] [stdout] test timecode_test_parse::test::test_parse_timecode::case_04_t00_40_00_00_f23_98_negative ... ok
[INFO] [stdout] test timecode_test_parse::test::test_parse_timecode::case_13_t00_01_00_02_f29_97_df ... ok
[INFO] [stdout] test timecode_test_parse::test::test_parse_timecode::case_16_t00_10_00_00_f29_97_df_negative ... ok
[INFO] [stdout] test timecode_test_parse::test::test_parse_timecode::case_05_t01_00_00_00_f24 ... ok
[INFO] [stdout] test timecode_test_parse::test::test_parse_timecode::case_09_t00_00_00_00_f29_97_df ... ok
[INFO] [stdout] test timecode_test_parse::test::test_parse_timecode::case_07_t00_40_00_00_f24 ... ok
[INFO] [stdout] test timecode_test_parse::test::test_parse_timecode::case_11_t00_00_02_02_f29_97_df ... ok
[INFO] [stdout] test timecode_test_parse::test::test_parse_timecode::case_17_t00_11_00_02_f29_97_df ... ok
[INFO] [stdout] test timecode_test_parse::test::test_parse_timecode::case_18_t00_11_00_02_f29_97_df_negative ... ok
[INFO] [stdout] test timecode_test_parse::test::test_parse_overflows::case_8 ... ok
[INFO] [stdout] test timecode_test_parse::test::test_parse_partial_tc::case_8 ... ok
[INFO] [stdout] test timecode_test_parse::test::test_parse_timecode::case_15_t00_10_00_00_f29_97_df ... ok
[INFO] [stdout] test timecode_test_parse::test::test_parse_timecode::case_20_t01_00_00_00_f29_97_df_negative ... ok
[INFO] [stdout] test timecode_test_parse::test::test_parse_timecode::case_08_t00_40_00_00_f24_negative ... ok
[INFO] [stdout] test timecode_test_parse::test::test_parse_timecode::case_21_t00_00_00_00_f59_94_df ... ok
[INFO] [stdout] test timecode_test_parse::test::test_parse_timecode::case_19_t01_00_00_00_f29_97_df ... ok
[INFO] [stdout] test timecode_test_parse::test::test_parse_timecode::case_02_t01_00_00_00_f23_98_negative ... ok
[INFO] [stdout] test timecode_test_parse::test::test_parse_partial_runtime::case_2 ... ok
[INFO] [stdout] test timecode_test_parse::test::test_parse_timecode::case_22_t00_00_01_01_f59_94_df ... ok
[INFO] [stdout] test timecode_test_parse::test::test_parse_timecode::case_25_t00_00_01_03_f59_94_df_negative ... ok
[INFO] [stdout] test timecode_test_parse::test::test_parse_timecode::case_23_t00_00_01_01_f59_94_df_negative ... ok
[INFO] [stdout] test timecode_test_parse::test::test_parse_partial_runtime::case_3 ... ok
[INFO] [stdout] test timecode_test_parse::test::test_parse_partial_tc::case_6 ... ok
[INFO] [stdout] test timecode_test_parse::test::test_parse_timecode::case_12_t00_00_02_02_f29_97_df_negative ... ok
[INFO] [stdout] test timecode_test_parse::test::test_parse_timecode::case_14_t00_00_01_02_f29_97_df_negative ... ok
[INFO] [stdout] test timecode_test_parse::test::test_parse_timecode::case_27_t00_01_00_04_f59_94_df ... ok
[INFO] [stdout] test timecode_test_parse::test::test_parse_timecode::case_28_t00_01_00_04_f59_94_df_negative ... ok
[INFO] [stdout] test timecode_test_parse::test::test_parse_timecode::case_26_t00_01_00_04_f59_94_df ... ok
[INFO] [stdout] test timecode_test_parse::test::test_parse_timecode::case_24_t00_00_01_03_f59_94_df ... ok
[INFO] [stdout] test timecode_test_parse::test::test_parse_timecode::case_29_t123_17_34_217_f239_76_ndf_negative ... ok
[INFO] [stdout] test timecode_test_table::test::test_sequence_totals ... ok
[INFO] [stdout] test timecode_test_table::test::test_event_parsing ... ok
[INFO] [stdout] 
[INFO] [stdout] test result: ok. 166 passed; 0 failed; 0 ignored; 0 measured; 0 filtered out; finished in 0.42s
[INFO] [stdout] 
[INFO] [stderr]    Doc-tests vtc
[INFO] [stdout] 
[INFO] [stdout] running 52 tests
[INFO] [stdout] test src/framerate.rs - framerate::Framerate::playback (line 68) ... ok
[INFO] [stdout] test src/framerate.rs - framerate::Framerate::with_playback (line 190) ... ok
[INFO] [stdout] test src/framerate.rs - framerate::Framerate::ntsc (line 104) ... ok
[INFO] [stdout] test src/framerate.rs - framerate::Framerate::with_playback (line 170) ... ok
[INFO] [stdout] test src/framerate.rs - framerate::Framerate::with_playback (line 139) ... ok
[INFO] [stdout] test src/framerate.rs - framerate::Framerate::with_playback (line 208) ... ok
[INFO] [stdout] test src/framerate.rs - framerate::Framerate::with_timebase (line 277) ... ok
[INFO] [stdout] test src/framerate.rs - framerate::Framerate::with_playback (line 182) ... ok
[INFO] [stdout] test src/framerate.rs - framerate::Framerate::with_playback (line 161) ... ok
[INFO] [stdout] test src/framerate.rs - framerate::Framerate::with_playback (line 217) ... ok
[INFO] [stdout] test src/framerate.rs - framerate::Framerate::with_playback (line 228) ... ok
[INFO] [stdout] test src/framerate.rs - framerate::Framerate::with_timebase (line 288) ... ok
[INFO] [stdout] test src/framerate.rs - framerate::Framerate::with_playback (line 150) ... ok
[INFO] [stdout] test src/framerate.rs - framerate::Framerate::with_playback (line 199) ... ok
[INFO] [stdout] test src/timecode.rs - timecode::Timecode (line 103) ... FAILED
[INFO] [stdout] test src/framerate.rs - framerate::Ntsc::is_ntsc (line 28) ... ok
[INFO] [stdout] test src/framerate.rs - framerate::Framerate::with_timebase (line 297) ... ok
[INFO] [stdout] test src/framerate.rs - framerate::Framerate::with_timebase (line 306) ... ok
[INFO] [stdout] test src/timecode.rs - timecode::Timecode (line 119) ... ok
[INFO] [stdout] test src/timecode.rs - timecode::Timecode (line 136) ... ok
[INFO] [stdout] test src/lib.rs - (line 26) ... ok
[INFO] [stdout] test src/framerate.rs - framerate::Framerate::with_timebase (line 318) ... ok
[INFO] [stdout] test src/framerate.rs - framerate::Framerate::with_timebase (line 329) ... ok
[INFO] [stdout] test src/framerate.rs - framerate::Framerate::with_timebase (line 266) ... ok
[INFO] [stdout] test src/timecode.rs - timecode::Timecode (line 87) ... ok
[INFO] [stdout] test src/timecode.rs - timecode::Timecode (line 157) ... ok
[INFO] [stdout] test src/framerate.rs - framerate::Framerate::timebase (line 84) ... ok
[INFO] [stdout] test src/framerate.rs - framerate::rates (line 381) ... ok
[INFO] [stdout] test src/framerate.rs - framerate::Framerate::with_timebase (line 340) ... ok
[INFO] [stdout] test src/timecode.rs - timecode::Timecode (line 56) ... ok
[INFO] [stdout] test src/timecode.rs - timecode::Timecode::abs (line 535) ... ok
[INFO] [stdout] test src/timecode.rs - timecode::Timecode (line 147) ... ok
[INFO] [stdout] test src/timecode.rs - timecode::Timecode::seconds (line 207) ... ok
[INFO] [stdout] test src/timecode.rs - timecode::Timecode::feet_and_frames (line 497) ... FAILED
[INFO] [stdout] test src/timecode.rs - timecode::Timecode::premiere_ticks (line 448) ... ok
[INFO] [stdout] test src/timecode.rs - timecode::Timecode::abs (line 542) ... ok
[INFO] [stdout] test src/timecode.rs - timecode::Timecode (line 70) ... ok
[INFO] [stdout] test src/timecode.rs - timecode::Timecode::frames (line 339) ... ok
[INFO] [stdout] test src/timecode.rs - timecode::Timecode::with_seconds (line 609) ... ok
[INFO] [stdout] test src/timecode.rs - timecode::Timecode::premiere_ticks (line 455) ... ok
[INFO] [stdout] test src/timecode.rs - timecode::Timecode::with_premiere_ticks (line 659) ... ok
[INFO] [stdout] test src/timecode.rs - timecode::Timecode::with_seconds (line 617) ... ok
[INFO] [stdout] test src/timecode.rs - timecode::Timecode::with_seconds (line 637) ... ok
[INFO] [stdout] test src/timecode.rs - timecode::Timecode::timecode (line 288) ... ok
[INFO] [stdout] test src/timecode.rs - timecode::Timecode::with_frames (line 582) ... ok
[INFO] [stdout] test src/timecode.rs - timecode::Timecode::rebase (line 521) ... ok
[INFO] [stdout] test src/timecode.rs - timecode::Timecode::runtime (line 378) ... ok
[INFO] [stdout] test src/timecode.rs - timecode::Timecode::sections (line 223) ... ok
[INFO] [stdout] test src/timecode.rs - timecode::Timecode::with_frames (line 566) ... ok
[INFO] [stdout] test src/timecode.rs - timecode::Timecode::with_frames (line 574) ... ok
[INFO] [stdout] test src/timecode.rs - timecode::Timecode::rate (line 182) ... ok
[INFO] [stdout] test src/timecode.rs - timecode::Timecode::with_seconds (line 626) ... ok
[INFO] [stdout] 
[INFO] [stdout] failures:
[INFO] [stdout] 
[INFO] [stdout] ---- src/timecode.rs - timecode::Timecode (line 103) stdout ----
[INFO] [stdout] error: linking with `cc` failed: exit status: 1
[INFO] [stdout]   |
[INFO] [stdout]   = note: LC_ALL="C" PATH="/opt/rustwide/rustup-home/toolchains/beta-2023-04-20-x86_64-unknown-linux-gnu/lib/rustlib/x86_64-unknown-linux-gnu/bin:/opt/rustwide/cargo-home/bin:/usr/local/sbin:/usr/local/bin:/usr/sbin:/usr/bin:/sbin:/bin" VSLANG="1033" "cc" "-m64" "/tmp/rustcRb0L2j/symbols.o" "/tmp/rustdoctestzwCWZc/rust_out.rust_out.c38b68ff-cgu.0.rcgu.o" "/tmp/rustdoctestzwCWZc/rust_out.38a7fyhsvjn6z0qy.rcgu.o" "-Wl,--as-needed" "-L" "/opt/rustwide/target/debug/deps" "-L" "/opt/rustwide/target/debug/deps" "-L" "/opt/rustwide/rustup-home/toolchains/beta-2023-04-20-x86_64-unknown-linux-gnu/lib/rustlib/x86_64-unknown-linux-gnu/lib" "-Wl,-Bstatic" "/opt/rustwide/target/debug/deps/libvtc-2b9ba2d05f00c75e.rlib" "/opt/rustwide/target/debug/deps/libregex-28f2e8cb8dd40750.rlib" "/opt/rustwide/target/debug/deps/libaho_corasick-d5fac31069bece93.rlib" "/opt/rustwide/target/debug/deps/libmemchr-f4ebff342237ab92.rlib" "/opt/rustwide/target/debug/deps/libregex_syntax-cc46e3cc2c79c0a1.rlib" "/opt/rustwide/target/debug/deps/libnum-736c3ea27a09f1b7.rlib" "/opt/rustwide/target/debug/deps/libnum_iter-0ebe67b8d5a356cb.rlib" "/opt/rustwide/target/debug/deps/libnum_rational-9149756d1d7645ac.rlib" "/opt/rustwide/target/debug/deps/libnum_complex-cdd4b5696d7b045e.rlib" "/opt/rustwide/target/debug/deps/libnum_bigint-5aeb48c10416499d.rlib" "/opt/rustwide/target/debug/deps/libnum_integer-84dbbf3360c9e522.rlib" "/opt/rustwide/target/debug/deps/libnum_traits-991acf3b855e0659.rlib" "/opt/rustwide/target/debug/deps/liblazy_static-86422d76b8bd90ed.rlib" "/opt/rustwide/rustup-home/toolchains/beta-2023-04-20-x86_64-unknown-linux-gnu/lib/rustlib/x86_64-unknown-linux-gnu/lib/libstd-0e29cc23c5e02021.rlib" "/opt/rustwide/rustup-home/toolchains/beta-2023-04-20-x86_64-unknown-linux-gnu/lib/rustlib/x86_64-unknown-linux-gnu/lib/libpanic_unwind-d903621768a861d9.rlib" "/opt/rustwide/rustup-home/toolchains/beta-2023-04-20-x86_64-unknown-linux-gnu/lib/rustlib/x86_64-unknown-linux-gnu/lib/libobject-6d0225e655f31c13.rlib" "/opt/rustwide/rustup-home/toolchains/beta-2023-04-20-x86_64-unknown-linux-gnu/lib/rustlib/x86_64-unknown-linux-gnu/lib/libmemchr-9dbaf4eac7eaa079.rlib" "/opt/rustwide/rustup-home/toolchains/beta-2023-04-20-x86_64-unknown-linux-gnu/lib/rustlib/x86_64-unknown-linux-gnu/lib/libaddr2line-27f05b3d42a66dd0.rlib" "/opt/rustwide/rustup-home/toolchains/beta-2023-04-20-x86_64-unknown-linux-gnu/lib/rustlib/x86_64-unknown-linux-gnu/lib/libgimli-4d73f1030321c9a2.rlib" "/opt/rustwide/rustup-home/toolchains/beta-2023-04-20-x86_64-unknown-linux-gnu/lib/rustlib/x86_64-unknown-linux-gnu/lib/librustc_demangle-2846c9e58abd0acb.rlib" "/opt/rustwide/rustup-home/toolchains/beta-2023-04-20-x86_64-unknown-linux-gnu/lib/rustlib/x86_64-unknown-linux-gnu/lib/libstd_detect-a53d0f50415947be.rlib" "/opt/rustwide/rustup-home/toolchains/beta-2023-04-20-x86_64-unknown-linux-gnu/lib/rustlib/x86_64-unknown-linux-gnu/lib/libhashbrown-d48e4b6abc25b9dc.rlib" "/opt/rustwide/rustup-home/toolchains/beta-2023-04-20-x86_64-unknown-linux-gnu/lib/rustlib/x86_64-unknown-linux-gnu/lib/libminiz_oxide-2991859439ef1207.rlib" "/opt/rustwide/rustup-home/toolchains/beta-2023-04-20-x86_64-unknown-linux-gnu/lib/rustlib/x86_64-unknown-linux-gnu/lib/libadler-8a687517e4221bae.rlib" "/opt/rustwide/rustup-home/toolchains/beta-2023-04-20-x86_64-unknown-linux-gnu/lib/rustlib/x86_64-unknown-linux-gnu/lib/librustc_std_workspace_alloc-e07b554f6a67f5b3.rlib" "/opt/rustwide/rustup-home/toolchains/beta-2023-04-20-x86_64-unknown-linux-gnu/lib/rustlib/x86_64-unknown-linux-gnu/lib/libunwind-b68238b7c3c619dd.rlib" "/opt/rustwide/rustup-home/toolchains/beta-2023-04-20-x86_64-unknown-linux-gnu/lib/rustlib/x86_64-unknown-linux-gnu/lib/libcfg_if-d5e213e896c017e4.rlib" "/opt/rustwide/rustup-home/toolchains/beta-2023-04-20-x86_64-unknown-linux-gnu/lib/rustlib/x86_64-unknown-linux-gnu/lib/liblibc-0211a3b2e61d8689.rlib" "/opt/rustwide/rustup-home/toolchains/beta-2023-04-20-x86_64-unknown-linux-gnu/lib/rustlib/x86_64-unknown-linux-gnu/lib/liballoc-b371f055239ba51f.rlib" "/opt/rustwide/rustup-home/toolchains/beta-2023-04-20-x86_64-unknown-linux-gnu/lib/rustlib/x86_64-unknown-linux-gnu/lib/librustc_std_workspace_core-e60518d2760eb01e.rlib" "/opt/rustwide/rustup-home/toolchains/beta-2023-04-20-x86_64-unknown-linux-gnu/lib/rustlib/x86_64-unknown-linux-gnu/lib/libcore-1ad943f92a4b1081.rlib" "/opt/rustwide/rustup-home/toolchains/beta-2023-04-20-x86_64-unknown-linux-gnu/lib/rustlib/x86_64-unknown-linux-gnu/lib/libcompiler_builtins-f0d6e4d0fc1e80b4.rlib" "-Wl,-Bdynamic" "-lgcc_s" "-lutil" "-lrt" "-lpthread" "-lm" "-ldl" "-lc" "-Wl,--eh-frame-hdr" "-Wl,-z,noexecstack" "-L" "/opt/rustwide/rustup-home/toolchains/beta-2023-04-20-x86_64-unknown-linux-gnu/lib/rustlib/x86_64-unknown-linux-gnu/lib" "-o" "/tmp/rustdoctestzwCWZc/rust_out" "-Wl,--gc-sections" "-pie" "-Wl,-z,relro,-z,now" "-nodefaultlibs"
[INFO] [stdout]   = note: collect2: fatal error: ld terminated with signal 9 [Killed]
[INFO] [stdout]           compilation terminated.
[INFO] [stdout]           
[INFO] [stdout] 
[INFO] [stdout] error: aborting due to previous error
[INFO] [stdout] 
[INFO] [stdout] Couldn't compile the test.
[INFO] [stdout] ---- src/timecode.rs - timecode::Timecode::feet_and_frames (line 497) stdout ----
[INFO] [stdout] error: linking with `cc` failed: exit status: 1
[INFO] [stdout]   |
[INFO] [stdout]   = note: LC_ALL="C" PATH="/opt/rustwide/rustup-home/toolchains/beta-2023-04-20-x86_64-unknown-linux-gnu/lib/rustlib/x86_64-unknown-linux-gnu/bin:/opt/rustwide/cargo-home/bin:/usr/local/sbin:/usr/local/bin:/usr/sbin:/usr/bin:/sbin:/bin" VSLANG="1033" "cc" "-m64" "/tmp/rustcb3MUfh/symbols.o" "/tmp/rustdoctest6Svzn1/rust_out.rust_out.c38b68ff-cgu.0.rcgu.o" "/tmp/rustdoctest6Svzn1/rust_out.38a7fyhsvjn6z0qy.rcgu.o" "-Wl,--as-needed" "-L" "/opt/rustwide/target/debug/deps" "-L" "/opt/rustwide/target/debug/deps" "-L" "/opt/rustwide/rustup-home/toolchains/beta-2023-04-20-x86_64-unknown-linux-gnu/lib/rustlib/x86_64-unknown-linux-gnu/lib" "-Wl,-Bstatic" "/opt/rustwide/target/debug/deps/libvtc-2b9ba2d05f00c75e.rlib" "/opt/rustwide/target/debug/deps/libregex-28f2e8cb8dd40750.rlib" "/opt/rustwide/target/debug/deps/libaho_corasick-d5fac31069bece93.rlib" "/opt/rustwide/target/debug/deps/libmemchr-f4ebff342237ab92.rlib" "/opt/rustwide/target/debug/deps/libregex_syntax-cc46e3cc2c79c0a1.rlib" "/opt/rustwide/target/debug/deps/libnum-736c3ea27a09f1b7.rlib" "/opt/rustwide/target/debug/deps/libnum_iter-0ebe67b8d5a356cb.rlib" "/opt/rustwide/target/debug/deps/libnum_rational-9149756d1d7645ac.rlib" "/opt/rustwide/target/debug/deps/libnum_complex-cdd4b5696d7b045e.rlib" "/opt/rustwide/target/debug/deps/libnum_bigint-5aeb48c10416499d.rlib" "/opt/rustwide/target/debug/deps/libnum_integer-84dbbf3360c9e522.rlib" "/opt/rustwide/target/debug/deps/libnum_traits-991acf3b855e0659.rlib" "/opt/rustwide/target/debug/deps/liblazy_static-86422d76b8bd90ed.rlib" "/opt/rustwide/rustup-home/toolchains/beta-2023-04-20-x86_64-unknown-linux-gnu/lib/rustlib/x86_64-unknown-linux-gnu/lib/libstd-0e29cc23c5e02021.rlib" "/opt/rustwide/rustup-home/toolchains/beta-2023-04-20-x86_64-unknown-linux-gnu/lib/rustlib/x86_64-unknown-linux-gnu/lib/libpanic_unwind-d903621768a861d9.rlib" "/opt/rustwide/rustup-home/toolchains/beta-2023-04-20-x86_64-unknown-linux-gnu/lib/rustlib/x86_64-unknown-linux-gnu/lib/libobject-6d0225e655f31c13.rlib" "/opt/rustwide/rustup-home/toolchains/beta-2023-04-20-x86_64-unknown-linux-gnu/lib/rustlib/x86_64-unknown-linux-gnu/lib/libmemchr-9dbaf4eac7eaa079.rlib" "/opt/rustwide/rustup-home/toolchains/beta-2023-04-20-x86_64-unknown-linux-gnu/lib/rustlib/x86_64-unknown-linux-gnu/lib/libaddr2line-27f05b3d42a66dd0.rlib" "/opt/rustwide/rustup-home/toolchains/beta-2023-04-20-x86_64-unknown-linux-gnu/lib/rustlib/x86_64-unknown-linux-gnu/lib/libgimli-4d73f1030321c9a2.rlib" "/opt/rustwide/rustup-home/toolchains/beta-2023-04-20-x86_64-unknown-linux-gnu/lib/rustlib/x86_64-unknown-linux-gnu/lib/librustc_demangle-2846c9e58abd0acb.rlib" "/opt/rustwide/rustup-home/toolchains/beta-2023-04-20-x86_64-unknown-linux-gnu/lib/rustlib/x86_64-unknown-linux-gnu/lib/libstd_detect-a53d0f50415947be.rlib" "/opt/rustwide/rustup-home/toolchains/beta-2023-04-20-x86_64-unknown-linux-gnu/lib/rustlib/x86_64-unknown-linux-gnu/lib/libhashbrown-d48e4b6abc25b9dc.rlib" "/opt/rustwide/rustup-home/toolchains/beta-2023-04-20-x86_64-unknown-linux-gnu/lib/rustlib/x86_64-unknown-linux-gnu/lib/libminiz_oxide-2991859439ef1207.rlib" "/opt/rustwide/rustup-home/toolchains/beta-2023-04-20-x86_64-unknown-linux-gnu/lib/rustlib/x86_64-unknown-linux-gnu/lib/libadler-8a687517e4221bae.rlib" "/opt/rustwide/rustup-home/toolchains/beta-2023-04-20-x86_64-unknown-linux-gnu/lib/rustlib/x86_64-unknown-linux-gnu/lib/librustc_std_workspace_alloc-e07b554f6a67f5b3.rlib" "/opt/rustwide/rustup-home/toolchains/beta-2023-04-20-x86_64-unknown-linux-gnu/lib/rustlib/x86_64-unknown-linux-gnu/lib/libunwind-b68238b7c3c619dd.rlib" "/opt/rustwide/rustup-home/toolchains/beta-2023-04-20-x86_64-unknown-linux-gnu/lib/rustlib/x86_64-unknown-linux-gnu/lib/libcfg_if-d5e213e896c017e4.rlib" "/opt/rustwide/rustup-home/toolchains/beta-2023-04-20-x86_64-unknown-linux-gnu/lib/rustlib/x86_64-unknown-linux-gnu/lib/liblibc-0211a3b2e61d8689.rlib" "/opt/rustwide/rustup-home/toolchains/beta-2023-04-20-x86_64-unknown-linux-gnu/lib/rustlib/x86_64-unknown-linux-gnu/lib/liballoc-b371f055239ba51f.rlib" "/opt/rustwide/rustup-home/toolchains/beta-2023-04-20-x86_64-unknown-linux-gnu/lib/rustlib/x86_64-unknown-linux-gnu/lib/librustc_std_workspace_core-e60518d2760eb01e.rlib" "/opt/rustwide/rustup-home/toolchains/beta-2023-04-20-x86_64-unknown-linux-gnu/lib/rustlib/x86_64-unknown-linux-gnu/lib/libcore-1ad943f92a4b1081.rlib" "/opt/rustwide/rustup-home/toolchains/beta-2023-04-20-x86_64-unknown-linux-gnu/lib/rustlib/x86_64-unknown-linux-gnu/lib/libcompiler_builtins-f0d6e4d0fc1e80b4.rlib" "-Wl,-Bdynamic" "-lgcc_s" "-lutil" "-lrt" "-lpthread" "-lm" "-ldl" "-lc" "-Wl,--eh-frame-hdr" "-Wl,-z,noexecstack" "-L" "/opt/rustwide/rustup-home/toolchains/beta-2023-04-20-x86_64-unknown-linux-gnu/lib/rustlib/x86_64-unknown-linux-gnu/lib" "-o" "/tmp/rustdoctest6Svzn1/rust_out" "-Wl,--gc-sections" "-pie" "-Wl,-z,relro,-z,now" "-nodefaultlibs"
[INFO] [stdout]   = note: collect2: fatal error: ld terminated with signal 9 [Killed]
[INFO] [stdout]           compilation terminated.
[INFO] [stdout]           
[INFO] [stdout] 
[INFO] [stdout] error: aborting due to previous error
[INFO] [stdout] 
[INFO] [stdout] Couldn't compile the test.
[INFO] [stdout] 
[INFO] [stdout] failures:
[INFO] [stdout]     src/timecode.rs - timecode::Timecode (line 103)
[INFO] [stdout]     src/timecode.rs - timecode::Timecode::feet_and_frames (line 497)
[INFO] [stdout] 
[INFO] [stdout] test result: FAILED. 50 passed; 2 failed; 0 ignored; 0 measured; 0 filtered out; finished in 24.35s
[INFO] [stdout] 
[INFO] [stderr] error: doctest failed, to rerun pass `--doc`
[INFO] running `Command { std: "docker" "inspect" "9189cfeaa1fb9d62b1cf557e959441d922ec69b6ca672c8492039466013898b3", kill_on_drop: false }`
[INFO] running `Command { std: "docker" "rm" "-f" "9189cfeaa1fb9d62b1cf557e959441d922ec69b6ca672c8492039466013898b3", kill_on_drop: false }`
[INFO] [stdout] 9189cfeaa1fb9d62b1cf557e959441d922ec69b6ca672c8492039466013898b3
