[INFO] fetching crate vrellis-core 0.1.0...
[INFO] testing vrellis-core-0.1.0 against 1.69.0 for beta-1.70-1
[INFO] extracting crate vrellis-core 0.1.0 into /workspace/builds/worker-6-tc1/source
[INFO] validating manifest of crates.io crate vrellis-core 0.1.0 on toolchain 1.69.0
[INFO] running `Command { std: CARGO_HOME="/workspace/cargo-home" RUSTUP_HOME="/workspace/rustup-home" "/workspace/cargo-home/bin/cargo" "+1.69.0" "metadata" "--manifest-path" "Cargo.toml" "--no-deps", kill_on_drop: false }`
[INFO] started tweaking crates.io crate vrellis-core 0.1.0
[INFO] finished tweaking crates.io crate vrellis-core 0.1.0
[INFO] tweaked toml for crates.io crate vrellis-core 0.1.0 written to /workspace/builds/worker-6-tc1/source/Cargo.toml
[INFO] running `Command { std: CARGO_HOME="/workspace/cargo-home" RUSTUP_HOME="/workspace/rustup-home" __CARGO_TEST_CHANNEL_OVERRIDE_DO_NOT_USE_THIS="nightly" "/workspace/cargo-home/bin/cargo" "+1.69.0" "generate-lockfile" "--manifest-path" "Cargo.toml" "-Zno-index-update", kill_on_drop: false }`
[INFO] running `Command { std: CARGO_HOME="/workspace/cargo-home" RUSTUP_HOME="/workspace/rustup-home" "/workspace/cargo-home/bin/cargo" "+1.69.0" "fetch" "--manifest-path" "Cargo.toml", kill_on_drop: false }`
[INFO] [stderr]  Downloading crates ...
[INFO] [stderr]   Downloaded imageproc v0.22.0
[INFO] running `Command { std: "docker" "create" "-v" "/var/lib/crater-agent-workspace/builds/worker-6-tc1/target:/opt/rustwide/target:rw,Z" "-v" "/var/lib/crater-agent-workspace/builds/worker-6-tc1/source:/opt/rustwide/workdir:ro,Z" "-v" "/var/lib/crater-agent-workspace/cargo-home:/opt/rustwide/cargo-home:ro,Z" "-v" "/var/lib/crater-agent-workspace/rustup-home:/opt/rustwide/rustup-home:ro,Z" "-e" "SOURCE_DIR=/opt/rustwide/workdir" "-e" "CARGO_TARGET_DIR=/opt/rustwide/target" "-e" "CARGO_HOME=/opt/rustwide/cargo-home" "-e" "RUSTUP_HOME=/opt/rustwide/rustup-home" "-w" "/opt/rustwide/workdir" "-m" "1610612736" "--user" "0:0" "--network" "none" "ghcr.io/rust-lang/crates-build-env/linux@sha256:5ff2268d62e97bff2cde7d5815dd6ed5b47097566f13b8d0ca110b04b60e07ed" "/opt/rustwide/cargo-home/bin/cargo" "+1.69.0" "metadata" "--no-deps" "--format-version=1", kill_on_drop: false }`
[INFO] [stdout] d7ddbdcdcce9df7d757da4b62506e766a04598849b76f8414c09de83405becd1
[INFO] running `Command { std: "docker" "start" "-a" "d7ddbdcdcce9df7d757da4b62506e766a04598849b76f8414c09de83405becd1", kill_on_drop: false }`
[INFO] running `Command { std: "docker" "inspect" "d7ddbdcdcce9df7d757da4b62506e766a04598849b76f8414c09de83405becd1", kill_on_drop: false }`
[INFO] running `Command { std: "docker" "rm" "-f" "d7ddbdcdcce9df7d757da4b62506e766a04598849b76f8414c09de83405becd1", kill_on_drop: false }`
[INFO] [stdout] d7ddbdcdcce9df7d757da4b62506e766a04598849b76f8414c09de83405becd1
[INFO] running `Command { std: "docker" "create" "-v" "/var/lib/crater-agent-workspace/builds/worker-6-tc1/target:/opt/rustwide/target:rw,Z" "-v" "/var/lib/crater-agent-workspace/builds/worker-6-tc1/source:/opt/rustwide/workdir:ro,Z" "-v" "/var/lib/crater-agent-workspace/cargo-home:/opt/rustwide/cargo-home:ro,Z" "-v" "/var/lib/crater-agent-workspace/rustup-home:/opt/rustwide/rustup-home:ro,Z" "-e" "SOURCE_DIR=/opt/rustwide/workdir" "-e" "CARGO_TARGET_DIR=/opt/rustwide/target" "-e" "CARGO_INCREMENTAL=0" "-e" "RUST_BACKTRACE=full" "-e" "RUSTFLAGS=--cap-lints=warn" "-e" "RUSTDOCFLAGS=--cap-lints=warn" "-e" "CARGO_HOME=/opt/rustwide/cargo-home" "-e" "RUSTUP_HOME=/opt/rustwide/rustup-home" "-w" "/opt/rustwide/workdir" "-m" "1610612736" "--user" "0:0" "--network" "none" "ghcr.io/rust-lang/crates-build-env/linux@sha256:5ff2268d62e97bff2cde7d5815dd6ed5b47097566f13b8d0ca110b04b60e07ed" "/opt/rustwide/cargo-home/bin/cargo" "+1.69.0" "build" "--frozen" "--message-format=json", kill_on_drop: false }`
[INFO] [stdout] b080af14f46973c930d1791f294667d7fe24a654a6fe2e39c1f4745e60f359b9
[INFO] running `Command { std: "docker" "start" "-a" "b080af14f46973c930d1791f294667d7fe24a654a6fe2e39c1f4745e60f359b9", kill_on_drop: false }`
[INFO] [stderr]     Blocking waiting for file lock on package cache
[INFO] [stderr]    Compiling num-traits v0.2.15
[INFO] [stderr]    Compiling num-integer v0.1.45
[INFO] [stderr]    Compiling num-iter v0.1.43
[INFO] [stderr]    Compiling getrandom v0.1.16
[INFO] [stderr]    Compiling num-bigint v0.3.3
[INFO] [stderr]    Compiling num-rational v0.3.2
[INFO] [stderr]    Compiling miniz_oxide v0.4.4
[INFO] [stderr]    Compiling adler32 v1.2.0
[INFO] [stderr]    Compiling matrixmultiply v0.1.15
[INFO] [stderr]    Compiling ppv-lite86 v0.2.17
[INFO] [stderr]    Compiling weezl v0.1.7
[INFO] [stderr]    Compiling rawpointer v0.1.0
[INFO] [stderr]    Compiling ttf-parser v0.15.2
[INFO] [stderr]    Compiling color_quant v1.1.0
[INFO] [stderr]    Compiling jpeg-decoder v0.1.22
[INFO] [stderr]    Compiling scoped_threadpool v0.1.9
[INFO] [stderr]    Compiling serde v1.0.160
[INFO] [stderr]    Compiling miniz_oxide v0.3.7
[INFO] [stderr]    Compiling deflate v0.8.6
[INFO] [stderr]    Compiling gif v0.11.4
[INFO] [stderr]    Compiling custom_derive v0.1.7
[INFO] [stderr]    Compiling ab_glyph_rasterizer v0.1.8
[INFO] [stderr]    Compiling bytemuck v1.13.1
[INFO] [stderr]    Compiling rand_core v0.5.1
[INFO] [stderr]    Compiling conv v0.3.3
[INFO] [stderr]    Compiling itertools v0.9.0
[INFO] [stderr]    Compiling rand_chacha v0.2.2
[INFO] [stderr]    Compiling png v0.16.8
[INFO] [stderr]    Compiling rand v0.7.3
[INFO] [stderr]    Compiling tiff v0.6.1
[INFO] [stderr]    Compiling num-complex v0.3.1
[INFO] [stderr]    Compiling rand_distr v0.2.2
[INFO] [stderr]    Compiling num v0.1.42
[INFO] [stderr]    Compiling rulinalg v0.4.2
[INFO] [stderr]    Compiling owned_ttf_parser v0.15.2
[INFO] [stderr]    Compiling rusttype v0.9.3
[INFO] [stderr]    Compiling image v0.23.14
[INFO] [stderr]    Compiling num v0.3.1
[INFO] [stderr]    Compiling imageproc v0.22.0
[INFO] [stderr]    Compiling vrellis-core v0.1.0 (/opt/rustwide/workdir)
[INFO] [stdout] warning: use of deprecated method `image::DynamicImage::to_luma`: replaced by `to_luma8`
[INFO] [stdout]   --> src/render/solver.rs:25:47
[INFO] [stdout]    |
[INFO] [stdout] 25 |         let mut current_composite_image = img.to_luma();
[INFO] [stdout]    |                                               ^^^^^^^
[INFO] [stdout]    |
[INFO] [stdout]    = note: `#[warn(deprecated)]` on by default
[INFO] [stdout] 
[INFO] [stdout] 
[INFO] [stdout] warning: use of deprecated method `image::DynamicImage::to_rgb`: replaced by `to_rgb8`
[INFO] [stdout]   --> src/render/solver.rs:31:31
[INFO] [stdout]    |
[INFO] [stdout] 31 |             target_image: img.to_rgb(),
[INFO] [stdout]    |                               ^^^^^^
[INFO] [stdout] 
[INFO] [stdout] 
[INFO] [stdout] warning: use of deprecated method `image::DynamicImage::to_luma_alpha`: replaced by `to_luma_alpha8`
[INFO] [stdout]   --> src/render/solver.rs:32:35
[INFO] [stdout]    |
[INFO] [stdout] 32 |             current_image: canvas.to_luma_alpha(),
[INFO] [stdout]    |                                   ^^^^^^^^^^^^^
[INFO] [stdout] 
[INFO] [stdout] 
[INFO] [stdout] warning: 3 warnings emitted
[INFO] [stdout] 
[INFO] [stdout] 
[INFO] [stderr]     Finished dev [unoptimized + debuginfo] target(s) in 13.68s
[INFO] running `Command { std: "docker" "inspect" "b080af14f46973c930d1791f294667d7fe24a654a6fe2e39c1f4745e60f359b9", kill_on_drop: false }`
[INFO] running `Command { std: "docker" "rm" "-f" "b080af14f46973c930d1791f294667d7fe24a654a6fe2e39c1f4745e60f359b9", kill_on_drop: false }`
[INFO] [stdout] b080af14f46973c930d1791f294667d7fe24a654a6fe2e39c1f4745e60f359b9
[INFO] running `Command { std: "docker" "create" "-v" "/var/lib/crater-agent-workspace/builds/worker-6-tc1/target:/opt/rustwide/target:rw,Z" "-v" "/var/lib/crater-agent-workspace/builds/worker-6-tc1/source:/opt/rustwide/workdir:ro,Z" "-v" "/var/lib/crater-agent-workspace/cargo-home:/opt/rustwide/cargo-home:ro,Z" "-v" "/var/lib/crater-agent-workspace/rustup-home:/opt/rustwide/rustup-home:ro,Z" "-e" "SOURCE_DIR=/opt/rustwide/workdir" "-e" "CARGO_TARGET_DIR=/opt/rustwide/target" "-e" "CARGO_INCREMENTAL=0" "-e" "RUST_BACKTRACE=full" "-e" "RUSTFLAGS=--cap-lints=warn" "-e" "RUSTDOCFLAGS=--cap-lints=warn" "-e" "CARGO_HOME=/opt/rustwide/cargo-home" "-e" "RUSTUP_HOME=/opt/rustwide/rustup-home" "-w" "/opt/rustwide/workdir" "-m" "1610612736" "--user" "0:0" "--network" "none" "ghcr.io/rust-lang/crates-build-env/linux@sha256:5ff2268d62e97bff2cde7d5815dd6ed5b47097566f13b8d0ca110b04b60e07ed" "/opt/rustwide/cargo-home/bin/cargo" "+1.69.0" "test" "--frozen" "--no-run" "--message-format=json", kill_on_drop: false }`
[INFO] [stdout] 041b2e6815e58e874bc87a446d24475899711fef63b9cf13f5ea870cd59baa52
[INFO] running `Command { std: "docker" "start" "-a" "041b2e6815e58e874bc87a446d24475899711fef63b9cf13f5ea870cd59baa52", kill_on_drop: false }`
[INFO] [stdout] warning: use of deprecated method `image::DynamicImage::to_luma`: replaced by `to_luma8`
[INFO] [stdout]   --> src/render/solver.rs:25:47
[INFO] [stdout]    |
[INFO] [stdout] 25 |         let mut current_composite_image = img.to_luma();
[INFO] [stdout]    |                                               ^^^^^^^
[INFO] [stdout]    |
[INFO] [stdout]    = note: `#[warn(deprecated)]` on by default
[INFO] [stdout] 
[INFO] [stdout] 
[INFO] [stdout] warning: use of deprecated method `image::DynamicImage::to_rgb`: replaced by `to_rgb8`
[INFO] [stdout]   --> src/render/solver.rs:31:31
[INFO] [stdout]    |
[INFO] [stdout] 31 |             target_image: img.to_rgb(),
[INFO] [stdout]    |                               ^^^^^^
[INFO] [stdout] 
[INFO] [stdout] 
[INFO] [stdout] warning: use of deprecated method `image::DynamicImage::to_luma_alpha`: replaced by `to_luma_alpha8`
[INFO] [stdout]   --> src/render/solver.rs:32:35
[INFO] [stdout]    |
[INFO] [stdout] 32 |             current_image: canvas.to_luma_alpha(),
[INFO] [stdout]    |                                   ^^^^^^^^^^^^^
[INFO] [stdout] 
[INFO] [stdout] 
[INFO] [stdout] warning: 3 warnings emitted
[INFO] [stdout] 
[INFO] [stdout] 
[INFO] [stderr]    Compiling vrellis-core v0.1.0 (/opt/rustwide/workdir)
[INFO] [stdout] warning: use of deprecated method `image::DynamicImage::to_luma`: replaced by `to_luma8`
[INFO] [stdout]   --> src/render/solver.rs:25:47
[INFO] [stdout]    |
[INFO] [stdout] 25 |         let mut current_composite_image = img.to_luma();
[INFO] [stdout]    |                                               ^^^^^^^
[INFO] [stdout]    |
[INFO] [stdout]    = note: `#[warn(deprecated)]` on by default
[INFO] [stdout] 
[INFO] [stdout] 
[INFO] [stdout] warning: use of deprecated method `image::DynamicImage::to_rgb`: replaced by `to_rgb8`
[INFO] [stdout]   --> src/render/solver.rs:31:31
[INFO] [stdout]    |
[INFO] [stdout] 31 |             target_image: img.to_rgb(),
[INFO] [stdout]    |                               ^^^^^^
[INFO] [stdout] 
[INFO] [stdout] 
[INFO] [stdout] warning: use of deprecated method `image::DynamicImage::to_luma_alpha`: replaced by `to_luma_alpha8`
[INFO] [stdout]   --> src/render/solver.rs:32:35
[INFO] [stdout]    |
[INFO] [stdout] 32 |             current_image: canvas.to_luma_alpha(),
[INFO] [stdout]    |                                   ^^^^^^^^^^^^^
[INFO] [stdout] 
[INFO] [stdout] 
[INFO] [stdout] warning: 3 warnings emitted
[INFO] [stdout] 
[INFO] [stdout] 
[INFO] [stderr]     Finished test [unoptimized + debuginfo] target(s) in 3.12s
[INFO] running `Command { std: "docker" "inspect" "041b2e6815e58e874bc87a446d24475899711fef63b9cf13f5ea870cd59baa52", kill_on_drop: false }`
[INFO] running `Command { std: "docker" "rm" "-f" "041b2e6815e58e874bc87a446d24475899711fef63b9cf13f5ea870cd59baa52", kill_on_drop: false }`
[INFO] [stdout] 041b2e6815e58e874bc87a446d24475899711fef63b9cf13f5ea870cd59baa52
[INFO] running `Command { std: "docker" "create" "-v" "/var/lib/crater-agent-workspace/builds/worker-6-tc1/target:/opt/rustwide/target:rw,Z" "-v" "/var/lib/crater-agent-workspace/builds/worker-6-tc1/source:/opt/rustwide/workdir:ro,Z" "-v" "/var/lib/crater-agent-workspace/cargo-home:/opt/rustwide/cargo-home:ro,Z" "-v" "/var/lib/crater-agent-workspace/rustup-home:/opt/rustwide/rustup-home:ro,Z" "-e" "SOURCE_DIR=/opt/rustwide/workdir" "-e" "CARGO_TARGET_DIR=/opt/rustwide/target" "-e" "CARGO_INCREMENTAL=0" "-e" "RUST_BACKTRACE=full" "-e" "RUSTFLAGS=--cap-lints=warn" "-e" "RUSTDOCFLAGS=--cap-lints=warn" "-e" "CARGO_HOME=/opt/rustwide/cargo-home" "-e" "RUSTUP_HOME=/opt/rustwide/rustup-home" "-w" "/opt/rustwide/workdir" "-m" "1610612736" "--user" "0:0" "--network" "none" "ghcr.io/rust-lang/crates-build-env/linux@sha256:5ff2268d62e97bff2cde7d5815dd6ed5b47097566f13b8d0ca110b04b60e07ed" "/opt/rustwide/cargo-home/bin/cargo" "+1.69.0" "test" "--frozen", kill_on_drop: false }`
[INFO] [stdout] 25a000a5f9624449167758e9b1e19f90c5aede2812247ffc5d5ad42682d6a205
[INFO] running `Command { std: "docker" "start" "-a" "25a000a5f9624449167758e9b1e19f90c5aede2812247ffc5d5ad42682d6a205", kill_on_drop: false }`
[INFO] [stderr] warning: use of deprecated method `image::DynamicImage::to_luma`: replaced by `to_luma8`
[INFO] [stderr]   --> src/render/solver.rs:25:47
[INFO] [stderr]    |
[INFO] [stderr] 25 |         let mut current_composite_image = img.to_luma();
[INFO] [stderr]    |                                               ^^^^^^^
[INFO] [stderr]    |
[INFO] [stderr]    = note: `#[warn(deprecated)]` on by default
[INFO] [stderr] 
[INFO] [stderr] warning: use of deprecated method `image::DynamicImage::to_rgb`: replaced by `to_rgb8`
[INFO] [stderr]   --> src/render/solver.rs:31:31
[INFO] [stderr]    |
[INFO] [stderr] 31 |             target_image: img.to_rgb(),
[INFO] [stderr]    |                               ^^^^^^
[INFO] [stderr] 
[INFO] [stderr] warning: use of deprecated method `image::DynamicImage::to_luma_alpha`: replaced by `to_luma_alpha8`
[INFO] [stderr]   --> src/render/solver.rs:32:35
[INFO] [stderr]    |
[INFO] [stderr] 32 |             current_image: canvas.to_luma_alpha(),
[INFO] [stderr]    |                                   ^^^^^^^^^^^^^
[INFO] [stderr] 
[INFO] [stderr] warning: `vrellis-core` (lib) generated 3 warnings
[INFO] [stderr] warning: `vrellis-core` (lib test) generated 3 warnings (3 duplicates)
[INFO] [stderr]     Finished test [unoptimized + debuginfo] target(s) in 0.16s
[INFO] [stderr]      Running unittests src/lib.rs (/opt/rustwide/target/debug/deps/vrellis_core-b2d76c1f41f8f213)
[INFO] [stdout] 
[INFO] [stdout] running 0 tests
[INFO] [stdout] 
[INFO] [stdout] test result: ok. 0 passed; 0 failed; 0 ignored; 0 measured; 0 filtered out; finished in 0.00s
[INFO] [stdout] 
[INFO] [stderr]      Running tests/main.rs (/opt/rustwide/target/debug/deps/main-bf5297b3a5a21905)
[INFO] [stdout] 
[INFO] [stdout] running 4 tests
[INFO] [stdout] test ready ... ok
[INFO] [stdout] test samples::circle ... ok
[INFO] [stdout] test samples::square ... ok
[INFO] [stdout] test draw ... FAILED
[INFO] [stdout] 
[INFO] [stdout] failures:
[INFO] [stdout] 
[INFO] [stdout] ---- draw stdout ----
[INFO] [stdout] thread 'draw' panicked at 'called `Result::unwrap()` on an `Err` value: IOError("Read-only file system (os error 30)")', tests/main.rs:20:67
[INFO] [stdout] stack backtrace:
[INFO] [stdout]    0:     0x5631b510bbfa - std::backtrace_rs::backtrace::libunwind::trace::ha9053a9a07ca49cb
[INFO] [stdout]                                at /rustc/84c898d65adf2f39a5a98507f1fe0ce10a2b8dbc/library/std/src/../../backtrace/src/backtrace/libunwind.rs:93:5
[INFO] [stdout]    1:     0x5631b510bbfa - std::backtrace_rs::backtrace::trace_unsynchronized::h9c2852a457ad564e
[INFO] [stdout]                                at /rustc/84c898d65adf2f39a5a98507f1fe0ce10a2b8dbc/library/std/src/../../backtrace/src/backtrace/mod.rs:66:5
[INFO] [stdout]    2:     0x5631b510bbfa - std::sys_common::backtrace::_print_fmt::h457936fbfaa0070f
[INFO] [stdout]                                at /rustc/84c898d65adf2f39a5a98507f1fe0ce10a2b8dbc/library/std/src/sys_common/backtrace.rs:65:5
[INFO] [stdout]    3:     0x5631b510bbfa - <std::sys_common::backtrace::_print::DisplayBacktrace as core::fmt::Display>::fmt::h5779d7bf7f70cb0c
[INFO] [stdout]                                at /rustc/84c898d65adf2f39a5a98507f1fe0ce10a2b8dbc/library/std/src/sys_common/backtrace.rs:44:22
[INFO] [stdout]    4:     0x5631b513116e - core::fmt::write::h5a4baaff1bcd3eb5
[INFO] [stdout]                                at /rustc/84c898d65adf2f39a5a98507f1fe0ce10a2b8dbc/library/core/src/fmt/mod.rs:1232:17
[INFO] [stdout]    5:     0x5631b5108da5 - std::io::Write::write_fmt::h478f79c628ef31d1
[INFO] [stdout]                                at /rustc/84c898d65adf2f39a5a98507f1fe0ce10a2b8dbc/library/std/src/io/mod.rs:1684:15
[INFO] [stdout]    6:     0x5631b510b9c5 - std::sys_common::backtrace::_print::h5fcdc36060f177e8
[INFO] [stdout]                                at /rustc/84c898d65adf2f39a5a98507f1fe0ce10a2b8dbc/library/std/src/sys_common/backtrace.rs:47:5
[INFO] [stdout]    7:     0x5631b510b9c5 - std::sys_common::backtrace::print::h54ca9458b876c8bf
[INFO] [stdout]                                at /rustc/84c898d65adf2f39a5a98507f1fe0ce10a2b8dbc/library/std/src/sys_common/backtrace.rs:34:9
[INFO] [stdout]    8:     0x5631b510d78f - std::panicking::default_hook::{{closure}}::hbe471161c7664ed6
[INFO] [stdout]                                at /rustc/84c898d65adf2f39a5a98507f1fe0ce10a2b8dbc/library/std/src/panicking.rs:271:22
[INFO] [stdout]    9:     0x5631b510d44f - std::panicking::default_hook::ha3500da57aa4ac4f
[INFO] [stdout]                                at /rustc/84c898d65adf2f39a5a98507f1fe0ce10a2b8dbc/library/std/src/panicking.rs:287:9
[INFO] [stdout]   10:     0x5631b4d74c27 - <alloc::boxed::Box<F,A> as core::ops::function::Fn<Args>>::call::hdf1b89dd137ece34
[INFO] [stdout]                                at /rustc/84c898d65adf2f39a5a98507f1fe0ce10a2b8dbc/library/alloc/src/boxed.rs:2001:9
[INFO] [stdout]   11:     0x5631b4d74c27 - test::test_main::{{closure}}::h9081a79f20e75698
[INFO] [stdout]                                at /rustc/84c898d65adf2f39a5a98507f1fe0ce10a2b8dbc/library/test/src/lib.rs:135:21
[INFO] [stdout]   12:     0x5631b510debd - <alloc::boxed::Box<F,A> as core::ops::function::Fn<Args>>::call::h6507bddc3eebb4a5
[INFO] [stdout]                                at /rustc/84c898d65adf2f39a5a98507f1fe0ce10a2b8dbc/library/alloc/src/boxed.rs:2001:9
[INFO] [stdout]   13:     0x5631b510debd - std::panicking::rust_panic_with_hook::h50c09d000dc561d2
[INFO] [stdout]                                at /rustc/84c898d65adf2f39a5a98507f1fe0ce10a2b8dbc/library/std/src/panicking.rs:696:13
[INFO] [stdout]   14:     0x5631b510dc39 - std::panicking::begin_panic_handler::{{closure}}::h9e2b2176e00e0d9c
[INFO] [stdout]                                at /rustc/84c898d65adf2f39a5a98507f1fe0ce10a2b8dbc/library/std/src/panicking.rs:583:13
[INFO] [stdout]   15:     0x5631b510c066 - std::sys_common::backtrace::__rust_end_short_backtrace::h5739b8e512c09d02
[INFO] [stdout]                                at /rustc/84c898d65adf2f39a5a98507f1fe0ce10a2b8dbc/library/std/src/sys_common/backtrace.rs:150:18
[INFO] [stdout]   16:     0x5631b510d942 - rust_begin_unwind
[INFO] [stdout]                                at /rustc/84c898d65adf2f39a5a98507f1fe0ce10a2b8dbc/library/std/src/panicking.rs:579:5
[INFO] [stdout]   17:     0x5631b4d41033 - core::panicking::panic_fmt::hf33a1475b4dc5c3e
[INFO] [stdout]                                at /rustc/84c898d65adf2f39a5a98507f1fe0ce10a2b8dbc/library/core/src/panicking.rs:64:14
[INFO] [stdout]   18:     0x5631b4d414e3 - core::result::unwrap_failed::hdff5465d74574b44
[INFO] [stdout]                                at /rustc/84c898d65adf2f39a5a98507f1fe0ce10a2b8dbc/library/core/src/result.rs:1750:5
[INFO] [stdout]   19:     0x5631b4d456d2 - core::result::Result<T,E>::unwrap::he6f525dd9baf811c
[INFO] [stdout]                                at /rustc/84c898d65adf2f39a5a98507f1fe0ce10a2b8dbc/library/core/src/result.rs:1090:23
[INFO] [stdout]   20:     0x5631b4d420cf - main::draw_circle::h202cff805510e045
[INFO] [stdout]                                at /opt/rustwide/workdir/tests/main.rs:20:5
[INFO] [stdout]   21:     0x5631b4d42d50 - main::draw::h324bbcf95aa00b7f
[INFO] [stdout]                                at /opt/rustwide/workdir/tests/main.rs:62:9
[INFO] [stdout]   22:     0x5631b4d42cc7 - main::draw::{{closure}}::h023faa5a9a4f8442
[INFO] [stdout]                                at /opt/rustwide/workdir/tests/main.rs:59:11
[INFO] [stdout]   23:     0x5631b4d44e45 - core::ops::function::FnOnce::call_once::h772499fe4f87a727
[INFO] [stdout]                                at /rustc/84c898d65adf2f39a5a98507f1fe0ce10a2b8dbc/library/core/src/ops/function.rs:250:5
[INFO] [stdout]   24:     0x5631b4d7a00f - core::ops::function::FnOnce::call_once::h7d969581be7d0075
[INFO] [stdout]                                at /rustc/84c898d65adf2f39a5a98507f1fe0ce10a2b8dbc/library/core/src/ops/function.rs:250:5
[INFO] [stdout]   25:     0x5631b4d7a00f - test::__rust_begin_short_backtrace::hca25a52684e56655
[INFO] [stdout]                                at /rustc/84c898d65adf2f39a5a98507f1fe0ce10a2b8dbc/library/test/src/lib.rs:656:18
[INFO] [stdout]   26:     0x5631b4d4b62c - test::run_test::{{closure}}::ha8ac744c4af1a4bb
[INFO] [stdout]                                at /rustc/84c898d65adf2f39a5a98507f1fe0ce10a2b8dbc/library/test/src/lib.rs:647:30
[INFO] [stdout]   27:     0x5631b4d4b62c - core::ops::function::FnOnce::call_once{{vtable.shim}}::h7b411a9ed45bdecf
[INFO] [stdout]                                at /rustc/84c898d65adf2f39a5a98507f1fe0ce10a2b8dbc/library/core/src/ops/function.rs:250:5
[INFO] [stdout]   28:     0x5631b4d78fd6 - <alloc::boxed::Box<F,A> as core::ops::function::FnOnce<Args>>::call_once::hd05328869a8ed200
[INFO] [stdout]                                at /rustc/84c898d65adf2f39a5a98507f1fe0ce10a2b8dbc/library/alloc/src/boxed.rs:1987:9
[INFO] [stdout]   29:     0x5631b4d78fd6 - <core::panic::unwind_safe::AssertUnwindSafe<F> as core::ops::function::FnOnce<()>>::call_once::h0c601ce20bd5b2be
[INFO] [stdout]                                at /rustc/84c898d65adf2f39a5a98507f1fe0ce10a2b8dbc/library/core/src/panic/unwind_safe.rs:271:9
[INFO] [stdout]   30:     0x5631b4d78fd6 - std::panicking::try::do_call::ha4be5c164fe30854
[INFO] [stdout]                                at /rustc/84c898d65adf2f39a5a98507f1fe0ce10a2b8dbc/library/std/src/panicking.rs:487:40
[INFO] [stdout]   31:     0x5631b4d78fd6 - std::panicking::try::h604546f3609af05f
[INFO] [stdout]                                at /rustc/84c898d65adf2f39a5a98507f1fe0ce10a2b8dbc/library/std/src/panicking.rs:451:19
[INFO] [stdout]   32:     0x5631b4d78fd6 - std::panic::catch_unwind::h5bfa8afe44c9c2f9
[INFO] [stdout]                                at /rustc/84c898d65adf2f39a5a98507f1fe0ce10a2b8dbc/library/std/src/panic.rs:140:14
[INFO] [stdout]   33:     0x5631b4d78fd6 - test::run_test_in_process::hd50dee55dd63e6aa
[INFO] [stdout]                                at /rustc/84c898d65adf2f39a5a98507f1fe0ce10a2b8dbc/library/test/src/lib.rs:679:27
[INFO] [stdout]   34:     0x5631b4d78fd6 - test::run_test::run_test_inner::{{closure}}::h4aa0f433aa85cea8
[INFO] [stdout]                                at /rustc/84c898d65adf2f39a5a98507f1fe0ce10a2b8dbc/library/test/src/lib.rs:573:39
[INFO] [stdout]   35:     0x5631b4d45ca1 - test::run_test::run_test_inner::{{closure}}::had56431adf24b4d6
[INFO] [stdout]                                at /rustc/84c898d65adf2f39a5a98507f1fe0ce10a2b8dbc/library/test/src/lib.rs:600:37
[INFO] [stdout]   36:     0x5631b4d45ca1 - std::sys_common::backtrace::__rust_begin_short_backtrace::ha8d9890e0c73bf13
[INFO] [stdout]                                at /rustc/84c898d65adf2f39a5a98507f1fe0ce10a2b8dbc/library/std/src/sys_common/backtrace.rs:134:18
[INFO] [stdout]   37:     0x5631b4d4b6bb - std::thread::Builder::spawn_unchecked_::{{closure}}::{{closure}}::h251832bcb4a95327
[INFO] [stdout]                                at /rustc/84c898d65adf2f39a5a98507f1fe0ce10a2b8dbc/library/std/src/thread/mod.rs:560:17
[INFO] [stdout]   38:     0x5631b4d4b6bb - <core::panic::unwind_safe::AssertUnwindSafe<F> as core::ops::function::FnOnce<()>>::call_once::h8fdff598fa414831
[INFO] [stdout]                                at /rustc/84c898d65adf2f39a5a98507f1fe0ce10a2b8dbc/library/core/src/panic/unwind_safe.rs:271:9
[INFO] [stdout]   39:     0x5631b4d4b6bb - std::panicking::try::do_call::h455dd2f7764a950f
[INFO] [stdout]                                at /rustc/84c898d65adf2f39a5a98507f1fe0ce10a2b8dbc/library/std/src/panicking.rs:487:40
[INFO] [stdout]   40:     0x5631b4d4b6bb - std::panicking::try::had6f23b7b73ae72a
[INFO] [stdout]                                at /rustc/84c898d65adf2f39a5a98507f1fe0ce10a2b8dbc/library/std/src/panicking.rs:451:19
[INFO] [stdout]   41:     0x5631b4d4b6bb - std::panic::catch_unwind::ha6a5ca3915b4dad0
[INFO] [stdout]                                at /rustc/84c898d65adf2f39a5a98507f1fe0ce10a2b8dbc/library/std/src/panic.rs:140:14
[INFO] [stdout]   42:     0x5631b4d4b6bb - std::thread::Builder::spawn_unchecked_::{{closure}}::h883b72ef75da6231
[INFO] [stdout]                                at /rustc/84c898d65adf2f39a5a98507f1fe0ce10a2b8dbc/library/std/src/thread/mod.rs:559:30
[INFO] [stdout]   43:     0x5631b4d4b6bb - core::ops::function::FnOnce::call_once{{vtable.shim}}::hb7dff73dc8bd2ccb
[INFO] [stdout]                                at /rustc/84c898d65adf2f39a5a98507f1fe0ce10a2b8dbc/library/core/src/ops/function.rs:250:5
[INFO] [stdout]   44:     0x5631b5112303 - <alloc::boxed::Box<F,A> as core::ops::function::FnOnce<Args>>::call_once::h39990b24eedef2ab
[INFO] [stdout]                                at /rustc/84c898d65adf2f39a5a98507f1fe0ce10a2b8dbc/library/alloc/src/boxed.rs:1987:9
[INFO] [stdout]   45:     0x5631b5112303 - <alloc::boxed::Box<F,A> as core::ops::function::FnOnce<Args>>::call_once::h01a027258444143b
[INFO] [stdout]                                at /rustc/84c898d65adf2f39a5a98507f1fe0ce10a2b8dbc/library/alloc/src/boxed.rs:1987:9
[INFO] [stdout]   46:     0x5631b5112303 - std::sys::unix::thread::Thread::new::thread_start::ha4f1cdd9c25884ba
[INFO] [stdout]                                at /rustc/84c898d65adf2f39a5a98507f1fe0ce10a2b8dbc/library/std/src/sys/unix/thread.rs:108:17
[INFO] [stdout]   47:     0x7ff4a6616b43 - <unknown>
[INFO] [stdout]   48:     0x7ff4a66a7bb4 - __clone
[INFO] [stdout]   49:                0x0 - <unknown>
[INFO] [stdout] 
[INFO] [stdout] 
[INFO] [stdout] failures:
[INFO] [stdout]     draw
[INFO] [stdout] 
[INFO] [stdout] test result: FAILED. 3 passed; 1 failed; 0 ignored; 0 measured; 0 filtered out; finished in 9.13s
[INFO] [stdout] 
[INFO] [stderr] error: test failed, to rerun pass `--test main`
[INFO] running `Command { std: "docker" "inspect" "25a000a5f9624449167758e9b1e19f90c5aede2812247ffc5d5ad42682d6a205", kill_on_drop: false }`
[INFO] running `Command { std: "docker" "rm" "-f" "25a000a5f9624449167758e9b1e19f90c5aede2812247ffc5d5ad42682d6a205", kill_on_drop: false }`
[INFO] [stdout] 25a000a5f9624449167758e9b1e19f90c5aede2812247ffc5d5ad42682d6a205
