[INFO] fetching crate vpncloud 2.3.0...
[INFO] testing vpncloud-2.3.0 against beta-2023-04-20 for beta-1.70-1
[INFO] extracting crate vpncloud 2.3.0 into /workspace/builds/worker-6-tc2/source
[INFO] validating manifest of crates.io crate vpncloud 2.3.0 on toolchain beta-2023-04-20
[INFO] running `Command { std: CARGO_HOME="/workspace/cargo-home" RUSTUP_HOME="/workspace/rustup-home" "/workspace/cargo-home/bin/cargo" "+beta-2023-04-20" "metadata" "--manifest-path" "Cargo.toml" "--no-deps", kill_on_drop: false }`
[INFO] removed /workspace/builds/worker-6-tc2/source/.cargo/config
[INFO] started tweaking crates.io crate vpncloud 2.3.0
[INFO] finished tweaking crates.io crate vpncloud 2.3.0
[INFO] tweaked toml for crates.io crate vpncloud 2.3.0 written to /workspace/builds/worker-6-tc2/source/Cargo.toml
[INFO] crate crates.io crate vpncloud 2.3.0 already has a lockfile, it will not be regenerated
[INFO] running `Command { std: CARGO_HOME="/workspace/cargo-home" RUSTUP_HOME="/workspace/rustup-home" "/workspace/cargo-home/bin/cargo" "+beta-2023-04-20" "fetch" "--manifest-path" "Cargo.toml", kill_on_drop: false }`
[INFO] [stderr]     Blocking waiting for file lock on package cache
[INFO] [stderr]     Updating crates.io index
[INFO] [stderr]  Downloading crates ...
[INFO] [stderr]   Downloaded privdrop v0.5.1
[INFO] [stderr]   Downloaded attohttpc v0.16.3
[INFO] [stderr]   Downloaded wildmatch v1.1.0
[INFO] [stderr]   Downloaded igd v0.12.0
[INFO] [stderr]   Downloaded iai v0.1.1
[INFO] [stderr]   Downloaded xmltree v0.10.3
[INFO] [stderr]   Downloaded syn v1.0.83
[INFO] [stderr]   Downloaded signal v0.7.0
[INFO] running `Command { std: "docker" "create" "-v" "/var/lib/crater-agent-workspace/builds/worker-6-tc2/target:/opt/rustwide/target:rw,Z" "-v" "/var/lib/crater-agent-workspace/builds/worker-6-tc2/source:/opt/rustwide/workdir:ro,Z" "-v" "/var/lib/crater-agent-workspace/cargo-home:/opt/rustwide/cargo-home:ro,Z" "-v" "/var/lib/crater-agent-workspace/rustup-home:/opt/rustwide/rustup-home:ro,Z" "-e" "SOURCE_DIR=/opt/rustwide/workdir" "-e" "CARGO_TARGET_DIR=/opt/rustwide/target" "-e" "CARGO_HOME=/opt/rustwide/cargo-home" "-e" "RUSTUP_HOME=/opt/rustwide/rustup-home" "-w" "/opt/rustwide/workdir" "-m" "1610612736" "--user" "0:0" "--network" "none" "ghcr.io/rust-lang/crates-build-env/linux@sha256:5ff2268d62e97bff2cde7d5815dd6ed5b47097566f13b8d0ca110b04b60e07ed" "/opt/rustwide/cargo-home/bin/cargo" "+beta-2023-04-20" "metadata" "--no-deps" "--format-version=1", kill_on_drop: false }`
[INFO] [stdout] f2bb5c6dc9441369f7ca09516d51622d089f0dbe529dc4fa6f855485cd63e6b2
[INFO] running `Command { std: "docker" "start" "-a" "f2bb5c6dc9441369f7ca09516d51622d089f0dbe529dc4fa6f855485cd63e6b2", kill_on_drop: false }`
[INFO] running `Command { std: "docker" "inspect" "f2bb5c6dc9441369f7ca09516d51622d089f0dbe529dc4fa6f855485cd63e6b2", kill_on_drop: false }`
[INFO] running `Command { std: "docker" "rm" "-f" "f2bb5c6dc9441369f7ca09516d51622d089f0dbe529dc4fa6f855485cd63e6b2", kill_on_drop: false }`
[INFO] [stdout] f2bb5c6dc9441369f7ca09516d51622d089f0dbe529dc4fa6f855485cd63e6b2
[INFO] running `Command { std: "docker" "create" "-v" "/var/lib/crater-agent-workspace/builds/worker-6-tc2/target:/opt/rustwide/target:rw,Z" "-v" "/var/lib/crater-agent-workspace/builds/worker-6-tc2/source:/opt/rustwide/workdir:ro,Z" "-v" "/var/lib/crater-agent-workspace/cargo-home:/opt/rustwide/cargo-home:ro,Z" "-v" "/var/lib/crater-agent-workspace/rustup-home:/opt/rustwide/rustup-home:ro,Z" "-e" "SOURCE_DIR=/opt/rustwide/workdir" "-e" "CARGO_TARGET_DIR=/opt/rustwide/target" "-e" "CARGO_INCREMENTAL=0" "-e" "RUST_BACKTRACE=full" "-e" "RUSTFLAGS=--cap-lints=warn" "-e" "RUSTDOCFLAGS=--cap-lints=warn" "-e" "CARGO_HOME=/opt/rustwide/cargo-home" "-e" "RUSTUP_HOME=/opt/rustwide/rustup-home" "-w" "/opt/rustwide/workdir" "-m" "1610612736" "--user" "0:0" "--network" "none" "ghcr.io/rust-lang/crates-build-env/linux@sha256:5ff2268d62e97bff2cde7d5815dd6ed5b47097566f13b8d0ca110b04b60e07ed" "/opt/rustwide/cargo-home/bin/cargo" "+beta-2023-04-20" "build" "--frozen" "--message-format=json", kill_on_drop: false }`
[INFO] [stdout] ad7163cbddd38666bff1ad00274114ae924086c58b57fe54485d706025ba2384
[INFO] running `Command { std: "docker" "start" "-a" "ad7163cbddd38666bff1ad00274114ae924086c58b57fe54485d706025ba2384", kill_on_drop: false }`
[INFO] [stderr]     Blocking waiting for file lock on package cache
[INFO] [stderr]    Compiling libc v0.2.112
[INFO] [stderr]    Compiling proc-macro2 v1.0.34
[INFO] [stderr]    Compiling syn v1.0.83
[INFO] [stderr]    Compiling tinyvec v1.5.1
[INFO] [stderr]    Compiling ppv-lite86 v0.2.15
[INFO] [stderr]    Compiling proc-macro-error-attr v1.0.4
[INFO] [stderr]    Compiling unicode-width v0.1.9
[INFO] [stderr]    Compiling log v0.4.14
[INFO] [stderr]    Compiling num-traits v0.2.14
[INFO] [stderr]    Compiling memoffset v0.6.5
[INFO] [stderr]    Compiling proc-macro-error v1.0.4
[INFO] [stderr]    Compiling serde_derive v1.0.132
[INFO] [stderr]    Compiling cc v1.0.72
[INFO] [stderr]    Compiling indexmap v1.7.0
[INFO] [stderr]    Compiling unicode-normalization v0.1.19
[INFO] [stderr]    Compiling num-integer v0.1.44
[INFO] [stderr]    Compiling regex-syntax v0.6.25
[INFO] [stderr]    Compiling unicode-segmentation v1.8.0
[INFO] [stderr]    Compiling serde v1.0.132
[INFO] [stderr]    Compiling quote v1.0.10
[INFO] [stderr]    Compiling ring v0.16.20
[INFO] [stderr]    Compiling once_cell v1.9.0
[INFO] [stderr]    Compiling getrandom v0.2.3
[INFO] [stderr]    Compiling rand_core v0.6.3
[INFO] [stderr]    Compiling idna v0.2.3
[INFO] [stderr]    Compiling nix v0.14.1
[INFO] [stderr]    Compiling rand_chacha v0.3.1
[INFO] [stderr]    Compiling atty v0.2.14
[INFO] [stderr]    Compiling regex v1.5.4
[INFO] [stderr]    Compiling terminal_size v0.1.17
[INFO] [stderr]    Compiling rand v0.8.4
[INFO] [stderr]    Compiling heck v0.3.3
[INFO] [stderr]    Compiling url v2.2.2
[INFO] [stderr]    Compiling textwrap v0.11.0
[INFO] [stderr]    Compiling remove_dir_all v0.5.3
[INFO] [stderr]    Compiling strsim v0.8.0
[INFO] [stderr]    Compiling ansi_term v0.12.1
[INFO] [stderr]    Compiling xml-rs v0.8.4
[INFO] [stderr]    Compiling wildmatch v1.1.0
[INFO] [stderr]    Compiling void v1.0.2
[INFO] [stderr]    Compiling vec_map v0.8.2
[INFO] [stderr]    Compiling linked-hash-map v0.5.4
[INFO] [stderr]    Compiling sha-1 v0.9.8
[INFO] [stderr]    Compiling clap v2.34.0
[INFO] [stderr]    Compiling yaml-rust v0.4.5
[INFO] [stderr]    Compiling attohttpc v0.16.3
[INFO] [stderr]    Compiling xmltree v0.10.3
[INFO] [stderr]    Compiling tempfile v3.2.0
[INFO] [stderr]    Compiling nix v0.23.1
[INFO] [stderr]    Compiling console v0.15.0
[INFO] [stderr]    Compiling boxfnonce v0.1.1
[INFO] [stderr]    Compiling spin v0.5.2
[INFO] [stderr]    Compiling ryu v1.0.9
[INFO] [stderr]    Compiling zeroize v1.4.3
[INFO] [stderr]    Compiling untrusted v0.7.1
[INFO] [stderr]    Compiling utf-8 v0.7.6
[INFO] [stderr]    Compiling vpncloud v2.3.0 (/opt/rustwide/workdir)
[INFO] [stderr]    Compiling dialoguer v0.9.0
[INFO] [stderr] warning: Error building manpage: No such file or directory (os error 2)
[INFO] [stderr] warning: The manpage will not be build. Do you have 'asciidoctor'?
[INFO] [stderr]    Compiling daemonize v0.4.1
[INFO] [stderr]    Compiling chrono v0.4.19
[INFO] [stderr]    Compiling igd v0.12.0
[INFO] [stderr]    Compiling thiserror-impl v1.0.30
[INFO] [stderr]    Compiling structopt-derive v0.4.18
[INFO] [stderr]    Compiling signal v0.7.0
[INFO] [stderr]    Compiling privdrop v0.5.1
[INFO] [stderr]    Compiling thiserror v1.0.30
[INFO] [stderr]    Compiling tungstenite v0.16.0
[INFO] [stderr]    Compiling structopt v0.3.25
[INFO] [stderr]    Compiling serde_yaml v0.8.23
[INFO] [stdout] warning: unnecessary parentheses around match arm expression
[INFO] [stdout]    --> src/util.rs:372:26
[INFO] [stdout]     |
[INFO] [stdout] 372 |             '0'..='9' => ((c as usize) % ('0' as usize)),
[INFO] [stdout]     |                          ^                             ^
[INFO] [stdout]     |
[INFO] [stdout]     = note: `#[warn(unused_parens)]` on by default
[INFO] [stdout] help: remove these parentheses
[INFO] [stdout]     |
[INFO] [stdout] 372 -             '0'..='9' => ((c as usize) % ('0' as usize)),
[INFO] [stdout] 372 +             '0'..='9' => (c as usize) % ('0' as usize),
[INFO] [stdout]     |
[INFO] [stdout] 
[INFO] [stdout] 
[INFO] [stdout] warning: 1 warning emitted
[INFO] [stdout] 
[INFO] [stdout] 
[INFO] [stderr]     Finished dev [unoptimized + debuginfo] target(s) in 51.81s
[INFO] [stderr] warning: the following packages contain code that will be rejected by a future version of Rust: daemonize v0.4.1
[INFO] [stderr] note: to see what the problems were, use the option `--future-incompat-report`, or run `cargo report future-incompatibilities --id 1`
[INFO] running `Command { std: "docker" "inspect" "ad7163cbddd38666bff1ad00274114ae924086c58b57fe54485d706025ba2384", kill_on_drop: false }`
[INFO] running `Command { std: "docker" "rm" "-f" "ad7163cbddd38666bff1ad00274114ae924086c58b57fe54485d706025ba2384", kill_on_drop: false }`
[INFO] [stdout] ad7163cbddd38666bff1ad00274114ae924086c58b57fe54485d706025ba2384
[INFO] running `Command { std: "docker" "create" "-v" "/var/lib/crater-agent-workspace/builds/worker-6-tc2/target:/opt/rustwide/target:rw,Z" "-v" "/var/lib/crater-agent-workspace/builds/worker-6-tc2/source:/opt/rustwide/workdir:ro,Z" "-v" "/var/lib/crater-agent-workspace/cargo-home:/opt/rustwide/cargo-home:ro,Z" "-v" "/var/lib/crater-agent-workspace/rustup-home:/opt/rustwide/rustup-home:ro,Z" "-e" "SOURCE_DIR=/opt/rustwide/workdir" "-e" "CARGO_TARGET_DIR=/opt/rustwide/target" "-e" "CARGO_INCREMENTAL=0" "-e" "RUST_BACKTRACE=full" "-e" "RUSTFLAGS=--cap-lints=warn" "-e" "RUSTDOCFLAGS=--cap-lints=warn" "-e" "CARGO_HOME=/opt/rustwide/cargo-home" "-e" "RUSTUP_HOME=/opt/rustwide/rustup-home" "-w" "/opt/rustwide/workdir" "-m" "1610612736" "--user" "0:0" "--network" "none" "ghcr.io/rust-lang/crates-build-env/linux@sha256:5ff2268d62e97bff2cde7d5815dd6ed5b47097566f13b8d0ca110b04b60e07ed" "/opt/rustwide/cargo-home/bin/cargo" "+beta-2023-04-20" "test" "--frozen" "--no-run" "--message-format=json", kill_on_drop: false }`
[INFO] [stdout] 961b0ac3454ee98aa9dbae0b3b9e34bcfc7a3489e13c30a3fb0343e7d695e470
[INFO] running `Command { std: "docker" "start" "-a" "961b0ac3454ee98aa9dbae0b3b9e34bcfc7a3489e13c30a3fb0343e7d695e470", kill_on_drop: false }`
[INFO] [stderr]    Compiling crossbeam-utils v0.8.5
[INFO] [stderr]    Compiling semver v1.0.4
[INFO] [stderr]    Compiling memchr v2.4.1
[INFO] [stderr]    Compiling crossbeam-epoch v0.9.5
[INFO] [stderr]    Compiling rayon-core v1.9.1
[INFO] [stderr]    Compiling serde_json v1.0.73
[INFO] [stderr]    Compiling either v1.6.1
[INFO] [stderr]    Compiling num_cpus v1.13.1
[INFO] [stderr]    Compiling rayon v1.5.1
[INFO] [stderr]    Compiling plotters-backend v0.3.2
[INFO] [stderr]    Compiling regex-automata v0.1.10
[INFO] [stderr]    Compiling itoa v1.0.1
[INFO] [stderr]    Compiling itertools v0.10.3
[INFO] [stderr]    Compiling crossbeam-channel v0.5.1
[INFO] [stderr]    Compiling rustc_version v0.4.0
[INFO] [stderr]    Compiling crossbeam-deque v0.8.1
[INFO] [stderr]    Compiling bstr v0.2.17
[INFO] [stderr]    Compiling csv-core v0.1.10
[INFO] [stderr]    Compiling plotters-svg v0.3.1
[INFO] [stderr]    Compiling cast v0.2.7
[INFO] [stderr]    Compiling walkdir v2.3.2
[INFO] [stderr]    Compiling serde_cbor v0.11.2
[INFO] [stderr]    Compiling plotters v0.3.1
[INFO] [stderr]    Compiling tinytemplate v1.2.1
[INFO] [stderr]    Compiling csv v1.1.6
[INFO] [stderr]    Compiling criterion-plot v0.4.4
[INFO] [stderr] warning: Error building manpage: No such file or directory (os error 2)
[INFO] [stderr] warning: The manpage will not be build. Do you have 'asciidoctor'?
[INFO] [stderr]    Compiling iai v0.1.1
[INFO] [stderr]    Compiling criterion v0.3.5
[INFO] [stderr]    Compiling vpncloud v2.3.0 (/opt/rustwide/workdir)
[INFO] [stdout] warning: unnecessary parentheses around match arm expression
[INFO] [stdout]    --> src/util.rs:372:26
[INFO] [stdout]     |
[INFO] [stdout] 372 |             '0'..='9' => ((c as usize) % ('0' as usize)),
[INFO] [stdout]     |                          ^                             ^
[INFO] [stdout]     |
[INFO] [stdout]     = note: `#[warn(unused_parens)]` on by default
[INFO] [stdout] help: remove these parentheses
[INFO] [stdout]     |
[INFO] [stdout] 372 -             '0'..='9' => ((c as usize) % ('0' as usize)),
[INFO] [stdout] 372 +             '0'..='9' => (c as usize) % ('0' as usize),
[INFO] [stdout]     |
[INFO] [stdout] 
[INFO] [stdout] 
[INFO] [stdout] warning: 1 warning emitted
[INFO] [stdout] 
[INFO] [stdout] 
[INFO] [stderr]     Finished test [unoptimized + debuginfo] target(s) in 30.58s
[INFO] [stderr] warning: the following packages contain code that will be rejected by a future version of Rust: criterion v0.3.5, daemonize v0.4.1
[INFO] [stderr] note: to see what the problems were, use the option `--future-incompat-report`, or run `cargo report future-incompatibilities --id 2`
[INFO] running `Command { std: "docker" "inspect" "961b0ac3454ee98aa9dbae0b3b9e34bcfc7a3489e13c30a3fb0343e7d695e470", kill_on_drop: false }`
[INFO] running `Command { std: "docker" "rm" "-f" "961b0ac3454ee98aa9dbae0b3b9e34bcfc7a3489e13c30a3fb0343e7d695e470", kill_on_drop: false }`
[INFO] [stdout] 961b0ac3454ee98aa9dbae0b3b9e34bcfc7a3489e13c30a3fb0343e7d695e470
[INFO] running `Command { std: "docker" "create" "-v" "/var/lib/crater-agent-workspace/builds/worker-6-tc2/target:/opt/rustwide/target:rw,Z" "-v" "/var/lib/crater-agent-workspace/builds/worker-6-tc2/source:/opt/rustwide/workdir:ro,Z" "-v" "/var/lib/crater-agent-workspace/cargo-home:/opt/rustwide/cargo-home:ro,Z" "-v" "/var/lib/crater-agent-workspace/rustup-home:/opt/rustwide/rustup-home:ro,Z" "-e" "SOURCE_DIR=/opt/rustwide/workdir" "-e" "CARGO_TARGET_DIR=/opt/rustwide/target" "-e" "CARGO_INCREMENTAL=0" "-e" "RUST_BACKTRACE=full" "-e" "RUSTFLAGS=--cap-lints=warn" "-e" "RUSTDOCFLAGS=--cap-lints=warn" "-e" "CARGO_HOME=/opt/rustwide/cargo-home" "-e" "RUSTUP_HOME=/opt/rustwide/rustup-home" "-w" "/opt/rustwide/workdir" "-m" "1610612736" "--user" "0:0" "--network" "none" "ghcr.io/rust-lang/crates-build-env/linux@sha256:5ff2268d62e97bff2cde7d5815dd6ed5b47097566f13b8d0ca110b04b60e07ed" "/opt/rustwide/cargo-home/bin/cargo" "+beta-2023-04-20" "test" "--frozen", kill_on_drop: false }`
[INFO] [stdout] fecb38c192b73eb5c70429de156decec8c8b493fd696cc4272616464c6226640
[INFO] running `Command { std: "docker" "start" "-a" "fecb38c192b73eb5c70429de156decec8c8b493fd696cc4272616464c6226640", kill_on_drop: false }`
[INFO] [stderr] warning: Error building manpage: No such file or directory (os error 2)
[INFO] [stderr] warning: The manpage will not be build. Do you have 'asciidoctor'?
[INFO] [stderr] warning: unnecessary parentheses around match arm expression
[INFO] [stderr]    --> src/util.rs:372:26
[INFO] [stderr]     |
[INFO] [stderr] 372 |             '0'..='9' => ((c as usize) % ('0' as usize)),
[INFO] [stderr]     |                          ^                             ^
[INFO] [stderr]     |
[INFO] [stderr]     = note: `#[warn(unused_parens)]` on by default
[INFO] [stderr] help: remove these parentheses
[INFO] [stderr]     |
[INFO] [stderr] 372 -             '0'..='9' => ((c as usize) % ('0' as usize)),
[INFO] [stderr] 372 +             '0'..='9' => (c as usize) % ('0' as usize),
[INFO] [stderr]     |
[INFO] [stderr] 
[INFO] [stderr] warning: `vpncloud` (bin "vpncloud" test) generated 1 warning (run `cargo fix --bin "vpncloud" --tests` to apply 1 suggestion)
[INFO] [stderr]     Finished test [unoptimized + debuginfo] target(s) in 0.13s
[INFO] [stderr] warning: the following packages contain code that will be rejected by a future version of Rust: criterion v0.3.5, daemonize v0.4.1
[INFO] [stderr] note: to see what the problems were, use the option `--future-incompat-report`, or run `cargo report future-incompatibilities --id 2`
[INFO] [stderr]      Running unittests src/main.rs (/opt/rustwide/target/debug/deps/vpncloud-3ed00c7c14db89a3)
[INFO] [stdout] 
[INFO] [stdout] running 77 tests
[INFO] [stdout] test beacon::decode ... ok
[INFO] [stdout] test beacon::decode_offset ... ok
[INFO] [stdout] test beacon::decode_multiple ... ok
[INFO] [stdout] test beacon::encode_decode_file ... ok
[INFO] [stdout] test beacon::decode_invalid ... ok
[INFO] [stdout] test config::config_file ... ok
[INFO] [stdout] test beacon::decode_split ... ok
[INFO] [stdout] test beacon::encode_decode ... ok
[INFO] [stdout] test config::config_merge ... ok
[INFO] [stdout] test beacon::decode_ttl ... ok
[INFO] [stdout] test crypto::core::tests::test_encrypt_decrypt_aes128 ... ok
[INFO] [stdout] test crypto::core::tests::test_encrypt_decrypt_aes256 ... ok
[INFO] [stdout] test crypto::core::tests::test_core_size ... ok
[INFO] [stdout] test config::parse_example_config ... ok
[INFO] [stdout] test beacon::encode ... ok
[INFO] [stdout] test crypto::core::tests::test_encrypt_decrypt_chacha ... ok
[INFO] [stdout] test crypto::core::tests::test_key_rotation_aes256 ... ok
[INFO] [stdout] test crypto::core::tests::test_key_rotation_chacha ... ok
[INFO] [stdout] test crypto::core::tests::test_key_rotation_aes128 ... ok
[INFO] [stdout] test crypto::core::tests::test_nonce_pinning_chacha ... ok
[INFO] [stdout] test crypto::core::tests::test_nonce_pinning_aes256 ... ok
[INFO] [stdout] test crypto::core::tests::test_nonce ... ok
[INFO] [stdout] test crypto::core::tests::test_nonce_pinning_aes128 ... ok
[INFO] [stdout] test crypto::core::tests::test_tampering_aes128 ... ok
[INFO] [stdout] test crypto::core::tests::test_tampering_aes256 ... ok
[INFO] [stdout] test crypto::core::tests::test_tampering_chacha ... ok
[INFO] [stdout] test crypto::init::tests::connect_to_self ... ok
[INFO] [stdout] test crypto::init::tests::lost_init_sender_recovers ... ok
[INFO] [stdout] test crypto::init::tests::lost_init_receiver_recovers ... ok
[INFO] [stdout] test crypto::init::tests::algorithm_negotiation ... ok
[INFO] [stdout] test crypto::init::tests::manipulated_message ... ok
[INFO] [stdout] test crypto::init::tests::normal_init ... ok
[INFO] [stdout] test crypto::init::tests::timeout ... ok
[INFO] [stdout] test crypto::init::tests::untrusted_peer ... ok
[INFO] [stdout] test crypto::rotate::tests::test_lost_message ... ok
[INFO] [stdout] test crypto::rotate::tests::test_encode_decode_message ... ok
[INFO] [stdout] test crypto::rotate::tests::test_normal_rotation ... ok
[INFO] [stdout] test crypto::rotate::tests::test_reflect_back ... ok
[INFO] [stdout] test crypto::rotate::tests::test_duplication ... ok
[INFO] [stdout] test payload::decode_frame_with_vlan ... ok
[INFO] [stdout] test payload::decode_invalid_frame ... ok
[INFO] [stdout] test payload::decode_invalid_packet ... ok
[INFO] [stdout] test beacon::encode_decode_cmd ... ok
[INFO] [stdout] test payload::decode_frame_without_vlan ... ok
[INFO] [stdout] test payload::decode_ipv6_packet ... ok
[INFO] [stdout] test crypto::core::tests::test_speed_chacha ... ok
[INFO] [stdout] test crypto::core::tests::test_speed_aes128 ... ok
[INFO] [stdout] test payload::decode_ipv4_packet ... ok
[INFO] [stdout] test crypto::core::tests::test_speed_aes256 ... ok
[INFO] [stdout] test tests::payload::switch_forgets ... ignored
[INFO] [stdout] test crypto::common::tests::normal ... ok
[INFO] [stdout] test tests::nat::connect_nat_2_peers ... ok
[INFO] [stdout] test tests::peers::automatic_peer_timeout ... ignored
[INFO] [stdout] test tests::payload::router_drops_unknown_dest ... ok
[INFO] [stdout] test tests::payload::router_delivers ... ok
[INFO] [stdout] test tests::payload::switch_delivers ... ok
[INFO] [stdout] test tests::peers::direct_connect_unencrypted ... ok
[INFO] [stdout] test tests::nat::connect_nat_3_peers ... ok
[INFO] [stdout] test tests::payload::switch_honours_vlans ... ok
[INFO] [stdout] test tests::peers::direct_connect ... ok
[INFO] [stdout] test tests::peers::lost_peer_exchange ... ignored
[INFO] [stdout] test tests::peers::peer_exchange ... ignored
[INFO] [stdout] test tests::payload::switch_learns ... ok
[INFO] [stdout] test tests::peers::remove_dead_peers ... ignored
[INFO] [stdout] test tests::peers::update_primary_address ... ignored
[INFO] [stdout] test types::tests::address_decode_encode ... ok
[INFO] [stdout] test types::tests::address_eq ... ok
[INFO] [stdout] test tests::peers::connect_via_beacons ... FAILED
[INFO] [stdout] test types::tests::address_parse_fmt ... ok
[INFO] [stdout] test types::tests::address_range_decode_encode ... ok
[INFO] [stdout] test util::base62 ... ok
[INFO] [stdout] test tests::peers::lost_init_peng ... ok
[INFO] [stdout] test tests::peers::cross_connect ... ok
[INFO] [stdout] test tests::peers::lost_init_ping ... ok
[INFO] [stdout] test tests::peers::lost_init_pong ... ok
[INFO] [stdout] test tests::peers::reconnect_after_timeout ... ok
[INFO] [stdout] test tests::nat::nat_keepalive ... ok
[INFO] [stdout] 
[INFO] [stdout] failures:
[INFO] [stdout] 
[INFO] [stdout] ---- tests::peers::connect_via_beacons stdout ----
[INFO] [stdout] Node 1 - ERROR - Device error: Dummy devices have no IP address
[INFO] [stdout] Node 1 - INFO - Trusted keys not set, trusting only own public key
[INFO] [stdout] Node 1 - INFO - Crypto speeds: AES_128_GCM: 92.3 MiB/s, AES_256_GCM: 52.9 MiB/s, CHACHA20_POLY1305: 244.3 MiB/s
[INFO] [stdout] Node 2 - ERROR - Device error: Dummy devices have no IP address
[INFO] [stdout] Node 2 - INFO - Trusted keys not set, trusting only own public key
[INFO] [stdout] Node 2 - INFO - Crypto speeds: AES_128_GCM: 67.2 MiB/s, AES_256_GCM: 91.6 MiB/s, CHACHA20_POLY1305: 185.2 MiB/s
[INFO] [stdout] thread 'tests::peers::connect_via_beacons' panicked at 'assertion failed: self.housekeep().is_ok()', src/cloud.rs:1014:9
[INFO] [stdout] stack backtrace:
[INFO] [stdout]    0:     0x561450505afa - std::backtrace_rs::backtrace::libunwind::trace::h2f05d0192276a8f6
[INFO] [stdout]                                at /rustc/1b7dd2252b99671ce5d1cb9664c5f8636329436d/library/std/src/../../backtrace/src/backtrace/libunwind.rs:93:5
[INFO] [stdout]    1:     0x561450505afa - std::backtrace_rs::backtrace::trace_unsynchronized::hedc23dff7a1af150
[INFO] [stdout]                                at /rustc/1b7dd2252b99671ce5d1cb9664c5f8636329436d/library/std/src/../../backtrace/src/backtrace/mod.rs:66:5
[INFO] [stdout]    2:     0x561450505afa - std::sys_common::backtrace::_print_fmt::h17541ef7592f3ce2
[INFO] [stdout]                                at /rustc/1b7dd2252b99671ce5d1cb9664c5f8636329436d/library/std/src/sys_common/backtrace.rs:65:5
[INFO] [stdout]    3:     0x561450505afa - <std::sys_common::backtrace::_print::DisplayBacktrace as core::fmt::Display>::fmt::h20f75df5ab0c0792
[INFO] [stdout]                                at /rustc/1b7dd2252b99671ce5d1cb9664c5f8636329436d/library/std/src/sys_common/backtrace.rs:44:22
[INFO] [stdout]    4:     0x5614505301ef - core::fmt::write::h78109e6f466b3af6
[INFO] [stdout]                                at /rustc/1b7dd2252b99671ce5d1cb9664c5f8636329436d/library/core/src/fmt/mod.rs:1254:17
[INFO] [stdout]    5:     0x561450501835 - std::io::Write::write_fmt::hd24bfb68a1b35a25
[INFO] [stdout]                                at /rustc/1b7dd2252b99671ce5d1cb9664c5f8636329436d/library/std/src/io/mod.rs:1698:15
[INFO] [stdout]    6:     0x5614505058c5 - std::sys_common::backtrace::_print::h8dac57a9f8fbf9a5
[INFO] [stdout]                                at /rustc/1b7dd2252b99671ce5d1cb9664c5f8636329436d/library/std/src/sys_common/backtrace.rs:47:5
[INFO] [stdout]    7:     0x5614505058c5 - std::sys_common::backtrace::print::hf9ecbf41d1aa712f
[INFO] [stdout]                                at /rustc/1b7dd2252b99671ce5d1cb9664c5f8636329436d/library/std/src/sys_common/backtrace.rs:34:9
[INFO] [stdout]    8:     0x5614505075fe - std::panicking::default_hook::{{closure}}::h04c07acfc84ca028
[INFO] [stdout]                                at /rustc/1b7dd2252b99671ce5d1cb9664c5f8636329436d/library/std/src/panicking.rs:269:22
[INFO] [stdout]    9:     0x561450507331 - std::panicking::default_hook::h01f6bb23e1eceb2c
[INFO] [stdout]                                at /rustc/1b7dd2252b99671ce5d1cb9664c5f8636329436d/library/std/src/panicking.rs:285:9
[INFO] [stdout]   10:     0x5614502930db - <alloc::boxed::Box<F,A> as core::ops::function::Fn<Args>>::call::h87fe9f7b2fd49e4c
[INFO] [stdout]                                at /rustc/1b7dd2252b99671ce5d1cb9664c5f8636329436d/library/alloc/src/boxed.rs:1987:9
[INFO] [stdout]   11:     0x5614502930db - test::test_main::{{closure}}::he94d679243a7531b
[INFO] [stdout]                                at /rustc/1b7dd2252b99671ce5d1cb9664c5f8636329436d/library/test/src/lib.rs:134:21
[INFO] [stdout]   12:     0x561450507ce4 - <alloc::boxed::Box<F,A> as core::ops::function::Fn<Args>>::call::h3f2d6d8b14c4769f
[INFO] [stdout]                                at /rustc/1b7dd2252b99671ce5d1cb9664c5f8636329436d/library/alloc/src/boxed.rs:1987:9
[INFO] [stdout]   13:     0x561450507ce4 - std::panicking::rust_panic_with_hook::h2bb3722bbaf2f6df
[INFO] [stdout]                                at /rustc/1b7dd2252b99671ce5d1cb9664c5f8636329436d/library/std/src/panicking.rs:695:13
[INFO] [stdout]   14:     0x561450507a12 - std::panicking::begin_panic_handler::{{closure}}::h91bc7f36a4be011b
[INFO] [stdout]                                at /rustc/1b7dd2252b99671ce5d1cb9664c5f8636329436d/library/std/src/panicking.rs:580:13
[INFO] [stdout]   15:     0x561450505f66 - std::sys_common::backtrace::__rust_end_short_backtrace::h8b3d3717114f9e59
[INFO] [stdout]                                at /rustc/1b7dd2252b99671ce5d1cb9664c5f8636329436d/library/std/src/sys_common/backtrace.rs:150:18
[INFO] [stdout]   16:     0x5614505077b2 - rust_begin_unwind
[INFO] [stdout]                                at /rustc/1b7dd2252b99671ce5d1cb9664c5f8636329436d/library/std/src/panicking.rs:578:5
[INFO] [stdout]   17:     0x5614500ec4d3 - core::panicking::panic_fmt::hfd368e3fbdabea26
[INFO] [stdout]                                at /rustc/1b7dd2252b99671ce5d1cb9664c5f8636329436d/library/core/src/panicking.rs:67:14
[INFO] [stdout]   18:     0x5614500ec56d - core::panicking::panic::h3f9042d09bd0bf2e
[INFO] [stdout]                                at /rustc/1b7dd2252b99671ce5d1cb9664c5f8636329436d/library/core/src/panicking.rs:117:5
[INFO] [stdout]   19:     0x561450125aed - vpncloud::cloud::GenericCloud<vpncloud::device::MockDevice,P,vpncloud::net::MockSocket,vpncloud::util::MockTimeSource>::trigger_housekeep::h370464e4a7e56e61
[INFO] [stdout]                                at /opt/rustwide/workdir/src/cloud.rs:1014:9
[INFO] [stdout]   20:     0x56145017ac28 - vpncloud::tests::common::Simulator<P>::trigger_node_housekeep::h7f5ca40d4cf09a44
[INFO] [stdout]                                at /opt/rustwide/workdir/src/tests/common.rs:133:9
[INFO] [stdout]   21:     0x5614501dbdeb - vpncloud::tests::peers::connect_via_beacons::hc128e22088728def
[INFO] [stdout]                                at /opt/rustwide/workdir/src/tests/peers.rs:68:5
[INFO] [stdout]   22:     0x5614501db457 - vpncloud::tests::peers::connect_via_beacons::{{closure}}::hc82349b836ccc76f
[INFO] [stdout]                                at /opt/rustwide/workdir/src/tests/peers.rs:59:26
[INFO] [stdout]   23:     0x5614501297e5 - core::ops::function::FnOnce::call_once::hf426cfd5a26b9c2c
[INFO] [stdout]                                at /rustc/1b7dd2252b99671ce5d1cb9664c5f8636329436d/library/core/src/ops/function.rs:250:5
[INFO] [stdout]   24:     0x561450297faf - core::ops::function::FnOnce::call_once::ha6a70e79f7481a7e
[INFO] [stdout]                                at /rustc/1b7dd2252b99671ce5d1cb9664c5f8636329436d/library/core/src/ops/function.rs:250:5
[INFO] [stdout]   25:     0x561450297faf - test::__rust_begin_short_backtrace::hce33033019b61e69
[INFO] [stdout]                                at /rustc/1b7dd2252b99671ce5d1cb9664c5f8636329436d/library/test/src/lib.rs:655:18
[INFO] [stdout]   26:     0x56145026579c - test::run_test::{{closure}}::h858d3528838ae3e5
[INFO] [stdout]                                at /rustc/1b7dd2252b99671ce5d1cb9664c5f8636329436d/library/test/src/lib.rs:646:30
[INFO] [stdout]   27:     0x56145026579c - core::ops::function::FnOnce::call_once{{vtable.shim}}::he8ac2b00f01ae79e
[INFO] [stdout]                                at /rustc/1b7dd2252b99671ce5d1cb9664c5f8636329436d/library/core/src/ops/function.rs:250:5
[INFO] [stdout]   28:     0x561450297086 - <alloc::boxed::Box<F,A> as core::ops::function::FnOnce<Args>>::call_once::h8093d25b522725ef
[INFO] [stdout]                                at /rustc/1b7dd2252b99671ce5d1cb9664c5f8636329436d/library/alloc/src/boxed.rs:1973:9
[INFO] [stdout]   29:     0x561450297086 - <core::panic::unwind_safe::AssertUnwindSafe<F> as core::ops::function::FnOnce<()>>::call_once::h5c334c204e4a3913
[INFO] [stdout]                                at /rustc/1b7dd2252b99671ce5d1cb9664c5f8636329436d/library/core/src/panic/unwind_safe.rs:271:9
[INFO] [stdout]   30:     0x561450297086 - std::panicking::try::do_call::ha8b740c7b9478074
[INFO] [stdout]                                at /rustc/1b7dd2252b99671ce5d1cb9664c5f8636329436d/library/std/src/panicking.rs:485:40
[INFO] [stdout]   31:     0x561450297086 - std::panicking::try::h5d34f63d0e41b64e
[INFO] [stdout]                                at /rustc/1b7dd2252b99671ce5d1cb9664c5f8636329436d/library/std/src/panicking.rs:449:19
[INFO] [stdout]   32:     0x561450297086 - std::panic::catch_unwind::hcfbb511e1aa7fc67
[INFO] [stdout]                                at /rustc/1b7dd2252b99671ce5d1cb9664c5f8636329436d/library/std/src/panic.rs:140:14
[INFO] [stdout]   33:     0x561450297086 - test::run_test_in_process::h9abda90f802eaf21
[INFO] [stdout]                                at /rustc/1b7dd2252b99671ce5d1cb9664c5f8636329436d/library/test/src/lib.rs:678:27
[INFO] [stdout]   34:     0x561450297086 - test::run_test::run_test_inner::{{closure}}::h0f058de91f6c6edf
[INFO] [stdout]                                at /rustc/1b7dd2252b99671ce5d1cb9664c5f8636329436d/library/test/src/lib.rs:572:39
[INFO] [stdout]   35:     0x56145025ffa5 - test::run_test::run_test_inner::{{closure}}::h5ca48a4c59c6c1fb
[INFO] [stdout]                                at /rustc/1b7dd2252b99671ce5d1cb9664c5f8636329436d/library/test/src/lib.rs:599:37
[INFO] [stdout]   36:     0x56145025ffa5 - std::sys_common::backtrace::__rust_begin_short_backtrace::h32bd51e1495d4a33
[INFO] [stdout]                                at /rustc/1b7dd2252b99671ce5d1cb9664c5f8636329436d/library/std/src/sys_common/backtrace.rs:134:18
[INFO] [stdout]   37:     0x5614502654e1 - std::thread::Builder::spawn_unchecked_::{{closure}}::{{closure}}::hc086fae9b128b2db
[INFO] [stdout]                                at /rustc/1b7dd2252b99671ce5d1cb9664c5f8636329436d/library/std/src/thread/mod.rs:526:17
[INFO] [stdout]   38:     0x5614502654e1 - <core::panic::unwind_safe::AssertUnwindSafe<F> as core::ops::function::FnOnce<()>>::call_once::hb66571888d270d43
[INFO] [stdout]                                at /rustc/1b7dd2252b99671ce5d1cb9664c5f8636329436d/library/core/src/panic/unwind_safe.rs:271:9
[INFO] [stdout]   39:     0x5614502654e1 - std::panicking::try::do_call::h4fa2ef4f6e51fecf
[INFO] [stdout]                                at /rustc/1b7dd2252b99671ce5d1cb9664c5f8636329436d/library/std/src/panicking.rs:485:40
[INFO] [stdout]   40:     0x5614502654e1 - std::panicking::try::h1e9e22b8584489b5
[INFO] [stdout]                                at /rustc/1b7dd2252b99671ce5d1cb9664c5f8636329436d/library/std/src/panicking.rs:449:19
[INFO] [stdout]   41:     0x5614502654e1 - std::panic::catch_unwind::h44698a3de0e0769e
[INFO] [stdout]                                at /rustc/1b7dd2252b99671ce5d1cb9664c5f8636329436d/library/std/src/panic.rs:140:14
[INFO] [stdout]   42:     0x5614502654e1 - std::thread::Builder::spawn_unchecked_::{{closure}}::h50153abde3fe239e
[INFO] [stdout]                                at /rustc/1b7dd2252b99671ce5d1cb9664c5f8636329436d/library/std/src/thread/mod.rs:525:30
[INFO] [stdout]   43:     0x5614502654e1 - core::ops::function::FnOnce::call_once{{vtable.shim}}::hbe5bbf6f38394364
[INFO] [stdout]                                at /rustc/1b7dd2252b99671ce5d1cb9664c5f8636329436d/library/core/src/ops/function.rs:250:5
[INFO] [stdout]   44:     0x56145050cb15 - <alloc::boxed::Box<F,A> as core::ops::function::FnOnce<Args>>::call_once::h0d83cb2920a49046
[INFO] [stdout]                                at /rustc/1b7dd2252b99671ce5d1cb9664c5f8636329436d/library/alloc/src/boxed.rs:1973:9
[INFO] [stdout]   45:     0x56145050cb15 - <alloc::boxed::Box<F,A> as core::ops::function::FnOnce<Args>>::call_once::hbe0a008aa7d9ef59
[INFO] [stdout]                                at /rustc/1b7dd2252b99671ce5d1cb9664c5f8636329436d/library/alloc/src/boxed.rs:1973:9
[INFO] [stdout]   46:     0x56145050cb15 - std::sys::unix::thread::Thread::new::thread_start::h3a466996bdf6b1f9
[INFO] [stdout]                                at /rustc/1b7dd2252b99671ce5d1cb9664c5f8636329436d/library/std/src/sys/unix/thread.rs:108:17
[INFO] [stdout]   47:     0x7f2cfa8efb43 - <unknown>
[INFO] [stdout]   48:     0x7f2cfa980bb4 - __clone
[INFO] [stdout]   49:                0x0 - <unknown>
[INFO] [stdout] 
[INFO] [stdout] 
[INFO] [stdout] failures:
[INFO] [stdout]     tests::peers::connect_via_beacons
[INFO] [stdout] 
[INFO] [stdout] test result: FAILED. 70 passed; 1 failed; 6 ignored; 0 measured; 0 filtered out; finished in 1.96s
[INFO] [stdout] 
[INFO] [stderr] error: test failed, to rerun pass `--bin vpncloud`
[INFO] running `Command { std: "docker" "inspect" "fecb38c192b73eb5c70429de156decec8c8b493fd696cc4272616464c6226640", kill_on_drop: false }`
[INFO] running `Command { std: "docker" "rm" "-f" "fecb38c192b73eb5c70429de156decec8c8b493fd696cc4272616464c6226640", kill_on_drop: false }`
[INFO] [stdout] fecb38c192b73eb5c70429de156decec8c8b493fd696cc4272616464c6226640
