[INFO] fetching crate vkclient 4.0.3...
[INFO] testing vkclient-4.0.3 against 1.69.0 for beta-1.70-1
[INFO] extracting crate vkclient 4.0.3 into /workspace/builds/worker-0-tc1/source
[INFO] validating manifest of crates.io crate vkclient 4.0.3 on toolchain 1.69.0
[INFO] running `Command { std: CARGO_HOME="/workspace/cargo-home" RUSTUP_HOME="/workspace/rustup-home" "/workspace/cargo-home/bin/cargo" "+1.69.0" "metadata" "--manifest-path" "Cargo.toml" "--no-deps", kill_on_drop: false }`
[INFO] started tweaking crates.io crate vkclient 4.0.3
[INFO] finished tweaking crates.io crate vkclient 4.0.3
[INFO] tweaked toml for crates.io crate vkclient 4.0.3 written to /workspace/builds/worker-0-tc1/source/Cargo.toml
[INFO] running `Command { std: CARGO_HOME="/workspace/cargo-home" RUSTUP_HOME="/workspace/rustup-home" __CARGO_TEST_CHANNEL_OVERRIDE_DO_NOT_USE_THIS="nightly" "/workspace/cargo-home/bin/cargo" "+1.69.0" "generate-lockfile" "--manifest-path" "Cargo.toml" "-Zno-index-update", kill_on_drop: false }`
[INFO] running `Command { std: CARGO_HOME="/workspace/cargo-home" RUSTUP_HOME="/workspace/rustup-home" "/workspace/cargo-home/bin/cargo" "+1.69.0" "fetch" "--manifest-path" "Cargo.toml", kill_on_drop: false }`
[INFO] running `Command { std: "docker" "create" "-v" "/var/lib/crater-agent-workspace/builds/worker-0-tc1/target:/opt/rustwide/target:rw,Z" "-v" "/var/lib/crater-agent-workspace/builds/worker-0-tc1/source:/opt/rustwide/workdir:ro,Z" "-v" "/var/lib/crater-agent-workspace/cargo-home:/opt/rustwide/cargo-home:ro,Z" "-v" "/var/lib/crater-agent-workspace/rustup-home:/opt/rustwide/rustup-home:ro,Z" "-e" "SOURCE_DIR=/opt/rustwide/workdir" "-e" "CARGO_TARGET_DIR=/opt/rustwide/target" "-e" "CARGO_HOME=/opt/rustwide/cargo-home" "-e" "RUSTUP_HOME=/opt/rustwide/rustup-home" "-w" "/opt/rustwide/workdir" "-m" "1610612736" "--user" "0:0" "--network" "none" "ghcr.io/rust-lang/crates-build-env/linux@sha256:5ff2268d62e97bff2cde7d5815dd6ed5b47097566f13b8d0ca110b04b60e07ed" "/opt/rustwide/cargo-home/bin/cargo" "+1.69.0" "metadata" "--no-deps" "--format-version=1", kill_on_drop: false }`
[INFO] [stdout] a0840b12d4b43009986a0338443521d4c0b9f08b579a4b281afed2561603bce4
[INFO] running `Command { std: "docker" "start" "-a" "a0840b12d4b43009986a0338443521d4c0b9f08b579a4b281afed2561603bce4", kill_on_drop: false }`
[INFO] running `Command { std: "docker" "inspect" "a0840b12d4b43009986a0338443521d4c0b9f08b579a4b281afed2561603bce4", kill_on_drop: false }`
[INFO] running `Command { std: "docker" "rm" "-f" "a0840b12d4b43009986a0338443521d4c0b9f08b579a4b281afed2561603bce4", kill_on_drop: false }`
[INFO] [stdout] a0840b12d4b43009986a0338443521d4c0b9f08b579a4b281afed2561603bce4
[INFO] running `Command { std: "docker" "create" "-v" "/var/lib/crater-agent-workspace/builds/worker-0-tc1/target:/opt/rustwide/target:rw,Z" "-v" "/var/lib/crater-agent-workspace/builds/worker-0-tc1/source:/opt/rustwide/workdir:ro,Z" "-v" "/var/lib/crater-agent-workspace/cargo-home:/opt/rustwide/cargo-home:ro,Z" "-v" "/var/lib/crater-agent-workspace/rustup-home:/opt/rustwide/rustup-home:ro,Z" "-e" "SOURCE_DIR=/opt/rustwide/workdir" "-e" "CARGO_TARGET_DIR=/opt/rustwide/target" "-e" "CARGO_INCREMENTAL=0" "-e" "RUST_BACKTRACE=full" "-e" "RUSTFLAGS=--cap-lints=warn" "-e" "RUSTDOCFLAGS=--cap-lints=warn" "-e" "CARGO_HOME=/opt/rustwide/cargo-home" "-e" "RUSTUP_HOME=/opt/rustwide/rustup-home" "-w" "/opt/rustwide/workdir" "-m" "1610612736" "--user" "0:0" "--network" "none" "ghcr.io/rust-lang/crates-build-env/linux@sha256:5ff2268d62e97bff2cde7d5815dd6ed5b47097566f13b8d0ca110b04b60e07ed" "/opt/rustwide/cargo-home/bin/cargo" "+1.69.0" "build" "--frozen" "--message-format=json", kill_on_drop: false }`
[INFO] [stdout] 852a73d7fc55fcd73870afaf70f09961c8f6dd32b576a08afaca9cae488f0a06
[INFO] running `Command { std: "docker" "start" "-a" "852a73d7fc55fcd73870afaf70f09961c8f6dd32b576a08afaca9cae488f0a06", kill_on_drop: false }`
[INFO] [stderr]    Compiling libc v0.2.142
[INFO] [stderr]    Compiling autocfg v1.1.0
[INFO] [stderr]    Compiling proc-macro2 v1.0.56
[INFO] [stderr]    Compiling quote v1.0.26
[INFO] [stderr]    Compiling unicode-ident v1.0.8
[INFO] [stderr]    Compiling pin-project-lite v0.2.9
[INFO] [stderr]    Compiling log v0.4.17
[INFO] [stderr]    Compiling futures-core v0.3.28
[INFO] [stderr]    Compiling bytes v1.4.0
[INFO] [stderr]    Compiling itoa v1.0.6
[INFO] [stderr]    Compiling futures-task v0.3.28
[INFO] [stderr]    Compiling futures-util v0.3.28
[INFO] [stderr]    Compiling unicase v2.6.0
[INFO] [stderr]    Compiling fnv v1.0.7
[INFO] [stderr]    Compiling tracing-core v0.1.30
[INFO] [stderr]    Compiling spin v0.5.2
[INFO] [stderr]    Compiling serde_derive v1.0.160
[INFO] [stderr]    Compiling pkg-config v0.3.26
[INFO] [stderr]    Compiling untrusted v0.7.1
[INFO] [stderr]    Compiling pin-utils v0.1.0
[INFO] [stderr]    Compiling futures-io v0.3.28
[INFO] [stderr]    Compiling hashbrown v0.12.3
[INFO] [stderr]    Compiling httparse v1.8.0
[INFO] [stderr]    Compiling futures-sink v0.3.28
[INFO] [stderr]    Compiling serde v1.0.160
[INFO] [stderr]    Compiling http v0.2.9
[INFO] [stderr]    Compiling tracing v0.1.37
[INFO] [stderr]    Compiling slab v0.4.8
[INFO] [stderr]    Compiling tokio v1.28.0
[INFO] [stderr]    Compiling indexmap v1.9.3
[INFO] [stderr]    Compiling futures-channel v0.3.28
[INFO] [stderr]    Compiling num-traits v0.2.15
[INFO] [stderr]    Compiling rustls v0.20.8
[INFO] [stderr]    Compiling thiserror v1.0.40
[INFO] [stderr]    Compiling try-lock v0.2.4
[INFO] [stderr]    Compiling paste v1.0.12
[INFO] [stderr]    Compiling ppv-lite86 v0.2.17
[INFO] [stderr]    Compiling mime_guess v2.0.4
[INFO] [stderr]    Compiling want v0.3.0
[INFO] [stderr]    Compiling tower-service v0.3.2
[INFO] [stderr]    Compiling httpdate v1.0.2
[INFO] [stderr]    Compiling mime v0.3.17
[INFO] [stderr]    Compiling base64 v0.21.0
[INFO] [stderr]    Compiling crc32fast v1.3.2
[INFO] [stderr]    Compiling zstd-safe v5.0.2+zstd.1.5.2
[INFO] [stderr]    Compiling serde_json v1.0.96
[INFO] [stderr]    Compiling syn v2.0.15
[INFO] [stderr]    Compiling jobserver v0.1.26
[INFO] [stderr]    Compiling socket2 v0.4.9
[INFO] [stderr]    Compiling mio v0.8.6
[INFO] [stderr]    Compiling getrandom v0.2.9
[INFO] [stderr]    Compiling http-body v0.4.5
[INFO] [stderr]    Compiling rustls-pemfile v1.0.2
[INFO] [stderr]    Compiling byteorder v1.4.3
[INFO] [stderr]    Compiling ryu v1.0.13
[INFO] [stderr]    Compiling cc v1.0.79
[INFO] [stderr]    Compiling rand_core v0.6.4
[INFO] [stderr]    Compiling adler v1.0.2
[INFO] [stderr]    Compiling openssl-probe v0.1.5
[INFO] [stderr]    Compiling percent-encoding v2.2.0
[INFO] [stderr]    Compiling rand_chacha v0.3.1
[INFO] [stderr]    Compiling form_urlencoded v1.1.0
[INFO] [stderr]    Compiling miniz_oxide v0.7.1
[INFO] [stderr]    Compiling rustls-native-certs v0.6.2
[INFO] [stderr]    Compiling rand v0.8.5
[INFO] [stderr]    Compiling flate2 v1.0.26
[INFO] [stderr]    Compiling ring v0.16.20
[INFO] [stderr]    Compiling zstd-sys v2.0.8+zstd.1.5.5
[INFO] [stderr]    Compiling rmp v0.8.11
[INFO] [stderr]    Compiling futures-macro v0.3.28
[INFO] [stderr]    Compiling thiserror-impl v1.0.40
[INFO] [stderr]    Compiling async-stream-impl v0.3.5
[INFO] [stderr]    Compiling tokio-util v0.7.8
[INFO] [stderr]    Compiling async-stream v0.3.5
[INFO] [stderr]    Compiling sct v0.7.0
[INFO] [stderr]    Compiling webpki v0.22.0
[INFO] [stderr]    Compiling zstd v0.11.2+zstd.1.5.2
[INFO] [stderr]    Compiling tokio-rustls v0.23.4
[INFO] [stderr]    Compiling h2 v0.3.18
[INFO] [stderr]    Compiling common-multipart-rfc7578 v0.6.0
[INFO] [stderr]    Compiling hyper v0.14.26
[INFO] [stderr]    Compiling rmp-serde v1.1.1
[INFO] [stderr]    Compiling serde_urlencoded v0.7.1
[INFO] [stderr]    Compiling hyper-rustls v0.23.2
[INFO] [stderr]    Compiling hyper-multipart-rfc7578 v0.8.0
[INFO] [stderr]    Compiling vkclient v4.0.3 (/opt/rustwide/workdir)
[INFO] [stderr]     Finished dev [unoptimized + debuginfo] target(s) in 16.36s
[INFO] running `Command { std: "docker" "inspect" "852a73d7fc55fcd73870afaf70f09961c8f6dd32b576a08afaca9cae488f0a06", kill_on_drop: false }`
[INFO] running `Command { std: "docker" "rm" "-f" "852a73d7fc55fcd73870afaf70f09961c8f6dd32b576a08afaca9cae488f0a06", kill_on_drop: false }`
[INFO] [stdout] 852a73d7fc55fcd73870afaf70f09961c8f6dd32b576a08afaca9cae488f0a06
[INFO] running `Command { std: "docker" "create" "-v" "/var/lib/crater-agent-workspace/builds/worker-0-tc1/target:/opt/rustwide/target:rw,Z" "-v" "/var/lib/crater-agent-workspace/builds/worker-0-tc1/source:/opt/rustwide/workdir:ro,Z" "-v" "/var/lib/crater-agent-workspace/cargo-home:/opt/rustwide/cargo-home:ro,Z" "-v" "/var/lib/crater-agent-workspace/rustup-home:/opt/rustwide/rustup-home:ro,Z" "-e" "SOURCE_DIR=/opt/rustwide/workdir" "-e" "CARGO_TARGET_DIR=/opt/rustwide/target" "-e" "CARGO_INCREMENTAL=0" "-e" "RUST_BACKTRACE=full" "-e" "RUSTFLAGS=--cap-lints=warn" "-e" "RUSTDOCFLAGS=--cap-lints=warn" "-e" "CARGO_HOME=/opt/rustwide/cargo-home" "-e" "RUSTUP_HOME=/opt/rustwide/rustup-home" "-w" "/opt/rustwide/workdir" "-m" "1610612736" "--user" "0:0" "--network" "none" "ghcr.io/rust-lang/crates-build-env/linux@sha256:5ff2268d62e97bff2cde7d5815dd6ed5b47097566f13b8d0ca110b04b60e07ed" "/opt/rustwide/cargo-home/bin/cargo" "+1.69.0" "test" "--frozen" "--no-run" "--message-format=json", kill_on_drop: false }`
[INFO] [stdout] cf3a6b5ac630bbc18e6a8edb8e0768a22b1a1a8c5bd39077e91e7b4e3450d1fd
[INFO] running `Command { std: "docker" "start" "-a" "cf3a6b5ac630bbc18e6a8edb8e0768a22b1a1a8c5bd39077e91e7b4e3450d1fd", kill_on_drop: false }`
[INFO] [stderr]    Compiling vkclient v4.0.3 (/opt/rustwide/workdir)
[INFO] [stderr]     Finished test [unoptimized + debuginfo] target(s) in 1.54s
[INFO] running `Command { std: "docker" "inspect" "cf3a6b5ac630bbc18e6a8edb8e0768a22b1a1a8c5bd39077e91e7b4e3450d1fd", kill_on_drop: false }`
[INFO] running `Command { std: "docker" "rm" "-f" "cf3a6b5ac630bbc18e6a8edb8e0768a22b1a1a8c5bd39077e91e7b4e3450d1fd", kill_on_drop: false }`
[INFO] [stdout] cf3a6b5ac630bbc18e6a8edb8e0768a22b1a1a8c5bd39077e91e7b4e3450d1fd
[INFO] running `Command { std: "docker" "create" "-v" "/var/lib/crater-agent-workspace/builds/worker-0-tc1/target:/opt/rustwide/target:rw,Z" "-v" "/var/lib/crater-agent-workspace/builds/worker-0-tc1/source:/opt/rustwide/workdir:ro,Z" "-v" "/var/lib/crater-agent-workspace/cargo-home:/opt/rustwide/cargo-home:ro,Z" "-v" "/var/lib/crater-agent-workspace/rustup-home:/opt/rustwide/rustup-home:ro,Z" "-e" "SOURCE_DIR=/opt/rustwide/workdir" "-e" "CARGO_TARGET_DIR=/opt/rustwide/target" "-e" "CARGO_INCREMENTAL=0" "-e" "RUST_BACKTRACE=full" "-e" "RUSTFLAGS=--cap-lints=warn" "-e" "RUSTDOCFLAGS=--cap-lints=warn" "-e" "CARGO_HOME=/opt/rustwide/cargo-home" "-e" "RUSTUP_HOME=/opt/rustwide/rustup-home" "-w" "/opt/rustwide/workdir" "-m" "1610612736" "--user" "0:0" "--network" "none" "ghcr.io/rust-lang/crates-build-env/linux@sha256:5ff2268d62e97bff2cde7d5815dd6ed5b47097566f13b8d0ca110b04b60e07ed" "/opt/rustwide/cargo-home/bin/cargo" "+1.69.0" "test" "--frozen", kill_on_drop: false }`
[INFO] [stdout] f6120409bc13e20c6915a77be30fc6423f75acb2b6df4abf8402e5431f444d0d
[INFO] running `Command { std: "docker" "start" "-a" "f6120409bc13e20c6915a77be30fc6423f75acb2b6df4abf8402e5431f444d0d", kill_on_drop: false }`
[INFO] [stderr]     Finished test [unoptimized + debuginfo] target(s) in 0.10s
[INFO] [stderr]      Running unittests src/lib.rs (/opt/rustwide/target/debug/deps/vkclient-2d832372c533a71f)
[INFO] [stdout] 
[INFO] [stdout] running 8 tests
[INFO] [stdout] test longpoll::tests::test_deserialize_ts_opt_none ... ok
[INFO] [stdout] test longpoll::tests::test_deserialize_ts_opt_usize ... ok
[INFO] [stdout] test longpoll::tests::test_deserialize_ts_opt_string ... ok
[INFO] [stdout] test longpoll::tests::test_deserialize_ts_string ... ok
[INFO] [stdout] test structs::tests::serialize_ints ... ok
[INFO] [stdout] test structs::tests::serialize_strs ... ok
[INFO] [stdout] test longpoll::tests::test_deserialize_ts_usize ... ok
[INFO] [stdout] test structs::tests::serialize_version ... ok
[INFO] [stdout] 
[INFO] [stdout] test result: ok. 8 passed; 0 failed; 0 ignored; 0 measured; 0 filtered out; finished in 0.00s
[INFO] [stdout] 
[INFO] [stderr]    Doc-tests vkclient
[INFO] [stdout] 
[INFO] [stdout] running 10 tests
[INFO] [stdout] test src/longpoll.rs - longpoll::VkLongPoll::subscribe_once (line 87) ... FAILED
[INFO] [stdout] test src/vkapi.rs - vkapi::VkApi (line 20) ... FAILED
[INFO] [stdout] test src/longpoll.rs - longpoll::VkLongPoll (line 20) ... FAILED
[INFO] [stdout] test src/lib.rs - (line 10) ... FAILED
[INFO] [stdout] test src/longpoll.rs - longpoll::VkLongPoll::subscribe (line 41) ... FAILED
[INFO] [stdout] test src/wrapper.rs - wrapper::VkApiWrapper (line 8) ... FAILED
[INFO] [stdout] test src/upload.rs - upload::VkUploader (line 17) ... FAILED
[INFO] [stdout] test src/vkapi.rs - vkapi::VkApi::send_request (line 41) ... ok
[INFO] [stdout] test src/structs.rs - structs::List (line 6) ... ok
[INFO] [stdout] test src/longpoll.rs - longpoll::VkLongPoll (line 27) ... ok
[INFO] [stdout] 
[INFO] [stdout] failures:
[INFO] [stdout] 
[INFO] [stdout] ---- src/longpoll.rs - longpoll::VkLongPoll::subscribe_once (line 87) stdout ----
[INFO] [stdout] error[E0425]: cannot find value `key` in this scope
[INFO] [stdout]  --> src/longpoll.rs:93:9
[INFO] [stdout]   |
[INFO] [stdout] 9 |         key,
[INFO] [stdout]   |         ^^^ not found in this scope
[INFO] [stdout] 
[INFO] [stdout] error[E0425]: cannot find value `server` in this scope
[INFO] [stdout]   --> src/longpoll.rs:94:9
[INFO] [stdout]    |
[INFO] [stdout] 10 |         server,
[INFO] [stdout]    |         ^^^^^^ not found in this scope
[INFO] [stdout] 
[INFO] [stdout] error[E0425]: cannot find value `ts` in this scope
[INFO] [stdout]   --> src/longpoll.rs:95:9
[INFO] [stdout]    |
[INFO] [stdout] 11 |         ts,
[INFO] [stdout]    |         ^^ not found in this scope
[INFO] [stdout] 
[INFO] [stdout] error: aborting due to 3 previous errors
[INFO] [stdout] 
[INFO] [stdout] For more information about this error, try `rustc --explain E0425`.
[INFO] [stdout] Couldn't compile the test.
[INFO] [stdout] ---- src/vkapi.rs - vkapi::VkApi (line 20) stdout ----
[INFO] [stdout] error[E0425]: cannot find value `access_token` in this scope
[INFO] [stdout]  --> src/vkapi.rs:22:49
[INFO] [stdout]   |
[INFO] [stdout] 5 | let client: VkApi = vkclient::VkApiBuilder::new(access_token).into();
[INFO] [stdout]   |                                                 ^^^^^^^^^^^^ not found in this scope
[INFO] [stdout] 
[INFO] [stdout] error: aborting due to previous error
[INFO] [stdout] 
[INFO] [stdout] For more information about this error, try `rustc --explain E0425`.
[INFO] [stdout] Couldn't compile the test.
[INFO] [stdout] ---- src/longpoll.rs - longpoll::VkLongPoll (line 20) stdout ----
[INFO] [stdout] error[E0425]: cannot find value `access_token` in this scope
[INFO] [stdout]  --> src/longpoll.rs:22:49
[INFO] [stdout]   |
[INFO] [stdout] 5 | let client: VkApi = vkclient::VkApiBuilder::new(access_token).into();
[INFO] [stdout]   |                                                 ^^^^^^^^^^^^ not found in this scope
[INFO] [stdout] 
[INFO] [stdout] error: aborting due to previous error
[INFO] [stdout] 
[INFO] [stdout] For more information about this error, try `rustc --explain E0425`.
[INFO] [stdout] Couldn't compile the test.
[INFO] [stdout] ---- src/lib.rs - (line 10) stdout ----
[INFO] [stdout] error: expected `;`, found keyword `async`
[INFO] [stdout]   --> src/lib.rs:16:2
[INFO] [stdout]    |
[INFO] [stdout] 9  | }
[INFO] [stdout]    |  ^ help: add `;` here
[INFO] [stdout] 10 |
[INFO] [stdout] 11 | async fn get_users_info(client: &VkApi) -> Result<Vec<UsersGetResponse>, VkApiError> {
[INFO] [stdout]    | ----- unexpected token
[INFO] [stdout] 
[INFO] [stdout] error: cannot find derive macro `Serialize` in this scope
[INFO] [stdout]   --> src/lib.rs:25:10
[INFO] [stdout]    |
[INFO] [stdout] 18 | #[derive(Serialize)]
[INFO] [stdout]    |          ^^^^^^^^^
[INFO] [stdout]    |
[INFO] [stdout]    = help: consider importing this derive macro:
[INFO] [stdout]            serde::Serialize
[INFO] [stdout] 
[INFO] [stdout] error: cannot find derive macro `Deserialize` in this scope
[INFO] [stdout]   --> src/lib.rs:31:10
[INFO] [stdout]    |
[INFO] [stdout] 24 | #[derive(Deserialize)]
[INFO] [stdout]    |          ^^^^^^^^^^^
[INFO] [stdout]    |
[INFO] [stdout]    = help: consider importing this derive macro:
[INFO] [stdout]            serde::Deserialize
[INFO] [stdout] 
[INFO] [stdout] error[E0425]: cannot find value `access_token` in this scope
[INFO] [stdout]  --> src/lib.rs:12:49
[INFO] [stdout]   |
[INFO] [stdout] 5 | let client: VkApi = vkclient::VkApiBuilder::new(access_token).into();
[INFO] [stdout]   |                                                 ^^^^^^^^^^^^ not found in this scope
[INFO] [stdout] 
[INFO] [stdout] error[E0277]: the trait bound `UsersGetRequest<'_>: serde::ser::Serialize` is not satisfied
[INFO] [stdout]   --> src/lib.rs:19:38
[INFO] [stdout]    |
[INFO] [stdout] 12 |       client.send_request("users.get", UsersGetRequest {
[INFO] [stdout]    |  ____________------------______________^
[INFO] [stdout]    | |            |
[INFO] [stdout]    | |            required by a bound introduced by this call
[INFO] [stdout] 13 | |         user_ids: List(vec![1,2]),
[INFO] [stdout] 14 | |         fields: List(vec!["id", "sex"]),
[INFO] [stdout] 15 | |    }).await
[INFO] [stdout]    | |____^ the trait `serde::ser::Serialize` is not implemented for `UsersGetRequest<'_>`
[INFO] [stdout]    |
[INFO] [stdout]    = help: the following other types implement trait `serde::ser::Serialize`:
[INFO] [stdout]              &'a T
[INFO] [stdout]              &'a mut T
[INFO] [stdout]              ()
[INFO] [stdout]              (T0, T1)
[INFO] [stdout]              (T0, T1, T2)
[INFO] [stdout]              (T0, T1, T2, T3)
[INFO] [stdout]              (T0, T1, T2, T3, T4)
[INFO] [stdout]              (T0, T1, T2, T3, T4, T5)
[INFO] [stdout]            and 135 others
[INFO] [stdout] note: required by a bound in `VkApi::send_request`
[INFO] [stdout]   --> /opt/rustwide/workdir/src/vkapi.rs:71:12
[INFO] [stdout]    |
[INFO] [stdout] 71 |         B: Serialize,
[INFO] [stdout]    |            ^^^^^^^^^ required by this bound in `VkApi::send_request`
[INFO] [stdout] 
[INFO] [stdout] error[E0277]: the trait bound `UsersGetResponse: serde::de::Deserialize<'_>` is not satisfied
[INFO] [stdout]   --> src/lib.rs:19:12
[INFO] [stdout]    |
[INFO] [stdout] 12 |     client.send_request("users.get", UsersGetRequest {
[INFO] [stdout]    |            ^^^^^^^^^^^^ the trait `serde::de::Deserialize<'_>` is not implemented for `UsersGetResponse`
[INFO] [stdout]    |
[INFO] [stdout]    = help: the following other types implement trait `serde::de::Deserialize<'de>`:
[INFO] [stdout]              &'a Path
[INFO] [stdout]              &'a [u8]
[INFO] [stdout]              &'a str
[INFO] [stdout]              ()
[INFO] [stdout]              (T0, T1)
[INFO] [stdout]              (T0, T1, T2)
[INFO] [stdout]              (T0, T1, T2, T3)
[INFO] [stdout]              (T0, T1, T2, T3, T4)
[INFO] [stdout]            and 133 others
[INFO] [stdout]    = note: required for `Vec<UsersGetResponse>` to implement `for<'de> serde::de::Deserialize<'de>`
[INFO] [stdout]    = note: required for `Vec<UsersGetResponse>` to implement `serde::de::DeserializeOwned`
[INFO] [stdout] note: required by a bound in `VkApi::send_request`
[INFO] [stdout]   --> /opt/rustwide/workdir/src/vkapi.rs:70:12
[INFO] [stdout]    |
[INFO] [stdout] 70 |         T: DeserializeOwned,
[INFO] [stdout]    |            ^^^^^^^^^^^^^^^^ required by this bound in `VkApi::send_request`
[INFO] [stdout] 
[INFO] [stdout] error: aborting due to 6 previous errors
[INFO] [stdout] 
[INFO] [stdout] Some errors have detailed explanations: E0277, E0425.
[INFO] [stdout] For more information about an error, try `rustc --explain E0277`.
[INFO] [stdout] Couldn't compile the test.
[INFO] [stdout] ---- src/longpoll.rs - longpoll::VkLongPoll::subscribe (line 41) stdout ----
[INFO] [stdout] error[E0425]: cannot find value `key` in this scope
[INFO] [stdout]  --> src/longpoll.rs:47:9
[INFO] [stdout]   |
[INFO] [stdout] 9 |         key,
[INFO] [stdout]   |         ^^^ not found in this scope
[INFO] [stdout] 
[INFO] [stdout] error[E0425]: cannot find value `server` in this scope
[INFO] [stdout]   --> src/longpoll.rs:48:9
[INFO] [stdout]    |
[INFO] [stdout] 10 |         server,
[INFO] [stdout]    |         ^^^^^^ not found in this scope
[INFO] [stdout] 
[INFO] [stdout] error[E0425]: cannot find value `ts` in this scope
[INFO] [stdout]   --> src/longpoll.rs:49:9
[INFO] [stdout]    |
[INFO] [stdout] 11 |         ts,
[INFO] [stdout]    |         ^^ not found in this scope
[INFO] [stdout] 
[INFO] [stdout] error[E0599]: `impl futures_core::stream::Stream<Item = Result<_, VkApiError>>` is not an iterator
[INFO] [stdout]   --> src/longpoll.rs:53:6
[INFO] [stdout]    |
[INFO] [stdout] 8  | / longpoll_client.subscribe(LongPollRequest {
[INFO] [stdout] 9  | |         key,
[INFO] [stdout] 10 | |         server,
[INFO] [stdout] 11 | |         ts,
[INFO] [stdout] ...  |
[INFO] [stdout] 14 | |     })
[INFO] [stdout] 15 | |     .take(1)
[INFO] [stdout]    | |     -^^^^ `impl futures_core::stream::Stream<Item = Result<_, VkApiError>>` is not an iterator
[INFO] [stdout]    | |_____|
[INFO] [stdout]    | 
[INFO] [stdout]    |
[INFO] [stdout]    = note: the following trait bounds were not satisfied:
[INFO] [stdout]            `impl futures_core::stream::Stream<Item = Result<_, VkApiError>>: Iterator`
[INFO] [stdout]            which is required by `&mut impl futures_core::stream::Stream<Item = Result<_, VkApiError>>: Iterator`
[INFO] [stdout]    = help: items from traits can only be used if the trait is in scope
[INFO] [stdout] help: the following trait is implemented but not in scope; perhaps add a `use` for it:
[INFO] [stdout]    |
[INFO] [stdout] 2  | use futures_util::stream::stream::StreamExt;
[INFO] [stdout]    |
[INFO] [stdout] 
[INFO] [stdout] error: aborting due to 4 previous errors
[INFO] [stdout] 
[INFO] [stdout] Some errors have detailed explanations: E0425, E0599.
[INFO] [stdout] For more information about an error, try `rustc --explain E0425`.
[INFO] [stdout] Couldn't compile the test.
[INFO] [stdout] ---- src/wrapper.rs - wrapper::VkApiWrapper (line 8) stdout ----
[INFO] [stdout] error: expected `;`, found `#`
[INFO] [stdout]   --> src/wrapper.rs:19:2
[INFO] [stdout]    |
[INFO] [stdout] 14 | }
[INFO] [stdout]    |  ^ help: add `;` here
[INFO] [stdout] 15 |
[INFO] [stdout] 16 | #[derive(Serialize, Debug)]
[INFO] [stdout]    | - unexpected token
[INFO] [stdout] 
[INFO] [stdout] error[E0425]: cannot find value `access_token` in this scope
[INFO] [stdout]  --> src/wrapper.rs:12:49
[INFO] [stdout]   |
[INFO] [stdout] 7 | let client: VkApi = vkclient::VkApiBuilder::new(access_token).into();
[INFO] [stdout]   |                                                 ^^^^^^^^^^^^ not found in this scope
[INFO] [stdout] 
[INFO] [stdout] error: aborting due to 2 previous errors
[INFO] [stdout] 
[INFO] [stdout] For more information about this error, try `rustc --explain E0425`.
[INFO] [stdout] Couldn't compile the test.
[INFO] [stdout] ---- src/upload.rs - upload::VkUploader (line 17) stdout ----
[INFO] [stdout] error[E0308]: mismatched types
[INFO] [stdout]   --> src/upload.rs:24:1
[INFO] [stdout]    |
[INFO] [stdout] 10 | / async {
[INFO] [stdout] 11 | |     let response: String = uploader.upload(url, form).await.expect("uploading error");
[INFO] [stdout] 12 | | }
[INFO] [stdout]    | | ^
[INFO] [stdout]    | | |
[INFO] [stdout]    | |_expected `()`, found `async` block
[INFO] [stdout]    |   arguments to this function are incorrect
[INFO] [stdout]    |
[INFO] [stdout]    = note:  expected unit type `()`
[INFO] [stdout]            found `async` block `[async block@src/upload.rs:10:1: 12:2]`
[INFO] [stdout] note: function defined here
[INFO] [stdout]   --> /rustc/84c898d65adf2f39a5a98507f1fe0ce10a2b8dbc/library/core/src/future/mod.rs:78:14
[INFO] [stdout] 
[INFO] [stdout] error[E0277]: `()` is not a future
[INFO] [stdout]   --> src/upload.rs:24:1
[INFO] [stdout]    |
[INFO] [stdout] 10 | / async {
[INFO] [stdout] 11 | |     let response: String = uploader.upload(url, form).await.expect("uploading error");
[INFO] [stdout] 12 | | }
[INFO] [stdout]    | | ^
[INFO] [stdout]    | | |
[INFO] [stdout]    | |_`()` is not a future
[INFO] [stdout]    |   required by a bound introduced by this call
[INFO] [stdout]    |
[INFO] [stdout]    = help: the trait `Future` is not implemented for `()`
[INFO] [stdout]    = note: () must be a future or must implement `IntoFuture` to be awaited
[INFO] [stdout] note: required by a bound in `identity_future`
[INFO] [stdout]   --> /rustc/84c898d65adf2f39a5a98507f1fe0ce10a2b8dbc/library/core/src/future/mod.rs:78:1
[INFO] [stdout] 
[INFO] [stdout] error: aborting due to 2 previous errors
[INFO] [stdout] 
[INFO] [stdout] Some errors have detailed explanations: E0277, E0308.
[INFO] [stdout] For more information about an error, try `rustc --explain E0277`.
[INFO] [stdout] Couldn't compile the test.
[INFO] [stdout] 
[INFO] [stdout] failures:
[INFO] [stdout]     src/lib.rs - (line 10)
[INFO] [stdout]     src/longpoll.rs - longpoll::VkLongPoll (line 20)
[INFO] [stdout]     src/longpoll.rs - longpoll::VkLongPoll::subscribe (line 41)
[INFO] [stdout]     src/longpoll.rs - longpoll::VkLongPoll::subscribe_once (line 87)
[INFO] [stdout]     src/upload.rs - upload::VkUploader (line 17)
[INFO] [stdout]     src/vkapi.rs - vkapi::VkApi (line 20)
[INFO] [stdout]     src/wrapper.rs - wrapper::VkApiWrapper (line 8)
[INFO] [stdout] 
[INFO] [stdout] test result: FAILED. 3 passed; 7 failed; 0 ignored; 0 measured; 0 filtered out; finished in 1.30s
[INFO] [stdout] 
[INFO] [stderr] error: doctest failed, to rerun pass `--doc`
[INFO] running `Command { std: "docker" "inspect" "f6120409bc13e20c6915a77be30fc6423f75acb2b6df4abf8402e5431f444d0d", kill_on_drop: false }`
[INFO] running `Command { std: "docker" "rm" "-f" "f6120409bc13e20c6915a77be30fc6423f75acb2b6df4abf8402e5431f444d0d", kill_on_drop: false }`
[INFO] [stdout] f6120409bc13e20c6915a77be30fc6423f75acb2b6df4abf8402e5431f444d0d
