[INFO] fetching crate vgs 0.1.0...
[INFO] testing vgs-0.1.0 against 1.69.0 for beta-1.70-1
[INFO] extracting crate vgs 0.1.0 into /workspace/builds/worker-1-tc1/source
[INFO] validating manifest of crates.io crate vgs 0.1.0 on toolchain 1.69.0
[INFO] running `Command { std: CARGO_HOME="/workspace/cargo-home" RUSTUP_HOME="/workspace/rustup-home" "/workspace/cargo-home/bin/cargo" "+1.69.0" "metadata" "--manifest-path" "Cargo.toml" "--no-deps", kill_on_drop: false }`
[INFO] started tweaking crates.io crate vgs 0.1.0
[INFO] finished tweaking crates.io crate vgs 0.1.0
[INFO] tweaked toml for crates.io crate vgs 0.1.0 written to /workspace/builds/worker-1-tc1/source/Cargo.toml
[INFO] crate crates.io crate vgs 0.1.0 already has a lockfile, it will not be regenerated
[INFO] running `Command { std: CARGO_HOME="/workspace/cargo-home" RUSTUP_HOME="/workspace/rustup-home" "/workspace/cargo-home/bin/cargo" "+1.69.0" "fetch" "--manifest-path" "Cargo.toml", kill_on_drop: false }`
[INFO] running `Command { std: "docker" "create" "-v" "/var/lib/crater-agent-workspace/builds/worker-1-tc1/target:/opt/rustwide/target:rw,Z" "-v" "/var/lib/crater-agent-workspace/builds/worker-1-tc1/source:/opt/rustwide/workdir:ro,Z" "-v" "/var/lib/crater-agent-workspace/cargo-home:/opt/rustwide/cargo-home:ro,Z" "-v" "/var/lib/crater-agent-workspace/rustup-home:/opt/rustwide/rustup-home:ro,Z" "-e" "SOURCE_DIR=/opt/rustwide/workdir" "-e" "CARGO_TARGET_DIR=/opt/rustwide/target" "-e" "CARGO_HOME=/opt/rustwide/cargo-home" "-e" "RUSTUP_HOME=/opt/rustwide/rustup-home" "-w" "/opt/rustwide/workdir" "-m" "1610612736" "--user" "0:0" "--network" "none" "ghcr.io/rust-lang/crates-build-env/linux@sha256:5ff2268d62e97bff2cde7d5815dd6ed5b47097566f13b8d0ca110b04b60e07ed" "/opt/rustwide/cargo-home/bin/cargo" "+1.69.0" "metadata" "--no-deps" "--format-version=1", kill_on_drop: false }`
[INFO] [stdout] 5882477b816b98c2cf242684bbd617eca37642975fc3ca1faafc1e4c30a3ba7b
[INFO] running `Command { std: "docker" "start" "-a" "5882477b816b98c2cf242684bbd617eca37642975fc3ca1faafc1e4c30a3ba7b", kill_on_drop: false }`
[INFO] running `Command { std: "docker" "inspect" "5882477b816b98c2cf242684bbd617eca37642975fc3ca1faafc1e4c30a3ba7b", kill_on_drop: false }`
[INFO] running `Command { std: "docker" "rm" "-f" "5882477b816b98c2cf242684bbd617eca37642975fc3ca1faafc1e4c30a3ba7b", kill_on_drop: false }`
[INFO] [stdout] 5882477b816b98c2cf242684bbd617eca37642975fc3ca1faafc1e4c30a3ba7b
[INFO] running `Command { std: "docker" "create" "-v" "/var/lib/crater-agent-workspace/builds/worker-1-tc1/target:/opt/rustwide/target:rw,Z" "-v" "/var/lib/crater-agent-workspace/builds/worker-1-tc1/source:/opt/rustwide/workdir:ro,Z" "-v" "/var/lib/crater-agent-workspace/cargo-home:/opt/rustwide/cargo-home:ro,Z" "-v" "/var/lib/crater-agent-workspace/rustup-home:/opt/rustwide/rustup-home:ro,Z" "-e" "SOURCE_DIR=/opt/rustwide/workdir" "-e" "CARGO_TARGET_DIR=/opt/rustwide/target" "-e" "CARGO_INCREMENTAL=0" "-e" "RUST_BACKTRACE=full" "-e" "RUSTFLAGS=--cap-lints=warn" "-e" "RUSTDOCFLAGS=--cap-lints=warn" "-e" "CARGO_HOME=/opt/rustwide/cargo-home" "-e" "RUSTUP_HOME=/opt/rustwide/rustup-home" "-w" "/opt/rustwide/workdir" "-m" "1610612736" "--user" "0:0" "--network" "none" "ghcr.io/rust-lang/crates-build-env/linux@sha256:5ff2268d62e97bff2cde7d5815dd6ed5b47097566f13b8d0ca110b04b60e07ed" "/opt/rustwide/cargo-home/bin/cargo" "+1.69.0" "build" "--frozen" "--message-format=json", kill_on_drop: false }`
[INFO] [stdout] a46841a6250f4cf39bfc7aca75391f4076a5a5442a98ebc561bcad9d834797d2
[INFO] running `Command { std: "docker" "start" "-a" "a46841a6250f4cf39bfc7aca75391f4076a5a5442a98ebc561bcad9d834797d2", kill_on_drop: false }`
[INFO] [stderr]    Compiling serde v1.0.136
[INFO] [stderr]    Compiling vgs v0.1.0 (/opt/rustwide/workdir)
[INFO] [stderr]     Finished dev [optimized + debuginfo] target(s) in 4.38s
[INFO] running `Command { std: "docker" "inspect" "a46841a6250f4cf39bfc7aca75391f4076a5a5442a98ebc561bcad9d834797d2", kill_on_drop: false }`
[INFO] running `Command { std: "docker" "rm" "-f" "a46841a6250f4cf39bfc7aca75391f4076a5a5442a98ebc561bcad9d834797d2", kill_on_drop: false }`
[INFO] [stdout] a46841a6250f4cf39bfc7aca75391f4076a5a5442a98ebc561bcad9d834797d2
[INFO] running `Command { std: "docker" "create" "-v" "/var/lib/crater-agent-workspace/builds/worker-1-tc1/target:/opt/rustwide/target:rw,Z" "-v" "/var/lib/crater-agent-workspace/builds/worker-1-tc1/source:/opt/rustwide/workdir:ro,Z" "-v" "/var/lib/crater-agent-workspace/cargo-home:/opt/rustwide/cargo-home:ro,Z" "-v" "/var/lib/crater-agent-workspace/rustup-home:/opt/rustwide/rustup-home:ro,Z" "-e" "SOURCE_DIR=/opt/rustwide/workdir" "-e" "CARGO_TARGET_DIR=/opt/rustwide/target" "-e" "CARGO_INCREMENTAL=0" "-e" "RUST_BACKTRACE=full" "-e" "RUSTFLAGS=--cap-lints=warn" "-e" "RUSTDOCFLAGS=--cap-lints=warn" "-e" "CARGO_HOME=/opt/rustwide/cargo-home" "-e" "RUSTUP_HOME=/opt/rustwide/rustup-home" "-w" "/opt/rustwide/workdir" "-m" "1610612736" "--user" "0:0" "--network" "none" "ghcr.io/rust-lang/crates-build-env/linux@sha256:5ff2268d62e97bff2cde7d5815dd6ed5b47097566f13b8d0ca110b04b60e07ed" "/opt/rustwide/cargo-home/bin/cargo" "+1.69.0" "test" "--frozen" "--no-run" "--message-format=json", kill_on_drop: false }`
[INFO] [stdout] 953ea3f89288bf0384d5b15af895a62a16dd1e4b1c72f0277eb00cad309a2215
[INFO] running `Command { std: "docker" "start" "-a" "953ea3f89288bf0384d5b15af895a62a16dd1e4b1c72f0277eb00cad309a2215", kill_on_drop: false }`
[INFO] [stderr]    Compiling cfg-if v1.0.0
[INFO] [stderr]    Compiling libc v0.2.124
[INFO] [stderr]    Compiling log v0.4.16
[INFO] [stderr]    Compiling proc-macro2 v1.0.37
[INFO] [stderr]    Compiling pkg-config v0.3.25
[INFO] [stderr]    Compiling pin-project-lite v0.2.8
[INFO] [stderr]    Compiling cc v1.0.73
[INFO] [stderr]    Compiling syn v1.0.91
[INFO] [stderr]    Compiling bytes v1.1.0
[INFO] [stderr]    Compiling futures-core v0.3.21
[INFO] [stderr]    Compiling itoa v1.0.1
[INFO] [stderr]    Compiling futures-task v0.3.21
[INFO] [stderr]    Compiling lazy_static v1.4.0
[INFO] [stderr]    Compiling indexmap v1.8.1
[INFO] [stderr]    Compiling memchr v2.4.1
[INFO] [stderr]    Compiling futures-util v0.3.21
[INFO] [stderr]    Compiling openssl v0.10.38
[INFO] [stderr]    Compiling fnv v1.0.7
[INFO] [stderr]    Compiling tracing-core v0.1.26
[INFO] [stderr]    Compiling foreign-types-shared v0.1.1
[INFO] [stderr]    Compiling hashbrown v0.11.2
[INFO] [stderr]    Compiling foreign-types v0.3.2
[INFO] [stderr]    Compiling once_cell v1.10.0
[INFO] [stderr]    Compiling native-tls v0.2.10
[INFO] [stderr]    Compiling tinyvec_macros v0.1.0
[INFO] [stderr]    Compiling matches v0.1.9
[INFO] [stderr]    Compiling http v0.2.6
[INFO] [stderr]    Compiling bitflags v1.3.2
[INFO] [stderr]    Compiling futures-sink v0.3.21
[INFO] [stderr]    Compiling httparse v1.7.0
[INFO] [stderr]    Compiling pin-utils v0.1.0
[INFO] [stderr]    Compiling futures-channel v0.3.21
[INFO] [stderr]    Compiling tinyvec v1.5.1
[INFO] [stderr]    Compiling try-lock v0.2.3
[INFO] [stderr]    Compiling percent-encoding v2.1.0
[INFO] [stderr]    Compiling openssl-probe v0.1.5
[INFO] [stderr]    Compiling slab v0.4.6
[INFO] [stderr]    Compiling want v0.3.0
[INFO] [stderr]    Compiling quote v1.0.18
[INFO] [stderr]    Compiling mio v0.8.2
[INFO] [stderr]    Compiling socket2 v0.4.4
[INFO] [stderr]    Compiling openssl-sys v0.9.72
[INFO] [stderr]    Compiling form_urlencoded v1.0.1
[INFO] [stderr]    Compiling encoding_rs v0.8.31
[INFO] [stderr]    Compiling unicode-bidi v0.3.7
[INFO] [stderr]    Compiling tower-service v0.3.1
[INFO] [stderr]    Compiling httpdate v1.0.2
[INFO] [stderr]    Compiling ryu v1.0.9
[INFO] [stderr]    Compiling ipnet v2.5.0
[INFO] [stderr]    Compiling tokio v1.17.0
[INFO] [stderr]    Compiling unicode-normalization v0.1.19
[INFO] [stderr]    Compiling serde_urlencoded v0.7.1
[INFO] [stderr]    Compiling base64 v0.13.0
[INFO] [stderr]    Compiling mime v0.3.16
[INFO] [stderr]    Compiling http-body v0.4.4
[INFO] [stderr]    Compiling idna v0.2.3
[INFO] [stderr]    Compiling url v2.2.2
[INFO] [stderr]    Compiling tokio-native-tls v0.3.0
[INFO] [stderr]    Compiling tracing-attributes v0.1.20
[INFO] [stderr]    Compiling tracing v0.1.34
[INFO] [stderr]    Compiling tokio-util v0.7.1
[INFO] [stderr]    Compiling h2 v0.3.13
[INFO] [stderr]    Compiling hyper v0.14.18
[INFO] [stderr]    Compiling hyper-tls v0.5.0
[INFO] [stderr]    Compiling reqwest v0.11.10
[INFO] [stderr]    Compiling vgs v0.1.0 (/opt/rustwide/workdir)
[INFO] [stderr]     Finished test [optimized + debuginfo] target(s) in 38.05s
[INFO] running `Command { std: "docker" "inspect" "953ea3f89288bf0384d5b15af895a62a16dd1e4b1c72f0277eb00cad309a2215", kill_on_drop: false }`
[INFO] running `Command { std: "docker" "rm" "-f" "953ea3f89288bf0384d5b15af895a62a16dd1e4b1c72f0277eb00cad309a2215", kill_on_drop: false }`
[INFO] [stdout] 953ea3f89288bf0384d5b15af895a62a16dd1e4b1c72f0277eb00cad309a2215
[INFO] running `Command { std: "docker" "create" "-v" "/var/lib/crater-agent-workspace/builds/worker-1-tc1/target:/opt/rustwide/target:rw,Z" "-v" "/var/lib/crater-agent-workspace/builds/worker-1-tc1/source:/opt/rustwide/workdir:ro,Z" "-v" "/var/lib/crater-agent-workspace/cargo-home:/opt/rustwide/cargo-home:ro,Z" "-v" "/var/lib/crater-agent-workspace/rustup-home:/opt/rustwide/rustup-home:ro,Z" "-e" "SOURCE_DIR=/opt/rustwide/workdir" "-e" "CARGO_TARGET_DIR=/opt/rustwide/target" "-e" "CARGO_INCREMENTAL=0" "-e" "RUST_BACKTRACE=full" "-e" "RUSTFLAGS=--cap-lints=warn" "-e" "RUSTDOCFLAGS=--cap-lints=warn" "-e" "CARGO_HOME=/opt/rustwide/cargo-home" "-e" "RUSTUP_HOME=/opt/rustwide/rustup-home" "-w" "/opt/rustwide/workdir" "-m" "1610612736" "--user" "0:0" "--network" "none" "ghcr.io/rust-lang/crates-build-env/linux@sha256:5ff2268d62e97bff2cde7d5815dd6ed5b47097566f13b8d0ca110b04b60e07ed" "/opt/rustwide/cargo-home/bin/cargo" "+1.69.0" "test" "--frozen", kill_on_drop: false }`
[INFO] [stdout] 3f0eb0f2c83ba500d4a74dc24f73de2a96788031e3e708d859bcdc0ebf2162a7
[INFO] running `Command { std: "docker" "start" "-a" "3f0eb0f2c83ba500d4a74dc24f73de2a96788031e3e708d859bcdc0ebf2162a7", kill_on_drop: false }`
[INFO] [stderr]     Finished test [optimized + debuginfo] target(s) in 0.12s
[INFO] [stderr]      Running unittests src/lib.rs (/opt/rustwide/target/debug/deps/vgs-c02b3da4f4e6a79e)
[INFO] [stdout] 
[INFO] [stderr]      Running unittests src/main.rs (/opt/rustwide/target/debug/deps/vgs-0aa32e3426acd4f8)
[INFO] [stdout] running 0 tests
[INFO] [stderr]    Doc-tests vgs
[INFO] [stdout] 
[INFO] [stdout] test result: ok. 0 passed; 0 failed; 0 ignored; 0 measured; 0 filtered out; finished in 0.00s
[INFO] [stdout] 
[INFO] [stdout] 
[INFO] [stdout] running 0 tests
[INFO] [stdout] 
[INFO] [stdout] test result: ok. 0 passed; 0 failed; 0 ignored; 0 measured; 0 filtered out; finished in 0.00s
[INFO] [stdout] 
[INFO] [stdout] 
[INFO] [stdout] running 1 test
[INFO] [stdout] test src/lib.rs - redact_via_reverse_proxy (line 9) ... FAILED
[INFO] [stdout] 
[INFO] [stdout] failures:
[INFO] [stdout] 
[INFO] [stdout] ---- src/lib.rs - redact_via_reverse_proxy (line 9) stdout ----
[INFO] [stdout] error[E0573]: expected type, found local variable `original_data`
[INFO] [stdout]  --> src/lib.rs:12:59
[INFO] [stdout]   |
[INFO] [stdout] 6 | let answer = vgs::redact_via_reverse_proxy(original_data: original_data,
[INFO] [stdout]   |                                                           ^^^^^^^^^^^^^ expecting a type here because of type ascription
[INFO] [stdout] 
[INFO] [stdout] error[E0573]: expected type, found local variable `reverse_http_proxy_host`
[INFO] [stdout]  --> src/lib.rs:13:30
[INFO] [stdout]   |
[INFO] [stdout] 7 |     reverse_http_proxy_host: reverse_http_proxy_host);
[INFO] [stdout]   |                              ^^^^^^^^^^^^^^^^^^^^^^^ expecting a type here because of type ascription
[INFO] [stdout] 
[INFO] [stdout] error: aborting due to 2 previous errors
[INFO] [stdout] 
[INFO] [stdout] For more information about this error, try `rustc --explain E0573`.
[INFO] [stdout] Couldn't compile the test.
[INFO] [stdout] 
[INFO] [stdout] failures:
[INFO] [stdout]     src/lib.rs - redact_via_reverse_proxy (line 9)
[INFO] [stdout] 
[INFO] [stdout] test result: FAILED. 0 passed; 1 failed; 0 ignored; 0 measured; 0 filtered out; finished in 0.06s
[INFO] [stdout] 
[INFO] [stderr] error: doctest failed, to rerun pass `--doc`
[INFO] running `Command { std: "docker" "inspect" "3f0eb0f2c83ba500d4a74dc24f73de2a96788031e3e708d859bcdc0ebf2162a7", kill_on_drop: false }`
[INFO] running `Command { std: "docker" "rm" "-f" "3f0eb0f2c83ba500d4a74dc24f73de2a96788031e3e708d859bcdc0ebf2162a7", kill_on_drop: false }`
[INFO] [stdout] 3f0eb0f2c83ba500d4a74dc24f73de2a96788031e3e708d859bcdc0ebf2162a7
