[INFO] fetching crate vg 0.0.0-obsolete...
[INFO] testing vg-0.0.0-obsolete against beta-2023-04-20 for beta-1.70-1
[INFO] extracting crate vg 0.0.0-obsolete into /workspace/builds/worker-4-tc2/source
[INFO] validating manifest of crates.io crate vg 0.0.0-obsolete on toolchain beta-2023-04-20
[INFO] running `Command { std: CARGO_HOME="/workspace/cargo-home" RUSTUP_HOME="/workspace/rustup-home" "/workspace/cargo-home/bin/cargo" "+beta-2023-04-20" "metadata" "--manifest-path" "Cargo.toml" "--no-deps", kill_on_drop: false }`
[INFO] started tweaking crates.io crate vg 0.0.0-obsolete
[INFO] finished tweaking crates.io crate vg 0.0.0-obsolete
[INFO] tweaked toml for crates.io crate vg 0.0.0-obsolete written to /workspace/builds/worker-4-tc2/source/Cargo.toml
[INFO] running `Command { std: CARGO_HOME="/workspace/cargo-home" RUSTUP_HOME="/workspace/rustup-home" __CARGO_TEST_CHANNEL_OVERRIDE_DO_NOT_USE_THIS="nightly" "/workspace/cargo-home/bin/cargo" "+beta-2023-04-20" "generate-lockfile" "--manifest-path" "Cargo.toml" "-Zno-index-update", kill_on_drop: false }`
[INFO] [stderr]     Blocking waiting for file lock on package cache
[INFO] running `Command { std: CARGO_HOME="/workspace/cargo-home" RUSTUP_HOME="/workspace/rustup-home" "/workspace/cargo-home/bin/cargo" "+beta-2023-04-20" "fetch" "--manifest-path" "Cargo.toml", kill_on_drop: false }`
[INFO] running `Command { std: "docker" "create" "-v" "/var/lib/crater-agent-workspace/builds/worker-4-tc2/target:/opt/rustwide/target:rw,Z" "-v" "/var/lib/crater-agent-workspace/builds/worker-4-tc2/source:/opt/rustwide/workdir:ro,Z" "-v" "/var/lib/crater-agent-workspace/cargo-home:/opt/rustwide/cargo-home:ro,Z" "-v" "/var/lib/crater-agent-workspace/rustup-home:/opt/rustwide/rustup-home:ro,Z" "-e" "SOURCE_DIR=/opt/rustwide/workdir" "-e" "CARGO_TARGET_DIR=/opt/rustwide/target" "-e" "CARGO_HOME=/opt/rustwide/cargo-home" "-e" "RUSTUP_HOME=/opt/rustwide/rustup-home" "-w" "/opt/rustwide/workdir" "-m" "1610612736" "--user" "0:0" "--network" "none" "ghcr.io/rust-lang/crates-build-env/linux@sha256:5ff2268d62e97bff2cde7d5815dd6ed5b47097566f13b8d0ca110b04b60e07ed" "/opt/rustwide/cargo-home/bin/cargo" "+beta-2023-04-20" "metadata" "--no-deps" "--format-version=1", kill_on_drop: false }`
[INFO] [stdout] 5f4d207a41679316fd8c83ca0794334ddec4188e8916b2ed8082da65bd69fcdd
[INFO] running `Command { std: "docker" "start" "-a" "5f4d207a41679316fd8c83ca0794334ddec4188e8916b2ed8082da65bd69fcdd", kill_on_drop: false }`
[INFO] running `Command { std: "docker" "inspect" "5f4d207a41679316fd8c83ca0794334ddec4188e8916b2ed8082da65bd69fcdd", kill_on_drop: false }`
[INFO] running `Command { std: "docker" "rm" "-f" "5f4d207a41679316fd8c83ca0794334ddec4188e8916b2ed8082da65bd69fcdd", kill_on_drop: false }`
[INFO] [stdout] 5f4d207a41679316fd8c83ca0794334ddec4188e8916b2ed8082da65bd69fcdd
[INFO] running `Command { std: "docker" "create" "-v" "/var/lib/crater-agent-workspace/builds/worker-4-tc2/target:/opt/rustwide/target:rw,Z" "-v" "/var/lib/crater-agent-workspace/builds/worker-4-tc2/source:/opt/rustwide/workdir:ro,Z" "-v" "/var/lib/crater-agent-workspace/cargo-home:/opt/rustwide/cargo-home:ro,Z" "-v" "/var/lib/crater-agent-workspace/rustup-home:/opt/rustwide/rustup-home:ro,Z" "-e" "SOURCE_DIR=/opt/rustwide/workdir" "-e" "CARGO_TARGET_DIR=/opt/rustwide/target" "-e" "CARGO_INCREMENTAL=0" "-e" "RUST_BACKTRACE=full" "-e" "RUSTFLAGS=--cap-lints=warn" "-e" "RUSTDOCFLAGS=--cap-lints=warn" "-e" "CARGO_HOME=/opt/rustwide/cargo-home" "-e" "RUSTUP_HOME=/opt/rustwide/rustup-home" "-w" "/opt/rustwide/workdir" "-m" "1610612736" "--user" "0:0" "--network" "none" "ghcr.io/rust-lang/crates-build-env/linux@sha256:5ff2268d62e97bff2cde7d5815dd6ed5b47097566f13b8d0ca110b04b60e07ed" "/opt/rustwide/cargo-home/bin/cargo" "+beta-2023-04-20" "build" "--frozen" "--message-format=json", kill_on_drop: false }`
[INFO] [stdout] 064b45f2c1a8f21e38b6baee69bef1480c4bfb44b38f7f1087aebce8bb47970e
[INFO] running `Command { std: "docker" "start" "-a" "064b45f2c1a8f21e38b6baee69bef1480c4bfb44b38f7f1087aebce8bb47970e", kill_on_drop: false }`
[INFO] [stderr]    Compiling adler32 v1.2.0
[INFO] [stderr]    Compiling inflate v0.4.5
[INFO] [stderr]    Compiling deflate v0.7.20
[INFO] [stderr]    Compiling png v0.15.3
[INFO] [stderr]    Compiling vg v0.0.0-obsolete (/opt/rustwide/workdir)
[INFO] [stdout] warning: field `kind` is never read
[INFO] [stdout]   --> src/input.rs:83:5
[INFO] [stdout]    |
[INFO] [stdout] 80 | pub struct Axis {
[INFO] [stdout]    |            ---- field in this struct
[INFO] [stdout] ...
[INFO] [stdout] 83 |     kind: AxisKind,
[INFO] [stdout]    |     ^^^^
[INFO] [stdout]    |
[INFO] [stdout]    = note: `Axis` has derived impls for the traits `Clone` and `Debug`, but these are intentionally ignored during dead code analysis
[INFO] [stdout]    = note: `#[warn(dead_code)]` on by default
[INFO] [stdout] 
[INFO] [stdout] 
[INFO] [stdout] warning: 1 warning emitted
[INFO] [stdout] 
[INFO] [stdout] 
[INFO] [stderr]     Finished dev [unoptimized + debuginfo] target(s) in 1.10s
[INFO] running `Command { std: "docker" "inspect" "064b45f2c1a8f21e38b6baee69bef1480c4bfb44b38f7f1087aebce8bb47970e", kill_on_drop: false }`
[INFO] running `Command { std: "docker" "rm" "-f" "064b45f2c1a8f21e38b6baee69bef1480c4bfb44b38f7f1087aebce8bb47970e", kill_on_drop: false }`
[INFO] [stdout] 064b45f2c1a8f21e38b6baee69bef1480c4bfb44b38f7f1087aebce8bb47970e
[INFO] running `Command { std: "docker" "create" "-v" "/var/lib/crater-agent-workspace/builds/worker-4-tc2/target:/opt/rustwide/target:rw,Z" "-v" "/var/lib/crater-agent-workspace/builds/worker-4-tc2/source:/opt/rustwide/workdir:ro,Z" "-v" "/var/lib/crater-agent-workspace/cargo-home:/opt/rustwide/cargo-home:ro,Z" "-v" "/var/lib/crater-agent-workspace/rustup-home:/opt/rustwide/rustup-home:ro,Z" "-e" "SOURCE_DIR=/opt/rustwide/workdir" "-e" "CARGO_TARGET_DIR=/opt/rustwide/target" "-e" "CARGO_INCREMENTAL=0" "-e" "RUST_BACKTRACE=full" "-e" "RUSTFLAGS=--cap-lints=warn" "-e" "RUSTDOCFLAGS=--cap-lints=warn" "-e" "CARGO_HOME=/opt/rustwide/cargo-home" "-e" "RUSTUP_HOME=/opt/rustwide/rustup-home" "-w" "/opt/rustwide/workdir" "-m" "1610612736" "--user" "0:0" "--network" "none" "ghcr.io/rust-lang/crates-build-env/linux@sha256:5ff2268d62e97bff2cde7d5815dd6ed5b47097566f13b8d0ca110b04b60e07ed" "/opt/rustwide/cargo-home/bin/cargo" "+beta-2023-04-20" "test" "--frozen" "--no-run" "--message-format=json", kill_on_drop: false }`
[INFO] [stdout] 09901a10039ee0e5ff93232384e29c592ce533c264e6a7e749f8c6a72759484f
[INFO] running `Command { std: "docker" "start" "-a" "09901a10039ee0e5ff93232384e29c592ce533c264e6a7e749f8c6a72759484f", kill_on_drop: false }`
[INFO] [stderr]    Compiling vg v0.0.0-obsolete (/opt/rustwide/workdir)
[INFO] [stdout] warning: field `kind` is never read
[INFO] [stdout]   --> src/input.rs:83:5
[INFO] [stdout]    |
[INFO] [stdout] 80 | pub struct Axis {
[INFO] [stdout]    |            ---- field in this struct
[INFO] [stdout] ...
[INFO] [stdout] 83 |     kind: AxisKind,
[INFO] [stdout]    |     ^^^^
[INFO] [stdout]    |
[INFO] [stdout]    = note: `Axis` has derived impls for the traits `Clone` and `Debug`, but these are intentionally ignored during dead code analysis
[INFO] [stdout]    = note: `#[warn(dead_code)]` on by default
[INFO] [stdout] 
[INFO] [stdout] 
[INFO] [stdout] warning: 1 warning emitted
[INFO] [stdout] 
[INFO] [stdout] 
[INFO] [stdout] warning: field `kind` is never read
[INFO] [stdout]   --> src/input.rs:83:5
[INFO] [stdout]    |
[INFO] [stdout] 80 | pub struct Axis {
[INFO] [stdout]    |            ---- field in this struct
[INFO] [stdout] ...
[INFO] [stdout] 83 |     kind: AxisKind,
[INFO] [stdout]    |     ^^^^
[INFO] [stdout]    |
[INFO] [stdout]    = note: `Axis` has derived impls for the traits `Clone` and `Debug`, but these are intentionally ignored during dead code analysis
[INFO] [stdout]    = note: `#[warn(dead_code)]` on by default
[INFO] [stdout] 
[INFO] [stdout] 
[INFO] [stdout] warning: 1 warning emitted
[INFO] [stdout] 
[INFO] [stdout] 
[INFO] [stderr]     Finished test [unoptimized + debuginfo] target(s) in 0.30s
[INFO] running `Command { std: "docker" "inspect" "09901a10039ee0e5ff93232384e29c592ce533c264e6a7e749f8c6a72759484f", kill_on_drop: false }`
[INFO] running `Command { std: "docker" "rm" "-f" "09901a10039ee0e5ff93232384e29c592ce533c264e6a7e749f8c6a72759484f", kill_on_drop: false }`
[INFO] [stdout] 09901a10039ee0e5ff93232384e29c592ce533c264e6a7e749f8c6a72759484f
[INFO] running `Command { std: "docker" "create" "-v" "/var/lib/crater-agent-workspace/builds/worker-4-tc2/target:/opt/rustwide/target:rw,Z" "-v" "/var/lib/crater-agent-workspace/builds/worker-4-tc2/source:/opt/rustwide/workdir:ro,Z" "-v" "/var/lib/crater-agent-workspace/cargo-home:/opt/rustwide/cargo-home:ro,Z" "-v" "/var/lib/crater-agent-workspace/rustup-home:/opt/rustwide/rustup-home:ro,Z" "-e" "SOURCE_DIR=/opt/rustwide/workdir" "-e" "CARGO_TARGET_DIR=/opt/rustwide/target" "-e" "CARGO_INCREMENTAL=0" "-e" "RUST_BACKTRACE=full" "-e" "RUSTFLAGS=--cap-lints=warn" "-e" "RUSTDOCFLAGS=--cap-lints=warn" "-e" "CARGO_HOME=/opt/rustwide/cargo-home" "-e" "RUSTUP_HOME=/opt/rustwide/rustup-home" "-w" "/opt/rustwide/workdir" "-m" "1610612736" "--user" "0:0" "--network" "none" "ghcr.io/rust-lang/crates-build-env/linux@sha256:5ff2268d62e97bff2cde7d5815dd6ed5b47097566f13b8d0ca110b04b60e07ed" "/opt/rustwide/cargo-home/bin/cargo" "+beta-2023-04-20" "test" "--frozen", kill_on_drop: false }`
[INFO] [stdout] 43bcfb308ff8d6bf73c2276c8a7e018a63e57a862ce95ba52b29b205b91a6db6
[INFO] running `Command { std: "docker" "start" "-a" "43bcfb308ff8d6bf73c2276c8a7e018a63e57a862ce95ba52b29b205b91a6db6", kill_on_drop: false }`
[INFO] [stderr] warning: field `kind` is never read
[INFO] [stderr]   --> src/input.rs:83:5
[INFO] [stderr]    |
[INFO] [stderr] 80 | pub struct Axis {
[INFO] [stderr]    |            ---- field in this struct
[INFO] [stderr] ...
[INFO] [stderr] 83 |     kind: AxisKind,
[INFO] [stderr]    |     ^^^^
[INFO] [stderr]    |
[INFO] [stderr]    = note: `Axis` has derived impls for the traits `Clone` and `Debug`, but these are intentionally ignored during dead code analysis
[INFO] [stderr]    = note: `#[warn(dead_code)]` on by default
[INFO] [stderr] 
[INFO] [stderr] warning: `vg` (lib) generated 1 warning
[INFO] [stderr] warning: `vg` (lib test) generated 1 warning (1 duplicate)
[INFO] [stderr]     Finished test [unoptimized + debuginfo] target(s) in 0.00s
[INFO] [stderr]      Running unittests src/lib.rs (/opt/rustwide/target/debug/deps/vg-42ff901c00ea5169)
[INFO] [stdout] 
[INFO] [stdout] running 0 tests
[INFO] [stdout] 
[INFO] [stdout] test result: ok. 0 passed; 0 failed; 0 ignored; 0 measured; 0 filtered out; finished in 0.00s
[INFO] [stdout] 
[INFO] [stderr]    Doc-tests vg
[INFO] [stdout] 
[INFO] [stdout] running 3 tests
[INFO] [stdout] test src/assets.rs - assets (line 15) ... FAILED
[INFO] [stdout] test src/assets.rs - assets (line 6) ... FAILED
[INFO] [stdout] test src/assets.rs - assets::Assets (line 133) ... FAILED
[INFO] [stdout] 
[INFO] [stdout] failures:
[INFO] [stdout] 
[INFO] [stdout] ---- src/assets.rs - assets (line 15) stdout ----
[INFO] [stdout] error: cannot find macro `asset_pack` in this scope
[INFO] [stdout]  --> src/assets.rs:16:24
[INFO] [stdout]   |
[INFO] [stdout] 4 | const ASSETS: Assets = asset_pack!("assets.vgpack");
[INFO] [stdout]   |                        ^^^^^^^^^^
[INFO] [stdout]   |
[INFO] [stdout]   = help: consider importing this macro:
[INFO] [stdout]           vg::asset_pack
[INFO] [stdout] 
[INFO] [stdout] error[E0412]: cannot find type `Assets` in this scope
[INFO] [stdout]  --> src/assets.rs:16:15
[INFO] [stdout]   |
[INFO] [stdout] 4 | const ASSETS: Assets = asset_pack!("assets.vgpack");
[INFO] [stdout]   |               ^^^^^^ not found in this scope
[INFO] [stdout]   |
[INFO] [stdout] help: consider importing this struct
[INFO] [stdout]   |
[INFO] [stdout] 2 + use vg::assets::Assets;
[INFO] [stdout]   |
[INFO] [stdout] 
[INFO] [stdout] error[E0433]: failed to resolve: use of undeclared type `ASSETS`
[INFO] [stdout]  --> src/assets.rs:20:18
[INFO] [stdout]   |
[INFO] [stdout] 4 | const ASSETS: Assets = asset_pack!("assets.vgpack");
[INFO] [stdout]   | ---------------------------------------------------- help: `ASSETS` is defined here, but is not a type
[INFO] [stdout] ...
[INFO] [stdout] 8 | let config_str = ASSETS::str("config.toml")?;
[INFO] [stdout]   |                  ^^^^^^ use of undeclared type `ASSETS`
[INFO] [stdout] 
[INFO] [stdout] error[E0433]: failed to resolve: use of undeclared type `ASSETS`
[INFO] [stdout]  --> src/assets.rs:21:14
[INFO] [stdout]   |
[INFO] [stdout] 4 | const ASSETS: Assets = asset_pack!("assets.vgpack");
[INFO] [stdout]   | ---------------------------------------------------- help: `ASSETS` is defined here, but is not a type
[INFO] [stdout] ...
[INFO] [stdout] 9 | let splash = ASSETS::assets("textures")?.bin("splash.png")?;
[INFO] [stdout]   |              ^^^^^^ use of undeclared type `ASSETS`
[INFO] [stdout] 
[INFO] [stdout] error: aborting due to 4 previous errors
[INFO] [stdout] 
[INFO] [stdout] Some errors have detailed explanations: E0412, E0433.
[INFO] [stdout] For more information about an error, try `rustc --explain E0412`.
[INFO] [stdout] Couldn't compile the test.
[INFO] [stdout] ---- src/assets.rs - assets (line 6) stdout ----
[INFO] [stdout] error[E0432]: unresolved import `vg::assets::generate_asset_packs`
[INFO] [stdout]  --> src/assets.rs:7:5
[INFO] [stdout]   |
[INFO] [stdout] 3 | use vg::assets::generate_asset_packs;
[INFO] [stdout]   |     ^^^^^^^^^^^^--------------------
[INFO] [stdout]   |     |           |
[INFO] [stdout]   |     |           help: a similar name exists in the module: `generate_asset_pack`
[INFO] [stdout]   |     no `generate_asset_packs` in `assets`
[INFO] [stdout] 
[INFO] [stdout] error[E0425]: cannot find function `generate_asset_pack` in this scope
[INFO] [stdout]  --> src/assets.rs:9:5
[INFO] [stdout]   |
[INFO] [stdout] 5 |     generate_asset_pack("assets/", "assets.vgpack");
[INFO] [stdout]   |     ^^^^^^^^^^^^^^^^^^^ not found in this scope
[INFO] [stdout]   |
[INFO] [stdout] help: consider importing this function
[INFO] [stdout]   |
[INFO] [stdout] 3 + use vg::assets::generate_asset_pack;
[INFO] [stdout]   |
[INFO] [stdout] 
[INFO] [stdout] error: aborting due to 2 previous errors
[INFO] [stdout] 
[INFO] [stdout] Some errors have detailed explanations: E0425, E0432.
[INFO] [stdout] For more information about an error, try `rustc --explain E0425`.
[INFO] [stdout] Couldn't compile the test.
[INFO] [stdout] ---- src/assets.rs - assets::Assets (line 133) stdout ----
[INFO] [stdout] error: cannot find macro `asset_pack` in this scope
[INFO] [stdout]  --> src/assets.rs:134:26
[INFO] [stdout]   |
[INFO] [stdout] 4 | const TEXTURES: Assets = asset_pack!("textures_new.vgpack");
[INFO] [stdout]   |                          ^^^^^^^^^^
[INFO] [stdout]   |
[INFO] [stdout]   = help: consider importing this macro:
[INFO] [stdout]           vg::asset_pack
[INFO] [stdout] 
[INFO] [stdout] error[E0412]: cannot find type `Assets` in this scope
[INFO] [stdout]  --> src/assets.rs:134:17
[INFO] [stdout]   |
[INFO] [stdout] 4 | const TEXTURES: Assets = asset_pack!("textures_new.vgpack");
[INFO] [stdout]   |                 ^^^^^^ not found in this scope
[INFO] [stdout]   |
[INFO] [stdout] help: consider importing this struct
[INFO] [stdout]   |
[INFO] [stdout] 2 + use vg::assets::Assets;
[INFO] [stdout]   |
[INFO] [stdout] 
[INFO] [stdout] error[E0425]: cannot find function `decode_png` in this scope
[INFO] [stdout]  --> src/assets.rs:135:13
[INFO] [stdout]   |
[INFO] [stdout] 5 | let image = decode_png(TEXTURES.assets("x512")?.binary()?)?;
[INFO] [stdout]   |             ^^^^^^^^^^ not found in this scope
[INFO] [stdout] 
[INFO] [stdout] error: aborting due to 3 previous errors
[INFO] [stdout] 
[INFO] [stdout] Some errors have detailed explanations: E0412, E0425.
[INFO] [stdout] For more information about an error, try `rustc --explain E0412`.
[INFO] [stdout] Couldn't compile the test.
[INFO] [stdout] 
[INFO] [stdout] failures:
[INFO] [stdout]     src/assets.rs - assets (line 15)
[INFO] [stdout]     src/assets.rs - assets (line 6)
[INFO] [stdout]     src/assets.rs - assets::Assets (line 133)
[INFO] [stdout] 
[INFO] [stdout] test result: FAILED. 0 passed; 3 failed; 0 ignored; 0 measured; 0 filtered out; finished in 0.04s
[INFO] [stdout] 
[INFO] [stderr] error: doctest failed, to rerun pass `--doc`
[INFO] running `Command { std: "docker" "inspect" "43bcfb308ff8d6bf73c2276c8a7e018a63e57a862ce95ba52b29b205b91a6db6", kill_on_drop: false }`
[INFO] running `Command { std: "docker" "rm" "-f" "43bcfb308ff8d6bf73c2276c8a7e018a63e57a862ce95ba52b29b205b91a6db6", kill_on_drop: false }`
[INFO] [stdout] 43bcfb308ff8d6bf73c2276c8a7e018a63e57a862ce95ba52b29b205b91a6db6
