[INFO] fetching crate vesti 0.4.5...
[INFO] testing vesti-0.4.5 against beta-2023-04-20 for beta-1.70-1
[INFO] extracting crate vesti 0.4.5 into /workspace/builds/worker-7-tc2/source
[INFO] validating manifest of crates.io crate vesti 0.4.5 on toolchain beta-2023-04-20
[INFO] running `Command { std: CARGO_HOME="/workspace/cargo-home" RUSTUP_HOME="/workspace/rustup-home" "/workspace/cargo-home/bin/cargo" "+beta-2023-04-20" "metadata" "--manifest-path" "Cargo.toml" "--no-deps", kill_on_drop: false }`
[INFO] started tweaking crates.io crate vesti 0.4.5
[INFO] finished tweaking crates.io crate vesti 0.4.5
[INFO] tweaked toml for crates.io crate vesti 0.4.5 written to /workspace/builds/worker-7-tc2/source/Cargo.toml
[INFO] crate crates.io crate vesti 0.4.5 already has a lockfile, it will not be regenerated
[INFO] running `Command { std: CARGO_HOME="/workspace/cargo-home" RUSTUP_HOME="/workspace/rustup-home" "/workspace/cargo-home/bin/cargo" "+beta-2023-04-20" "fetch" "--manifest-path" "Cargo.toml", kill_on_drop: false }`
[INFO] [stderr]  Downloading crates ...
[INFO] [stderr]   Downloaded rustix v0.36.4
[INFO] running `Command { std: "docker" "create" "-v" "/var/lib/crater-agent-workspace/builds/worker-7-tc2/target:/opt/rustwide/target:rw,Z" "-v" "/var/lib/crater-agent-workspace/builds/worker-7-tc2/source:/opt/rustwide/workdir:ro,Z" "-v" "/var/lib/crater-agent-workspace/cargo-home:/opt/rustwide/cargo-home:ro,Z" "-v" "/var/lib/crater-agent-workspace/rustup-home:/opt/rustwide/rustup-home:ro,Z" "-e" "SOURCE_DIR=/opt/rustwide/workdir" "-e" "CARGO_TARGET_DIR=/opt/rustwide/target" "-e" "CARGO_HOME=/opt/rustwide/cargo-home" "-e" "RUSTUP_HOME=/opt/rustwide/rustup-home" "-w" "/opt/rustwide/workdir" "-m" "1610612736" "--user" "0:0" "--network" "none" "ghcr.io/rust-lang/crates-build-env/linux@sha256:5ff2268d62e97bff2cde7d5815dd6ed5b47097566f13b8d0ca110b04b60e07ed" "/opt/rustwide/cargo-home/bin/cargo" "+beta-2023-04-20" "metadata" "--no-deps" "--format-version=1", kill_on_drop: false }`
[INFO] [stdout] 1065c95e7a8b1154fb3c963e2a3fec6c6ee06e8406bf22274a71531ba5f9ac11
[INFO] running `Command { std: "docker" "start" "-a" "1065c95e7a8b1154fb3c963e2a3fec6c6ee06e8406bf22274a71531ba5f9ac11", kill_on_drop: false }`
[INFO] running `Command { std: "docker" "inspect" "1065c95e7a8b1154fb3c963e2a3fec6c6ee06e8406bf22274a71531ba5f9ac11", kill_on_drop: false }`
[INFO] running `Command { std: "docker" "rm" "-f" "1065c95e7a8b1154fb3c963e2a3fec6c6ee06e8406bf22274a71531ba5f9ac11", kill_on_drop: false }`
[INFO] [stdout] 1065c95e7a8b1154fb3c963e2a3fec6c6ee06e8406bf22274a71531ba5f9ac11
[INFO] running `Command { std: "docker" "create" "-v" "/var/lib/crater-agent-workspace/builds/worker-7-tc2/target:/opt/rustwide/target:rw,Z" "-v" "/var/lib/crater-agent-workspace/builds/worker-7-tc2/source:/opt/rustwide/workdir:ro,Z" "-v" "/var/lib/crater-agent-workspace/cargo-home:/opt/rustwide/cargo-home:ro,Z" "-v" "/var/lib/crater-agent-workspace/rustup-home:/opt/rustwide/rustup-home:ro,Z" "-e" "SOURCE_DIR=/opt/rustwide/workdir" "-e" "CARGO_TARGET_DIR=/opt/rustwide/target" "-e" "CARGO_INCREMENTAL=0" "-e" "RUST_BACKTRACE=full" "-e" "RUSTFLAGS=--cap-lints=warn" "-e" "RUSTDOCFLAGS=--cap-lints=warn" "-e" "CARGO_HOME=/opt/rustwide/cargo-home" "-e" "RUSTUP_HOME=/opt/rustwide/rustup-home" "-w" "/opt/rustwide/workdir" "-m" "1610612736" "--user" "0:0" "--network" "none" "ghcr.io/rust-lang/crates-build-env/linux@sha256:5ff2268d62e97bff2cde7d5815dd6ed5b47097566f13b8d0ca110b04b60e07ed" "/opt/rustwide/cargo-home/bin/cargo" "+beta-2023-04-20" "build" "--frozen" "--message-format=json", kill_on_drop: false }`
[INFO] [stdout] 0237023b903d50a556a8289bf9c6032476123f3f77c4fbaa03fc86972a5cb76b
[INFO] running `Command { std: "docker" "start" "-a" "0237023b903d50a556a8289bf9c6032476123f3f77c4fbaa03fc86972a5cb76b", kill_on_drop: false }`
[INFO] [stderr]    Compiling libc v0.2.138
[INFO] [stderr]    Compiling proc-macro-error-attr v1.0.4
[INFO] [stderr]    Compiling io-lifetimes v1.0.3
[INFO] [stderr]    Compiling syn v1.0.105
[INFO] [stderr]    Compiling log v0.4.17
[INFO] [stderr]    Compiling proc-macro-error v1.0.4
[INFO] [stderr]    Compiling rustix v0.36.4
[INFO] [stderr]    Compiling signal-hook v0.3.14
[INFO] [stderr]    Compiling parking_lot_core v0.9.5
[INFO] [stderr]    Compiling scopeguard v1.1.0
[INFO] [stderr]    Compiling lock_api v0.4.9
[INFO] [stderr]    Compiling linux-raw-sys v0.1.3
[INFO] [stderr]    Compiling smallvec v1.10.0
[INFO] [stderr]    Compiling heck v0.4.0
[INFO] [stderr]    Compiling os_str_bytes v6.4.1
[INFO] [stderr]    Compiling termcolor v1.1.3
[INFO] [stderr]    Compiling unicode-width v0.1.10
[INFO] [stderr]    Compiling clap_lex v0.3.0
[INFO] [stderr]    Compiling signal-hook-registry v1.4.0
[INFO] [stderr]    Compiling mio v0.8.5
[INFO] [stderr]    Compiling parking_lot v0.12.1
[INFO] [stderr]    Compiling signal-hook-mio v0.2.3
[INFO] [stderr]    Compiling crossterm v0.25.0
[INFO] [stderr]    Compiling is-terminal v0.4.1
[INFO] [stderr]    Compiling clap_derive v4.0.21
[INFO] [stderr]    Compiling clap v4.0.29
[INFO] [stderr]    Compiling vesti v0.4.5 (/opt/rustwide/workdir)
[INFO] [stderr]     Finished dev [unoptimized + debuginfo] target(s) in 9.11s
[INFO] running `Command { std: "docker" "inspect" "0237023b903d50a556a8289bf9c6032476123f3f77c4fbaa03fc86972a5cb76b", kill_on_drop: false }`
[INFO] running `Command { std: "docker" "rm" "-f" "0237023b903d50a556a8289bf9c6032476123f3f77c4fbaa03fc86972a5cb76b", kill_on_drop: false }`
[INFO] [stdout] 0237023b903d50a556a8289bf9c6032476123f3f77c4fbaa03fc86972a5cb76b
[INFO] running `Command { std: "docker" "create" "-v" "/var/lib/crater-agent-workspace/builds/worker-7-tc2/target:/opt/rustwide/target:rw,Z" "-v" "/var/lib/crater-agent-workspace/builds/worker-7-tc2/source:/opt/rustwide/workdir:ro,Z" "-v" "/var/lib/crater-agent-workspace/cargo-home:/opt/rustwide/cargo-home:ro,Z" "-v" "/var/lib/crater-agent-workspace/rustup-home:/opt/rustwide/rustup-home:ro,Z" "-e" "SOURCE_DIR=/opt/rustwide/workdir" "-e" "CARGO_TARGET_DIR=/opt/rustwide/target" "-e" "CARGO_INCREMENTAL=0" "-e" "RUST_BACKTRACE=full" "-e" "RUSTFLAGS=--cap-lints=warn" "-e" "RUSTDOCFLAGS=--cap-lints=warn" "-e" "CARGO_HOME=/opt/rustwide/cargo-home" "-e" "RUSTUP_HOME=/opt/rustwide/rustup-home" "-w" "/opt/rustwide/workdir" "-m" "1610612736" "--user" "0:0" "--network" "none" "ghcr.io/rust-lang/crates-build-env/linux@sha256:5ff2268d62e97bff2cde7d5815dd6ed5b47097566f13b8d0ca110b04b60e07ed" "/opt/rustwide/cargo-home/bin/cargo" "+beta-2023-04-20" "test" "--frozen" "--no-run" "--message-format=json", kill_on_drop: false }`
[INFO] [stdout] e08639525db157c6325ec8ad0497d680c95c1699825d8c55313c05714c037131
[INFO] running `Command { std: "docker" "start" "-a" "e08639525db157c6325ec8ad0497d680c95c1699825d8c55313c05714c037131", kill_on_drop: false }`
[INFO] [stderr]    Compiling vesti v0.4.5 (/opt/rustwide/workdir)
[INFO] [stderr]     Finished test [unoptimized + debuginfo] target(s) in 1.29s
[INFO] running `Command { std: "docker" "inspect" "e08639525db157c6325ec8ad0497d680c95c1699825d8c55313c05714c037131", kill_on_drop: false }`
[INFO] running `Command { std: "docker" "rm" "-f" "e08639525db157c6325ec8ad0497d680c95c1699825d8c55313c05714c037131", kill_on_drop: false }`
[INFO] [stdout] e08639525db157c6325ec8ad0497d680c95c1699825d8c55313c05714c037131
[INFO] running `Command { std: "docker" "create" "-v" "/var/lib/crater-agent-workspace/builds/worker-7-tc2/target:/opt/rustwide/target:rw,Z" "-v" "/var/lib/crater-agent-workspace/builds/worker-7-tc2/source:/opt/rustwide/workdir:ro,Z" "-v" "/var/lib/crater-agent-workspace/cargo-home:/opt/rustwide/cargo-home:ro,Z" "-v" "/var/lib/crater-agent-workspace/rustup-home:/opt/rustwide/rustup-home:ro,Z" "-e" "SOURCE_DIR=/opt/rustwide/workdir" "-e" "CARGO_TARGET_DIR=/opt/rustwide/target" "-e" "CARGO_INCREMENTAL=0" "-e" "RUST_BACKTRACE=full" "-e" "RUSTFLAGS=--cap-lints=warn" "-e" "RUSTDOCFLAGS=--cap-lints=warn" "-e" "CARGO_HOME=/opt/rustwide/cargo-home" "-e" "RUSTUP_HOME=/opt/rustwide/rustup-home" "-w" "/opt/rustwide/workdir" "-m" "1610612736" "--user" "0:0" "--network" "none" "ghcr.io/rust-lang/crates-build-env/linux@sha256:5ff2268d62e97bff2cde7d5815dd6ed5b47097566f13b8d0ca110b04b60e07ed" "/opt/rustwide/cargo-home/bin/cargo" "+beta-2023-04-20" "test" "--frozen", kill_on_drop: false }`
[INFO] [stdout] 2e11699f2f0757d434498d4ee0e75020a7a5cd9d1c5b4f6f01145fcecd71175f
[INFO] running `Command { std: "docker" "start" "-a" "2e11699f2f0757d434498d4ee0e75020a7a5cd9d1c5b4f6f01145fcecd71175f", kill_on_drop: false }`
[INFO] [stderr]     Finished test [unoptimized + debuginfo] target(s) in 0.02s
[INFO] [stderr]      Running unittests src/main.rs (/opt/rustwide/target/debug/deps/vesti-4e7b4cd355c87e1f)
[INFO] [stdout] 
[INFO] [stdout] running 48 tests
[INFO] [stdout] test experimental::lexer::lexer_test::lexing_backslash ... ok
[INFO] [stdout] test experimental::lexer::lexer_test::basic_vesti ... ok
[INFO] [stdout] test experimental::lexer::lexer_test::lexing_keywords ... ok
[INFO] [stdout] test experimental::lexer::lexer_test::lexing_latex_functions ... ok
[INFO] [stdout] test experimental::lexer::lexer_test::test_inline_raw_latex ... ok
[INFO] [stdout] test experimental::lexer::lexer_test::test_lex_number ... ok
[INFO] [stdout] test experimental::lexer::lexer_test::test_lexing_ascii_string ... ok
[INFO] [stdout] test experimental::lexer::lexer_test::test_lexing_comment ... ok
[INFO] [stdout] test experimental::lexer::lexer_test::test_lexing_math_character ... ok
[INFO] [stdout] test experimental::lexer::lexer_test::test_lexing_single_symbols ... ok
[INFO] [stdout] test experimental::lexer::lexer_test::test_lexing_unicode_string ... ok
[INFO] [stdout] test experimental::lexer::lexer_test::test_lexing_whitespaces ... ok
[INFO] [stdout] test experimental::lexer::lexer_test::test_text_raw_latex ... ok
[INFO] [stdout] test lexer::lexer_test::lexing_backslash ... ok
[INFO] [stdout] test lexer::lexer_test::lexing_keywords ... ok
[INFO] [stdout] test lexer::lexer_test::basic_vesti ... ok
[INFO] [stdout] test lexer::lexer_test::lexing_latex_functions ... ok
[INFO] [stdout] test lexer::lexer_test::test_lex_number ... ok
[INFO] [stdout] test lexer::lexer_test::test_lexing_ascii_string ... ok
[INFO] [stdout] test lexer::lexer_test::test_lexing_comment ... ok
[INFO] [stdout] test lexer::lexer_test::test_lexing_single_symbols ... ok
[INFO] [stdout] test lexer::lexer_test::test_lexing_double_symbols ... ok
[INFO] [stdout] test lexer::lexer_test::test_inline_raw_latex ... ok
[INFO] [stdout] test lexer::lexer_test::test_text_raw_latex ... ok
[INFO] [stdout] test lexer::lexer_test::test_lexing_math_character ... ok
[INFO] [stdout] test lexer::newline_handler::test::test_newline_handler ... ok
[INFO] [stdout] test lexer::lexer_test::test_lexing_unicode_string ... ok
[INFO] [stdout] test lexer::lexer_test::test_lexing_whitespaces ... ok
[INFO] [stdout] test parser::parser_test::parse_main_string ... ok
[INFO] [stdout] test parser::parser_test::parse_environment ... ok
[INFO] [stdout] test parser::parser_test::test_parse_define_environment ... ok
[INFO] [stdout] test parser::parser_test::parse_latex_functions ... ok
[INFO] [stdout] test parser::parser_test::test_brace ... ok
[INFO] [stdout] test parser::parser_test::test_parse_function_definition_name ... ok
[INFO] [stdout] test parser::parser_test::test_parse_docclass ... ok
[INFO] [stdout] test parser::parser_test::test_parse_function_definition_basic ... ok
[INFO] [stdout] test parser::parser_test::test_complicated_fraction ... ok
[INFO] [stdout] test parser::parser_test::test_parse_define_environment_with_argument ... ok
[INFO] [stdout] test parser::parser_test::parse_phantom_environment ... ok
[INFO] [stdout] test parser::parser_test::parse_nested_define_environment ... ok
[INFO] [stdout] test parser::parser_test::test_parse_define_environment_with_optional_argument ... ok
[INFO] [stdout] test parser::parser_test::test_parse_function_definition_kind ... ok
[INFO] [stdout] test parser::parser_test::test_parse_math_stmt ... ok
[INFO] [stdout] test parser::parser_test::test_parse_function_definition_trim ... ok
[INFO] [stdout] test parser::parser_test::test_fraction ... ok
[INFO] [stdout] test parser::parser_test::test_parse_usepackage ... ok
[INFO] [stdout] test parser::parser_test::test_parse_function_definition_arguments ... ok
[INFO] [stdout] test experimental::lexer::lexer_test::test_lexing_double_symbols ... FAILED
[INFO] [stdout] 
[INFO] [stdout] failures:
[INFO] [stdout] 
[INFO] [stdout] ---- experimental::lexer::lexer_test::test_lexing_double_symbols stdout ----
[INFO] [stdout] length expected 17, got 16
[INFO] [stdout] thread 'experimental::lexer::lexer_test::test_lexing_double_symbols' panicked at 'assertion failed: check_same(lexed, expected)', src/experimental/lexer/lexer_test.rs:113:5
[INFO] [stdout] stack backtrace:
[INFO] [stdout]    0:     0x55f74410b80a - std::backtrace_rs::backtrace::libunwind::trace::h2f05d0192276a8f6
[INFO] [stdout]                                at /rustc/1b7dd2252b99671ce5d1cb9664c5f8636329436d/library/std/src/../../backtrace/src/backtrace/libunwind.rs:93:5
[INFO] [stdout]    1:     0x55f74410b80a - std::backtrace_rs::backtrace::trace_unsynchronized::hedc23dff7a1af150
[INFO] [stdout]                                at /rustc/1b7dd2252b99671ce5d1cb9664c5f8636329436d/library/std/src/../../backtrace/src/backtrace/mod.rs:66:5
[INFO] [stdout]    2:     0x55f74410b80a - std::sys_common::backtrace::_print_fmt::h17541ef7592f3ce2
[INFO] [stdout]                                at /rustc/1b7dd2252b99671ce5d1cb9664c5f8636329436d/library/std/src/sys_common/backtrace.rs:65:5
[INFO] [stdout]    3:     0x55f74410b80a - <std::sys_common::backtrace::_print::DisplayBacktrace as core::fmt::Display>::fmt::h20f75df5ab0c0792
[INFO] [stdout]                                at /rustc/1b7dd2252b99671ce5d1cb9664c5f8636329436d/library/std/src/sys_common/backtrace.rs:44:22
[INFO] [stdout]    4:     0x55f74413065f - core::fmt::write::h78109e6f466b3af6
[INFO] [stdout]                                at /rustc/1b7dd2252b99671ce5d1cb9664c5f8636329436d/library/core/src/fmt/mod.rs:1254:17
[INFO] [stdout]    5:     0x55f744108b55 - std::io::Write::write_fmt::hd24bfb68a1b35a25
[INFO] [stdout]                                at /rustc/1b7dd2252b99671ce5d1cb9664c5f8636329436d/library/std/src/io/mod.rs:1698:15
[INFO] [stdout]    6:     0x55f74410b5d5 - std::sys_common::backtrace::_print::h8dac57a9f8fbf9a5
[INFO] [stdout]                                at /rustc/1b7dd2252b99671ce5d1cb9664c5f8636329436d/library/std/src/sys_common/backtrace.rs:47:5
[INFO] [stdout]    7:     0x55f74410b5d5 - std::sys_common::backtrace::print::hf9ecbf41d1aa712f
[INFO] [stdout]                                at /rustc/1b7dd2252b99671ce5d1cb9664c5f8636329436d/library/std/src/sys_common/backtrace.rs:34:9
[INFO] [stdout]    8:     0x55f74410d28e - std::panicking::default_hook::{{closure}}::h04c07acfc84ca028
[INFO] [stdout]                                at /rustc/1b7dd2252b99671ce5d1cb9664c5f8636329436d/library/std/src/panicking.rs:269:22
[INFO] [stdout]    9:     0x55f74410cfc1 - std::panicking::default_hook::h01f6bb23e1eceb2c
[INFO] [stdout]                                at /rustc/1b7dd2252b99671ce5d1cb9664c5f8636329436d/library/std/src/panicking.rs:285:9
[INFO] [stdout]   10:     0x55f7440d4dfb - <alloc::boxed::Box<F,A> as core::ops::function::Fn<Args>>::call::h87fe9f7b2fd49e4c
[INFO] [stdout]                                at /rustc/1b7dd2252b99671ce5d1cb9664c5f8636329436d/library/alloc/src/boxed.rs:1987:9
[INFO] [stdout]   11:     0x55f7440d4dfb - test::test_main::{{closure}}::he94d679243a7531b
[INFO] [stdout]                                at /rustc/1b7dd2252b99671ce5d1cb9664c5f8636329436d/library/test/src/lib.rs:134:21
[INFO] [stdout]   12:     0x55f74410d974 - <alloc::boxed::Box<F,A> as core::ops::function::Fn<Args>>::call::h3f2d6d8b14c4769f
[INFO] [stdout]                                at /rustc/1b7dd2252b99671ce5d1cb9664c5f8636329436d/library/alloc/src/boxed.rs:1987:9
[INFO] [stdout]   13:     0x55f74410d974 - std::panicking::rust_panic_with_hook::h2bb3722bbaf2f6df
[INFO] [stdout]                                at /rustc/1b7dd2252b99671ce5d1cb9664c5f8636329436d/library/std/src/panicking.rs:695:13
[INFO] [stdout]   14:     0x55f74410d6a2 - std::panicking::begin_panic_handler::{{closure}}::h91bc7f36a4be011b
[INFO] [stdout]                                at /rustc/1b7dd2252b99671ce5d1cb9664c5f8636329436d/library/std/src/panicking.rs:580:13
[INFO] [stdout]   15:     0x55f74410bc76 - std::sys_common::backtrace::__rust_end_short_backtrace::h8b3d3717114f9e59
[INFO] [stdout]                                at /rustc/1b7dd2252b99671ce5d1cb9664c5f8636329436d/library/std/src/sys_common/backtrace.rs:150:18
[INFO] [stdout]   16:     0x55f74410d442 - rust_begin_unwind
[INFO] [stdout]                                at /rustc/1b7dd2252b99671ce5d1cb9664c5f8636329436d/library/std/src/panicking.rs:578:5
[INFO] [stdout]   17:     0x55f74403dba3 - core::panicking::panic_fmt::hfd368e3fbdabea26
[INFO] [stdout]                                at /rustc/1b7dd2252b99671ce5d1cb9664c5f8636329436d/library/core/src/panicking.rs:67:14
[INFO] [stdout]   18:     0x55f74403dc3d - core::panicking::panic::h3f9042d09bd0bf2e
[INFO] [stdout]                                at /rustc/1b7dd2252b99671ce5d1cb9664c5f8636329436d/library/core/src/panicking.rs:117:5
[INFO] [stdout]   19:     0x55f74408426f - vesti::experimental::lexer::lexer_test::test_lexing_double_symbols::h3327a3c64d6d5b7c
[INFO] [stdout]                                at /opt/rustwide/workdir/src/experimental/lexer/lexer_test.rs:113:5
[INFO] [stdout]   20:     0x55f744082d97 - vesti::experimental::lexer::lexer_test::test_lexing_double_symbols::{{closure}}::h487817aba4f00493
[INFO] [stdout]                                at /opt/rustwide/workdir/src/experimental/lexer/lexer_test.rs:89:33
[INFO] [stdout]   21:     0x55f744097065 - core::ops::function::FnOnce::call_once::heb71d764c1d76d7a
[INFO] [stdout]                                at /rustc/1b7dd2252b99671ce5d1cb9664c5f8636329436d/library/core/src/ops/function.rs:250:5
[INFO] [stdout]   22:     0x55f7440d9ccf - core::ops::function::FnOnce::call_once::ha6a70e79f7481a7e
[INFO] [stdout]                                at /rustc/1b7dd2252b99671ce5d1cb9664c5f8636329436d/library/core/src/ops/function.rs:250:5
[INFO] [stdout]   23:     0x55f7440d9ccf - test::__rust_begin_short_backtrace::hce33033019b61e69
[INFO] [stdout]                                at /rustc/1b7dd2252b99671ce5d1cb9664c5f8636329436d/library/test/src/lib.rs:655:18
[INFO] [stdout]   24:     0x55f7440a74bc - test::run_test::{{closure}}::h858d3528838ae3e5
[INFO] [stdout]                                at /rustc/1b7dd2252b99671ce5d1cb9664c5f8636329436d/library/test/src/lib.rs:646:30
[INFO] [stdout]   25:     0x55f7440a74bc - core::ops::function::FnOnce::call_once{{vtable.shim}}::he8ac2b00f01ae79e
[INFO] [stdout]                                at /rustc/1b7dd2252b99671ce5d1cb9664c5f8636329436d/library/core/src/ops/function.rs:250:5
[INFO] [stdout]   26:     0x55f7440d8da6 - <alloc::boxed::Box<F,A> as core::ops::function::FnOnce<Args>>::call_once::h8093d25b522725ef
[INFO] [stdout]                                at /rustc/1b7dd2252b99671ce5d1cb9664c5f8636329436d/library/alloc/src/boxed.rs:1973:9
[INFO] [stdout]   27:     0x55f7440d8da6 - <core::panic::unwind_safe::AssertUnwindSafe<F> as core::ops::function::FnOnce<()>>::call_once::h5c334c204e4a3913
[INFO] [stdout]                                at /rustc/1b7dd2252b99671ce5d1cb9664c5f8636329436d/library/core/src/panic/unwind_safe.rs:271:9
[INFO] [stdout]   28:     0x55f7440d8da6 - std::panicking::try::do_call::ha8b740c7b9478074
[INFO] [stdout]                                at /rustc/1b7dd2252b99671ce5d1cb9664c5f8636329436d/library/std/src/panicking.rs:485:40
[INFO] [stdout]   29:     0x55f7440d8da6 - std::panicking::try::h5d34f63d0e41b64e
[INFO] [stdout]                                at /rustc/1b7dd2252b99671ce5d1cb9664c5f8636329436d/library/std/src/panicking.rs:449:19
[INFO] [stdout]   30:     0x55f7440d8da6 - std::panic::catch_unwind::hcfbb511e1aa7fc67
[INFO] [stdout]                                at /rustc/1b7dd2252b99671ce5d1cb9664c5f8636329436d/library/std/src/panic.rs:140:14
[INFO] [stdout]   31:     0x55f7440d8da6 - test::run_test_in_process::h9abda90f802eaf21
[INFO] [stdout]                                at /rustc/1b7dd2252b99671ce5d1cb9664c5f8636329436d/library/test/src/lib.rs:678:27
[INFO] [stdout]   32:     0x55f7440d8da6 - test::run_test::run_test_inner::{{closure}}::h0f058de91f6c6edf
[INFO] [stdout]                                at /rustc/1b7dd2252b99671ce5d1cb9664c5f8636329436d/library/test/src/lib.rs:572:39
[INFO] [stdout]   33:     0x55f7440a1cc5 - test::run_test::run_test_inner::{{closure}}::h5ca48a4c59c6c1fb
[INFO] [stdout]                                at /rustc/1b7dd2252b99671ce5d1cb9664c5f8636329436d/library/test/src/lib.rs:599:37
[INFO] [stdout]   34:     0x55f7440a1cc5 - std::sys_common::backtrace::__rust_begin_short_backtrace::h32bd51e1495d4a33
[INFO] [stdout]                                at /rustc/1b7dd2252b99671ce5d1cb9664c5f8636329436d/library/std/src/sys_common/backtrace.rs:134:18
[INFO] [stdout]   35:     0x55f7440a7201 - std::thread::Builder::spawn_unchecked_::{{closure}}::{{closure}}::hc086fae9b128b2db
[INFO] [stdout]                                at /rustc/1b7dd2252b99671ce5d1cb9664c5f8636329436d/library/std/src/thread/mod.rs:526:17
[INFO] [stdout]   36:     0x55f7440a7201 - <core::panic::unwind_safe::AssertUnwindSafe<F> as core::ops::function::FnOnce<()>>::call_once::hb66571888d270d43
[INFO] [stdout]                                at /rustc/1b7dd2252b99671ce5d1cb9664c5f8636329436d/library/core/src/panic/unwind_safe.rs:271:9
[INFO] [stdout]   37:     0x55f7440a7201 - std::panicking::try::do_call::h4fa2ef4f6e51fecf
[INFO] [stdout]                                at /rustc/1b7dd2252b99671ce5d1cb9664c5f8636329436d/library/std/src/panicking.rs:485:40
[INFO] [stdout]   38:     0x55f7440a7201 - std::panicking::try::h1e9e22b8584489b5
[INFO] [stdout]                                at /rustc/1b7dd2252b99671ce5d1cb9664c5f8636329436d/library/std/src/panicking.rs:449:19
[INFO] [stdout]   39:     0x55f7440a7201 - std::panic::catch_unwind::h44698a3de0e0769e
[INFO] [stdout]                                at /rustc/1b7dd2252b99671ce5d1cb9664c5f8636329436d/library/std/src/panic.rs:140:14
[INFO] [stdout]   40:     0x55f7440a7201 - std::thread::Builder::spawn_unchecked_::{{closure}}::h50153abde3fe239e
[INFO] [stdout]                                at /rustc/1b7dd2252b99671ce5d1cb9664c5f8636329436d/library/std/src/thread/mod.rs:525:30
[INFO] [stdout]   41:     0x55f7440a7201 - core::ops::function::FnOnce::call_once{{vtable.shim}}::hbe5bbf6f38394364
[INFO] [stdout]                                at /rustc/1b7dd2252b99671ce5d1cb9664c5f8636329436d/library/core/src/ops/function.rs:250:5
[INFO] [stdout]   42:     0x55f744111e45 - <alloc::boxed::Box<F,A> as core::ops::function::FnOnce<Args>>::call_once::h0d83cb2920a49046
[INFO] [stdout]                                at /rustc/1b7dd2252b99671ce5d1cb9664c5f8636329436d/library/alloc/src/boxed.rs:1973:9
[INFO] [stdout]   43:     0x55f744111e45 - <alloc::boxed::Box<F,A> as core::ops::function::FnOnce<Args>>::call_once::hbe0a008aa7d9ef59
[INFO] [stdout]                                at /rustc/1b7dd2252b99671ce5d1cb9664c5f8636329436d/library/alloc/src/boxed.rs:1973:9
[INFO] [stdout]   44:     0x55f744111e45 - std::sys::unix::thread::Thread::new::thread_start::h3a466996bdf6b1f9
[INFO] [stdout]                                at /rustc/1b7dd2252b99671ce5d1cb9664c5f8636329436d/library/std/src/sys/unix/thread.rs:108:17
[INFO] [stdout]   45:     0x7f3eb7aabb43 - <unknown>
[INFO] [stdout]   46:     0x7f3eb7b3cbb4 - __clone
[INFO] [stdout]   47:                0x0 - <unknown>
[INFO] [stdout] 
[INFO] [stdout] 
[INFO] [stdout] failures:
[INFO] [stdout]     experimental::lexer::lexer_test::test_lexing_double_symbols
[INFO] [stdout] 
[INFO] [stdout] test result: FAILED. 47 passed; 1 failed; 0 ignored; 0 measured; 0 filtered out; finished in 0.01s
[INFO] [stdout] 
[INFO] [stderr] error: test failed, to rerun pass `--bin vesti`
[INFO] running `Command { std: "docker" "inspect" "2e11699f2f0757d434498d4ee0e75020a7a5cd9d1c5b4f6f01145fcecd71175f", kill_on_drop: false }`
[INFO] running `Command { std: "docker" "rm" "-f" "2e11699f2f0757d434498d4ee0e75020a7a5cd9d1c5b4f6f01145fcecd71175f", kill_on_drop: false }`
[INFO] [stdout] 2e11699f2f0757d434498d4ee0e75020a7a5cd9d1c5b4f6f01145fcecd71175f
