[INFO] fetching crate vertical-multiplication 0.1.0...
[INFO] testing vertical-multiplication-0.1.0 against 1.69.0 for beta-1.70-1
[INFO] extracting crate vertical-multiplication 0.1.0 into /workspace/builds/worker-6-tc1/source
[INFO] validating manifest of crates.io crate vertical-multiplication 0.1.0 on toolchain 1.69.0
[INFO] running `Command { std: CARGO_HOME="/workspace/cargo-home" RUSTUP_HOME="/workspace/rustup-home" "/workspace/cargo-home/bin/cargo" "+1.69.0" "metadata" "--manifest-path" "Cargo.toml" "--no-deps", kill_on_drop: false }`
[INFO] started tweaking crates.io crate vertical-multiplication 0.1.0
[INFO] finished tweaking crates.io crate vertical-multiplication 0.1.0
[INFO] tweaked toml for crates.io crate vertical-multiplication 0.1.0 written to /workspace/builds/worker-6-tc1/source/Cargo.toml
[INFO] running `Command { std: CARGO_HOME="/workspace/cargo-home" RUSTUP_HOME="/workspace/rustup-home" __CARGO_TEST_CHANNEL_OVERRIDE_DO_NOT_USE_THIS="nightly" "/workspace/cargo-home/bin/cargo" "+1.69.0" "generate-lockfile" "--manifest-path" "Cargo.toml" "-Zno-index-update", kill_on_drop: false }`
[INFO] running `Command { std: CARGO_HOME="/workspace/cargo-home" RUSTUP_HOME="/workspace/rustup-home" "/workspace/cargo-home/bin/cargo" "+1.69.0" "fetch" "--manifest-path" "Cargo.toml", kill_on_drop: false }`
[INFO] running `Command { std: "docker" "create" "-v" "/var/lib/crater-agent-workspace/builds/worker-6-tc1/target:/opt/rustwide/target:rw,Z" "-v" "/var/lib/crater-agent-workspace/builds/worker-6-tc1/source:/opt/rustwide/workdir:ro,Z" "-v" "/var/lib/crater-agent-workspace/cargo-home:/opt/rustwide/cargo-home:ro,Z" "-v" "/var/lib/crater-agent-workspace/rustup-home:/opt/rustwide/rustup-home:ro,Z" "-e" "SOURCE_DIR=/opt/rustwide/workdir" "-e" "CARGO_TARGET_DIR=/opt/rustwide/target" "-e" "CARGO_HOME=/opt/rustwide/cargo-home" "-e" "RUSTUP_HOME=/opt/rustwide/rustup-home" "-w" "/opt/rustwide/workdir" "-m" "1610612736" "--user" "0:0" "--network" "none" "ghcr.io/rust-lang/crates-build-env/linux@sha256:5ff2268d62e97bff2cde7d5815dd6ed5b47097566f13b8d0ca110b04b60e07ed" "/opt/rustwide/cargo-home/bin/cargo" "+1.69.0" "metadata" "--no-deps" "--format-version=1", kill_on_drop: false }`
[INFO] [stdout] a86a04c87a5ecc666609217b0860bbfba243506dcd954f471c892ab60176de40
[INFO] running `Command { std: "docker" "start" "-a" "a86a04c87a5ecc666609217b0860bbfba243506dcd954f471c892ab60176de40", kill_on_drop: false }`
[INFO] running `Command { std: "docker" "inspect" "a86a04c87a5ecc666609217b0860bbfba243506dcd954f471c892ab60176de40", kill_on_drop: false }`
[INFO] running `Command { std: "docker" "rm" "-f" "a86a04c87a5ecc666609217b0860bbfba243506dcd954f471c892ab60176de40", kill_on_drop: false }`
[INFO] [stdout] a86a04c87a5ecc666609217b0860bbfba243506dcd954f471c892ab60176de40
[INFO] running `Command { std: "docker" "create" "-v" "/var/lib/crater-agent-workspace/builds/worker-6-tc1/target:/opt/rustwide/target:rw,Z" "-v" "/var/lib/crater-agent-workspace/builds/worker-6-tc1/source:/opt/rustwide/workdir:ro,Z" "-v" "/var/lib/crater-agent-workspace/cargo-home:/opt/rustwide/cargo-home:ro,Z" "-v" "/var/lib/crater-agent-workspace/rustup-home:/opt/rustwide/rustup-home:ro,Z" "-e" "SOURCE_DIR=/opt/rustwide/workdir" "-e" "CARGO_TARGET_DIR=/opt/rustwide/target" "-e" "CARGO_INCREMENTAL=0" "-e" "RUST_BACKTRACE=full" "-e" "RUSTFLAGS=--cap-lints=warn" "-e" "RUSTDOCFLAGS=--cap-lints=warn" "-e" "CARGO_HOME=/opt/rustwide/cargo-home" "-e" "RUSTUP_HOME=/opt/rustwide/rustup-home" "-w" "/opt/rustwide/workdir" "-m" "1610612736" "--user" "0:0" "--network" "none" "ghcr.io/rust-lang/crates-build-env/linux@sha256:5ff2268d62e97bff2cde7d5815dd6ed5b47097566f13b8d0ca110b04b60e07ed" "/opt/rustwide/cargo-home/bin/cargo" "+1.69.0" "build" "--frozen" "--message-format=json", kill_on_drop: false }`
[INFO] [stdout] f8a65eb05cc103de67aadd4c24e5dbadf810cfda301ca8acfeb42646901f5c99
[INFO] running `Command { std: "docker" "start" "-a" "f8a65eb05cc103de67aadd4c24e5dbadf810cfda301ca8acfeb42646901f5c99", kill_on_drop: false }`
[INFO] [stderr]    Compiling num-traits v0.2.15
[INFO] [stderr]    Compiling num-integer v0.1.45
[INFO] [stderr]    Compiling num-bigint v0.4.3
[INFO] [stderr]    Compiling num-iter v0.1.43
[INFO] [stderr]    Compiling num-rational v0.4.1
[INFO] [stderr]    Compiling num-complex v0.4.3
[INFO] [stderr]    Compiling num v0.4.0
[INFO] [stderr]    Compiling vertical-multiplication v0.1.0 (/opt/rustwide/workdir)
[INFO] [stderr]     Finished dev [unoptimized + debuginfo] target(s) in 3.18s
[INFO] running `Command { std: "docker" "inspect" "f8a65eb05cc103de67aadd4c24e5dbadf810cfda301ca8acfeb42646901f5c99", kill_on_drop: false }`
[INFO] running `Command { std: "docker" "rm" "-f" "f8a65eb05cc103de67aadd4c24e5dbadf810cfda301ca8acfeb42646901f5c99", kill_on_drop: false }`
[INFO] [stdout] f8a65eb05cc103de67aadd4c24e5dbadf810cfda301ca8acfeb42646901f5c99
[INFO] running `Command { std: "docker" "create" "-v" "/var/lib/crater-agent-workspace/builds/worker-6-tc1/target:/opt/rustwide/target:rw,Z" "-v" "/var/lib/crater-agent-workspace/builds/worker-6-tc1/source:/opt/rustwide/workdir:ro,Z" "-v" "/var/lib/crater-agent-workspace/cargo-home:/opt/rustwide/cargo-home:ro,Z" "-v" "/var/lib/crater-agent-workspace/rustup-home:/opt/rustwide/rustup-home:ro,Z" "-e" "SOURCE_DIR=/opt/rustwide/workdir" "-e" "CARGO_TARGET_DIR=/opt/rustwide/target" "-e" "CARGO_INCREMENTAL=0" "-e" "RUST_BACKTRACE=full" "-e" "RUSTFLAGS=--cap-lints=warn" "-e" "RUSTDOCFLAGS=--cap-lints=warn" "-e" "CARGO_HOME=/opt/rustwide/cargo-home" "-e" "RUSTUP_HOME=/opt/rustwide/rustup-home" "-w" "/opt/rustwide/workdir" "-m" "1610612736" "--user" "0:0" "--network" "none" "ghcr.io/rust-lang/crates-build-env/linux@sha256:5ff2268d62e97bff2cde7d5815dd6ed5b47097566f13b8d0ca110b04b60e07ed" "/opt/rustwide/cargo-home/bin/cargo" "+1.69.0" "test" "--frozen" "--no-run" "--message-format=json", kill_on_drop: false }`
[INFO] [stdout] 694b5f357b9ef38f001938774c7eacdbe0f1d94b9331c7b10a57494080648268
[INFO] running `Command { std: "docker" "start" "-a" "694b5f357b9ef38f001938774c7eacdbe0f1d94b9331c7b10a57494080648268", kill_on_drop: false }`
[INFO] [stderr]    Compiling vertical-multiplication v0.1.0 (/opt/rustwide/workdir)
[INFO] [stderr]     Finished test [unoptimized + debuginfo] target(s) in 0.28s
[INFO] running `Command { std: "docker" "inspect" "694b5f357b9ef38f001938774c7eacdbe0f1d94b9331c7b10a57494080648268", kill_on_drop: false }`
[INFO] running `Command { std: "docker" "rm" "-f" "694b5f357b9ef38f001938774c7eacdbe0f1d94b9331c7b10a57494080648268", kill_on_drop: false }`
[INFO] [stdout] 694b5f357b9ef38f001938774c7eacdbe0f1d94b9331c7b10a57494080648268
[INFO] running `Command { std: "docker" "create" "-v" "/var/lib/crater-agent-workspace/builds/worker-6-tc1/target:/opt/rustwide/target:rw,Z" "-v" "/var/lib/crater-agent-workspace/builds/worker-6-tc1/source:/opt/rustwide/workdir:ro,Z" "-v" "/var/lib/crater-agent-workspace/cargo-home:/opt/rustwide/cargo-home:ro,Z" "-v" "/var/lib/crater-agent-workspace/rustup-home:/opt/rustwide/rustup-home:ro,Z" "-e" "SOURCE_DIR=/opt/rustwide/workdir" "-e" "CARGO_TARGET_DIR=/opt/rustwide/target" "-e" "CARGO_INCREMENTAL=0" "-e" "RUST_BACKTRACE=full" "-e" "RUSTFLAGS=--cap-lints=warn" "-e" "RUSTDOCFLAGS=--cap-lints=warn" "-e" "CARGO_HOME=/opt/rustwide/cargo-home" "-e" "RUSTUP_HOME=/opt/rustwide/rustup-home" "-w" "/opt/rustwide/workdir" "-m" "1610612736" "--user" "0:0" "--network" "none" "ghcr.io/rust-lang/crates-build-env/linux@sha256:5ff2268d62e97bff2cde7d5815dd6ed5b47097566f13b8d0ca110b04b60e07ed" "/opt/rustwide/cargo-home/bin/cargo" "+1.69.0" "test" "--frozen", kill_on_drop: false }`
[INFO] [stdout] cb68e5f8dfc34269757791a2261070a5f6aa72d52c929f9fabbd280e98f185e6
[INFO] running `Command { std: "docker" "start" "-a" "cb68e5f8dfc34269757791a2261070a5f6aa72d52c929f9fabbd280e98f185e6", kill_on_drop: false }`
[INFO] [stderr]     Finished test [unoptimized + debuginfo] target(s) in 0.01s
[INFO] [stderr]      Running unittests src/lib.rs (/opt/rustwide/target/debug/deps/vertical_multiplication-0d958fdacbc8429c)
[INFO] [stdout] 
[INFO] [stdout] running 0 tests
[INFO] [stdout] 
[INFO] [stdout] test result: ok. 0 passed; 0 failed; 0 ignored; 0 measured; 0 filtered out; finished in 0.00s
[INFO] [stdout] 
[INFO] [stderr]      Running tests/main.rs (/opt/rustwide/target/debug/deps/main-e5afd620af777640)
[INFO] [stdout] 
[INFO] [stdout] running 2 tests
[INFO] [stdout] test ready ... ok
[INFO] [stdout] test test ... ok
[INFO] [stdout] 
[INFO] [stdout] test result: ok. 2 passed; 0 failed; 0 ignored; 0 measured; 0 filtered out; finished in 0.00s
[INFO] [stdout] 
[INFO] [stderr]    Doc-tests vertical-multiplication
[INFO] [stdout] 
[INFO] [stdout] running 3 tests
[INFO] [stdout] test src/lib.rs - (line 42) ... FAILED
[INFO] [stdout] test src/lib.rs - (line 25) ... FAILED
[INFO] [stdout] test src/lib.rs - (line 8) ... FAILED
[INFO] [stdout] 
[INFO] [stdout] failures:
[INFO] [stdout] 
[INFO] [stdout] ---- src/lib.rs - (line 42) stdout ----
[INFO] [stdout] error: mismatched closing delimiter: `)`
[INFO] [stdout]  --> src/lib.rs:42:73
[INFO] [stdout]   |
[INFO] [stdout] 2 | fn main() { #[allow(non_snake_case)] fn _doctest_main_src_lib_rs_42_0() {
[INFO] [stdout]   |                                                                         ^ unclosed delimiter
[INFO] [stdout] 3 | BigInt::from(12), &BigInt::from(345), 2)
[INFO] [stdout]   |                                        ^ mismatched closing delimiter
[INFO] [stdout] 
[INFO] [stdout] error: unexpected closing delimiter: `}`
[INFO] [stdout]  --> src/lib.rs:44:35
[INFO] [stdout]   |
[INFO] [stdout] 3 | BigInt::from(12), &BigInt::from(345), 2)
[INFO] [stdout]   |                                        - missing open `(` for this delimiter
[INFO] [stdout] 4 | } _doctest_main_src_lib_rs_42_0() }
[INFO] [stdout]   |                                   ^ unexpected closing delimiter
[INFO] [stdout] 
[INFO] [stdout] error: aborting due to 2 previous errors
[INFO] [stdout] 
[INFO] [stdout] Couldn't compile the test.
[INFO] [stdout] ---- src/lib.rs - (line 25) stdout ----
[INFO] [stdout] error: mismatched closing delimiter: `)`
[INFO] [stdout]  --> src/lib.rs:25:73
[INFO] [stdout]   |
[INFO] [stdout] 2 | fn main() { #[allow(non_snake_case)] fn _doctest_main_src_lib_rs_25_0() {
[INFO] [stdout]   |                                                                         ^ unclosed delimiter
[INFO] [stdout] 3 | BigInt::from(12), &BigInt::from(345), 16)
[INFO] [stdout]   |                                         ^ mismatched closing delimiter
[INFO] [stdout] 
[INFO] [stdout] error: unexpected closing delimiter: `}`
[INFO] [stdout]  --> src/lib.rs:27:35
[INFO] [stdout]   |
[INFO] [stdout] 3 | BigInt::from(12), &BigInt::from(345), 16)
[INFO] [stdout]   |                                         - missing open `(` for this delimiter
[INFO] [stdout] 4 | } _doctest_main_src_lib_rs_25_0() }
[INFO] [stdout]   |                                   ^ unexpected closing delimiter
[INFO] [stdout] 
[INFO] [stdout] error: aborting due to 2 previous errors
[INFO] [stdout] 
[INFO] [stdout] Couldn't compile the test.
[INFO] [stdout] ---- src/lib.rs - (line 8) stdout ----
[INFO] [stdout] error: mismatched closing delimiter: `)`
[INFO] [stdout]  --> src/lib.rs:8:72
[INFO] [stdout]   |
[INFO] [stdout] 2 | fn main() { #[allow(non_snake_case)] fn _doctest_main_src_lib_rs_8_0() {
[INFO] [stdout]   |                                                                        ^ unclosed delimiter
[INFO] [stdout] 3 | BigInt::from(12), &BigInt::from(345), 10)
[INFO] [stdout]   |                                         ^ mismatched closing delimiter
[INFO] [stdout] 
[INFO] [stdout] error: unexpected closing delimiter: `}`
[INFO] [stdout]  --> src/lib.rs:10:34
[INFO] [stdout]   |
[INFO] [stdout] 3 | BigInt::from(12), &BigInt::from(345), 10)
[INFO] [stdout]   |                                         - missing open `(` for this delimiter
[INFO] [stdout] 4 | } _doctest_main_src_lib_rs_8_0() }
[INFO] [stdout]   |                                  ^ unexpected closing delimiter
[INFO] [stdout] 
[INFO] [stdout] error: aborting due to 2 previous errors
[INFO] [stdout] 
[INFO] [stdout] Couldn't compile the test.
[INFO] [stdout] 
[INFO] [stdout] failures:
[INFO] [stdout]     src/lib.rs - (line 25)
[INFO] [stdout]     src/lib.rs - (line 42)
[INFO] [stdout]     src/lib.rs - (line 8)
[INFO] [stdout] 
[INFO] [stdout] test result: FAILED. 0 passed; 3 failed; 0 ignored; 0 measured; 0 filtered out; finished in 0.03s
[INFO] [stdout] 
[INFO] [stderr] error: doctest failed, to rerun pass `--doc`
[INFO] running `Command { std: "docker" "inspect" "cb68e5f8dfc34269757791a2261070a5f6aa72d52c929f9fabbd280e98f185e6", kill_on_drop: false }`
[INFO] running `Command { std: "docker" "rm" "-f" "cb68e5f8dfc34269757791a2261070a5f6aa72d52c929f9fabbd280e98f185e6", kill_on_drop: false }`
[INFO] [stdout] cb68e5f8dfc34269757791a2261070a5f6aa72d52c929f9fabbd280e98f185e6
