[INFO] fetching crate varro 0.1.0-alpha...
[INFO] testing varro-0.1.0-alpha against 1.69.0 for beta-1.70-1
[INFO] extracting crate varro 0.1.0-alpha into /workspace/builds/worker-6-tc1/source
[INFO] validating manifest of crates.io crate varro 0.1.0-alpha on toolchain 1.69.0
[INFO] running `Command { std: CARGO_HOME="/workspace/cargo-home" RUSTUP_HOME="/workspace/rustup-home" "/workspace/cargo-home/bin/cargo" "+1.69.0" "metadata" "--manifest-path" "Cargo.toml" "--no-deps", kill_on_drop: false }`
[INFO] started tweaking crates.io crate varro 0.1.0-alpha
[INFO] finished tweaking crates.io crate varro 0.1.0-alpha
[INFO] tweaked toml for crates.io crate varro 0.1.0-alpha written to /workspace/builds/worker-6-tc1/source/Cargo.toml
[INFO] crate crates.io crate varro 0.1.0-alpha already has a lockfile, it will not be regenerated
[INFO] running `Command { std: CARGO_HOME="/workspace/cargo-home" RUSTUP_HOME="/workspace/rustup-home" "/workspace/cargo-home/bin/cargo" "+1.69.0" "fetch" "--manifest-path" "Cargo.toml", kill_on_drop: false }`
[INFO] [stderr]  Downloading crates ...
[INFO] [stderr]   Downloaded serde-aux v4.1.2
[INFO] [stderr]   Downloaded ethers-etherscan v1.0.2
[INFO] [stderr]   Downloaded auto_impl v0.5.0
[INFO] [stderr]   Downloaded ethers-middleware v1.0.2
[INFO] [stderr]   Downloaded ethers-contract v1.0.2
[INFO] [stderr]   Downloaded openssl v0.10.47
[INFO] [stderr]   Downloaded ethers-providers v1.0.2
[INFO] [stderr]   Downloaded ethers-signers v1.0.2
[INFO] [stderr]   Downloaded async-trait v0.1.67
[INFO] [stderr]   Downloaded home v0.5.4
[INFO] [stderr]   Downloaded eth-keystore v0.5.0
[INFO] [stderr]   Downloaded reqwest v0.11.15
[INFO] [stderr]   Downloaded sled v0.34.7
[INFO] [stderr]   Downloaded scale-info-derive v2.3.1
[INFO] [stderr]   Downloaded scale-info v2.3.1
[INFO] [stderr]   Downloaded ethers-core v1.0.2
[INFO] [stderr]   Downloaded syn v2.0.4
[INFO] [stderr]   Downloaded tracing-test-macro v0.2.4
[INFO] [stderr]   Downloaded tracing-test v0.2.4
[INFO] running `Command { std: "docker" "create" "-v" "/var/lib/crater-agent-workspace/builds/worker-6-tc1/target:/opt/rustwide/target:rw,Z" "-v" "/var/lib/crater-agent-workspace/builds/worker-6-tc1/source:/opt/rustwide/workdir:ro,Z" "-v" "/var/lib/crater-agent-workspace/cargo-home:/opt/rustwide/cargo-home:ro,Z" "-v" "/var/lib/crater-agent-workspace/rustup-home:/opt/rustwide/rustup-home:ro,Z" "-e" "SOURCE_DIR=/opt/rustwide/workdir" "-e" "CARGO_TARGET_DIR=/opt/rustwide/target" "-e" "CARGO_HOME=/opt/rustwide/cargo-home" "-e" "RUSTUP_HOME=/opt/rustwide/rustup-home" "-w" "/opt/rustwide/workdir" "-m" "1610612736" "--user" "0:0" "--network" "none" "ghcr.io/rust-lang/crates-build-env/linux@sha256:5ff2268d62e97bff2cde7d5815dd6ed5b47097566f13b8d0ca110b04b60e07ed" "/opt/rustwide/cargo-home/bin/cargo" "+1.69.0" "metadata" "--no-deps" "--format-version=1", kill_on_drop: false }`
[INFO] [stdout] 0d54175a0b3b2b7f16ee2cb7956fbb5b8918a878776f684a06ee3ae2d5ae8cde
[INFO] running `Command { std: "docker" "start" "-a" "0d54175a0b3b2b7f16ee2cb7956fbb5b8918a878776f684a06ee3ae2d5ae8cde", kill_on_drop: false }`
[INFO] running `Command { std: "docker" "inspect" "0d54175a0b3b2b7f16ee2cb7956fbb5b8918a878776f684a06ee3ae2d5ae8cde", kill_on_drop: false }`
[INFO] running `Command { std: "docker" "rm" "-f" "0d54175a0b3b2b7f16ee2cb7956fbb5b8918a878776f684a06ee3ae2d5ae8cde", kill_on_drop: false }`
[INFO] [stdout] 0d54175a0b3b2b7f16ee2cb7956fbb5b8918a878776f684a06ee3ae2d5ae8cde
[INFO] running `Command { std: "docker" "create" "-v" "/var/lib/crater-agent-workspace/builds/worker-6-tc1/target:/opt/rustwide/target:rw,Z" "-v" "/var/lib/crater-agent-workspace/builds/worker-6-tc1/source:/opt/rustwide/workdir:ro,Z" "-v" "/var/lib/crater-agent-workspace/cargo-home:/opt/rustwide/cargo-home:ro,Z" "-v" "/var/lib/crater-agent-workspace/rustup-home:/opt/rustwide/rustup-home:ro,Z" "-e" "SOURCE_DIR=/opt/rustwide/workdir" "-e" "CARGO_TARGET_DIR=/opt/rustwide/target" "-e" "CARGO_INCREMENTAL=0" "-e" "RUST_BACKTRACE=full" "-e" "RUSTFLAGS=--cap-lints=warn" "-e" "RUSTDOCFLAGS=--cap-lints=warn" "-e" "CARGO_HOME=/opt/rustwide/cargo-home" "-e" "RUSTUP_HOME=/opt/rustwide/rustup-home" "-w" "/opt/rustwide/workdir" "-m" "1610612736" "--user" "0:0" "--network" "none" "ghcr.io/rust-lang/crates-build-env/linux@sha256:5ff2268d62e97bff2cde7d5815dd6ed5b47097566f13b8d0ca110b04b60e07ed" "/opt/rustwide/cargo-home/bin/cargo" "+1.69.0" "build" "--frozen" "--message-format=json", kill_on_drop: false }`
[INFO] [stdout] 954bddb73b4ae2a9d0cc9aa9bbb3992823fd10e9dd0ca03eb8fe6b9aa5040ef3
[INFO] running `Command { std: "docker" "start" "-a" "954bddb73b4ae2a9d0cc9aa9bbb3992823fd10e9dd0ca03eb8fe6b9aa5040ef3", kill_on_drop: false }`
[INFO] [stderr]    Compiling proc-macro2 v1.0.52
[INFO] [stderr]    Compiling unicode-ident v1.0.8
[INFO] [stderr]    Compiling libc v0.2.140
[INFO] [stderr]    Compiling syn v1.0.109
[INFO] [stderr]    Compiling serde_derive v1.0.158
[INFO] [stderr]    Compiling serde v1.0.158
[INFO] [stderr]    Compiling typenum v1.16.0
[INFO] [stderr]    Compiling generic-array v0.14.6
[INFO] [stderr]    Compiling subtle v2.4.1
[INFO] [stderr]    Compiling indexmap v1.9.2
[INFO] [stderr]    Compiling byteorder v1.4.3
[INFO] [stderr]    Compiling log v0.4.17
[INFO] [stderr]    Compiling winnow v0.3.6
[INFO] [stderr]    Compiling lock_api v0.4.9
[INFO] [stderr]    Compiling futures-core v0.3.27
[INFO] [stderr]    Compiling toml_datetime v0.6.1
[INFO] [stderr]    Compiling cpufeatures v0.2.5
[INFO] [stderr]    Compiling quote v1.0.26
[INFO] [stderr]    Compiling ppv-lite86 v0.2.17
[INFO] [stderr]    Compiling base64ct v1.6.0
[INFO] [stderr]    Compiling syn v2.0.4
[INFO] [stderr]    Compiling ring v0.16.20
[INFO] [stderr]    Compiling zeroize v1.5.7
[INFO] [stderr]    Compiling getrandom v0.2.8
[INFO] [stderr]    Compiling rand_core v0.6.4
[INFO] [stderr]    Compiling parking_lot_core v0.9.7
[INFO] [stderr]    Compiling rand_chacha v0.3.1
[INFO] [stderr]    Compiling futures-sink v0.3.27
[INFO] [stderr]    Compiling futures-channel v0.3.27
[INFO] [stderr]    Compiling crypto-common v0.1.6
[INFO] [stderr]    Compiling block-buffer v0.10.4
[INFO] [stderr]    Compiling futures-task v0.3.27
[INFO] [stderr]    Compiling digest v0.10.6
[INFO] [stderr]    Compiling rand v0.8.5
[INFO] [stderr]    Compiling tokio v1.26.0
[INFO] [stderr]    Compiling spin v0.5.2
[INFO] [stderr]    Compiling untrusted v0.7.1
[INFO] [stderr]    Compiling const-oid v0.9.2
[INFO] [stderr]    Compiling hex v0.4.3
[INFO] [stderr]    Compiling crunchy v0.2.2
[INFO] [stderr]    Compiling der v0.6.1
[INFO] [stderr]    Compiling parking_lot v0.12.1
[INFO] [stderr]    Compiling toml_edit v0.19.7
[INFO] [stderr]    Compiling hmac v0.12.1
[INFO] [stderr]    Compiling signal-hook-registry v1.4.1
[INFO] [stderr]    Compiling mio v0.8.6
[INFO] [stderr]    Compiling num_cpus v1.15.0
[INFO] [stderr]    Compiling socket2 v0.4.9
[INFO] [stderr]    Compiling tracing-core v0.1.30
[INFO] [stderr]    Compiling proc-macro-error-attr v1.0.4
[INFO] [stderr]    Compiling futures-util v0.3.27
[INFO] [stderr]    Compiling byte-slice-cast v1.2.2
[INFO] [stderr]    Compiling arrayvec v0.7.2
[INFO] [stderr]    Compiling rustc-hex v2.1.0
[INFO] [stderr]    Compiling spki v0.6.0
[INFO] [stderr]    Compiling sha2 v0.10.6
[INFO] [stderr]    Compiling proc-macro-crate v1.3.1
[INFO] [stderr]    Compiling openssl-sys v0.9.82
[INFO] [stderr]    Compiling proc-macro-error v1.0.4
[INFO] [stderr]    Compiling num-traits v0.2.15
[INFO] [stderr]    Compiling serde_json v1.0.94
[INFO] [stderr]    Compiling futures-io v0.3.27
[INFO] [stderr]    Compiling keccak v0.1.3
[INFO] [stderr]    Compiling sha3 v0.10.6
[INFO] [stderr]    Compiling pkcs8 v0.9.0
[INFO] [stderr]    Compiling crypto-bigint v0.4.9
[INFO] [stderr]    Compiling ff v0.12.1
[INFO] [stderr]    Compiling num-integer v0.1.45
[INFO] [stderr]    Compiling tiny-keccak v2.0.2
[INFO] [stderr]    Compiling base16ct v0.1.1
[INFO] [stderr]    Compiling thiserror-impl v1.0.40
[INFO] [stderr]    Compiling sec1 v0.3.0
[INFO] [stderr]    Compiling group v0.12.1
[INFO] [stderr]    Compiling fixed-hash v0.8.0
[INFO] [stderr]    Compiling webpki v0.22.0
[INFO] [stderr]    Compiling rustls v0.20.8
[INFO] [stderr]    Compiling regex-syntax v0.6.29
[INFO] [stderr]    Compiling elliptic-curve v0.12.3
[INFO] [stderr]    Compiling rfc6979 v0.3.1
[INFO] [stderr]    Compiling uint v0.9.5
[INFO] [stderr]    Compiling sct v0.7.0
[INFO] [stderr]    Compiling signature v1.6.4
[INFO] [stderr]    Compiling heck v0.4.1
[INFO] [stderr]    Compiling openssl v0.10.47
[INFO] [stderr]    Compiling rustversion v1.0.12
[INFO] [stderr]    Compiling ecdsa v0.14.8
[INFO] [stderr]    Compiling impl-trait-for-tuples v0.2.2
[INFO] [stderr]    Compiling tokio-macros v1.8.2
[INFO] [stderr]    Compiling parity-scale-codec-derive v3.1.4
[INFO] [stderr]    Compiling thiserror v1.0.40
[INFO] [stderr]    Compiling futures-macro v0.3.27
[INFO] [stderr]    Compiling tracing-attributes v0.1.23
[INFO] [stderr]    Compiling derive_more v0.99.17
[INFO] [stderr]    Compiling scale-info-derive v2.3.1
[INFO] [stderr]    Compiling openssl-macros v0.1.0
[INFO] [stderr]    Compiling tracing v0.1.37
[INFO] [stderr]    Compiling generic-array v0.12.4
[INFO] [stderr]    Compiling aho-corasick v0.7.20
[INFO] [stderr]    Compiling byte-tools v0.3.1
[INFO] [stderr]    Compiling block-padding v0.1.5
[INFO] [stderr]    Compiling want v0.3.0
[INFO] [stderr]    Compiling native-tls v0.2.11
[INFO] [stderr]    Compiling k256 v0.11.6
[INFO] [stderr]    Compiling regex v1.7.2
[INFO] [stderr]    Compiling inout v0.1.3
[INFO] [stderr]    Compiling bytes v1.4.0
[INFO] [stderr]    Compiling cipher v0.4.4
[INFO] [stderr]    Compiling open-fastrlp-derive v0.1.1
[INFO] [stderr]    Compiling strum_macros v0.24.3
[INFO] [stderr]    Compiling block-buffer v0.7.3
[INFO] [stderr]    Compiling digest v0.8.1
[INFO] [stderr]    Compiling auto_impl v1.0.1
[INFO] [stderr]    Compiling time v0.1.45
[INFO] [stderr]    Compiling fake-simd v0.1.2
[INFO] [stderr]    Compiling iana-time-zone v0.1.54
[INFO] [stderr]    Compiling unicode-segmentation v1.10.1
[INFO] [stderr]    Compiling opaque-debug v0.2.3
[INFO] [stderr]    Compiling sha2 v0.8.2
[INFO] [stderr]    Compiling convert_case v0.6.0
[INFO] [stderr]    Compiling chrono v0.4.24
[INFO] [stderr]    Compiling parity-scale-codec v3.4.0
[INFO] [stderr]    Compiling impl-serde v0.4.0
[INFO] [stderr]    Compiling http v0.2.9
[INFO] [stderr]    Compiling rlp v0.5.2
[INFO] [stderr]    Compiling impl-rlp v0.3.0
[INFO] [stderr]    Compiling scale-info v2.3.1
[INFO] [stderr]    Compiling impl-codec v0.6.0
[INFO] [stderr]    Compiling strum v0.24.1
[INFO] [stderr]    Compiling rlp-derive v0.1.0
[INFO] [stderr]    Compiling http-body v0.4.5
[INFO] [stderr]    Compiling webpki-roots v0.22.6
[INFO] [stderr]    Compiling ethbloom v0.13.0
[INFO] [stderr]    Compiling primitive-types v0.12.1
[INFO] [stderr]    Compiling password-hash v0.4.2
[INFO] [stderr]    Compiling async-trait v0.1.67
[INFO] [stderr]    Compiling base58 v0.1.0
[INFO] [stderr]    Compiling unicode-xid v0.2.4
[INFO] [stderr]    Compiling base58check v0.1.0
[INFO] [stderr]    Compiling pbkdf2 v0.11.0
[INFO] [stderr]    Compiling serde_urlencoded v0.7.1
[INFO] [stderr]    Compiling rustls-pemfile v1.0.2
[INFO] [stderr]    Compiling pin-project-internal v1.0.12
[INFO] [stderr]    Compiling sha-1 v0.10.1
[INFO] [stderr]    Compiling ripemd v0.1.3
[INFO] [stderr]    Compiling blake2 v0.10.6
[INFO] [stderr]    Compiling fxhash v0.2.1
[INFO] [stderr]    Compiling proc-macro2-diagnostics v0.9.1
[INFO] [stderr]    Compiling base64 v0.12.3
[INFO] [stderr]    Compiling ethereum-types v0.14.1
[INFO] [stderr]    Compiling bech32 v0.7.3
[INFO] [stderr]    Compiling utf-8 v0.7.6
[INFO] [stderr]    Compiling ethabi v18.0.0
[INFO] [stderr]    Compiling open-fastrlp v0.1.4
[INFO] [stderr]    Compiling crc32fast v1.3.2
[INFO] [stderr]    Compiling ipnet v2.7.1
[INFO] [stderr]    Compiling pin-project v1.0.12
[INFO] [stderr]    Compiling tungstenite v0.17.3
[INFO] [stderr]    Compiling coins-core v0.7.0
[INFO] [stderr]    Compiling tokio-util v0.7.7
[INFO] [stderr]    Compiling tokio-rustls v0.23.4
[INFO] [stderr]    Compiling tokio-native-tls v0.3.1
[INFO] [stderr]    Compiling ethers-core v1.0.2
[INFO] [stderr]    Compiling bincode v1.3.3
[INFO] [stderr]    Compiling h2 v0.3.16
[INFO] [stderr]    Compiling salsa20 v0.10.2
[INFO] [stderr]    Compiling num-bigint v0.4.3
[INFO] [stderr]    Compiling memoffset v0.8.0
[INFO] [stderr]    Compiling instant v0.1.12
[INFO] [stderr]    Compiling semver v1.0.17
[INFO] [stderr]    Compiling time-core v0.1.0
[INFO] [stderr]    Compiling bs58 v0.4.0
[INFO] [stderr]    Compiling yansi v0.5.1
[INFO] [stderr]    Compiling parking_lot_core v0.8.6
[INFO] [stderr]    Compiling time-macros v0.2.8
[INFO] [stderr]    Compiling coins-bip32 v0.7.0
[INFO] [stderr]    Compiling scrypt v0.10.0
[INFO] [stderr]    Compiling tokio-tungstenite v0.17.2
[INFO] [stderr]    Compiling tracing-futures v0.2.5
[INFO] [stderr]    Compiling hashers v1.0.1
[INFO] [stderr]    Compiling uuid v0.8.2
[INFO] [stderr]    Compiling aes v0.8.2
[INFO] [stderr]    Compiling ctr v0.9.2
[INFO] [stderr]    Compiling libz-sys v1.1.8
[INFO] [stderr]    Compiling crossbeam-epoch v0.9.14
[INFO] [stderr]    Compiling uncased v0.9.7
[INFO] [stderr]    Compiling futures-timer v3.0.2
[INFO] [stderr]    Compiling time v0.3.20
[INFO] [stderr]    Compiling eth-keystore v0.5.0
[INFO] [stderr]    Compiling pear_codegen v0.2.3
[INFO] [stderr]    Compiling coins-bip39 v0.7.0
[INFO] [stderr]    Compiling hyper v0.14.25
[INFO] [stderr]    Compiling serde-aux v4.1.2
[INFO] [stderr]    Compiling serde_spanned v0.6.1
[INFO] [stderr]    Compiling regex-automata v0.1.10
[INFO] [stderr]    Compiling figment v0.10.8
[INFO] [stderr]    Compiling eyre v0.6.8
[INFO] [stderr]    Compiling os_str_bytes v6.5.0
[INFO] [stderr]    Compiling overload v0.1.1
[INFO] [stderr]    Compiling inlinable_string v0.1.15
[INFO] [stderr]    Compiling rle-decode-fast v1.0.3
[INFO] [stderr]    Compiling nu-ansi-term v0.46.0
[INFO] [stderr]    Compiling libflate_lz77 v1.2.0
[INFO] [stderr]    Compiling pear v0.2.3
[INFO] [stderr]    Compiling miniz_oxide v0.6.2
[INFO] [stderr]    Compiling matchers v0.1.0
[INFO] [stderr]    Compiling clap_lex v0.2.4
[INFO] [stderr]    Compiling hyper-tls v0.5.0
[INFO] [stderr]    Compiling hyper-rustls v0.23.2
[INFO] [stderr]    Compiling ethers-signers v1.0.2
[INFO] [stderr]    Compiling reqwest v0.11.15
[INFO] [stderr]    Compiling simple_asn1 v0.6.2
[INFO] [stderr]    Compiling parking_lot v0.11.2
[INFO] [stderr]    Compiling toml v0.5.11
[INFO] [stderr]    Compiling pem v1.1.1
[INFO] [stderr]    Compiling sharded-slab v0.1.4
[INFO] [stderr]    Compiling tracing-log v0.1.3
[INFO] [stderr]    Compiling futures-executor v0.3.27
[INFO] [stderr]    Compiling ethers-providers v1.0.2
[INFO] [stderr]    Compiling ethers-etherscan v1.0.2
[INFO] [stderr]    Compiling clap_derive v3.2.18
[INFO] [stderr]    Compiling auto_impl v0.5.0
[INFO] [stderr]    Compiling nix v0.26.2
[INFO] [stderr]    Compiling futures-locks v0.7.1
[INFO] [stderr]    Compiling fs2 v0.4.3
[INFO] [stderr]    Compiling atty v0.2.14
[INFO] [stderr]    Compiling dirs-sys v0.3.7
[INFO] [stderr]    Compiling thread_local v1.1.7
[INFO] [stderr]    Compiling textwrap v0.16.0
[INFO] [stderr]    Compiling adler32 v1.2.0
[INFO] [stderr]    Compiling indenter v0.3.3
[INFO] [stderr]    Compiling termcolor v1.2.0
[INFO] [stderr]    Compiling libflate v1.3.0
[INFO] [stderr]    Compiling clap v3.2.23
[INFO] [stderr]    Compiling ctrlc v3.2.5
[INFO] [stderr]    Compiling dirs v4.0.0
[INFO] [stderr]    Compiling tracing-subscriber v0.3.16
[INFO] [stderr]    Compiling ethers-contract v1.0.2
[INFO] [stderr]    Compiling sled v0.34.7
[INFO] [stderr]    Compiling ethers-middleware v1.0.2
[INFO] [stderr]    Compiling toml v0.7.3
[INFO] [stderr]    Compiling futures v0.3.27
[INFO] [stderr]    Compiling jsonwebtoken v8.3.0
[INFO] [stderr]    Compiling flate2 v1.0.25
[INFO] [stderr]    Compiling uuid v1.3.0
[INFO] [stderr]    Compiling ansi_term v0.12.1
[INFO] [stderr]    Compiling home v0.5.4
[INFO] [stderr]    Compiling varro v0.1.0-alpha (/opt/rustwide/workdir)
[INFO] [stdout] warning: unreachable expression
[INFO] [stdout]    --> src/client.rs:117:9
[INFO] [stdout]     |
[INFO] [stdout] 94  | /         loop {
[INFO] [stdout] 95  | |             // Get the next block number to use from the output oracle contract
[INFO] [stdout] 96  | |             let next_block_number = self.output_oracle.get_next_block_number().await?;
[INFO] [stdout] 97  | |
[INFO] [stdout] ...   |
[INFO] [stdout] 114 | |             // if 
[INFO] [stdout] 115 | |         }
[INFO] [stdout]     | |_________- any code following this expression is unreachable
[INFO] [stdout] 116 |
[INFO] [stdout] 117 |           Ok(())
[INFO] [stdout]     |           ^^^^^^ unreachable expression
[INFO] [stdout]     |
[INFO] [stdout]     = note: `#[warn(unreachable_code)]` on by default
[INFO] [stdout] 
[INFO] [stdout] 
[INFO] [stdout] warning: unused variable: `l1_chain_id`
[INFO] [stdout]   --> src/client.rs:91:13
[INFO] [stdout]    |
[INFO] [stdout] 91 |         let l1_chain_id = self.l1_client.get_chainid().await?;
[INFO] [stdout]    |             ^^^^^^^^^^^ help: if this is intentional, prefix it with an underscore: `_l1_chain_id`
[INFO] [stdout]    |
[INFO] [stdout]    = note: `#[warn(unused_variables)]` on by default
[INFO] [stdout] 
[INFO] [stdout] 
[INFO] [stdout] warning: unused variable: `output`
[INFO] [stdout]    --> src/client.rs:111:17
[INFO] [stdout]     |
[INFO] [stdout] 111 |             let output = self.rollup_node.output_at_block(next_block_number).await?;
[INFO] [stdout]     |                 ^^^^^^ help: if this is intentional, prefix it with an underscore: `_output`
[INFO] [stdout] 
[INFO] [stdout] 
[INFO] [stdout] warning: fields `proposer`, `output_private_key`, `polling_interval`, and `metrics` are never read
[INFO] [stdout]   --> src/client.rs:27:5
[INFO] [stdout]    |
[INFO] [stdout] 17 | pub struct Varro {
[INFO] [stdout]    |            ----- fields in this struct
[INFO] [stdout] ...
[INFO] [stdout] 27 |     proposer: Address,
[INFO] [stdout]    |     ^^^^^^^^
[INFO] [stdout] 28 |     /// The proposer's private key used to send the output transactions.
[INFO] [stdout] 29 |     output_private_key: H256,
[INFO] [stdout]    |     ^^^^^^^^^^^^^^^^^^
[INFO] [stdout] 30 |     /// The polling interval
[INFO] [stdout] 31 |     polling_interval: Duration,
[INFO] [stdout]    |     ^^^^^^^^^^^^^^^^
[INFO] [stdout] 32 |     /// An _optional_ metrics server
[INFO] [stdout] 33 |     metrics: Option<Metrics>,
[INFO] [stdout]    |     ^^^^^^^
[INFO] [stdout]    |
[INFO] [stdout]    = note: `Varro` has derived impls for the traits `Clone` and `Debug`, but these are intentionally ignored during dead code analysis
[INFO] [stdout]    = note: `#[warn(dead_code)]` on by default
[INFO] [stdout] 
[INFO] [stdout] 
[INFO] [stdout] warning: missing documentation for an associated function
[INFO] [stdout]   --> src/common.rs:19:5
[INFO] [stdout]    |
[INFO] [stdout] 19 |     pub fn new() -> Self {
[INFO] [stdout]    |     ^^^^^^^^^^^^^^^^^^^^
[INFO] [stdout]    |
[INFO] [stdout] note: the lint level is defined here
[INFO] [stdout]   --> src/lib.rs:2:9
[INFO] [stdout]    |
[INFO] [stdout] 2  | #![warn(missing_docs)]
[INFO] [stdout]    |         ^^^^^^^^^^^^
[INFO] [stdout] 
[INFO] [stdout] 
[INFO] [stdout] warning: 5 warnings emitted
[INFO] [stdout] 
[INFO] [stdout] 
[INFO] [stderr]     Finished dev [unoptimized + debuginfo] target(s) in 2m 35s
[INFO] running `Command { std: "docker" "inspect" "954bddb73b4ae2a9d0cc9aa9bbb3992823fd10e9dd0ca03eb8fe6b9aa5040ef3", kill_on_drop: false }`
[INFO] running `Command { std: "docker" "rm" "-f" "954bddb73b4ae2a9d0cc9aa9bbb3992823fd10e9dd0ca03eb8fe6b9aa5040ef3", kill_on_drop: false }`
[INFO] [stdout] 954bddb73b4ae2a9d0cc9aa9bbb3992823fd10e9dd0ca03eb8fe6b9aa5040ef3
[INFO] running `Command { std: "docker" "create" "-v" "/var/lib/crater-agent-workspace/builds/worker-6-tc1/target:/opt/rustwide/target:rw,Z" "-v" "/var/lib/crater-agent-workspace/builds/worker-6-tc1/source:/opt/rustwide/workdir:ro,Z" "-v" "/var/lib/crater-agent-workspace/cargo-home:/opt/rustwide/cargo-home:ro,Z" "-v" "/var/lib/crater-agent-workspace/rustup-home:/opt/rustwide/rustup-home:ro,Z" "-e" "SOURCE_DIR=/opt/rustwide/workdir" "-e" "CARGO_TARGET_DIR=/opt/rustwide/target" "-e" "CARGO_INCREMENTAL=0" "-e" "RUST_BACKTRACE=full" "-e" "RUSTFLAGS=--cap-lints=warn" "-e" "RUSTDOCFLAGS=--cap-lints=warn" "-e" "CARGO_HOME=/opt/rustwide/cargo-home" "-e" "RUSTUP_HOME=/opt/rustwide/rustup-home" "-w" "/opt/rustwide/workdir" "-m" "1610612736" "--user" "0:0" "--network" "none" "ghcr.io/rust-lang/crates-build-env/linux@sha256:5ff2268d62e97bff2cde7d5815dd6ed5b47097566f13b8d0ca110b04b60e07ed" "/opt/rustwide/cargo-home/bin/cargo" "+1.69.0" "test" "--frozen" "--no-run" "--message-format=json", kill_on_drop: false }`
[INFO] [stdout] d256edb9e3e5ad271c001fb19bf052ca77c9c64af501be06a01cc0ede641af18
[INFO] running `Command { std: "docker" "start" "-a" "d256edb9e3e5ad271c001fb19bf052ca77c9c64af501be06a01cc0ede641af18", kill_on_drop: false }`
[INFO] [stderr]    Compiling num-traits v0.2.15
[INFO] [stderr]    Compiling ucd-trie v0.1.5
[INFO] [stderr]    Compiling miniz_oxide v0.6.2
[INFO] [stderr]    Compiling cmake v0.1.49
[INFO] [stderr]    Compiling yeslogic-fontconfig-sys v3.2.0
[INFO] [stderr]    Compiling num-rational v0.4.1
[INFO] [stderr]    Compiling bitvec v0.17.4
[INFO] [stderr]    Compiling libloading v0.7.4
[INFO] [stderr]    Compiling pest v2.5.6
[INFO] [stderr]    Compiling color_quant v1.1.0
[INFO] [stderr]    Compiling dlib v0.5.0
[INFO] [stderr]    Compiling freetype-sys v0.13.1
[INFO] [stderr]    Compiling dirs-sys-next v0.1.2
[INFO] [stderr]    Compiling plotters-backend v0.3.4
[INFO] [stderr]    Compiling flate2 v1.0.25
[INFO] [stderr]    Compiling jpeg-decoder v0.3.0
[INFO] [stderr]    Compiling rayon-core v1.11.0
[INFO] [stderr]    Compiling font-kit v0.11.0
[INFO] [stderr]    Compiling png v0.17.7
[INFO] [stderr]    Compiling coins-bip39 v0.7.0
[INFO] [stderr]    Compiling weezl v0.1.7
[INFO] [stderr]    Compiling io-lifetimes v1.0.9
[INFO] [stderr]    Compiling const-cstr v0.3.0
[INFO] [stderr]    Compiling bytemuck v1.13.1
[INFO] [stderr]    Compiling same-file v1.0.6
[INFO] [stderr]    Compiling walkdir v2.3.3
[INFO] [stderr]    Compiling semver-parser v0.10.2
[INFO] [stderr]    Compiling num-integer v0.1.45
[INFO] [stderr]    Compiling gif v0.11.4
[INFO] [stderr]    Compiling freetype v0.7.0
[INFO] [stderr]    Compiling dirs-next v2.0.0
[INFO] [stderr]    Compiling chrono v0.4.24
[INFO] [stderr]    Compiling semver v0.11.0
[INFO] [stderr]    Compiling num-bigint v0.4.3
[INFO] [stderr]    Compiling rustc_version v0.3.3
[INFO] [stderr]    Compiling crossbeam-deque v0.8.3
[INFO] [stderr]    Compiling crossbeam-channel v0.5.7
[INFO] [stderr]    Compiling half v1.8.2
[INFO] [stderr]    Compiling rustix v0.36.11
[INFO] [stderr]    Compiling ciborium-io v0.2.0
[INFO] [stderr]    Compiling pathfinder_simd v0.5.1
[INFO] [stderr]    Compiling image v0.24.5
[INFO] [stderr]    Compiling float-ord v0.2.0
[INFO] [stderr]    Compiling ciborium-ll v0.2.0
[INFO] [stderr]    Compiling plotters-svg v0.3.3
[INFO] [stderr]    Compiling ethers-core v1.0.2
[INFO] [stderr]    Compiling simple_asn1 v0.6.2
[INFO] [stderr]    Compiling ttf-parser v0.15.2
[INFO] [stderr]    Compiling pathfinder_geometry v0.5.1
[INFO] [stderr]    Compiling jsonwebtoken v8.3.0
[INFO] [stderr]    Compiling cast v0.3.0
[INFO] [stderr]    Compiling linux-raw-sys v0.1.4
[INFO] [stderr]    Compiling criterion-plot v0.5.0
[INFO] [stderr]    Compiling plotters-bitmap v0.3.2
[INFO] [stderr]    Compiling rayon v1.7.0
[INFO] [stderr]    Compiling ciborium v0.2.0
[INFO] [stderr]    Compiling plotters v0.3.4
[INFO] [stderr]    Compiling tracing-test-macro v0.2.4
[INFO] [stderr]    Compiling tinytemplate v1.2.1
[INFO] [stderr]    Compiling oorandom v11.1.3
[INFO] [stderr]    Compiling anes v0.1.6
[INFO] [stderr]    Compiling tracing-test v0.2.4
[INFO] [stderr]    Compiling criterion v0.4.0
[INFO] [stderr]    Compiling tempfile v3.4.0
[INFO] [stderr]    Compiling ethers-providers v1.0.2
[INFO] [stderr]    Compiling ethers-etherscan v1.0.2
[INFO] [stderr]    Compiling ethers-signers v1.0.2
[INFO] [stderr]    Compiling ethers-contract v1.0.2
[INFO] [stderr]    Compiling ethers-middleware v1.0.2
[INFO] [stderr]    Compiling varro v0.1.0-alpha (/opt/rustwide/workdir)
[INFO] [stdout] warning: unreachable expression
[INFO] [stdout]    --> src/client.rs:117:9
[INFO] [stdout]     |
[INFO] [stdout] 94  | /         loop {
[INFO] [stdout] 95  | |             // Get the next block number to use from the output oracle contract
[INFO] [stdout] 96  | |             let next_block_number = self.output_oracle.get_next_block_number().await?;
[INFO] [stdout] 97  | |
[INFO] [stdout] ...   |
[INFO] [stdout] 114 | |             // if 
[INFO] [stdout] 115 | |         }
[INFO] [stdout]     | |_________- any code following this expression is unreachable
[INFO] [stdout] 116 |
[INFO] [stdout] 117 |           Ok(())
[INFO] [stdout]     |           ^^^^^^ unreachable expression
[INFO] [stdout]     |
[INFO] [stdout]     = note: `#[warn(unreachable_code)]` on by default
[INFO] [stdout] 
[INFO] [stdout] 
[INFO] [stdout] warning: unreachable expression
[INFO] [stdout]    --> src/client.rs:117:9
[INFO] [stdout]     |
[INFO] [stdout] 94  | /         loop {
[INFO] [stdout] 95  | |             // Get the next block number to use from the output oracle contract
[INFO] [stdout] 96  | |             let next_block_number = self.output_oracle.get_next_block_number().await?;
[INFO] [stdout] 97  | |
[INFO] [stdout] ...   |
[INFO] [stdout] 114 | |             // if 
[INFO] [stdout] 115 | |         }
[INFO] [stdout]     | |_________- any code following this expression is unreachable
[INFO] [stdout] 116 |
[INFO] [stdout] 117 |           Ok(())
[INFO] [stdout]     |           ^^^^^^ unreachable expression
[INFO] [stdout]     |
[INFO] [stdout]     = note: `#[warn(unreachable_code)]` on by default
[INFO] [stdout] 
[INFO] [stdout] 
[INFO] [stdout] warning: unused variable: `l1_chain_id`
[INFO] [stdout]   --> src/client.rs:91:13
[INFO] [stdout]    |
[INFO] [stdout] 91 |         let l1_chain_id = self.l1_client.get_chainid().await?;
[INFO] [stdout]    |             ^^^^^^^^^^^ help: if this is intentional, prefix it with an underscore: `_l1_chain_id`
[INFO] [stdout]    |
[INFO] [stdout]    = note: `#[warn(unused_variables)]` on by default
[INFO] [stdout] 
[INFO] [stdout] 
[INFO] [stdout] warning: unused variable: `output`
[INFO] [stdout]    --> src/client.rs:111:17
[INFO] [stdout]     |
[INFO] [stdout] 111 |             let output = self.rollup_node.output_at_block(next_block_number).await?;
[INFO] [stdout]     |                 ^^^^^^ help: if this is intentional, prefix it with an underscore: `_output`
[INFO] [stdout] 
[INFO] [stdout] 
[INFO] [stdout] warning: unused variable: `l1_chain_id`
[INFO] [stdout]   --> src/client.rs:91:13
[INFO] [stdout]    |
[INFO] [stdout] 91 |         let l1_chain_id = self.l1_client.get_chainid().await?;
[INFO] [stdout]    |             ^^^^^^^^^^^ help: if this is intentional, prefix it with an underscore: `_l1_chain_id`
[INFO] [stdout]    |
[INFO] [stdout]    = note: `#[warn(unused_variables)]` on by default
[INFO] [stdout] 
[INFO] [stdout] 
[INFO] [stdout] warning: unused variable: `output`
[INFO] [stdout]    --> src/client.rs:111:17
[INFO] [stdout]     |
[INFO] [stdout] 111 |             let output = self.rollup_node.output_at_block(next_block_number).await?;
[INFO] [stdout]     |                 ^^^^^^ help: if this is intentional, prefix it with an underscore: `_output`
[INFO] [stdout] 
[INFO] [stdout] 
[INFO] [stdout] warning: fields `proposer`, `output_private_key`, `polling_interval`, and `metrics` are never read
[INFO] [stdout]   --> src/client.rs:27:5
[INFO] [stdout]    |
[INFO] [stdout] 17 | pub struct Varro {
[INFO] [stdout]    |            ----- fields in this struct
[INFO] [stdout] ...
[INFO] [stdout] 27 |     proposer: Address,
[INFO] [stdout]    |     ^^^^^^^^
[INFO] [stdout] 28 |     /// The proposer's private key used to send the output transactions.
[INFO] [stdout] 29 |     output_private_key: H256,
[INFO] [stdout]    |     ^^^^^^^^^^^^^^^^^^
[INFO] [stdout] 30 |     /// The polling interval
[INFO] [stdout] 31 |     polling_interval: Duration,
[INFO] [stdout]    |     ^^^^^^^^^^^^^^^^
[INFO] [stdout] 32 |     /// An _optional_ metrics server
[INFO] [stdout] 33 |     metrics: Option<Metrics>,
[INFO] [stdout]    |     ^^^^^^^
[INFO] [stdout]    |
[INFO] [stdout]    = note: `Varro` has derived impls for the traits `Clone` and `Debug`, but these are intentionally ignored during dead code analysis
[INFO] [stdout]    = note: `#[warn(dead_code)]` on by default
[INFO] [stdout] 
[INFO] [stdout] 
[INFO] [stdout] warning: fields `proposer`, `output_private_key`, `polling_interval`, and `metrics` are never read
[INFO] [stdout]   --> src/client.rs:27:5
[INFO] [stdout]    |
[INFO] [stdout] 17 | pub struct Varro {
[INFO] [stdout]    |            ----- fields in this struct
[INFO] [stdout] ...
[INFO] [stdout] 27 |     proposer: Address,
[INFO] [stdout]    |     ^^^^^^^^
[INFO] [stdout] 28 |     /// The proposer's private key used to send the output transactions.
[INFO] [stdout] 29 |     output_private_key: H256,
[INFO] [stdout]    |     ^^^^^^^^^^^^^^^^^^
[INFO] [stdout] 30 |     /// The polling interval
[INFO] [stdout] 31 |     polling_interval: Duration,
[INFO] [stdout]    |     ^^^^^^^^^^^^^^^^
[INFO] [stdout] 32 |     /// An _optional_ metrics server
[INFO] [stdout] 33 |     metrics: Option<Metrics>,
[INFO] [stdout]    |     ^^^^^^^
[INFO] [stdout]    |
[INFO] [stdout]    = note: `Varro` has derived impls for the traits `Clone` and `Debug`, but these are intentionally ignored during dead code analysis
[INFO] [stdout]    = note: `#[warn(dead_code)]` on by default
[INFO] [stdout] 
[INFO] [stdout] 
[INFO] [stdout] warning: missing documentation for an associated function
[INFO] [stdout]   --> src/common.rs:19:5
[INFO] [stdout]    |
[INFO] [stdout] 19 |     pub fn new() -> Self {
[INFO] [stdout]    |     ^^^^^^^^^^^^^^^^^^^^
[INFO] [stdout]    |
[INFO] [stdout] note: the lint level is defined here
[INFO] [stdout]   --> src/lib.rs:2:9
[INFO] [stdout]    |
[INFO] [stdout] 2  | #![warn(missing_docs)]
[INFO] [stdout]    |         ^^^^^^^^^^^^
[INFO] [stdout] 
[INFO] [stdout] 
[INFO] [stdout] warning: 4 warnings emitted
[INFO] [stdout] 
[INFO] [stdout] 
[INFO] [stdout] warning: 5 warnings emitted
[INFO] [stdout] 
[INFO] [stdout] 
[INFO] [stderr]     Finished test [unoptimized + debuginfo] target(s) in 1m 13s
[INFO] running `Command { std: "docker" "inspect" "d256edb9e3e5ad271c001fb19bf052ca77c9c64af501be06a01cc0ede641af18", kill_on_drop: false }`
[INFO] running `Command { std: "docker" "rm" "-f" "d256edb9e3e5ad271c001fb19bf052ca77c9c64af501be06a01cc0ede641af18", kill_on_drop: false }`
[INFO] [stdout] d256edb9e3e5ad271c001fb19bf052ca77c9c64af501be06a01cc0ede641af18
[INFO] running `Command { std: "docker" "create" "-v" "/var/lib/crater-agent-workspace/builds/worker-6-tc1/target:/opt/rustwide/target:rw,Z" "-v" "/var/lib/crater-agent-workspace/builds/worker-6-tc1/source:/opt/rustwide/workdir:ro,Z" "-v" "/var/lib/crater-agent-workspace/cargo-home:/opt/rustwide/cargo-home:ro,Z" "-v" "/var/lib/crater-agent-workspace/rustup-home:/opt/rustwide/rustup-home:ro,Z" "-e" "SOURCE_DIR=/opt/rustwide/workdir" "-e" "CARGO_TARGET_DIR=/opt/rustwide/target" "-e" "CARGO_INCREMENTAL=0" "-e" "RUST_BACKTRACE=full" "-e" "RUSTFLAGS=--cap-lints=warn" "-e" "RUSTDOCFLAGS=--cap-lints=warn" "-e" "CARGO_HOME=/opt/rustwide/cargo-home" "-e" "RUSTUP_HOME=/opt/rustwide/rustup-home" "-w" "/opt/rustwide/workdir" "-m" "1610612736" "--user" "0:0" "--network" "none" "ghcr.io/rust-lang/crates-build-env/linux@sha256:5ff2268d62e97bff2cde7d5815dd6ed5b47097566f13b8d0ca110b04b60e07ed" "/opt/rustwide/cargo-home/bin/cargo" "+1.69.0" "test" "--frozen", kill_on_drop: false }`
[INFO] [stdout] a3c300f2df5601c5936dd926c2923c7b86212ed75aaf4407e2b9bb7f99d58fe3
[INFO] running `Command { std: "docker" "start" "-a" "a3c300f2df5601c5936dd926c2923c7b86212ed75aaf4407e2b9bb7f99d58fe3", kill_on_drop: false }`
[INFO] [stderr] warning: unreachable expression
[INFO] [stderr]    --> src/client.rs:117:9
[INFO] [stderr]     |
[INFO] [stderr] 94  | /         loop {
[INFO] [stderr] 95  | |             // Get the next block number to use from the output oracle contract
[INFO] [stderr] 96  | |             let next_block_number = self.output_oracle.get_next_block_number().await?;
[INFO] [stderr] 97  | |
[INFO] [stderr] ...   |
[INFO] [stderr] 114 | |             // if 
[INFO] [stderr] 115 | |         }
[INFO] [stderr]     | |_________- any code following this expression is unreachable
[INFO] [stderr] 116 |
[INFO] [stderr] 117 |           Ok(())
[INFO] [stderr]     |           ^^^^^^ unreachable expression
[INFO] [stderr]     |
[INFO] [stderr]     = note: `#[warn(unreachable_code)]` on by default
[INFO] [stderr] 
[INFO] [stderr] warning: unused variable: `l1_chain_id`
[INFO] [stderr]   --> src/client.rs:91:13
[INFO] [stderr]    |
[INFO] [stderr] 91 |         let l1_chain_id = self.l1_client.get_chainid().await?;
[INFO] [stderr]    |             ^^^^^^^^^^^ help: if this is intentional, prefix it with an underscore: `_l1_chain_id`
[INFO] [stderr]    |
[INFO] [stderr]    = note: `#[warn(unused_variables)]` on by default
[INFO] [stderr] 
[INFO] [stderr] warning: unused variable: `output`
[INFO] [stderr]    --> src/client.rs:111:17
[INFO] [stderr]     |
[INFO] [stderr] 111 |             let output = self.rollup_node.output_at_block(next_block_number).await?;
[INFO] [stderr]     |                 ^^^^^^ help: if this is intentional, prefix it with an underscore: `_output`
[INFO] [stderr] 
[INFO] [stderr] warning: fields `proposer`, `output_private_key`, `polling_interval`, and `metrics` are never read
[INFO] [stderr]   --> src/client.rs:27:5
[INFO] [stderr]    |
[INFO] [stderr] 17 | pub struct Varro {
[INFO] [stderr]    |            ----- fields in this struct
[INFO] [stderr] ...
[INFO] [stderr] 27 |     proposer: Address,
[INFO] [stderr]    |     ^^^^^^^^
[INFO] [stderr] 28 |     /// The proposer's private key used to send the output transactions.
[INFO] [stderr] 29 |     output_private_key: H256,
[INFO] [stderr]    |     ^^^^^^^^^^^^^^^^^^
[INFO] [stderr] 30 |     /// The polling interval
[INFO] [stderr] 31 |     polling_interval: Duration,
[INFO] [stderr]    |     ^^^^^^^^^^^^^^^^
[INFO] [stderr] 32 |     /// An _optional_ metrics server
[INFO] [stderr] 33 |     metrics: Option<Metrics>,
[INFO] [stderr]    |     ^^^^^^^
[INFO] [stderr]    |
[INFO] [stderr]    = note: `Varro` has derived impls for the traits `Clone` and `Debug`, but these are intentionally ignored during dead code analysis
[INFO] [stderr]    = note: `#[warn(dead_code)]` on by default
[INFO] [stderr] 
[INFO] [stderr] warning: missing documentation for an associated function
[INFO] [stderr]   --> src/common.rs:19:5
[INFO] [stderr]    |
[INFO] [stderr] 19 |     pub fn new() -> Self {
[INFO] [stderr]    |     ^^^^^^^^^^^^^^^^^^^^
[INFO] [stderr]    |
[INFO] [stderr] note: the lint level is defined here
[INFO] [stderr]   --> src/lib.rs:2:9
[INFO] [stderr]    |
[INFO] [stderr] 2  | #![warn(missing_docs)]
[INFO] [stderr]    |         ^^^^^^^^^^^^
[INFO] [stderr] 
[INFO] [stderr] warning: `varro` (lib) generated 5 warnings (run `cargo fix --lib -p varro` to apply 2 suggestions)
[INFO] [stderr] warning: `varro` (lib test) generated 4 warnings (4 duplicates)
[INFO] [stderr]     Finished test [unoptimized + debuginfo] target(s) in 0.87s
[INFO] [stderr]      Running unittests src/lib.rs (/opt/rustwide/target/debug/deps/varro-27a7bcddffe6dd63)
[INFO] [stdout] 
[INFO] [stdout] running 0 tests
[INFO] [stdout] 
[INFO] [stdout] test result: ok. 0 passed; 0 failed; 0 ignored; 0 measured; 0 filtered out; finished in 0.00s
[INFO] [stdout] 
[INFO] [stderr]      Running unittests bin/varro.rs (/opt/rustwide/target/debug/deps/varro-303db261eca86d90)
[INFO] [stdout] 
[INFO] [stderr]      Running tests/l1_client.rs (/opt/rustwide/target/debug/deps/l1_client-ada41529427a220d)
[INFO] [stdout] running 0 tests
[INFO] [stdout] 
[INFO] [stdout] test result: ok. 0 passed; 0 failed; 0 ignored; 0 measured; 0 filtered out; finished in 0.00s
[INFO] [stdout] 
[INFO] [stdout] 
[INFO] [stdout] running 1 test
[INFO] [stdout] test test_l1_client ... FAILED
[INFO] [stdout] 
[INFO] [stdout] failures:
[INFO] [stdout] 
[INFO] [stdout] ---- test_l1_client stdout ----
[INFO] [stdout] thread 'test_l1_client' panicked at 'called `Result::unwrap()` on an `Err` value: NotPresent', tests/l1_client.rs:15:50
[INFO] [stdout] stack backtrace:
[INFO] [stdout]    0:     0x55a680557d9a - std::backtrace_rs::backtrace::libunwind::trace::ha9053a9a07ca49cb
[INFO] [stdout]                                at /rustc/84c898d65adf2f39a5a98507f1fe0ce10a2b8dbc/library/std/src/../../backtrace/src/backtrace/libunwind.rs:93:5
[INFO] [stdout]    1:     0x55a680557d9a - std::backtrace_rs::backtrace::trace_unsynchronized::h9c2852a457ad564e
[INFO] [stdout]                                at /rustc/84c898d65adf2f39a5a98507f1fe0ce10a2b8dbc/library/std/src/../../backtrace/src/backtrace/mod.rs:66:5
[INFO] [stdout]    2:     0x55a680557d9a - std::sys_common::backtrace::_print_fmt::h457936fbfaa0070f
[INFO] [stdout]                                at /rustc/84c898d65adf2f39a5a98507f1fe0ce10a2b8dbc/library/std/src/sys_common/backtrace.rs:65:5
[INFO] [stdout]    3:     0x55a680557d9a - <std::sys_common::backtrace::_print::DisplayBacktrace as core::fmt::Display>::fmt::h5779d7bf7f70cb0c
[INFO] [stdout]                                at /rustc/84c898d65adf2f39a5a98507f1fe0ce10a2b8dbc/library/std/src/sys_common/backtrace.rs:44:22
[INFO] [stdout]    4:     0x55a68057e73e - core::fmt::write::h5a4baaff1bcd3eb5
[INFO] [stdout]                                at /rustc/84c898d65adf2f39a5a98507f1fe0ce10a2b8dbc/library/core/src/fmt/mod.rs:1232:17
[INFO] [stdout]    5:     0x55a680554645 - std::io::Write::write_fmt::h478f79c628ef31d1
[INFO] [stdout]                                at /rustc/84c898d65adf2f39a5a98507f1fe0ce10a2b8dbc/library/std/src/io/mod.rs:1684:15
[INFO] [stdout]    6:     0x55a680557b65 - std::sys_common::backtrace::_print::h5fcdc36060f177e8
[INFO] [stdout]                                at /rustc/84c898d65adf2f39a5a98507f1fe0ce10a2b8dbc/library/std/src/sys_common/backtrace.rs:47:5
[INFO] [stdout]    7:     0x55a680557b65 - std::sys_common::backtrace::print::h54ca9458b876c8bf
[INFO] [stdout]                                at /rustc/84c898d65adf2f39a5a98507f1fe0ce10a2b8dbc/library/std/src/sys_common/backtrace.rs:34:9
[INFO] [stdout]    8:     0x55a68055992f - std::panicking::default_hook::{{closure}}::hbe471161c7664ed6
[INFO] [stdout]                                at /rustc/84c898d65adf2f39a5a98507f1fe0ce10a2b8dbc/library/std/src/panicking.rs:271:22
[INFO] [stdout]    9:     0x55a6805595ef - std::panicking::default_hook::ha3500da57aa4ac4f
[INFO] [stdout]                                at /rustc/84c898d65adf2f39a5a98507f1fe0ce10a2b8dbc/library/std/src/panicking.rs:287:9
[INFO] [stdout]   10:     0x55a67ff251c7 - <alloc::boxed::Box<F,A> as core::ops::function::Fn<Args>>::call::hdf1b89dd137ece34
[INFO] [stdout]                                at /rustc/84c898d65adf2f39a5a98507f1fe0ce10a2b8dbc/library/alloc/src/boxed.rs:2001:9
[INFO] [stdout]   11:     0x55a67ff251c7 - test::test_main::{{closure}}::h9081a79f20e75698
[INFO] [stdout]                                at /rustc/84c898d65adf2f39a5a98507f1fe0ce10a2b8dbc/library/test/src/lib.rs:135:21
[INFO] [stdout]   12:     0x55a68055a05d - <alloc::boxed::Box<F,A> as core::ops::function::Fn<Args>>::call::h6507bddc3eebb4a5
[INFO] [stdout]                                at /rustc/84c898d65adf2f39a5a98507f1fe0ce10a2b8dbc/library/alloc/src/boxed.rs:2001:9
[INFO] [stdout]   13:     0x55a68055a05d - std::panicking::rust_panic_with_hook::h50c09d000dc561d2
[INFO] [stdout]                                at /rustc/84c898d65adf2f39a5a98507f1fe0ce10a2b8dbc/library/std/src/panicking.rs:696:13
[INFO] [stdout]   14:     0x55a680559dd9 - std::panicking::begin_panic_handler::{{closure}}::h9e2b2176e00e0d9c
[INFO] [stdout]                                at /rustc/84c898d65adf2f39a5a98507f1fe0ce10a2b8dbc/library/std/src/panicking.rs:583:13
[INFO] [stdout]   15:     0x55a680558206 - std::sys_common::backtrace::__rust_end_short_backtrace::h5739b8e512c09d02
[INFO] [stdout]                                at /rustc/84c898d65adf2f39a5a98507f1fe0ce10a2b8dbc/library/std/src/sys_common/backtrace.rs:150:18
[INFO] [stdout]   16:     0x55a680559ae2 - rust_begin_unwind
[INFO] [stdout]                                at /rustc/84c898d65adf2f39a5a98507f1fe0ce10a2b8dbc/library/std/src/panicking.rs:579:5
[INFO] [stdout]   17:     0x55a67fecd4b3 - core::panicking::panic_fmt::hf33a1475b4dc5c3e
[INFO] [stdout]                                at /rustc/84c898d65adf2f39a5a98507f1fe0ce10a2b8dbc/library/core/src/panicking.rs:64:14
[INFO] [stderr] error: test failed, to rerun pass `--test l1_client`
[INFO] [stdout]   18:     0x55a67fecd963 - core::result::unwrap_failed::hdff5465d74574b44
[INFO] [stdout]                                at /rustc/84c898d65adf2f39a5a98507f1fe0ce10a2b8dbc/library/core/src/result.rs:1750:5
[INFO] [stdout]   19:     0x55a67feea674 - core::result::Result<T,E>::unwrap::hb5e0bfc4e2e6e1bc
[INFO] [stdout]                                at /rustc/84c898d65adf2f39a5a98507f1fe0ce10a2b8dbc/library/core/src/result.rs:1090:23
[INFO] [stdout]   20:     0x55a67feee1c0 - l1_client::test_l1_client::{{closure}}::h86027341ee58f61d
[INFO] [stdout]                                at /opt/rustwide/workdir/tests/l1_client.rs:15:22
[INFO] [stdout]   21:     0x55a67fef3278 - <core::pin::Pin<P> as core::future::future::Future>::poll::hbdbaa55ba3aa1263
[INFO] [stdout]                                at /rustc/84c898d65adf2f39a5a98507f1fe0ce10a2b8dbc/library/core/src/future/future.rs:125:9
[INFO] [stdout]   22:     0x55a67fef31ab - <core::pin::Pin<P> as core::future::future::Future>::poll::ha0bb925ed398761e
[INFO] [stdout]                                at /rustc/84c898d65adf2f39a5a98507f1fe0ce10a2b8dbc/library/core/src/future/future.rs:125:9
[INFO] [stdout]   23:     0x55a67fee8b04 - tokio::runtime::scheduler::current_thread::CoreGuard::block_on::{{closure}}::{{closure}}::{{closure}}::h58332605a12c1782
[INFO] [stdout]                                at /opt/rustwide/cargo-home/registry/src/github.com-1ecc6299db9ec823/tokio-1.26.0/src/runtime/scheduler/current_thread.rs:541:57
[INFO] [stdout]   24:     0x55a67fee8a01 - tokio::runtime::coop::with_budget::haf95661112d9e2ae
[INFO] [stdout]                                at /opt/rustwide/cargo-home/registry/src/github.com-1ecc6299db9ec823/tokio-1.26.0/src/runtime/coop.rs:107:5
[INFO] [stdout]   25:     0x55a67fee8a01 - tokio::runtime::coop::budget::h1ef7b60c937caa11
[INFO] [stdout]                                at /opt/rustwide/cargo-home/registry/src/github.com-1ecc6299db9ec823/tokio-1.26.0/src/runtime/coop.rs:73:5
[INFO] [stdout]   26:     0x55a67fee8a01 - tokio::runtime::scheduler::current_thread::CoreGuard::block_on::{{closure}}::{{closure}}::h382eec1524d4881e
[INFO] [stdout]                                at /opt/rustwide/cargo-home/registry/src/github.com-1ecc6299db9ec823/tokio-1.26.0/src/runtime/scheduler/current_thread.rs:541:25
[INFO] [stdout]   27:     0x55a67fee732e - tokio::runtime::scheduler::current_thread::Context::enter::h5be4d89b8340bd07
[INFO] [stdout]                                at /opt/rustwide/cargo-home/registry/src/github.com-1ecc6299db9ec823/tokio-1.26.0/src/runtime/scheduler/current_thread.rs:350:19
[INFO] [stdout]   28:     0x55a67fee80da - tokio::runtime::scheduler::current_thread::CoreGuard::block_on::{{closure}}::hada8e78ce8dc2a9f
[INFO] [stdout]                                at /opt/rustwide/cargo-home/registry/src/github.com-1ecc6299db9ec823/tokio-1.26.0/src/runtime/scheduler/current_thread.rs:540:36
[INFO] [stdout]   29:     0x55a67fee7deb - tokio::runtime::scheduler::current_thread::CoreGuard::enter::{{closure}}::h2704e6e511afe0ce
[INFO] [stdout]                                at /opt/rustwide/cargo-home/registry/src/github.com-1ecc6299db9ec823/tokio-1.26.0/src/runtime/scheduler/current_thread.rs:615:57
[INFO] [stdout]   30:     0x55a67feef10d - tokio::macros::scoped_tls::ScopedKey<T>::set::h0722b8b1bb9b151d
[INFO] [stdout]                                at /opt/rustwide/cargo-home/registry/src/github.com-1ecc6299db9ec823/tokio-1.26.0/src/macros/scoped_tls.rs:61:9
[INFO] [stdout]   31:     0x55a67fee7b86 - tokio::runtime::scheduler::current_thread::CoreGuard::enter::h54f81acca442dd2d
[INFO] [stdout]                                at /opt/rustwide/cargo-home/registry/src/github.com-1ecc6299db9ec823/tokio-1.26.0/src/runtime/scheduler/current_thread.rs:615:27
[INFO] [stdout]   32:     0x55a67fee7e1c - tokio::runtime::scheduler::current_thread::CoreGuard::block_on::h2330c359695afb37
[INFO] [stdout]                                at /opt/rustwide/cargo-home/registry/src/github.com-1ecc6299db9ec823/tokio-1.26.0/src/runtime/scheduler/current_thread.rs:530:19
[INFO] [stdout]   33:     0x55a67fee6ddd - tokio::runtime::scheduler::current_thread::CurrentThread::block_on::h267fd8ab6f1000e2
[INFO] [stdout]                                at /opt/rustwide/cargo-home/registry/src/github.com-1ecc6299db9ec823/tokio-1.26.0/src/runtime/scheduler/current_thread.rs:154:24
[INFO] [stdout]   34:     0x55a67feefcd5 - tokio::runtime::runtime::Runtime::block_on::h9d0d29dfdc09dc73
[INFO] [stdout]                                at /opt/rustwide/cargo-home/registry/src/github.com-1ecc6299db9ec823/tokio-1.26.0/src/runtime/runtime.rs:302:47
[INFO] [stdout]   35:     0x55a67feedffc - l1_client::test_l1_client::hbfb12e3ef0ab1dd1
[INFO] [stdout]                                at /opt/rustwide/workdir/tests/l1_client.rs:22:5
[INFO] [stdout]   36:     0x55a67feede77 - l1_client::test_l1_client::{{closure}}::h8641c4c1e148b1c9
[INFO] [stdout]                                at /opt/rustwide/workdir/tests/l1_client.rs:14:27
[INFO] [stdout]   37:     0x55a67fedcca5 - core::ops::function::FnOnce::call_once::hbd6273d18c6e22ed
[INFO] [stdout]                                at /rustc/84c898d65adf2f39a5a98507f1fe0ce10a2b8dbc/library/core/src/ops/function.rs:250:5
[INFO] [stdout]   38:     0x55a67ff2a5af - core::ops::function::FnOnce::call_once::h7d969581be7d0075
[INFO] [stdout]                                at /rustc/84c898d65adf2f39a5a98507f1fe0ce10a2b8dbc/library/core/src/ops/function.rs:250:5
[INFO] [stdout]   39:     0x55a67ff2a5af - test::__rust_begin_short_backtrace::hca25a52684e56655
[INFO] [stdout]                                at /rustc/84c898d65adf2f39a5a98507f1fe0ce10a2b8dbc/library/test/src/lib.rs:656:18
[INFO] [stdout]   40:     0x55a67fefbbcc - test::run_test::{{closure}}::ha8ac744c4af1a4bb
[INFO] [stdout]                                at /rustc/84c898d65adf2f39a5a98507f1fe0ce10a2b8dbc/library/test/src/lib.rs:647:30
[INFO] [stdout]   41:     0x55a67fefbbcc - core::ops::function::FnOnce::call_once{{vtable.shim}}::h7b411a9ed45bdecf
[INFO] [stdout]                                at /rustc/84c898d65adf2f39a5a98507f1fe0ce10a2b8dbc/library/core/src/ops/function.rs:250:5
[INFO] [stdout]   42:     0x55a67ff29576 - <alloc::boxed::Box<F,A> as core::ops::function::FnOnce<Args>>::call_once::hd05328869a8ed200
[INFO] [stdout]                                at /rustc/84c898d65adf2f39a5a98507f1fe0ce10a2b8dbc/library/alloc/src/boxed.rs:1987:9
[INFO] [stdout]   43:     0x55a67ff29576 - <core::panic::unwind_safe::AssertUnwindSafe<F> as core::ops::function::FnOnce<()>>::call_once::h0c601ce20bd5b2be
[INFO] [stdout]                                at /rustc/84c898d65adf2f39a5a98507f1fe0ce10a2b8dbc/library/core/src/panic/unwind_safe.rs:271:9
[INFO] [stdout]   44:     0x55a67ff29576 - std::panicking::try::do_call::ha4be5c164fe30854
[INFO] [stdout]                                at /rustc/84c898d65adf2f39a5a98507f1fe0ce10a2b8dbc/library/std/src/panicking.rs:487:40
[INFO] [stdout]   45:     0x55a67ff29576 - std::panicking::try::h604546f3609af05f
[INFO] [stdout]                                at /rustc/84c898d65adf2f39a5a98507f1fe0ce10a2b8dbc/library/std/src/panicking.rs:451:19
[INFO] [stdout]   46:     0x55a67ff29576 - std::panic::catch_unwind::h5bfa8afe44c9c2f9
[INFO] [stdout]                                at /rustc/84c898d65adf2f39a5a98507f1fe0ce10a2b8dbc/library/std/src/panic.rs:140:14
[INFO] [stdout]   47:     0x55a67ff29576 - test::run_test_in_process::hd50dee55dd63e6aa
[INFO] [stdout]                                at /rustc/84c898d65adf2f39a5a98507f1fe0ce10a2b8dbc/library/test/src/lib.rs:679:27
[INFO] [stdout]   48:     0x55a67ff29576 - test::run_test::run_test_inner::{{closure}}::h4aa0f433aa85cea8
[INFO] [stdout]                                at /rustc/84c898d65adf2f39a5a98507f1fe0ce10a2b8dbc/library/test/src/lib.rs:573:39
[INFO] [stdout]   49:     0x55a67fef6241 - test::run_test::run_test_inner::{{closure}}::had56431adf24b4d6
[INFO] [stdout]                                at /rustc/84c898d65adf2f39a5a98507f1fe0ce10a2b8dbc/library/test/src/lib.rs:600:37
[INFO] [stdout]   50:     0x55a67fef6241 - std::sys_common::backtrace::__rust_begin_short_backtrace::ha8d9890e0c73bf13
[INFO] [stdout]                                at /rustc/84c898d65adf2f39a5a98507f1fe0ce10a2b8dbc/library/std/src/sys_common/backtrace.rs:134:18
[INFO] [stdout]   51:     0x55a67fefbc5b - std::thread::Builder::spawn_unchecked_::{{closure}}::{{closure}}::h251832bcb4a95327
[INFO] [stdout]                                at /rustc/84c898d65adf2f39a5a98507f1fe0ce10a2b8dbc/library/std/src/thread/mod.rs:560:17
[INFO] [stdout]   52:     0x55a67fefbc5b - <core::panic::unwind_safe::AssertUnwindSafe<F> as core::ops::function::FnOnce<()>>::call_once::h8fdff598fa414831
[INFO] [stdout]                                at /rustc/84c898d65adf2f39a5a98507f1fe0ce10a2b8dbc/library/core/src/panic/unwind_safe.rs:271:9
[INFO] [stdout]   53:     0x55a67fefbc5b - std::panicking::try::do_call::h455dd2f7764a950f
[INFO] [stdout]                                at /rustc/84c898d65adf2f39a5a98507f1fe0ce10a2b8dbc/library/std/src/panicking.rs:487:40
[INFO] [stdout]   54:     0x55a67fefbc5b - std::panicking::try::had6f23b7b73ae72a
[INFO] [stdout]                                at /rustc/84c898d65adf2f39a5a98507f1fe0ce10a2b8dbc/library/std/src/panicking.rs:451:19
[INFO] [stdout]   55:     0x55a67fefbc5b - std::panic::catch_unwind::ha6a5ca3915b4dad0
[INFO] [stdout]                                at /rustc/84c898d65adf2f39a5a98507f1fe0ce10a2b8dbc/library/std/src/panic.rs:140:14
[INFO] [stdout]   56:     0x55a67fefbc5b - std::thread::Builder::spawn_unchecked_::{{closure}}::h883b72ef75da6231
[INFO] [stdout]                                at /rustc/84c898d65adf2f39a5a98507f1fe0ce10a2b8dbc/library/std/src/thread/mod.rs:559:30
[INFO] [stdout]   57:     0x55a67fefbc5b - core::ops::function::FnOnce::call_once{{vtable.shim}}::hb7dff73dc8bd2ccb
[INFO] [stdout]                                at /rustc/84c898d65adf2f39a5a98507f1fe0ce10a2b8dbc/library/core/src/ops/function.rs:250:5
[INFO] [stdout]   58:     0x55a68055e633 - <alloc::boxed::Box<F,A> as core::ops::function::FnOnce<Args>>::call_once::h39990b24eedef2ab
[INFO] [stdout]                                at /rustc/84c898d65adf2f39a5a98507f1fe0ce10a2b8dbc/library/alloc/src/boxed.rs:1987:9
[INFO] [stdout]   59:     0x55a68055e633 - <alloc::boxed::Box<F,A> as core::ops::function::FnOnce<Args>>::call_once::h01a027258444143b
[INFO] [stdout]                                at /rustc/84c898d65adf2f39a5a98507f1fe0ce10a2b8dbc/library/alloc/src/boxed.rs:1987:9
[INFO] [stdout]   60:     0x55a68055e633 - std::sys::unix::thread::Thread::new::thread_start::ha4f1cdd9c25884ba
[INFO] [stdout]                                at /rustc/84c898d65adf2f39a5a98507f1fe0ce10a2b8dbc/library/std/src/sys/unix/thread.rs:108:17
[INFO] [stdout]   61:     0x7fa4f5da7b43 - <unknown>
[INFO] [stdout]   62:     0x7fa4f5e38bb4 - __clone
[INFO] [stdout]   63:                0x0 - <unknown>
[INFO] [stdout] 
[INFO] [stdout] 
[INFO] [stdout] failures:
[INFO] [stdout]     test_l1_client
[INFO] [stdout] 
[INFO] [stdout] test result: FAILED. 0 passed; 1 failed; 0 ignored; 0 measured; 0 filtered out; finished in 0.13s
[INFO] [stdout] 
[INFO] running `Command { std: "docker" "inspect" "a3c300f2df5601c5936dd926c2923c7b86212ed75aaf4407e2b9bb7f99d58fe3", kill_on_drop: false }`
[INFO] running `Command { std: "docker" "rm" "-f" "a3c300f2df5601c5936dd926c2923c7b86212ed75aaf4407e2b9bb7f99d58fe3", kill_on_drop: false }`
[INFO] [stdout] a3c300f2df5601c5936dd926c2923c7b86212ed75aaf4407e2b9bb7f99d58fe3
