[INFO] fetching crate vapor_archive 0.1.0...
[INFO] testing vapor_archive-0.1.0 against 1.69.0 for beta-1.70-1
[INFO] extracting crate vapor_archive 0.1.0 into /workspace/builds/worker-5-tc1/source
[INFO] validating manifest of crates.io crate vapor_archive 0.1.0 on toolchain 1.69.0
[INFO] running `Command { std: CARGO_HOME="/workspace/cargo-home" RUSTUP_HOME="/workspace/rustup-home" "/workspace/cargo-home/bin/cargo" "+1.69.0" "metadata" "--manifest-path" "Cargo.toml" "--no-deps", kill_on_drop: false }`
[INFO] started tweaking crates.io crate vapor_archive 0.1.0
[INFO] finished tweaking crates.io crate vapor_archive 0.1.0
[INFO] tweaked toml for crates.io crate vapor_archive 0.1.0 written to /workspace/builds/worker-5-tc1/source/Cargo.toml
[INFO] running `Command { std: CARGO_HOME="/workspace/cargo-home" RUSTUP_HOME="/workspace/rustup-home" __CARGO_TEST_CHANNEL_OVERRIDE_DO_NOT_USE_THIS="nightly" "/workspace/cargo-home/bin/cargo" "+1.69.0" "generate-lockfile" "--manifest-path" "Cargo.toml" "-Zno-index-update", kill_on_drop: false }`
[INFO] running `Command { std: CARGO_HOME="/workspace/cargo-home" RUSTUP_HOME="/workspace/rustup-home" "/workspace/cargo-home/bin/cargo" "+1.69.0" "fetch" "--manifest-path" "Cargo.toml", kill_on_drop: false }`
[INFO] [stderr]  Downloading crates ...
[INFO] [stderr]   Downloaded blake2 v0.8.1
[INFO] running `Command { std: "docker" "create" "-v" "/var/lib/crater-agent-workspace/builds/worker-5-tc1/target:/opt/rustwide/target:rw,Z" "-v" "/var/lib/crater-agent-workspace/builds/worker-5-tc1/source:/opt/rustwide/workdir:ro,Z" "-v" "/var/lib/crater-agent-workspace/cargo-home:/opt/rustwide/cargo-home:ro,Z" "-v" "/var/lib/crater-agent-workspace/rustup-home:/opt/rustwide/rustup-home:ro,Z" "-e" "SOURCE_DIR=/opt/rustwide/workdir" "-e" "CARGO_TARGET_DIR=/opt/rustwide/target" "-e" "CARGO_HOME=/opt/rustwide/cargo-home" "-e" "RUSTUP_HOME=/opt/rustwide/rustup-home" "-w" "/opt/rustwide/workdir" "-m" "1610612736" "--user" "0:0" "--network" "none" "ghcr.io/rust-lang/crates-build-env/linux@sha256:5ff2268d62e97bff2cde7d5815dd6ed5b47097566f13b8d0ca110b04b60e07ed" "/opt/rustwide/cargo-home/bin/cargo" "+1.69.0" "metadata" "--no-deps" "--format-version=1", kill_on_drop: false }`
[INFO] [stdout] 2ca84b691a93525762c8a281113f00a804e3b76d23a568d38827c3ce15059c1d
[INFO] running `Command { std: "docker" "start" "-a" "2ca84b691a93525762c8a281113f00a804e3b76d23a568d38827c3ce15059c1d", kill_on_drop: false }`
[INFO] running `Command { std: "docker" "inspect" "2ca84b691a93525762c8a281113f00a804e3b76d23a568d38827c3ce15059c1d", kill_on_drop: false }`
[INFO] running `Command { std: "docker" "rm" "-f" "2ca84b691a93525762c8a281113f00a804e3b76d23a568d38827c3ce15059c1d", kill_on_drop: false }`
[INFO] [stdout] 2ca84b691a93525762c8a281113f00a804e3b76d23a568d38827c3ce15059c1d
[INFO] running `Command { std: "docker" "create" "-v" "/var/lib/crater-agent-workspace/builds/worker-5-tc1/target:/opt/rustwide/target:rw,Z" "-v" "/var/lib/crater-agent-workspace/builds/worker-5-tc1/source:/opt/rustwide/workdir:ro,Z" "-v" "/var/lib/crater-agent-workspace/cargo-home:/opt/rustwide/cargo-home:ro,Z" "-v" "/var/lib/crater-agent-workspace/rustup-home:/opt/rustwide/rustup-home:ro,Z" "-e" "SOURCE_DIR=/opt/rustwide/workdir" "-e" "CARGO_TARGET_DIR=/opt/rustwide/target" "-e" "CARGO_INCREMENTAL=0" "-e" "RUST_BACKTRACE=full" "-e" "RUSTFLAGS=--cap-lints=warn" "-e" "RUSTDOCFLAGS=--cap-lints=warn" "-e" "CARGO_HOME=/opt/rustwide/cargo-home" "-e" "RUSTUP_HOME=/opt/rustwide/rustup-home" "-w" "/opt/rustwide/workdir" "-m" "1610612736" "--user" "0:0" "--network" "none" "ghcr.io/rust-lang/crates-build-env/linux@sha256:5ff2268d62e97bff2cde7d5815dd6ed5b47097566f13b8d0ca110b04b60e07ed" "/opt/rustwide/cargo-home/bin/cargo" "+1.69.0" "build" "--frozen" "--message-format=json", kill_on_drop: false }`
[INFO] [stdout] 408c33ae0bcee41904365a4ebe30971a02eb47b861247a1e57493ee144f3401e
[INFO] running `Command { std: "docker" "start" "-a" "408c33ae0bcee41904365a4ebe30971a02eb47b861247a1e57493ee144f3401e", kill_on_drop: false }`
[INFO] [stderr]    Compiling proc-macro2 v1.0.56
[INFO] [stderr]    Compiling either v1.8.1
[INFO] [stderr]    Compiling glob v0.3.1
[INFO] [stderr]    Compiling jobserver v0.1.26
[INFO] [stderr]    Compiling generic-array v0.12.4
[INFO] [stderr]    Compiling serde v1.0.160
[INFO] [stderr]    Compiling num-integer v0.1.45
[INFO] [stderr]    Compiling zstd-safe v2.0.6+zstd.1.4.7
[INFO] [stderr]    Compiling subtle v1.0.0
[INFO] [stderr]    Compiling itertools v0.9.0
[INFO] [stderr]    Compiling opaque-debug v0.2.3
[INFO] [stderr]    Compiling cc v1.0.79
[INFO] [stderr]    Compiling byte-tools v0.3.1
[INFO] [stderr]    Compiling crypto-mac v0.7.0
[INFO] [stderr]    Compiling digest v0.8.1
[INFO] [stderr]    Compiling iana-time-zone v0.1.56
[INFO] [stderr]    Compiling blake2 v0.8.1
[INFO] [stderr]    Compiling quote v1.0.26
[INFO] [stderr]    Compiling syn v2.0.15
[INFO] [stderr]    Compiling zstd-sys v1.4.18+zstd.1.4.7
[INFO] [stderr]    Compiling serde_derive v1.0.160
[INFO] [stderr]    Compiling bincode v1.3.3
[INFO] [stderr]    Compiling chrono v0.4.24
[INFO] [stderr]    Compiling zstd v0.5.4+zstd.1.4.7
[INFO] [stderr]    Compiling vapor_archive v0.1.0 (/opt/rustwide/workdir)
[INFO] [stderr]     Finished dev [unoptimized + debuginfo] target(s) in 48.05s
[INFO] running `Command { std: "docker" "inspect" "408c33ae0bcee41904365a4ebe30971a02eb47b861247a1e57493ee144f3401e", kill_on_drop: false }`
[INFO] running `Command { std: "docker" "rm" "-f" "408c33ae0bcee41904365a4ebe30971a02eb47b861247a1e57493ee144f3401e", kill_on_drop: false }`
[INFO] [stdout] 408c33ae0bcee41904365a4ebe30971a02eb47b861247a1e57493ee144f3401e
[INFO] running `Command { std: "docker" "create" "-v" "/var/lib/crater-agent-workspace/builds/worker-5-tc1/target:/opt/rustwide/target:rw,Z" "-v" "/var/lib/crater-agent-workspace/builds/worker-5-tc1/source:/opt/rustwide/workdir:ro,Z" "-v" "/var/lib/crater-agent-workspace/cargo-home:/opt/rustwide/cargo-home:ro,Z" "-v" "/var/lib/crater-agent-workspace/rustup-home:/opt/rustwide/rustup-home:ro,Z" "-e" "SOURCE_DIR=/opt/rustwide/workdir" "-e" "CARGO_TARGET_DIR=/opt/rustwide/target" "-e" "CARGO_INCREMENTAL=0" "-e" "RUST_BACKTRACE=full" "-e" "RUSTFLAGS=--cap-lints=warn" "-e" "RUSTDOCFLAGS=--cap-lints=warn" "-e" "CARGO_HOME=/opt/rustwide/cargo-home" "-e" "RUSTUP_HOME=/opt/rustwide/rustup-home" "-w" "/opt/rustwide/workdir" "-m" "1610612736" "--user" "0:0" "--network" "none" "ghcr.io/rust-lang/crates-build-env/linux@sha256:5ff2268d62e97bff2cde7d5815dd6ed5b47097566f13b8d0ca110b04b60e07ed" "/opt/rustwide/cargo-home/bin/cargo" "+1.69.0" "test" "--frozen" "--no-run" "--message-format=json", kill_on_drop: false }`
[INFO] [stdout] 483e3f17317429ec89f44022173a75ea368cb64771e3e3c4c3aee2fe2aee1404
[INFO] running `Command { std: "docker" "start" "-a" "483e3f17317429ec89f44022173a75ea368cb64771e3e3c4c3aee2fe2aee1404", kill_on_drop: false }`
[INFO] [stderr]    Compiling vapor_archive v0.1.0 (/opt/rustwide/workdir)
[INFO] [stdout] warning: unused import: `Blake2s`
[INFO] [stdout]  --> tests/write.rs:5:9
[INFO] [stdout]   |
[INFO] [stdout] 5 |         Blake2s,
[INFO] [stdout]   |         ^^^^^^^
[INFO] [stdout]   |
[INFO] [stdout]   = note: `#[warn(unused_imports)]` on by default
[INFO] [stdout] 
[INFO] [stdout] 
[INFO] [stdout] warning: unused imports: `Read`, `Write`
[INFO] [stdout]   --> tests/write.rs:17:9
[INFO] [stdout]    |
[INFO] [stdout] 17 |         Read,
[INFO] [stdout]    |         ^^^^
[INFO] [stdout] 18 |         Write
[INFO] [stdout]    |         ^^^^^
[INFO] [stdout] 
[INFO] [stdout] 
[INFO] [stdout] warning: unused import: `Digest`
[INFO] [stdout]  --> tests/write.rs:6:9
[INFO] [stdout]   |
[INFO] [stdout] 6 |         Digest
[INFO] [stdout]   |         ^^^^^^
[INFO] [stdout] 
[INFO] [stdout] 
[INFO] [stdout] warning: 3 warnings emitted
[INFO] [stdout] 
[INFO] [stdout] 
[INFO] [stderr]     Finished test [unoptimized + debuginfo] target(s) in 1.54s
[INFO] running `Command { std: "docker" "inspect" "483e3f17317429ec89f44022173a75ea368cb64771e3e3c4c3aee2fe2aee1404", kill_on_drop: false }`
[INFO] running `Command { std: "docker" "rm" "-f" "483e3f17317429ec89f44022173a75ea368cb64771e3e3c4c3aee2fe2aee1404", kill_on_drop: false }`
[INFO] [stdout] 483e3f17317429ec89f44022173a75ea368cb64771e3e3c4c3aee2fe2aee1404
[INFO] running `Command { std: "docker" "create" "-v" "/var/lib/crater-agent-workspace/builds/worker-5-tc1/target:/opt/rustwide/target:rw,Z" "-v" "/var/lib/crater-agent-workspace/builds/worker-5-tc1/source:/opt/rustwide/workdir:ro,Z" "-v" "/var/lib/crater-agent-workspace/cargo-home:/opt/rustwide/cargo-home:ro,Z" "-v" "/var/lib/crater-agent-workspace/rustup-home:/opt/rustwide/rustup-home:ro,Z" "-e" "SOURCE_DIR=/opt/rustwide/workdir" "-e" "CARGO_TARGET_DIR=/opt/rustwide/target" "-e" "CARGO_INCREMENTAL=0" "-e" "RUST_BACKTRACE=full" "-e" "RUSTFLAGS=--cap-lints=warn" "-e" "RUSTDOCFLAGS=--cap-lints=warn" "-e" "CARGO_HOME=/opt/rustwide/cargo-home" "-e" "RUSTUP_HOME=/opt/rustwide/rustup-home" "-w" "/opt/rustwide/workdir" "-m" "1610612736" "--user" "0:0" "--network" "none" "ghcr.io/rust-lang/crates-build-env/linux@sha256:5ff2268d62e97bff2cde7d5815dd6ed5b47097566f13b8d0ca110b04b60e07ed" "/opt/rustwide/cargo-home/bin/cargo" "+1.69.0" "test" "--frozen", kill_on_drop: false }`
[INFO] [stdout] c5632250c5f644f1cea422709459217a67064d38f2035db0f45ae72d27330929
[INFO] running `Command { std: "docker" "start" "-a" "c5632250c5f644f1cea422709459217a67064d38f2035db0f45ae72d27330929", kill_on_drop: false }`
[INFO] [stderr] warning: unused import: `Blake2s`
[INFO] [stderr]  --> tests/write.rs:5:9
[INFO] [stderr]   |
[INFO] [stderr] 5 |         Blake2s,
[INFO] [stderr]   |         ^^^^^^^
[INFO] [stderr]   |
[INFO] [stderr]   = note: `#[warn(unused_imports)]` on by default
[INFO] [stderr] 
[INFO] [stderr] warning: unused imports: `Read`, `Write`
[INFO] [stderr]   --> tests/write.rs:17:9
[INFO] [stderr]    |
[INFO] [stderr] 17 |         Read,
[INFO] [stderr]    |         ^^^^
[INFO] [stderr] 18 |         Write
[INFO] [stderr]    |         ^^^^^
[INFO] [stderr] 
[INFO] [stderr] warning: unused import: `Digest`
[INFO] [stderr]  --> tests/write.rs:6:9
[INFO] [stderr]   |
[INFO] [stderr] 6 |         Digest
[INFO] [stderr]   |         ^^^^^^
[INFO] [stderr] 
[INFO] [stderr] warning: `vapor_archive` (test "write") generated 3 warnings (run `cargo fix --test "write"` to apply 2 suggestions)
[INFO] [stderr]     Finished test [unoptimized + debuginfo] target(s) in 0.05s
[INFO] [stderr]      Running unittests src/lib.rs (/opt/rustwide/target/debug/deps/vapor_archive-0b02a54a9bcaa159)
[INFO] [stdout] 
[INFO] [stdout] running 0 tests
[INFO] [stdout] 
[INFO] [stdout] test result: ok. 0 passed; 0 failed; 0 ignored; 0 measured; 0 filtered out; finished in 0.00s
[INFO] [stdout] 
[INFO] [stderr]      Running tests/read.rs (/opt/rustwide/target/debug/deps/read-676834862227699a)
[INFO] [stdout] 
[INFO] [stdout] running 12 tests
[INFO] [stdout] test test_reader_image_compressed ... FAILED
[INFO] [stdout] test test_reader_info_text_compressed ... FAILED
[INFO] [stdout] test test_reader_info_image_compressed ... FAILED
[INFO] [stdout] test test_reader_info_image_uncompressed ... FAILED
[INFO] [stdout] test test_reader_info_mixed_compressed ... FAILED
[INFO] [stdout] test test_reader_info_mixed_uncompressed ... FAILED
[INFO] [stdout] test test_reader_image_uncompressed ... FAILED
[INFO] [stdout] test test_reader_mixed_compressed ... FAILED
[INFO] [stdout] test test_reader_info_text_uncompressed ... FAILED
[INFO] [stdout] test test_reader_mixed_uncompressed ... FAILED
[INFO] [stdout] test test_reader_text_compressed ... FAILED
[INFO] [stdout] test test_reader_text_uncompressed ... FAILED
[INFO] [stdout] 
[INFO] [stdout] failures:
[INFO] [stdout] 
[INFO] [stdout] ---- test_reader_image_compressed stdout ----
[INFO] [stdout] Error: Os { code: 2, kind: NotFound, message: "No such file or directory" }
[INFO] [stdout] 
[INFO] [stdout] ---- test_reader_info_text_compressed stdout ----
[INFO] [stdout] Error: Os { code: 2, kind: NotFound, message: "No such file or directory" }
[INFO] [stdout] 
[INFO] [stdout] ---- test_reader_info_image_compressed stdout ----
[INFO] [stdout] Error: Os { code: 2, kind: NotFound, message: "No such file or directory" }
[INFO] [stdout] 
[INFO] [stdout] ---- test_reader_info_image_uncompressed stdout ----
[INFO] [stdout] Error: Os { code: 2, kind: NotFound, message: "No such file or directory" }
[INFO] [stdout] 
[INFO] [stdout] ---- test_reader_info_mixed_compressed stdout ----
[INFO] [stdout] Error: Os { code: 2, kind: NotFound, message: "No such file or directory" }
[INFO] [stdout] 
[INFO] [stdout] ---- test_reader_info_mixed_uncompressed stdout ----
[INFO] [stdout] Error: Os { code: 2, kind: NotFound, message: "No such file or directory" }
[INFO] [stdout] 
[INFO] [stdout] ---- test_reader_image_uncompressed stdout ----
[INFO] [stdout] Error: Os { code: 2, kind: NotFound, message: "No such file or directory" }
[INFO] [stdout] 
[INFO] [stdout] ---- test_reader_mixed_compressed stdout ----
[INFO] [stdout] Error: Os { code: 2, kind: NotFound, message: "No such file or directory" }
[INFO] [stdout] 
[INFO] [stdout] ---- test_reader_info_text_uncompressed stdout ----
[INFO] [stdout] Error: Os { code: 2, kind: NotFound, message: "No such file or directory" }
[INFO] [stdout] 
[INFO] [stdout] ---- test_reader_mixed_uncompressed stdout ----
[INFO] [stdout] Error: Os { code: 2, kind: NotFound, message: "No such file or directory" }
[INFO] [stdout] 
[INFO] [stdout] ---- test_reader_text_compressed stdout ----
[INFO] [stdout] Error: Os { code: 2, kind: NotFound, message: "No such file or directory" }
[INFO] [stdout] 
[INFO] [stdout] ---- test_reader_text_uncompressed stdout ----
[INFO] [stdout] Error: Os { code: 2, kind: NotFound, message: "No such file or directory" }
[INFO] [stdout] 
[INFO] [stdout] 
[INFO] [stdout] failures:
[INFO] [stdout]     test_reader_image_compressed
[INFO] [stdout]     test_reader_image_uncompressed
[INFO] [stdout]     test_reader_info_image_compressed
[INFO] [stdout]     test_reader_info_image_uncompressed
[INFO] [stdout]     test_reader_info_mixed_compressed
[INFO] [stdout]     test_reader_info_mixed_uncompressed
[INFO] [stdout]     test_reader_info_text_compressed
[INFO] [stdout]     test_reader_info_text_uncompressed
[INFO] [stdout]     test_reader_mixed_compressed
[INFO] [stdout]     test_reader_mixed_uncompressed
[INFO] [stdout]     test_reader_text_compressed
[INFO] [stdout]     test_reader_text_uncompressed
[INFO] [stdout] 
[INFO] [stdout] test result: FAILED. 0 passed; 12 failed; 0 ignored; 0 measured; 0 filtered out; finished in 0.02s
[INFO] [stdout] 
[INFO] [stderr] error: test failed, to rerun pass `--test read`
[INFO] running `Command { std: "docker" "inspect" "c5632250c5f644f1cea422709459217a67064d38f2035db0f45ae72d27330929", kill_on_drop: false }`
[INFO] running `Command { std: "docker" "rm" "-f" "c5632250c5f644f1cea422709459217a67064d38f2035db0f45ae72d27330929", kill_on_drop: false }`
[INFO] [stdout] c5632250c5f644f1cea422709459217a67064d38f2035db0f45ae72d27330929
