[INFO] fetching crate utmp-rs 0.3.0...
[INFO] testing utmp-rs-0.3.0 against 1.69.0 for beta-1.70-1
[INFO] extracting crate utmp-rs 0.3.0 into /workspace/builds/worker-5-tc1/source
[INFO] validating manifest of crates.io crate utmp-rs 0.3.0 on toolchain 1.69.0
[INFO] running `Command { std: CARGO_HOME="/workspace/cargo-home" RUSTUP_HOME="/workspace/rustup-home" "/workspace/cargo-home/bin/cargo" "+1.69.0" "metadata" "--manifest-path" "Cargo.toml" "--no-deps", kill_on_drop: false }`
[INFO] started tweaking crates.io crate utmp-rs 0.3.0
[INFO] finished tweaking crates.io crate utmp-rs 0.3.0
[INFO] tweaked toml for crates.io crate utmp-rs 0.3.0 written to /workspace/builds/worker-5-tc1/source/Cargo.toml
[INFO] crate crates.io crate utmp-rs 0.3.0 already has a lockfile, it will not be regenerated
[INFO] running `Command { std: CARGO_HOME="/workspace/cargo-home" RUSTUP_HOME="/workspace/rustup-home" "/workspace/cargo-home/bin/cargo" "+1.69.0" "fetch" "--manifest-path" "Cargo.toml", kill_on_drop: false }`
[INFO] [stderr]  Downloading crates ...
[INFO] [stderr]   Downloaded utmp-raw v0.3.0
[INFO] [stderr]   Downloaded anyhow v1.0.47
[INFO] running `Command { std: "docker" "create" "-v" "/var/lib/crater-agent-workspace/builds/worker-5-tc1/target:/opt/rustwide/target:rw,Z" "-v" "/var/lib/crater-agent-workspace/builds/worker-5-tc1/source:/opt/rustwide/workdir:ro,Z" "-v" "/var/lib/crater-agent-workspace/cargo-home:/opt/rustwide/cargo-home:ro,Z" "-v" "/var/lib/crater-agent-workspace/rustup-home:/opt/rustwide/rustup-home:ro,Z" "-e" "SOURCE_DIR=/opt/rustwide/workdir" "-e" "CARGO_TARGET_DIR=/opt/rustwide/target" "-e" "CARGO_HOME=/opt/rustwide/cargo-home" "-e" "RUSTUP_HOME=/opt/rustwide/rustup-home" "-w" "/opt/rustwide/workdir" "-m" "1610612736" "--user" "0:0" "--network" "none" "ghcr.io/rust-lang/crates-build-env/linux@sha256:5ff2268d62e97bff2cde7d5815dd6ed5b47097566f13b8d0ca110b04b60e07ed" "/opt/rustwide/cargo-home/bin/cargo" "+1.69.0" "metadata" "--no-deps" "--format-version=1", kill_on_drop: false }`
[INFO] [stdout] 2ec98b2dfe7a625b03eedefe1fc2e19927c7279da5858b9ac7083bf010b9867e
[INFO] running `Command { std: "docker" "start" "-a" "2ec98b2dfe7a625b03eedefe1fc2e19927c7279da5858b9ac7083bf010b9867e", kill_on_drop: false }`
[INFO] running `Command { std: "docker" "inspect" "2ec98b2dfe7a625b03eedefe1fc2e19927c7279da5858b9ac7083bf010b9867e", kill_on_drop: false }`
[INFO] running `Command { std: "docker" "rm" "-f" "2ec98b2dfe7a625b03eedefe1fc2e19927c7279da5858b9ac7083bf010b9867e", kill_on_drop: false }`
[INFO] [stdout] 2ec98b2dfe7a625b03eedefe1fc2e19927c7279da5858b9ac7083bf010b9867e
[INFO] running `Command { std: "docker" "create" "-v" "/var/lib/crater-agent-workspace/builds/worker-5-tc1/target:/opt/rustwide/target:rw,Z" "-v" "/var/lib/crater-agent-workspace/builds/worker-5-tc1/source:/opt/rustwide/workdir:ro,Z" "-v" "/var/lib/crater-agent-workspace/cargo-home:/opt/rustwide/cargo-home:ro,Z" "-v" "/var/lib/crater-agent-workspace/rustup-home:/opt/rustwide/rustup-home:ro,Z" "-e" "SOURCE_DIR=/opt/rustwide/workdir" "-e" "CARGO_TARGET_DIR=/opt/rustwide/target" "-e" "CARGO_INCREMENTAL=0" "-e" "RUST_BACKTRACE=full" "-e" "RUSTFLAGS=--cap-lints=warn" "-e" "RUSTDOCFLAGS=--cap-lints=warn" "-e" "CARGO_HOME=/opt/rustwide/cargo-home" "-e" "RUSTUP_HOME=/opt/rustwide/rustup-home" "-w" "/opt/rustwide/workdir" "-m" "1610612736" "--user" "0:0" "--network" "none" "ghcr.io/rust-lang/crates-build-env/linux@sha256:5ff2268d62e97bff2cde7d5815dd6ed5b47097566f13b8d0ca110b04b60e07ed" "/opt/rustwide/cargo-home/bin/cargo" "+1.69.0" "build" "--frozen" "--message-format=json", kill_on_drop: false }`
[INFO] [stdout] 437b492dfdec87c5722d47f31c26a44fe9b6a9e87a9d861a8cbaeb684958b72f
[INFO] running `Command { std: "docker" "start" "-a" "437b492dfdec87c5722d47f31c26a44fe9b6a9e87a9d861a8cbaeb684958b72f", kill_on_drop: false }`
[INFO] [stderr]    Compiling proc-macro2 v1.0.32
[INFO] [stderr]    Compiling unicode-xid v0.2.2
[INFO] [stderr]    Compiling syn v1.0.81
[INFO] [stderr]    Compiling libc v0.2.108
[INFO] [stderr]    Compiling byteorder v1.4.3
[INFO] [stderr]    Compiling quote v1.0.10
[INFO] [stderr]    Compiling time v0.3.5
[INFO] [stderr]    Compiling synstructure v0.12.6
[INFO] [stderr]    Compiling zerocopy-derive v0.3.1
[INFO] [stderr]    Compiling thiserror-impl v1.0.30
[INFO] [stderr]    Compiling zerocopy v0.6.1
[INFO] [stderr]    Compiling utmp-raw v0.3.0
[INFO] [stderr]    Compiling thiserror v1.0.30
[INFO] [stderr]    Compiling utmp-rs v0.3.0 (/opt/rustwide/workdir)
[INFO] [stderr]     Finished dev [unoptimized + debuginfo] target(s) in 7.73s
[INFO] running `Command { std: "docker" "inspect" "437b492dfdec87c5722d47f31c26a44fe9b6a9e87a9d861a8cbaeb684958b72f", kill_on_drop: false }`
[INFO] running `Command { std: "docker" "rm" "-f" "437b492dfdec87c5722d47f31c26a44fe9b6a9e87a9d861a8cbaeb684958b72f", kill_on_drop: false }`
[INFO] [stdout] 437b492dfdec87c5722d47f31c26a44fe9b6a9e87a9d861a8cbaeb684958b72f
[INFO] running `Command { std: "docker" "create" "-v" "/var/lib/crater-agent-workspace/builds/worker-5-tc1/target:/opt/rustwide/target:rw,Z" "-v" "/var/lib/crater-agent-workspace/builds/worker-5-tc1/source:/opt/rustwide/workdir:ro,Z" "-v" "/var/lib/crater-agent-workspace/cargo-home:/opt/rustwide/cargo-home:ro,Z" "-v" "/var/lib/crater-agent-workspace/rustup-home:/opt/rustwide/rustup-home:ro,Z" "-e" "SOURCE_DIR=/opt/rustwide/workdir" "-e" "CARGO_TARGET_DIR=/opt/rustwide/target" "-e" "CARGO_INCREMENTAL=0" "-e" "RUST_BACKTRACE=full" "-e" "RUSTFLAGS=--cap-lints=warn" "-e" "RUSTDOCFLAGS=--cap-lints=warn" "-e" "CARGO_HOME=/opt/rustwide/cargo-home" "-e" "RUSTUP_HOME=/opt/rustwide/rustup-home" "-w" "/opt/rustwide/workdir" "-m" "1610612736" "--user" "0:0" "--network" "none" "ghcr.io/rust-lang/crates-build-env/linux@sha256:5ff2268d62e97bff2cde7d5815dd6ed5b47097566f13b8d0ca110b04b60e07ed" "/opt/rustwide/cargo-home/bin/cargo" "+1.69.0" "test" "--frozen" "--no-run" "--message-format=json", kill_on_drop: false }`
[INFO] [stdout] 871dfc4487ec6d54472a39f493594257221448a94e806d4a4ccfe13ba5301b40
[INFO] running `Command { std: "docker" "start" "-a" "871dfc4487ec6d54472a39f493594257221448a94e806d4a4ccfe13ba5301b40", kill_on_drop: false }`
[INFO] [stderr]    Compiling anyhow v1.0.47
[INFO] [stderr]    Compiling once_cell v1.8.0
[INFO] [stderr]    Compiling utmp-rs v0.3.0 (/opt/rustwide/workdir)
[INFO] [stderr]     Finished test [unoptimized + debuginfo] target(s) in 1.10s
[INFO] running `Command { std: "docker" "inspect" "871dfc4487ec6d54472a39f493594257221448a94e806d4a4ccfe13ba5301b40", kill_on_drop: false }`
[INFO] running `Command { std: "docker" "rm" "-f" "871dfc4487ec6d54472a39f493594257221448a94e806d4a4ccfe13ba5301b40", kill_on_drop: false }`
[INFO] [stdout] 871dfc4487ec6d54472a39f493594257221448a94e806d4a4ccfe13ba5301b40
[INFO] running `Command { std: "docker" "create" "-v" "/var/lib/crater-agent-workspace/builds/worker-5-tc1/target:/opt/rustwide/target:rw,Z" "-v" "/var/lib/crater-agent-workspace/builds/worker-5-tc1/source:/opt/rustwide/workdir:ro,Z" "-v" "/var/lib/crater-agent-workspace/cargo-home:/opt/rustwide/cargo-home:ro,Z" "-v" "/var/lib/crater-agent-workspace/rustup-home:/opt/rustwide/rustup-home:ro,Z" "-e" "SOURCE_DIR=/opt/rustwide/workdir" "-e" "CARGO_TARGET_DIR=/opt/rustwide/target" "-e" "CARGO_INCREMENTAL=0" "-e" "RUST_BACKTRACE=full" "-e" "RUSTFLAGS=--cap-lints=warn" "-e" "RUSTDOCFLAGS=--cap-lints=warn" "-e" "CARGO_HOME=/opt/rustwide/cargo-home" "-e" "RUSTUP_HOME=/opt/rustwide/rustup-home" "-w" "/opt/rustwide/workdir" "-m" "1610612736" "--user" "0:0" "--network" "none" "ghcr.io/rust-lang/crates-build-env/linux@sha256:5ff2268d62e97bff2cde7d5815dd6ed5b47097566f13b8d0ca110b04b60e07ed" "/opt/rustwide/cargo-home/bin/cargo" "+1.69.0" "test" "--frozen", kill_on_drop: false }`
[INFO] [stdout] bc5dd47317610244bf42e0096e0aac95f81281a5dee9eebb72bbf94cbed0d9ed
[INFO] running `Command { std: "docker" "start" "-a" "bc5dd47317610244bf42e0096e0aac95f81281a5dee9eebb72bbf94cbed0d9ed", kill_on_drop: false }`
[INFO] [stderr]     Finished test [unoptimized + debuginfo] target(s) in 0.01s
[INFO] [stderr]      Running unittests src/lib.rs (/opt/rustwide/target/debug/deps/utmp_rs-3a1d962e5451d2df)
[INFO] [stdout] 
[INFO] [stdout] running 0 tests
[INFO] [stdout] 
[INFO] [stdout] test result: ok. 0 passed; 0 failed; 0 ignored; 0 measured; 0 filtered out; finished in 0.00s
[INFO] [stdout] 
[INFO] [stderr]      Running tests/basic.rs (/opt/rustwide/target/debug/deps/basic-e037ae25d054c3ac)
[INFO] [stdout] 
[INFO] [stdout] running 4 tests
[INFO] [stdout] test parse_basic32 ... ok
[INFO] [stdout] test parse_empty ... ok
[INFO] [stdout] test parse_basic64 ... ok
[INFO] [stdout] test parse_with_partial_read ... ok
[INFO] [stdout] 
[INFO] [stdout] test result: ok. 4 passed; 0 failed; 0 ignored; 0 measured; 0 filtered out; finished in 0.00s
[INFO] [stdout] 
[INFO] [stderr]    Doc-tests utmp-rs
[INFO] [stdout] 
[INFO] [stdout] running 3 tests
[INFO] [stdout] test src/parse.rs - parse::UtmpParser (line 37) ... FAILED
[INFO] [stdout] test src/lib.rs - (line 7) ... FAILED
[INFO] [stdout] test src/lib.rs - (line 18) ... FAILED
[INFO] [stdout] 
[INFO] [stdout] failures:
[INFO] [stdout] 
[INFO] [stdout] ---- src/parse.rs - parse::UtmpParser (line 37) stdout ----
[INFO] [stdout] Test executable failed (exit status: 1).
[INFO] [stdout] 
[INFO] [stdout] stderr:
[INFO] [stdout] Error: Os { code: 2, kind: NotFound, message: "No such file or directory" }
[INFO] [stdout] 
[INFO] [stdout] 
[INFO] [stdout] ---- src/lib.rs - (line 7) stdout ----
[INFO] [stdout] Test executable failed (exit status: 1).
[INFO] [stdout] 
[INFO] [stdout] stderr:
[INFO] [stdout] Error: No such file or directory (os error 2)
[INFO] [stdout] 
[INFO] [stdout] 
[INFO] [stdout] ---- src/lib.rs - (line 18) stdout ----
[INFO] [stdout] Test executable failed (exit status: 1).
[INFO] [stdout] 
[INFO] [stdout] stderr:
[INFO] [stdout] Error: No such file or directory (os error 2)
[INFO] [stdout] 
[INFO] [stdout] 
[INFO] [stdout] 
[INFO] [stdout] failures:
[INFO] [stdout]     src/lib.rs - (line 18)
[INFO] [stdout]     src/lib.rs - (line 7)
[INFO] [stdout]     src/parse.rs - parse::UtmpParser (line 37)
[INFO] [stdout] 
[INFO] [stdout] test result: FAILED. 0 passed; 3 failed; 0 ignored; 0 measured; 0 filtered out; finished in 0.28s
[INFO] [stdout] 
[INFO] [stderr] error: doctest failed, to rerun pass `--doc`
[INFO] running `Command { std: "docker" "inspect" "bc5dd47317610244bf42e0096e0aac95f81281a5dee9eebb72bbf94cbed0d9ed", kill_on_drop: false }`
[INFO] running `Command { std: "docker" "rm" "-f" "bc5dd47317610244bf42e0096e0aac95f81281a5dee9eebb72bbf94cbed0d9ed", kill_on_drop: false }`
[INFO] [stdout] bc5dd47317610244bf42e0096e0aac95f81281a5dee9eebb72bbf94cbed0d9ed
