[INFO] fetching crate user-panic 0.1.0...
[INFO] testing user-panic-0.1.0 against beta-2023-04-20 for beta-1.70-1
[INFO] extracting crate user-panic 0.1.0 into /workspace/builds/worker-2-tc2/source
[INFO] validating manifest of crates.io crate user-panic 0.1.0 on toolchain beta-2023-04-20
[INFO] running `Command { std: CARGO_HOME="/workspace/cargo-home" RUSTUP_HOME="/workspace/rustup-home" "/workspace/cargo-home/bin/cargo" "+beta-2023-04-20" "metadata" "--manifest-path" "Cargo.toml" "--no-deps", kill_on_drop: false }`
[INFO] started tweaking crates.io crate user-panic 0.1.0
[INFO] finished tweaking crates.io crate user-panic 0.1.0
[INFO] tweaked toml for crates.io crate user-panic 0.1.0 written to /workspace/builds/worker-2-tc2/source/Cargo.toml
[INFO] running `Command { std: CARGO_HOME="/workspace/cargo-home" RUSTUP_HOME="/workspace/rustup-home" __CARGO_TEST_CHANNEL_OVERRIDE_DO_NOT_USE_THIS="nightly" "/workspace/cargo-home/bin/cargo" "+beta-2023-04-20" "generate-lockfile" "--manifest-path" "Cargo.toml" "-Zno-index-update", kill_on_drop: false }`
[INFO] running `Command { std: CARGO_HOME="/workspace/cargo-home" RUSTUP_HOME="/workspace/rustup-home" "/workspace/cargo-home/bin/cargo" "+beta-2023-04-20" "fetch" "--manifest-path" "Cargo.toml", kill_on_drop: false }`
[INFO] running `Command { std: "docker" "create" "-v" "/var/lib/crater-agent-workspace/builds/worker-2-tc2/target:/opt/rustwide/target:rw,Z" "-v" "/var/lib/crater-agent-workspace/builds/worker-2-tc2/source:/opt/rustwide/workdir:ro,Z" "-v" "/var/lib/crater-agent-workspace/cargo-home:/opt/rustwide/cargo-home:ro,Z" "-v" "/var/lib/crater-agent-workspace/rustup-home:/opt/rustwide/rustup-home:ro,Z" "-e" "SOURCE_DIR=/opt/rustwide/workdir" "-e" "CARGO_TARGET_DIR=/opt/rustwide/target" "-e" "CARGO_HOME=/opt/rustwide/cargo-home" "-e" "RUSTUP_HOME=/opt/rustwide/rustup-home" "-w" "/opt/rustwide/workdir" "-m" "1610612736" "--user" "0:0" "--network" "none" "ghcr.io/rust-lang/crates-build-env/linux@sha256:5ff2268d62e97bff2cde7d5815dd6ed5b47097566f13b8d0ca110b04b60e07ed" "/opt/rustwide/cargo-home/bin/cargo" "+beta-2023-04-20" "metadata" "--no-deps" "--format-version=1", kill_on_drop: false }`
[INFO] [stdout] 65f4d516900ff2c888b4c015c5b61f01e0d7d5c07191b82256534ef74c7cf47a
[INFO] running `Command { std: "docker" "start" "-a" "65f4d516900ff2c888b4c015c5b61f01e0d7d5c07191b82256534ef74c7cf47a", kill_on_drop: false }`
[INFO] running `Command { std: "docker" "inspect" "65f4d516900ff2c888b4c015c5b61f01e0d7d5c07191b82256534ef74c7cf47a", kill_on_drop: false }`
[INFO] running `Command { std: "docker" "rm" "-f" "65f4d516900ff2c888b4c015c5b61f01e0d7d5c07191b82256534ef74c7cf47a", kill_on_drop: false }`
[INFO] [stdout] 65f4d516900ff2c888b4c015c5b61f01e0d7d5c07191b82256534ef74c7cf47a
[INFO] running `Command { std: "docker" "create" "-v" "/var/lib/crater-agent-workspace/builds/worker-2-tc2/target:/opt/rustwide/target:rw,Z" "-v" "/var/lib/crater-agent-workspace/builds/worker-2-tc2/source:/opt/rustwide/workdir:ro,Z" "-v" "/var/lib/crater-agent-workspace/cargo-home:/opt/rustwide/cargo-home:ro,Z" "-v" "/var/lib/crater-agent-workspace/rustup-home:/opt/rustwide/rustup-home:ro,Z" "-e" "SOURCE_DIR=/opt/rustwide/workdir" "-e" "CARGO_TARGET_DIR=/opt/rustwide/target" "-e" "CARGO_INCREMENTAL=0" "-e" "RUST_BACKTRACE=full" "-e" "RUSTFLAGS=--cap-lints=warn" "-e" "RUSTDOCFLAGS=--cap-lints=warn" "-e" "CARGO_HOME=/opt/rustwide/cargo-home" "-e" "RUSTUP_HOME=/opt/rustwide/rustup-home" "-w" "/opt/rustwide/workdir" "-m" "1610612736" "--user" "0:0" "--network" "none" "ghcr.io/rust-lang/crates-build-env/linux@sha256:5ff2268d62e97bff2cde7d5815dd6ed5b47097566f13b8d0ca110b04b60e07ed" "/opt/rustwide/cargo-home/bin/cargo" "+beta-2023-04-20" "build" "--frozen" "--message-format=json", kill_on_drop: false }`
[INFO] [stdout] a9f37593db3c9f5db6066fa3174cab3153d9d7baf956c808ab974e210ef862d4
[INFO] running `Command { std: "docker" "start" "-a" "a9f37593db3c9f5db6066fa3174cab3153d9d7baf956c808ab974e210ef862d4", kill_on_drop: false }`
[INFO] [stderr]    Compiling log v0.4.17
[INFO] [stderr]    Compiling cfg-if v1.0.0
[INFO] [stderr]    Compiling linked-hash-map v0.5.6
[INFO] [stderr]    Compiling yaml-rust v0.4.5
[INFO] [stderr]    Compiling user-panic v0.1.0 (/opt/rustwide/workdir)
[INFO] [stderr]     Finished dev [unoptimized + debuginfo] target(s) in 1.64s
[INFO] running `Command { std: "docker" "inspect" "a9f37593db3c9f5db6066fa3174cab3153d9d7baf956c808ab974e210ef862d4", kill_on_drop: false }`
[INFO] running `Command { std: "docker" "rm" "-f" "a9f37593db3c9f5db6066fa3174cab3153d9d7baf956c808ab974e210ef862d4", kill_on_drop: false }`
[INFO] [stdout] a9f37593db3c9f5db6066fa3174cab3153d9d7baf956c808ab974e210ef862d4
[INFO] running `Command { std: "docker" "create" "-v" "/var/lib/crater-agent-workspace/builds/worker-2-tc2/target:/opt/rustwide/target:rw,Z" "-v" "/var/lib/crater-agent-workspace/builds/worker-2-tc2/source:/opt/rustwide/workdir:ro,Z" "-v" "/var/lib/crater-agent-workspace/cargo-home:/opt/rustwide/cargo-home:ro,Z" "-v" "/var/lib/crater-agent-workspace/rustup-home:/opt/rustwide/rustup-home:ro,Z" "-e" "SOURCE_DIR=/opt/rustwide/workdir" "-e" "CARGO_TARGET_DIR=/opt/rustwide/target" "-e" "CARGO_INCREMENTAL=0" "-e" "RUST_BACKTRACE=full" "-e" "RUSTFLAGS=--cap-lints=warn" "-e" "RUSTDOCFLAGS=--cap-lints=warn" "-e" "CARGO_HOME=/opt/rustwide/cargo-home" "-e" "RUSTUP_HOME=/opt/rustwide/rustup-home" "-w" "/opt/rustwide/workdir" "-m" "1610612736" "--user" "0:0" "--network" "none" "ghcr.io/rust-lang/crates-build-env/linux@sha256:5ff2268d62e97bff2cde7d5815dd6ed5b47097566f13b8d0ca110b04b60e07ed" "/opt/rustwide/cargo-home/bin/cargo" "+beta-2023-04-20" "test" "--frozen" "--no-run" "--message-format=json", kill_on_drop: false }`
[INFO] [stdout] 769c20a2a8a096b3c20946a994c79e3035357160ed822e772dce1ba6f4558f74
[INFO] running `Command { std: "docker" "start" "-a" "769c20a2a8a096b3c20946a994c79e3035357160ed822e772dce1ba6f4558f74", kill_on_drop: false }`
[INFO] [stderr]    Compiling user-panic v0.1.0 (/opt/rustwide/workdir)
[INFO] [stderr]     Finished test [unoptimized + debuginfo] target(s) in 0.65s
[INFO] running `Command { std: "docker" "inspect" "769c20a2a8a096b3c20946a994c79e3035357160ed822e772dce1ba6f4558f74", kill_on_drop: false }`
[INFO] running `Command { std: "docker" "rm" "-f" "769c20a2a8a096b3c20946a994c79e3035357160ed822e772dce1ba6f4558f74", kill_on_drop: false }`
[INFO] [stdout] 769c20a2a8a096b3c20946a994c79e3035357160ed822e772dce1ba6f4558f74
[INFO] running `Command { std: "docker" "create" "-v" "/var/lib/crater-agent-workspace/builds/worker-2-tc2/target:/opt/rustwide/target:rw,Z" "-v" "/var/lib/crater-agent-workspace/builds/worker-2-tc2/source:/opt/rustwide/workdir:ro,Z" "-v" "/var/lib/crater-agent-workspace/cargo-home:/opt/rustwide/cargo-home:ro,Z" "-v" "/var/lib/crater-agent-workspace/rustup-home:/opt/rustwide/rustup-home:ro,Z" "-e" "SOURCE_DIR=/opt/rustwide/workdir" "-e" "CARGO_TARGET_DIR=/opt/rustwide/target" "-e" "CARGO_INCREMENTAL=0" "-e" "RUST_BACKTRACE=full" "-e" "RUSTFLAGS=--cap-lints=warn" "-e" "RUSTDOCFLAGS=--cap-lints=warn" "-e" "CARGO_HOME=/opt/rustwide/cargo-home" "-e" "RUSTUP_HOME=/opt/rustwide/rustup-home" "-w" "/opt/rustwide/workdir" "-m" "1610612736" "--user" "0:0" "--network" "none" "ghcr.io/rust-lang/crates-build-env/linux@sha256:5ff2268d62e97bff2cde7d5815dd6ed5b47097566f13b8d0ca110b04b60e07ed" "/opt/rustwide/cargo-home/bin/cargo" "+beta-2023-04-20" "test" "--frozen", kill_on_drop: false }`
[INFO] [stdout] 24340c176ca1bc1d57ca7d8454854ec51f8f101c847678ef746c928588638198
[INFO] running `Command { std: "docker" "start" "-a" "24340c176ca1bc1d57ca7d8454854ec51f8f101c847678ef746c928588638198", kill_on_drop: false }`
[INFO] [stderr]     Finished test [unoptimized + debuginfo] target(s) in 0.01s
[INFO] [stderr]      Running unittests src/lib.rs (/opt/rustwide/target/debug/deps/user_panic-25c0387ce0602104)
[INFO] [stdout] 
[INFO] [stdout] running 4 tests
[INFO] [stdout] test tests::output_string_fixable ... ok
[INFO] [stdout] test tests::output_string_unfixable ... ok
[INFO] [stdout] test tests::it_works - should panic ... ok
[INFO] [stderr]    Doc-tests user-panic
[INFO] [stdout] test tests::print_s ... ok
[INFO] [stdout] 
[INFO] [stdout] test result: ok. 4 passed; 0 failed; 0 ignored; 0 measured; 0 filtered out; finished in 0.03s
[INFO] [stdout] 
[INFO] [stdout] 
[INFO] [stdout] running 2 tests
[INFO] [stdout] test src/lib.rs - (line 51) ... FAILED
[INFO] [stdout] test src/lib.rs - (line 60) ... FAILED
[INFO] [stdout] 
[INFO] [stdout] failures:
[INFO] [stdout] 
[INFO] [stdout] ---- src/lib.rs - (line 51) stdout ----
[INFO] [stdout] error[E0433]: failed to resolve: use of undeclared crate or module `userpanic`
[INFO] [stdout]  --> src/lib.rs:55:4
[INFO] [stdout]   |
[INFO] [stdout] 5 |    userpanic::panic_setup!("errors.yaml"); // Enter the yaml file path here
[INFO] [stdout]   |    ^^^^^^^^^ use of undeclared crate or module `userpanic`
[INFO] [stdout] 
[INFO] [stdout] error: aborting due to previous error
[INFO] [stdout] 
[INFO] [stdout] For more information about this error, try `rustc --explain E0433`.
[INFO] [stdout] Couldn't compile the test.
[INFO] [stdout] ---- src/lib.rs - (line 60) stdout ----
[INFO] [stdout] error[E0583]: file not found for module `panic_structs`
[INFO] [stdout]  --> src/lib.rs:61:1
[INFO] [stdout]   |
[INFO] [stdout] 2 | mod panic_structs;
[INFO] [stdout]   | ^^^^^^^^^^^^^^^^^^
[INFO] [stdout]   |
[INFO] [stdout]   = help: to create the module `panic_structs`, create file "src/panic_structs.rs" or "src/panic_structs/mod.rs"
[INFO] [stdout] 
[INFO] [stdout] error[E0432]: unresolved import `crate::panic_structs::API`
[INFO] [stdout]  --> src/lib.rs:64:5
[INFO] [stdout]   |
[INFO] [stdout] 5 | use crate::panic_structs::API;
[INFO] [stdout]   |     ^^^^^^^^^^^^^^^^^^^^^^^^^ no `API` in `panic_structs`
[INFO] [stdout] 
[INFO] [stdout] error[E0433]: failed to resolve: use of undeclared crate or module `userpanic`
[INFO] [stdout]  --> src/lib.rs:68:5
[INFO] [stdout]   |
[INFO] [stdout] 9 |     userpanic::set_hooks(Some("If the error still persists\nContact the developer at xyz@wkl.com"));
[INFO] [stdout]   |     ^^^^^^^^^ use of undeclared crate or module `userpanic`
[INFO] [stdout]   |
[INFO] [stdout] help: there is a crate or module with a similar name
[INFO] [stdout]   |
[INFO] [stdout] 9 |     user_panic::set_hooks(Some("If the error still persists\nContact the developer at xyz@wkl.com"));
[INFO] [stdout]   |     ~~~~~~~~~~
[INFO] [stdout] 
[INFO] [stdout] error: aborting due to 3 previous errors
[INFO] [stdout] 
[INFO] [stdout] Some errors have detailed explanations: E0432, E0433, E0583.
[INFO] [stdout] For more information about an error, try `rustc --explain E0432`.
[INFO] [stdout] Couldn't compile the test.
[INFO] [stdout] 
[INFO] [stdout] failures:
[INFO] [stdout]     src/lib.rs - (line 51)
[INFO] [stdout]     src/lib.rs - (line 60)
[INFO] [stdout] 
[INFO] [stdout] test result: FAILED. 0 passed; 2 failed; 0 ignored; 0 measured; 0 filtered out; finished in 0.10s
[INFO] [stdout] 
[INFO] [stderr] error: doctest failed, to rerun pass `--doc`
[INFO] running `Command { std: "docker" "inspect" "24340c176ca1bc1d57ca7d8454854ec51f8f101c847678ef746c928588638198", kill_on_drop: false }`
[INFO] running `Command { std: "docker" "rm" "-f" "24340c176ca1bc1d57ca7d8454854ec51f8f101c847678ef746c928588638198", kill_on_drop: false }`
[INFO] [stdout] 24340c176ca1bc1d57ca7d8454854ec51f8f101c847678ef746c928588638198
