[INFO] fetching crate uni_tmp_jni 0.18.0...
[INFO] testing uni_tmp_jni-0.18.0 against beta-2023-04-20 for beta-1.70-1
[INFO] extracting crate uni_tmp_jni 0.18.0 into /workspace/builds/worker-0-tc2/source
[INFO] validating manifest of crates.io crate uni_tmp_jni 0.18.0 on toolchain beta-2023-04-20
[INFO] running `Command { std: CARGO_HOME="/workspace/cargo-home" RUSTUP_HOME="/workspace/rustup-home" "/workspace/cargo-home/bin/cargo" "+beta-2023-04-20" "metadata" "--manifest-path" "Cargo.toml" "--no-deps", kill_on_drop: false }`
[INFO] started tweaking crates.io crate uni_tmp_jni 0.18.0
[INFO] finished tweaking crates.io crate uni_tmp_jni 0.18.0
[INFO] tweaked toml for crates.io crate uni_tmp_jni 0.18.0 written to /workspace/builds/worker-0-tc2/source/Cargo.toml
[INFO] running `Command { std: CARGO_HOME="/workspace/cargo-home" RUSTUP_HOME="/workspace/rustup-home" __CARGO_TEST_CHANNEL_OVERRIDE_DO_NOT_USE_THIS="nightly" "/workspace/cargo-home/bin/cargo" "+beta-2023-04-20" "generate-lockfile" "--manifest-path" "Cargo.toml" "-Zno-index-update", kill_on_drop: false }`
[INFO] running `Command { std: CARGO_HOME="/workspace/cargo-home" RUSTUP_HOME="/workspace/rustup-home" "/workspace/cargo-home/bin/cargo" "+beta-2023-04-20" "fetch" "--manifest-path" "Cargo.toml", kill_on_drop: false }`
[INFO] running `Command { std: "docker" "create" "-v" "/var/lib/crater-agent-workspace/builds/worker-0-tc2/target:/opt/rustwide/target:rw,Z" "-v" "/var/lib/crater-agent-workspace/builds/worker-0-tc2/source:/opt/rustwide/workdir:ro,Z" "-v" "/var/lib/crater-agent-workspace/cargo-home:/opt/rustwide/cargo-home:ro,Z" "-v" "/var/lib/crater-agent-workspace/rustup-home:/opt/rustwide/rustup-home:ro,Z" "-e" "SOURCE_DIR=/opt/rustwide/workdir" "-e" "CARGO_TARGET_DIR=/opt/rustwide/target" "-e" "CARGO_HOME=/opt/rustwide/cargo-home" "-e" "RUSTUP_HOME=/opt/rustwide/rustup-home" "-w" "/opt/rustwide/workdir" "-m" "1610612736" "--user" "0:0" "--network" "none" "ghcr.io/rust-lang/crates-build-env/linux@sha256:5ff2268d62e97bff2cde7d5815dd6ed5b47097566f13b8d0ca110b04b60e07ed" "/opt/rustwide/cargo-home/bin/cargo" "+beta-2023-04-20" "metadata" "--no-deps" "--format-version=1", kill_on_drop: false }`
[INFO] [stdout] 4aad28d02ffd11052db1b97428b6b9e9652c2e34ffaa19c835e5f0d4da354af4
[INFO] running `Command { std: "docker" "start" "-a" "4aad28d02ffd11052db1b97428b6b9e9652c2e34ffaa19c835e5f0d4da354af4", kill_on_drop: false }`
[INFO] running `Command { std: "docker" "inspect" "4aad28d02ffd11052db1b97428b6b9e9652c2e34ffaa19c835e5f0d4da354af4", kill_on_drop: false }`
[INFO] running `Command { std: "docker" "rm" "-f" "4aad28d02ffd11052db1b97428b6b9e9652c2e34ffaa19c835e5f0d4da354af4", kill_on_drop: false }`
[INFO] [stdout] 4aad28d02ffd11052db1b97428b6b9e9652c2e34ffaa19c835e5f0d4da354af4
[INFO] running `Command { std: "docker" "create" "-v" "/var/lib/crater-agent-workspace/builds/worker-0-tc2/target:/opt/rustwide/target:rw,Z" "-v" "/var/lib/crater-agent-workspace/builds/worker-0-tc2/source:/opt/rustwide/workdir:ro,Z" "-v" "/var/lib/crater-agent-workspace/cargo-home:/opt/rustwide/cargo-home:ro,Z" "-v" "/var/lib/crater-agent-workspace/rustup-home:/opt/rustwide/rustup-home:ro,Z" "-e" "SOURCE_DIR=/opt/rustwide/workdir" "-e" "CARGO_TARGET_DIR=/opt/rustwide/target" "-e" "CARGO_INCREMENTAL=0" "-e" "RUST_BACKTRACE=full" "-e" "RUSTFLAGS=--cap-lints=warn" "-e" "RUSTDOCFLAGS=--cap-lints=warn" "-e" "CARGO_HOME=/opt/rustwide/cargo-home" "-e" "RUSTUP_HOME=/opt/rustwide/rustup-home" "-w" "/opt/rustwide/workdir" "-m" "1610612736" "--user" "0:0" "--network" "none" "ghcr.io/rust-lang/crates-build-env/linux@sha256:5ff2268d62e97bff2cde7d5815dd6ed5b47097566f13b8d0ca110b04b60e07ed" "/opt/rustwide/cargo-home/bin/cargo" "+beta-2023-04-20" "build" "--frozen" "--message-format=json", kill_on_drop: false }`
[INFO] [stdout] bf94e5d1006e353b71c12d22dcc4bfebaddfdae35cb176cfe87fdf9b87b7c281
[INFO] running `Command { std: "docker" "start" "-a" "bf94e5d1006e353b71c12d22dcc4bfebaddfdae35cb176cfe87fdf9b87b7c281", kill_on_drop: false }`
[INFO] [stderr]    Compiling same-file v1.0.6
[INFO] [stderr]    Compiling memchr v2.5.0
[INFO] [stderr]    Compiling log v0.4.17
[INFO] [stderr]    Compiling thiserror v1.0.40
[INFO] [stderr]    Compiling bytes v1.4.0
[INFO] [stderr]    Compiling cfg-if v1.0.0
[INFO] [stderr]    Compiling jni-sys v0.3.0
[INFO] [stderr]    Compiling cesu8 v1.1.0
[INFO] [stderr]    Compiling thiserror-impl v1.0.40
[INFO] [stderr]    Compiling walkdir v2.3.3
[INFO] [stderr]    Compiling uni_tmp_jni v0.18.0 (/opt/rustwide/workdir)
[INFO] [stderr]    Compiling combine v4.6.6
[INFO] [stdout] warning: panic message is not a string literal
[INFO] [stdout]    --> src/wrapper/jnienv.rs:296:16
[INFO] [stdout]     |
[INFO] [stdout] 296 |         panic!(res.unwrap_err());
[INFO] [stdout]     |                ^^^^^^^^^^^^^^^^
[INFO] [stdout]     |
[INFO] [stdout]     = note: this usage of `panic!()` is deprecated; it will be a hard error in Rust 2021
[INFO] [stdout]     = note: for more information, see <https://doc.rust-lang.org/nightly/edition-guide/rust-2021/panic-macro-consistency.html>
[INFO] [stdout]     = note: `#[warn(non_fmt_panics)]` on by default
[INFO] [stdout] help: add a "{}" format string to `Display` the message
[INFO] [stdout]     |
[INFO] [stdout] 296 |         panic!("{}", res.unwrap_err());
[INFO] [stdout]     |                +++++
[INFO] [stdout] help: or use std::panic::panic_any instead
[INFO] [stdout]     |
[INFO] [stdout] 296 |         std::panic::panic_any(res.unwrap_err());
[INFO] [stdout]     |         ~~~~~~~~~~~~~~~~~~~~~
[INFO] [stdout] 
[INFO] [stdout] 
[INFO] [stdout] warning: 1 warning emitted
[INFO] [stdout] 
[INFO] [stdout] 
[INFO] [stderr]     Finished dev [unoptimized + debuginfo] target(s) in 6.85s
[INFO] running `Command { std: "docker" "inspect" "bf94e5d1006e353b71c12d22dcc4bfebaddfdae35cb176cfe87fdf9b87b7c281", kill_on_drop: false }`
[INFO] running `Command { std: "docker" "rm" "-f" "bf94e5d1006e353b71c12d22dcc4bfebaddfdae35cb176cfe87fdf9b87b7c281", kill_on_drop: false }`
[INFO] [stdout] bf94e5d1006e353b71c12d22dcc4bfebaddfdae35cb176cfe87fdf9b87b7c281
[INFO] running `Command { std: "docker" "create" "-v" "/var/lib/crater-agent-workspace/builds/worker-0-tc2/target:/opt/rustwide/target:rw,Z" "-v" "/var/lib/crater-agent-workspace/builds/worker-0-tc2/source:/opt/rustwide/workdir:ro,Z" "-v" "/var/lib/crater-agent-workspace/cargo-home:/opt/rustwide/cargo-home:ro,Z" "-v" "/var/lib/crater-agent-workspace/rustup-home:/opt/rustwide/rustup-home:ro,Z" "-e" "SOURCE_DIR=/opt/rustwide/workdir" "-e" "CARGO_TARGET_DIR=/opt/rustwide/target" "-e" "CARGO_INCREMENTAL=0" "-e" "RUST_BACKTRACE=full" "-e" "RUSTFLAGS=--cap-lints=warn" "-e" "RUSTDOCFLAGS=--cap-lints=warn" "-e" "CARGO_HOME=/opt/rustwide/cargo-home" "-e" "RUSTUP_HOME=/opt/rustwide/rustup-home" "-w" "/opt/rustwide/workdir" "-m" "1610612736" "--user" "0:0" "--network" "none" "ghcr.io/rust-lang/crates-build-env/linux@sha256:5ff2268d62e97bff2cde7d5815dd6ed5b47097566f13b8d0ca110b04b60e07ed" "/opt/rustwide/cargo-home/bin/cargo" "+beta-2023-04-20" "test" "--frozen" "--no-run" "--message-format=json", kill_on_drop: false }`
[INFO] [stdout] 0bb0fc5bc2d29418040484f7f4f93dfe3171bc63995834b9da92cc84db9faf6f
[INFO] running `Command { std: "docker" "start" "-a" "0bb0fc5bc2d29418040484f7f4f93dfe3171bc63995834b9da92cc84db9faf6f", kill_on_drop: false }`
[INFO] [stderr]    Compiling uni_tmp_jni v0.18.0 (/opt/rustwide/workdir)
[INFO] [stdout] warning: panic message is not a string literal
[INFO] [stdout]    --> src/wrapper/jnienv.rs:296:16
[INFO] [stdout]     |
[INFO] [stdout] 296 |         panic!(res.unwrap_err());
[INFO] [stdout]     |                ^^^^^^^^^^^^^^^^
[INFO] [stdout]     |
[INFO] [stdout]     = note: this usage of `panic!()` is deprecated; it will be a hard error in Rust 2021
[INFO] [stdout]     = note: for more information, see <https://doc.rust-lang.org/nightly/edition-guide/rust-2021/panic-macro-consistency.html>
[INFO] [stdout]     = note: `#[warn(non_fmt_panics)]` on by default
[INFO] [stdout] help: add a "{}" format string to `Display` the message
[INFO] [stdout]     |
[INFO] [stdout] 296 |         panic!("{}", res.unwrap_err());
[INFO] [stdout]     |                +++++
[INFO] [stdout] help: or use std::panic::panic_any instead
[INFO] [stdout]     |
[INFO] [stdout] 296 |         std::panic::panic_any(res.unwrap_err());
[INFO] [stdout]     |         ~~~~~~~~~~~~~~~~~~~~~
[INFO] [stdout] 
[INFO] [stdout] 
[INFO] [stdout] warning: 1 warning emitted
[INFO] [stdout] 
[INFO] [stdout] 
[INFO] [stdout] warning: panic message is not a string literal
[INFO] [stdout]    --> src/wrapper/jnienv.rs:296:16
[INFO] [stdout]     |
[INFO] [stdout] 296 |         panic!(res.unwrap_err());
[INFO] [stdout]     |                ^^^^^^^^^^^^^^^^
[INFO] [stdout]     |
[INFO] [stdout]     = note: this usage of `panic!()` is deprecated; it will be a hard error in Rust 2021
[INFO] [stdout]     = note: for more information, see <https://doc.rust-lang.org/nightly/edition-guide/rust-2021/panic-macro-consistency.html>
[INFO] [stdout]     = note: `#[warn(non_fmt_panics)]` on by default
[INFO] [stdout] help: add a "{}" format string to `Display` the message
[INFO] [stdout]     |
[INFO] [stdout] 296 |         panic!("{}", res.unwrap_err());
[INFO] [stdout]     |                +++++
[INFO] [stdout] help: or use std::panic::panic_any instead
[INFO] [stdout]     |
[INFO] [stdout] 296 |         std::panic::panic_any(res.unwrap_err());
[INFO] [stdout]     |         ~~~~~~~~~~~~~~~~~~~~~
[INFO] [stdout] 
[INFO] [stdout] 
[INFO] [stdout] warning: 1 warning emitted
[INFO] [stdout] 
[INFO] [stdout] 
[INFO] [stderr]     Finished test [unoptimized + debuginfo] target(s) in 2.31s
[INFO] running `Command { std: "docker" "inspect" "0bb0fc5bc2d29418040484f7f4f93dfe3171bc63995834b9da92cc84db9faf6f", kill_on_drop: false }`
[INFO] running `Command { std: "docker" "rm" "-f" "0bb0fc5bc2d29418040484f7f4f93dfe3171bc63995834b9da92cc84db9faf6f", kill_on_drop: false }`
[INFO] [stdout] 0bb0fc5bc2d29418040484f7f4f93dfe3171bc63995834b9da92cc84db9faf6f
[INFO] running `Command { std: "docker" "create" "-v" "/var/lib/crater-agent-workspace/builds/worker-0-tc2/target:/opt/rustwide/target:rw,Z" "-v" "/var/lib/crater-agent-workspace/builds/worker-0-tc2/source:/opt/rustwide/workdir:ro,Z" "-v" "/var/lib/crater-agent-workspace/cargo-home:/opt/rustwide/cargo-home:ro,Z" "-v" "/var/lib/crater-agent-workspace/rustup-home:/opt/rustwide/rustup-home:ro,Z" "-e" "SOURCE_DIR=/opt/rustwide/workdir" "-e" "CARGO_TARGET_DIR=/opt/rustwide/target" "-e" "CARGO_INCREMENTAL=0" "-e" "RUST_BACKTRACE=full" "-e" "RUSTFLAGS=--cap-lints=warn" "-e" "RUSTDOCFLAGS=--cap-lints=warn" "-e" "CARGO_HOME=/opt/rustwide/cargo-home" "-e" "RUSTUP_HOME=/opt/rustwide/rustup-home" "-w" "/opt/rustwide/workdir" "-m" "1610612736" "--user" "0:0" "--network" "none" "ghcr.io/rust-lang/crates-build-env/linux@sha256:5ff2268d62e97bff2cde7d5815dd6ed5b47097566f13b8d0ca110b04b60e07ed" "/opt/rustwide/cargo-home/bin/cargo" "+beta-2023-04-20" "test" "--frozen", kill_on_drop: false }`
[INFO] [stdout] e383727fe7684f59c83e99d5f32fcb22f4143a7236fde69d16cf0931c777dae7
[INFO] running `Command { std: "docker" "start" "-a" "e383727fe7684f59c83e99d5f32fcb22f4143a7236fde69d16cf0931c777dae7", kill_on_drop: false }`
[INFO] [stderr] warning: panic message is not a string literal
[INFO] [stderr]    --> src/wrapper/jnienv.rs:296:16
[INFO] [stderr]     |
[INFO] [stderr] 296 |         panic!(res.unwrap_err());
[INFO] [stderr]     |                ^^^^^^^^^^^^^^^^
[INFO] [stderr]     |
[INFO] [stderr]     = note: this usage of `panic!()` is deprecated; it will be a hard error in Rust 2021
[INFO] [stderr]     = note: for more information, see <https://doc.rust-lang.org/nightly/edition-guide/rust-2021/panic-macro-consistency.html>
[INFO] [stderr]     = note: `#[warn(non_fmt_panics)]` on by default
[INFO] [stderr] help: add a "{}" format string to `Display` the message
[INFO] [stderr]     |
[INFO] [stderr] 296 |         panic!("{}", res.unwrap_err());
[INFO] [stderr]     |                +++++
[INFO] [stderr] help: or use std::panic::panic_any instead
[INFO] [stderr]     |
[INFO] [stderr] 296 |         std::panic::panic_any(res.unwrap_err());
[INFO] [stderr]     |         ~~~~~~~~~~~~~~~~~~~~~
[INFO] [stderr] 
[INFO] [stderr] warning: `uni_tmp_jni` (lib) generated 1 warning (run `cargo fix --lib -p uni_tmp_jni` to apply 1 suggestion)
[INFO] [stderr] warning: `uni_tmp_jni` (lib test) generated 1 warning (1 duplicate)
[INFO] [stderr]     Finished test [unoptimized + debuginfo] target(s) in 0.01s
[INFO] [stderr]      Running unittests src/lib.rs (/opt/rustwide/target/debug/deps/uni_tmp_jni-d6d8b8874444c457)
[INFO] [stdout] 
[INFO] [stdout] running 2 tests
[INFO] [stdout] test wrapper::signature::test::test_parser_invalid_signature ... ok
[INFO] [stdout] test wrapper::signature::test::test_parser ... ok
[INFO] [stdout] 
[INFO] [stdout] test result: ok. 2 passed; 0 failed; 0 ignored; 0 measured; 0 filtered out; finished in 0.00s
[INFO] [stdout] 
[INFO] [stderr]      Running tests/executor.rs (/opt/rustwide/target/debug/deps/executor-9e6c6b46d7091da6)
[INFO] [stdout] 
[INFO] [stdout] running 0 tests
[INFO] [stdout] 
[INFO] [stdout] test result: ok. 0 passed; 0 failed; 0 ignored; 0 measured; 0 filtered out; finished in 0.00s
[INFO] [stdout] 
[INFO] [stderr]      Running tests/executor_nested_attach.rs (/opt/rustwide/target/debug/deps/executor_nested_attach-8a87145b9cf02ce5)
[INFO] [stdout] 
[INFO] [stdout] running 0 tests
[INFO] [stdout] 
[INFO] [stdout] test result: ok. 0 passed; 0 failed; 0 ignored; 0 measured; 0 filtered out; finished in 0.00s
[INFO] [stdout] 
[INFO] [stderr]      Running tests/java_integers.rs (/opt/rustwide/target/debug/deps/java_integers-7823737cdf217b93)
[INFO] [stdout] 
[INFO] [stdout] running 0 tests
[INFO] [stdout] 
[INFO] [stdout] test result: ok. 0 passed; 0 failed; 0 ignored; 0 measured; 0 filtered out; finished in 0.00s
[INFO] [stdout] 
[INFO] [stderr]      Running tests/jmap.rs (/opt/rustwide/target/debug/deps/jmap-3f1945b805146b86)
[INFO] [stdout] 
[INFO] [stdout] running 0 tests
[INFO] [stdout] 
[INFO] [stdout] test result: ok. 0 passed; 0 failed; 0 ignored; 0 measured; 0 filtered out; finished in 0.00s
[INFO] [stdout] 
[INFO] [stderr]      Running tests/jni_api.rs (/opt/rustwide/target/debug/deps/jni_api-9e7d83f5c14a1479)
[INFO] [stdout] 
[INFO] [stdout] running 0 tests
[INFO] [stdout] 
[INFO] [stdout] test result: ok. 0 passed; 0 failed; 0 ignored; 0 measured; 0 filtered out; finished in 0.00s
[INFO] [stdout] 
[INFO] [stderr]      Running tests/jni_global_refs.rs (/opt/rustwide/target/debug/deps/jni_global_refs-af12d96ea4b776fd)
[INFO] [stdout] 
[INFO] [stdout] running 0 tests
[INFO] [stdout] 
[INFO] [stdout] test result: ok. 0 passed; 0 failed; 0 ignored; 0 measured; 0 filtered out; finished in 0.00s
[INFO] [stdout] 
[INFO] [stderr]      Running tests/jni_weak_refs.rs (/opt/rustwide/target/debug/deps/jni_weak_refs-6fbe3dca004b73ff)
[INFO] [stdout] 
[INFO] [stdout] running 0 tests
[INFO] [stdout] 
[INFO] [stdout] test result: ok. 0 passed; 0 failed; 0 ignored; 0 measured; 0 filtered out; finished in 0.00s
[INFO] [stdout] 
[INFO] [stderr]      Running tests/threads_attach_guard.rs (/opt/rustwide/target/debug/deps/threads_attach_guard-7fa3647619e5f73d)
[INFO] [stdout] 
[INFO] [stdout] running 0 tests
[INFO] [stdout] 
[INFO] [stdout] test result: ok. 0 passed; 0 failed; 0 ignored; 0 measured; 0 filtered out; finished in 0.00s
[INFO] [stdout] 
[INFO] [stderr]      Running tests/threads_detach.rs (/opt/rustwide/target/debug/deps/threads_detach-1c03f00e2bcfb54c)
[INFO] [stdout] 
[INFO] [stdout] running 0 tests
[INFO] [stdout] 
[INFO] [stdout] test result: ok. 0 passed; 0 failed; 0 ignored; 0 measured; 0 filtered out; finished in 0.00s
[INFO] [stdout] 
[INFO] [stderr]      Running tests/threads_detach_daemon.rs (/opt/rustwide/target/debug/deps/threads_detach_daemon-e425cb41a441db78)
[INFO] [stdout] 
[INFO] [stdout] running 0 tests
[INFO] [stdout] 
[INFO] [stdout] test result: ok. 0 passed; 0 failed; 0 ignored; 0 measured; 0 filtered out; finished in 0.00s
[INFO] [stdout] 
[INFO] [stderr]      Running tests/threads_explicit_detach.rs (/opt/rustwide/target/debug/deps/threads_explicit_detach-0a86bd8c924b5ffa)
[INFO] [stdout] 
[INFO] [stdout] running 0 tests
[INFO] [stdout] 
[INFO] [stdout] test result: ok. 0 passed; 0 failed; 0 ignored; 0 measured; 0 filtered out; finished in 0.00s
[INFO] [stdout] 
[INFO] [stderr]      Running tests/threads_explicit_detach_daemon.rs (/opt/rustwide/target/debug/deps/threads_explicit_detach_daemon-bd0d90d7fada9c75)
[INFO] [stdout] 
[INFO] [stdout] running 0 tests
[INFO] [stdout] 
[INFO] [stdout] test result: ok. 0 passed; 0 failed; 0 ignored; 0 measured; 0 filtered out; finished in 0.00s
[INFO] [stdout] 
[INFO] [stderr]      Running tests/threads_explicit_detach_permanent.rs (/opt/rustwide/target/debug/deps/threads_explicit_detach_permanent-141f4028d0451362)
[INFO] [stdout] 
[INFO] [stdout] running 0 tests
[INFO] [stdout] 
[INFO] [stdout] test result: ok. 0 passed; 0 failed; 0 ignored; 0 measured; 0 filtered out; finished in 0.00s
[INFO] [stdout] 
[INFO] [stderr]      Running tests/threads_nested_attach_daemon.rs (/opt/rustwide/target/debug/deps/threads_nested_attach_daemon-b094381942d6fb70)
[INFO] [stdout] 
[INFO] [stdout] running 0 tests
[INFO] [stdout] 
[INFO] [stdout] test result: ok. 0 passed; 0 failed; 0 ignored; 0 measured; 0 filtered out; finished in 0.00s
[INFO] [stdout] 
[INFO] [stderr]      Running tests/threads_nested_attach_guard.rs (/opt/rustwide/target/debug/deps/threads_nested_attach_guard-0f5906b8aa7c9891)
[INFO] [stdout] 
[INFO] [stdout] running 0 tests
[INFO] [stdout] 
[INFO] [stdout] test result: ok. 0 passed; 0 failed; 0 ignored; 0 measured; 0 filtered out; finished in 0.00s
[INFO] [stdout] 
[INFO] [stderr]      Running tests/threads_nested_attach_permanently.rs (/opt/rustwide/target/debug/deps/threads_nested_attach_permanently-6cb8f6cfaa2b2f7d)
[INFO] [stdout] 
[INFO] [stdout] running 0 tests
[INFO] [stdout] 
[INFO] [stdout] test result: ok. 0 passed; 0 failed; 0 ignored; 0 measured; 0 filtered out; finished in 0.00s
[INFO] [stdout] 
[INFO] [stderr]    Doc-tests uni_tmp_jni
[INFO] [stdout] 
[INFO] [stdout] running 10 tests
[INFO] [stdout] test src/wrapper/jnienv.rs - wrapper::jnienv::JNIEnv<'a>::find_class (line 143) ... ignored
[INFO] [stdout] test src/wrapper/jnienv.rs - wrapper::jnienv::JNIEnv<'a>::get_field_id (line 589) ... ignored
[INFO] [stdout] test src/wrapper/jnienv.rs - wrapper::jnienv::JNIEnv<'a>::get_method_id (line 535) ... ignored
[INFO] [stdout] test src/wrapper/jnienv.rs - wrapper::jnienv::JNIEnv<'a>::get_static_field_id (line 628) ... ignored
[INFO] [stdout] test src/wrapper/jnienv.rs - wrapper::jnienv::JNIEnv<'a>::get_static_method_id (line 560) ... ignored
[INFO] [stdout] test src/wrapper/jnienv.rs - wrapper::jnienv::JNIEnv<'a>::throw (line 221) ... ignored
[INFO] [stdout] test src/wrapper/jnienv.rs - wrapper::jnienv::JNIEnv<'a>::throw (line 227) ... ignored
[INFO] [stdout] test src/wrapper/jnienv.rs - wrapper::jnienv::JNIEnv<'a>::throw_new (line 247) ... ignored
[INFO] [stdout] test src/wrapper/executor.rs - wrapper::executor::Executor (line 24) ... FAILED
[INFO] [stdout] test src/wrapper/java_vm/vm.rs - wrapper::java_vm::vm::JavaVM (line 71) ... FAILED
[INFO] [stdout] 
[INFO] [stdout] failures:
[INFO] [stdout] 
[INFO] [stdout] ---- src/wrapper/executor.rs - wrapper::executor::Executor (line 24) stdout ----
[INFO] [stdout] error[E0432]: unresolved import `jni`
[INFO] [stdout]  --> src/wrapper/executor.rs:25:5
[INFO] [stdout]   |
[INFO] [stdout] 2 | use jni::errors;
[INFO] [stdout]   |     ^^^ use of undeclared crate or module `jni`
[INFO] [stdout] 
[INFO] [stdout] error: aborting due to previous error
[INFO] [stdout] 
[INFO] [stdout] For more information about this error, try `rustc --explain E0432`.
[INFO] [stdout] Couldn't compile the test.
[INFO] [stdout] ---- src/wrapper/java_vm/vm.rs - wrapper::java_vm::vm::JavaVM (line 71) stdout ----
[INFO] [stdout] error[E0432]: unresolved import `jni`
[INFO] [stdout]  --> src/wrapper/java_vm/vm.rs:72:5
[INFO] [stdout]   |
[INFO] [stdout] 2 | use jni::errors;
[INFO] [stdout]   |     ^^^ use of undeclared crate or module `jni`
[INFO] [stdout] 
[INFO] [stdout] error: aborting due to previous error
[INFO] [stdout] 
[INFO] [stdout] For more information about this error, try `rustc --explain E0432`.
[INFO] [stdout] Couldn't compile the test.
[INFO] [stdout] 
[INFO] [stdout] failures:
[INFO] [stdout]     src/wrapper/executor.rs - wrapper::executor::Executor (line 24)
[INFO] [stdout]     src/wrapper/java_vm/vm.rs - wrapper::java_vm::vm::JavaVM (line 71)
[INFO] [stdout] 
[INFO] [stdout] test result: FAILED. 0 passed; 2 failed; 8 ignored; 0 measured; 0 filtered out; finished in 0.02s
[INFO] [stdout] 
[INFO] [stderr] error: doctest failed, to rerun pass `--doc`
[INFO] running `Command { std: "docker" "inspect" "e383727fe7684f59c83e99d5f32fcb22f4143a7236fde69d16cf0931c777dae7", kill_on_drop: false }`
[INFO] running `Command { std: "docker" "rm" "-f" "e383727fe7684f59c83e99d5f32fcb22f4143a7236fde69d16cf0931c777dae7", kill_on_drop: false }`
[INFO] [stdout] e383727fe7684f59c83e99d5f32fcb22f4143a7236fde69d16cf0931c777dae7
