[INFO] fetching crate uerr 0.1.0...
[INFO] testing uerr-0.1.0 against beta-2023-04-20 for beta-1.70-1
[INFO] extracting crate uerr 0.1.0 into /workspace/builds/worker-7-tc2/source
[INFO] validating manifest of crates.io crate uerr 0.1.0 on toolchain beta-2023-04-20
[INFO] running `Command { std: CARGO_HOME="/workspace/cargo-home" RUSTUP_HOME="/workspace/rustup-home" "/workspace/cargo-home/bin/cargo" "+beta-2023-04-20" "metadata" "--manifest-path" "Cargo.toml" "--no-deps", kill_on_drop: false }`
[INFO] started tweaking crates.io crate uerr 0.1.0
[INFO] finished tweaking crates.io crate uerr 0.1.0
[INFO] tweaked toml for crates.io crate uerr 0.1.0 written to /workspace/builds/worker-7-tc2/source/Cargo.toml
[INFO] running `Command { std: CARGO_HOME="/workspace/cargo-home" RUSTUP_HOME="/workspace/rustup-home" __CARGO_TEST_CHANNEL_OVERRIDE_DO_NOT_USE_THIS="nightly" "/workspace/cargo-home/bin/cargo" "+beta-2023-04-20" "generate-lockfile" "--manifest-path" "Cargo.toml" "-Zno-index-update", kill_on_drop: false }`
[INFO] running `Command { std: CARGO_HOME="/workspace/cargo-home" RUSTUP_HOME="/workspace/rustup-home" "/workspace/cargo-home/bin/cargo" "+beta-2023-04-20" "fetch" "--manifest-path" "Cargo.toml", kill_on_drop: false }`
[INFO] [stderr] warning: only one of `license` or `license-file` is necessary
[INFO] [stderr] `license` should be used if the package license can be expressed with a standard SPDX expression.
[INFO] [stderr] `license-file` should be used if the package uses a non-standard license.
[INFO] [stderr] See https://doc.rust-lang.org/cargo/reference/manifest.html#the-license-and-license-file-fields for more information.
[INFO] running `Command { std: "docker" "create" "-v" "/var/lib/crater-agent-workspace/builds/worker-7-tc2/target:/opt/rustwide/target:rw,Z" "-v" "/var/lib/crater-agent-workspace/builds/worker-7-tc2/source:/opt/rustwide/workdir:ro,Z" "-v" "/var/lib/crater-agent-workspace/cargo-home:/opt/rustwide/cargo-home:ro,Z" "-v" "/var/lib/crater-agent-workspace/rustup-home:/opt/rustwide/rustup-home:ro,Z" "-e" "SOURCE_DIR=/opt/rustwide/workdir" "-e" "CARGO_TARGET_DIR=/opt/rustwide/target" "-e" "CARGO_HOME=/opt/rustwide/cargo-home" "-e" "RUSTUP_HOME=/opt/rustwide/rustup-home" "-w" "/opt/rustwide/workdir" "-m" "1610612736" "--user" "0:0" "--network" "none" "ghcr.io/rust-lang/crates-build-env/linux@sha256:5ff2268d62e97bff2cde7d5815dd6ed5b47097566f13b8d0ca110b04b60e07ed" "/opt/rustwide/cargo-home/bin/cargo" "+beta-2023-04-20" "metadata" "--no-deps" "--format-version=1", kill_on_drop: false }`
[INFO] [stdout] df457603c9dcb4c6b6c08bf5b255e776d91a94b2d4c62278c4a4fd706693bd77
[INFO] running `Command { std: "docker" "start" "-a" "df457603c9dcb4c6b6c08bf5b255e776d91a94b2d4c62278c4a4fd706693bd77", kill_on_drop: false }`
[INFO] running `Command { std: "docker" "inspect" "df457603c9dcb4c6b6c08bf5b255e776d91a94b2d4c62278c4a4fd706693bd77", kill_on_drop: false }`
[INFO] running `Command { std: "docker" "rm" "-f" "df457603c9dcb4c6b6c08bf5b255e776d91a94b2d4c62278c4a4fd706693bd77", kill_on_drop: false }`
[INFO] [stdout] df457603c9dcb4c6b6c08bf5b255e776d91a94b2d4c62278c4a4fd706693bd77
[INFO] running `Command { std: "docker" "create" "-v" "/var/lib/crater-agent-workspace/builds/worker-7-tc2/target:/opt/rustwide/target:rw,Z" "-v" "/var/lib/crater-agent-workspace/builds/worker-7-tc2/source:/opt/rustwide/workdir:ro,Z" "-v" "/var/lib/crater-agent-workspace/cargo-home:/opt/rustwide/cargo-home:ro,Z" "-v" "/var/lib/crater-agent-workspace/rustup-home:/opt/rustwide/rustup-home:ro,Z" "-e" "SOURCE_DIR=/opt/rustwide/workdir" "-e" "CARGO_TARGET_DIR=/opt/rustwide/target" "-e" "CARGO_INCREMENTAL=0" "-e" "RUST_BACKTRACE=full" "-e" "RUSTFLAGS=--cap-lints=warn" "-e" "RUSTDOCFLAGS=--cap-lints=warn" "-e" "CARGO_HOME=/opt/rustwide/cargo-home" "-e" "RUSTUP_HOME=/opt/rustwide/rustup-home" "-w" "/opt/rustwide/workdir" "-m" "1610612736" "--user" "0:0" "--network" "none" "ghcr.io/rust-lang/crates-build-env/linux@sha256:5ff2268d62e97bff2cde7d5815dd6ed5b47097566f13b8d0ca110b04b60e07ed" "/opt/rustwide/cargo-home/bin/cargo" "+beta-2023-04-20" "build" "--frozen" "--message-format=json", kill_on_drop: false }`
[INFO] [stdout] f00b9e9b024e3f8c08cc26a388aa20c5d5ad8df4f64ce83e7701b4f40ae8ad0b
[INFO] running `Command { std: "docker" "start" "-a" "f00b9e9b024e3f8c08cc26a388aa20c5d5ad8df4f64ce83e7701b4f40ae8ad0b", kill_on_drop: false }`
[INFO] [stderr] warning: only one of `license` or `license-file` is necessary
[INFO] [stderr] `license` should be used if the package license can be expressed with a standard SPDX expression.
[INFO] [stderr] `license-file` should be used if the package uses a non-standard license.
[INFO] [stderr] See https://doc.rust-lang.org/cargo/reference/manifest.html#the-license-and-license-file-fields for more information.
[INFO] [stderr]    Compiling uerr v0.1.0 (/opt/rustwide/workdir)
[INFO] [stderr]     Finished dev [unoptimized + debuginfo] target(s) in 0.15s
[INFO] running `Command { std: "docker" "inspect" "f00b9e9b024e3f8c08cc26a388aa20c5d5ad8df4f64ce83e7701b4f40ae8ad0b", kill_on_drop: false }`
[INFO] running `Command { std: "docker" "rm" "-f" "f00b9e9b024e3f8c08cc26a388aa20c5d5ad8df4f64ce83e7701b4f40ae8ad0b", kill_on_drop: false }`
[INFO] [stdout] f00b9e9b024e3f8c08cc26a388aa20c5d5ad8df4f64ce83e7701b4f40ae8ad0b
[INFO] running `Command { std: "docker" "create" "-v" "/var/lib/crater-agent-workspace/builds/worker-7-tc2/target:/opt/rustwide/target:rw,Z" "-v" "/var/lib/crater-agent-workspace/builds/worker-7-tc2/source:/opt/rustwide/workdir:ro,Z" "-v" "/var/lib/crater-agent-workspace/cargo-home:/opt/rustwide/cargo-home:ro,Z" "-v" "/var/lib/crater-agent-workspace/rustup-home:/opt/rustwide/rustup-home:ro,Z" "-e" "SOURCE_DIR=/opt/rustwide/workdir" "-e" "CARGO_TARGET_DIR=/opt/rustwide/target" "-e" "CARGO_INCREMENTAL=0" "-e" "RUST_BACKTRACE=full" "-e" "RUSTFLAGS=--cap-lints=warn" "-e" "RUSTDOCFLAGS=--cap-lints=warn" "-e" "CARGO_HOME=/opt/rustwide/cargo-home" "-e" "RUSTUP_HOME=/opt/rustwide/rustup-home" "-w" "/opt/rustwide/workdir" "-m" "1610612736" "--user" "0:0" "--network" "none" "ghcr.io/rust-lang/crates-build-env/linux@sha256:5ff2268d62e97bff2cde7d5815dd6ed5b47097566f13b8d0ca110b04b60e07ed" "/opt/rustwide/cargo-home/bin/cargo" "+beta-2023-04-20" "test" "--frozen" "--no-run" "--message-format=json", kill_on_drop: false }`
[INFO] [stdout] 881254b0819a106507aae3b28eec666a7c1e755c6606ce0244c3a5488f9d6b5c
[INFO] running `Command { std: "docker" "start" "-a" "881254b0819a106507aae3b28eec666a7c1e755c6606ce0244c3a5488f9d6b5c", kill_on_drop: false }`
[INFO] [stderr] warning: only one of `license` or `license-file` is necessary
[INFO] [stderr] `license` should be used if the package license can be expressed with a standard SPDX expression.
[INFO] [stderr] `license-file` should be used if the package uses a non-standard license.
[INFO] [stderr] See https://doc.rust-lang.org/cargo/reference/manifest.html#the-license-and-license-file-fields for more information.
[INFO] [stderr]    Compiling uerr v0.1.0 (/opt/rustwide/workdir)
[INFO] [stderr]     Finished test [unoptimized + debuginfo] target(s) in 0.62s
[INFO] running `Command { std: "docker" "inspect" "881254b0819a106507aae3b28eec666a7c1e755c6606ce0244c3a5488f9d6b5c", kill_on_drop: false }`
[INFO] running `Command { std: "docker" "rm" "-f" "881254b0819a106507aae3b28eec666a7c1e755c6606ce0244c3a5488f9d6b5c", kill_on_drop: false }`
[INFO] [stdout] 881254b0819a106507aae3b28eec666a7c1e755c6606ce0244c3a5488f9d6b5c
[INFO] running `Command { std: "docker" "create" "-v" "/var/lib/crater-agent-workspace/builds/worker-7-tc2/target:/opt/rustwide/target:rw,Z" "-v" "/var/lib/crater-agent-workspace/builds/worker-7-tc2/source:/opt/rustwide/workdir:ro,Z" "-v" "/var/lib/crater-agent-workspace/cargo-home:/opt/rustwide/cargo-home:ro,Z" "-v" "/var/lib/crater-agent-workspace/rustup-home:/opt/rustwide/rustup-home:ro,Z" "-e" "SOURCE_DIR=/opt/rustwide/workdir" "-e" "CARGO_TARGET_DIR=/opt/rustwide/target" "-e" "CARGO_INCREMENTAL=0" "-e" "RUST_BACKTRACE=full" "-e" "RUSTFLAGS=--cap-lints=warn" "-e" "RUSTDOCFLAGS=--cap-lints=warn" "-e" "CARGO_HOME=/opt/rustwide/cargo-home" "-e" "RUSTUP_HOME=/opt/rustwide/rustup-home" "-w" "/opt/rustwide/workdir" "-m" "1610612736" "--user" "0:0" "--network" "none" "ghcr.io/rust-lang/crates-build-env/linux@sha256:5ff2268d62e97bff2cde7d5815dd6ed5b47097566f13b8d0ca110b04b60e07ed" "/opt/rustwide/cargo-home/bin/cargo" "+beta-2023-04-20" "test" "--frozen", kill_on_drop: false }`
[INFO] [stdout] ad366401d3150d2a9b426140b4247e939031cf8a88d1b27d057899022a3ab708
[INFO] running `Command { std: "docker" "start" "-a" "ad366401d3150d2a9b426140b4247e939031cf8a88d1b27d057899022a3ab708", kill_on_drop: false }`
[INFO] [stderr] warning: only one of `license` or `license-file` is necessary
[INFO] [stderr] `license` should be used if the package license can be expressed with a standard SPDX expression.
[INFO] [stderr] `license-file` should be used if the package uses a non-standard license.
[INFO] [stderr] See https://doc.rust-lang.org/cargo/reference/manifest.html#the-license-and-license-file-fields for more information.
[INFO] [stderr]     Finished test [unoptimized + debuginfo] target(s) in 0.00s
[INFO] [stdout] 
[INFO] [stderr]      Running unittests src/lib.rs (/opt/rustwide/target/debug/deps/uerr-e29656beb7272add)
[INFO] [stdout] running 1 test
[INFO] [stderr]    Doc-tests uerr
[INFO] [stdout] test tests::sample_error ... ok
[INFO] [stdout] 
[INFO] [stdout] test result: ok. 1 passed; 0 failed; 0 ignored; 0 measured; 0 filtered out; finished in 0.00s
[INFO] [stdout] 
[INFO] [stdout] 
[INFO] [stdout] running 2 tests
[INFO] [stdout] test src/lib.rs - IntoUserError (line 148) ... FAILED
[INFO] [stdout] test src/lib.rs - UserError (line 21) ... FAILED
[INFO] [stdout] 
[INFO] [stdout] failures:
[INFO] [stdout] 
[INFO] [stdout] ---- src/lib.rs - IntoUserError (line 148) stdout ----
[INFO] [stdout] error[E0382]: borrow of moved value: `err`
[INFO] [stdout]    --> src/lib.rs:156:18
[INFO] [stdout]     |
[INFO] [stdout] 8   |     .map_err(|err| {
[INFO] [stdout]     |               --- move occurs because `err` has type `std::io::Error`, which does not implement the `Copy` trait
[INFO] [stdout] 9   |         err.into_user_err()
[INFO] [stdout]     |             --------------- `err` moved due to this method call
[INFO] [stdout] 10  |            .print_all("myprogram.exe: ")
[INFO] [stdout] 11  |            .exit(err.raw_os_error().unwrap_or(-1))
[INFO] [stdout]     |                  ^^^^^^^^^^^^^^^^^^ value borrowed here after move
[INFO] [stdout]     |
[INFO] [stdout] note: `into_user_err` takes ownership of the receiver `self`, which moves `err`
[INFO] [stdout]    --> /opt/rustwide/workdir/src/lib.rs:161:22
[INFO] [stdout]     |
[INFO] [stdout] 161 |     fn into_user_err(self) -> UserError;
[INFO] [stdout]     |                      ^^^^
[INFO] [stdout] 
[INFO] [stdout] error: aborting due to previous error
[INFO] [stdout] 
[INFO] [stdout] For more information about this error, try `rustc --explain E0382`.
[INFO] [stdout] Couldn't compile the test.
[INFO] [stdout] ---- src/lib.rs - UserError (line 21) stdout ----
[INFO] [stdout] Test executable failed (exit status: 1).
[INFO] [stdout] 
[INFO] [stdout] stderr:
[INFO] [stdout] uerr/error: could not open file
[INFO] [stdout]  - caused by: The system cannot find the file specified.
[INFO] [stdout]  + help: Does this file exist?
[INFO] [stdout] 
[INFO] [stdout] 
[INFO] [stdout] 
[INFO] [stdout] failures:
[INFO] [stdout]     src/lib.rs - IntoUserError (line 148)
[INFO] [stdout]     src/lib.rs - UserError (line 21)
[INFO] [stdout] 
[INFO] [stdout] test result: FAILED. 0 passed; 2 failed; 0 ignored; 0 measured; 0 filtered out; finished in 0.33s
[INFO] [stdout] 
[INFO] [stderr] error: doctest failed, to rerun pass `--doc`
[INFO] running `Command { std: "docker" "inspect" "ad366401d3150d2a9b426140b4247e939031cf8a88d1b27d057899022a3ab708", kill_on_drop: false }`
[INFO] running `Command { std: "docker" "rm" "-f" "ad366401d3150d2a9b426140b4247e939031cf8a88d1b27d057899022a3ab708", kill_on_drop: false }`
[INFO] [stdout] ad366401d3150d2a9b426140b4247e939031cf8a88d1b27d057899022a3ab708
