[INFO] fetching crate tysh-derive 0.1.0...
[INFO] testing tysh-derive-0.1.0 against beta-2023-04-20 for beta-1.70-1
[INFO] extracting crate tysh-derive 0.1.0 into /workspace/builds/worker-1-tc2/source
[INFO] validating manifest of crates.io crate tysh-derive 0.1.0 on toolchain beta-2023-04-20
[INFO] running `Command { std: CARGO_HOME="/workspace/cargo-home" RUSTUP_HOME="/workspace/rustup-home" "/workspace/cargo-home/bin/cargo" "+beta-2023-04-20" "metadata" "--manifest-path" "Cargo.toml" "--no-deps", kill_on_drop: false }`
[INFO] started tweaking crates.io crate tysh-derive 0.1.0
[INFO] finished tweaking crates.io crate tysh-derive 0.1.0
[INFO] tweaked toml for crates.io crate tysh-derive 0.1.0 written to /workspace/builds/worker-1-tc2/source/Cargo.toml
[INFO] running `Command { std: CARGO_HOME="/workspace/cargo-home" RUSTUP_HOME="/workspace/rustup-home" __CARGO_TEST_CHANNEL_OVERRIDE_DO_NOT_USE_THIS="nightly" "/workspace/cargo-home/bin/cargo" "+beta-2023-04-20" "generate-lockfile" "--manifest-path" "Cargo.toml" "-Zno-index-update", kill_on_drop: false }`
[INFO] running `Command { std: CARGO_HOME="/workspace/cargo-home" RUSTUP_HOME="/workspace/rustup-home" "/workspace/cargo-home/bin/cargo" "+beta-2023-04-20" "fetch" "--manifest-path" "Cargo.toml", kill_on_drop: false }`
[INFO] running `Command { std: "docker" "create" "-v" "/var/lib/crater-agent-workspace/builds/worker-1-tc2/target:/opt/rustwide/target:rw,Z" "-v" "/var/lib/crater-agent-workspace/builds/worker-1-tc2/source:/opt/rustwide/workdir:ro,Z" "-v" "/var/lib/crater-agent-workspace/cargo-home:/opt/rustwide/cargo-home:ro,Z" "-v" "/var/lib/crater-agent-workspace/rustup-home:/opt/rustwide/rustup-home:ro,Z" "-e" "SOURCE_DIR=/opt/rustwide/workdir" "-e" "CARGO_TARGET_DIR=/opt/rustwide/target" "-e" "CARGO_HOME=/opt/rustwide/cargo-home" "-e" "RUSTUP_HOME=/opt/rustwide/rustup-home" "-w" "/opt/rustwide/workdir" "-m" "1610612736" "--user" "0:0" "--network" "none" "ghcr.io/rust-lang/crates-build-env/linux@sha256:5ff2268d62e97bff2cde7d5815dd6ed5b47097566f13b8d0ca110b04b60e07ed" "/opt/rustwide/cargo-home/bin/cargo" "+beta-2023-04-20" "metadata" "--no-deps" "--format-version=1", kill_on_drop: false }`
[INFO] [stdout] c5a126bb5f0526122eb50521274f2a115242164700e26ad8585a32b2e48bd47e
[INFO] running `Command { std: "docker" "start" "-a" "c5a126bb5f0526122eb50521274f2a115242164700e26ad8585a32b2e48bd47e", kill_on_drop: false }`
[INFO] running `Command { std: "docker" "inspect" "c5a126bb5f0526122eb50521274f2a115242164700e26ad8585a32b2e48bd47e", kill_on_drop: false }`
[INFO] running `Command { std: "docker" "rm" "-f" "c5a126bb5f0526122eb50521274f2a115242164700e26ad8585a32b2e48bd47e", kill_on_drop: false }`
[INFO] [stdout] c5a126bb5f0526122eb50521274f2a115242164700e26ad8585a32b2e48bd47e
[INFO] running `Command { std: "docker" "create" "-v" "/var/lib/crater-agent-workspace/builds/worker-1-tc2/target:/opt/rustwide/target:rw,Z" "-v" "/var/lib/crater-agent-workspace/builds/worker-1-tc2/source:/opt/rustwide/workdir:ro,Z" "-v" "/var/lib/crater-agent-workspace/cargo-home:/opt/rustwide/cargo-home:ro,Z" "-v" "/var/lib/crater-agent-workspace/rustup-home:/opt/rustwide/rustup-home:ro,Z" "-e" "SOURCE_DIR=/opt/rustwide/workdir" "-e" "CARGO_TARGET_DIR=/opt/rustwide/target" "-e" "CARGO_INCREMENTAL=0" "-e" "RUST_BACKTRACE=full" "-e" "RUSTFLAGS=--cap-lints=warn" "-e" "RUSTDOCFLAGS=--cap-lints=warn" "-e" "CARGO_HOME=/opt/rustwide/cargo-home" "-e" "RUSTUP_HOME=/opt/rustwide/rustup-home" "-w" "/opt/rustwide/workdir" "-m" "1610612736" "--user" "0:0" "--network" "none" "ghcr.io/rust-lang/crates-build-env/linux@sha256:5ff2268d62e97bff2cde7d5815dd6ed5b47097566f13b8d0ca110b04b60e07ed" "/opt/rustwide/cargo-home/bin/cargo" "+beta-2023-04-20" "build" "--frozen" "--message-format=json", kill_on_drop: false }`
[INFO] [stdout] 9c0e586b233ac57ad0a69fe83da8b8ad3b39bec1e82dfe74d28f267b21837b70
[INFO] running `Command { std: "docker" "start" "-a" "9c0e586b233ac57ad0a69fe83da8b8ad3b39bec1e82dfe74d28f267b21837b70", kill_on_drop: false }`
[INFO] [stderr]    Compiling syn v2.0.15
[INFO] [stderr]    Compiling tysh-derive v0.1.0 (/opt/rustwide/workdir)
[INFO] [stderr]     Finished dev [unoptimized + debuginfo] target(s) in 2.78s
[INFO] running `Command { std: "docker" "inspect" "9c0e586b233ac57ad0a69fe83da8b8ad3b39bec1e82dfe74d28f267b21837b70", kill_on_drop: false }`
[INFO] running `Command { std: "docker" "rm" "-f" "9c0e586b233ac57ad0a69fe83da8b8ad3b39bec1e82dfe74d28f267b21837b70", kill_on_drop: false }`
[INFO] [stdout] 9c0e586b233ac57ad0a69fe83da8b8ad3b39bec1e82dfe74d28f267b21837b70
[INFO] running `Command { std: "docker" "create" "-v" "/var/lib/crater-agent-workspace/builds/worker-1-tc2/target:/opt/rustwide/target:rw,Z" "-v" "/var/lib/crater-agent-workspace/builds/worker-1-tc2/source:/opt/rustwide/workdir:ro,Z" "-v" "/var/lib/crater-agent-workspace/cargo-home:/opt/rustwide/cargo-home:ro,Z" "-v" "/var/lib/crater-agent-workspace/rustup-home:/opt/rustwide/rustup-home:ro,Z" "-e" "SOURCE_DIR=/opt/rustwide/workdir" "-e" "CARGO_TARGET_DIR=/opt/rustwide/target" "-e" "CARGO_INCREMENTAL=0" "-e" "RUST_BACKTRACE=full" "-e" "RUSTFLAGS=--cap-lints=warn" "-e" "RUSTDOCFLAGS=--cap-lints=warn" "-e" "CARGO_HOME=/opt/rustwide/cargo-home" "-e" "RUSTUP_HOME=/opt/rustwide/rustup-home" "-w" "/opt/rustwide/workdir" "-m" "1610612736" "--user" "0:0" "--network" "none" "ghcr.io/rust-lang/crates-build-env/linux@sha256:5ff2268d62e97bff2cde7d5815dd6ed5b47097566f13b8d0ca110b04b60e07ed" "/opt/rustwide/cargo-home/bin/cargo" "+beta-2023-04-20" "test" "--frozen" "--no-run" "--message-format=json", kill_on_drop: false }`
[INFO] [stdout] 0c228a26aabd7976924d4d9ca0b885da71acf434b1d0b3957792c1548beda7d8
[INFO] running `Command { std: "docker" "start" "-a" "0c228a26aabd7976924d4d9ca0b885da71acf434b1d0b3957792c1548beda7d8", kill_on_drop: false }`
[INFO] [stderr]    Compiling tysh-derive v0.1.0 (/opt/rustwide/workdir)
[INFO] [stderr]     Finished test [unoptimized + debuginfo] target(s) in 0.44s
[INFO] running `Command { std: "docker" "inspect" "0c228a26aabd7976924d4d9ca0b885da71acf434b1d0b3957792c1548beda7d8", kill_on_drop: false }`
[INFO] running `Command { std: "docker" "rm" "-f" "0c228a26aabd7976924d4d9ca0b885da71acf434b1d0b3957792c1548beda7d8", kill_on_drop: false }`
[INFO] [stdout] 0c228a26aabd7976924d4d9ca0b885da71acf434b1d0b3957792c1548beda7d8
[INFO] running `Command { std: "docker" "create" "-v" "/var/lib/crater-agent-workspace/builds/worker-1-tc2/target:/opt/rustwide/target:rw,Z" "-v" "/var/lib/crater-agent-workspace/builds/worker-1-tc2/source:/opt/rustwide/workdir:ro,Z" "-v" "/var/lib/crater-agent-workspace/cargo-home:/opt/rustwide/cargo-home:ro,Z" "-v" "/var/lib/crater-agent-workspace/rustup-home:/opt/rustwide/rustup-home:ro,Z" "-e" "SOURCE_DIR=/opt/rustwide/workdir" "-e" "CARGO_TARGET_DIR=/opt/rustwide/target" "-e" "CARGO_INCREMENTAL=0" "-e" "RUST_BACKTRACE=full" "-e" "RUSTFLAGS=--cap-lints=warn" "-e" "RUSTDOCFLAGS=--cap-lints=warn" "-e" "CARGO_HOME=/opt/rustwide/cargo-home" "-e" "RUSTUP_HOME=/opt/rustwide/rustup-home" "-w" "/opt/rustwide/workdir" "-m" "1610612736" "--user" "0:0" "--network" "none" "ghcr.io/rust-lang/crates-build-env/linux@sha256:5ff2268d62e97bff2cde7d5815dd6ed5b47097566f13b8d0ca110b04b60e07ed" "/opt/rustwide/cargo-home/bin/cargo" "+beta-2023-04-20" "test" "--frozen", kill_on_drop: false }`
[INFO] [stdout] 7384447db19d9f5619ccc3ec8c240012487f21e7641fe37a06ae583e1c2c69a4
[INFO] running `Command { std: "docker" "start" "-a" "7384447db19d9f5619ccc3ec8c240012487f21e7641fe37a06ae583e1c2c69a4", kill_on_drop: false }`
[INFO] [stderr]     Finished test [unoptimized + debuginfo] target(s) in 0.00s
[INFO] [stderr]      Running unittests src/lib.rs (/opt/rustwide/target/debug/deps/tysh_derive-482055a19657d0f1)
[INFO] [stdout] 
[INFO] [stdout] running 0 tests
[INFO] [stdout] 
[INFO] [stdout] test result: ok. 0 passed; 0 failed; 0 ignored; 0 measured; 0 filtered out; finished in 0.00s
[INFO] [stdout] 
[INFO] [stderr]    Doc-tests tysh-derive
[INFO] [stdout] 
[INFO] [stdout] running 2 tests
[INFO] [stdout] test src/lib.rs - derive (line 39) ... FAILED
[INFO] [stdout] test src/lib.rs - derive (line 11) ... FAILED
[INFO] [stdout] 
[INFO] [stdout] failures:
[INFO] [stdout] 
[INFO] [stdout] ---- src/lib.rs - derive (line 39) stdout ----
[INFO] [stdout] error: expected one of `,`, `=`, or `}`, found `Fuag`
[INFO] [stdout]  --> src/lib.rs:45:5
[INFO] [stdout]   |
[INFO] [stdout] 7 |     Hoge(String)
[INFO] [stdout]   |                 -
[INFO] [stdout]   |                 |
[INFO] [stdout]   |                 expected one of `,`, `=`, or `}`
[INFO] [stdout]   |                 help: missing `,`
[INFO] [stdout] 8 |     Fuag { x: i32, y: i32 },
[INFO] [stdout]   |     ^^^^ unexpected token
[INFO] [stdout] 
[INFO] [stdout] error[E0432]: unresolved import `tysh`
[INFO] [stdout]  --> src/lib.rs:40:5
[INFO] [stdout]   |
[INFO] [stdout] 3 | use tysh::TypeHash;
[INFO] [stdout]   |     ^^^^ use of undeclared crate or module `tysh`
[INFO] [stdout] 
[INFO] [stdout] error: cannot determine resolution for the derive macro `TypeHash`
[INFO] [stdout]  --> src/lib.rs:42:10
[INFO] [stdout]   |
[INFO] [stdout] 5 | #[derive(TypeHash)]
[INFO] [stdout]   |          ^^^^^^^^
[INFO] [stdout]   |
[INFO] [stdout]   = note: import resolution is stuck, try simplifying macro imports
[INFO] [stdout] 
[INFO] [stdout] error: aborting due to 3 previous errors
[INFO] [stdout] 
[INFO] [stdout] For more information about this error, try `rustc --explain E0432`.
[INFO] [stdout] Couldn't compile the test.
[INFO] [stdout] ---- src/lib.rs - derive (line 11) stdout ----
[INFO] [stdout] error[E0432]: unresolved import `tysh`
[INFO] [stdout]  --> src/lib.rs:14:5
[INFO] [stdout]   |
[INFO] [stdout] 5 | use tysh::TypeHash;
[INFO] [stdout]   |     ^^^^ use of undeclared crate or module `tysh`
[INFO] [stdout] 
[INFO] [stdout] error: cannot determine resolution for the derive macro `TypeHash`
[INFO] [stdout]  --> src/lib.rs:16:10
[INFO] [stdout]   |
[INFO] [stdout] 7 | #[derive(TypeHash)]
[INFO] [stdout]   |          ^^^^^^^^
[INFO] [stdout]   |
[INFO] [stdout]   = note: import resolution is stuck, try simplifying macro imports
[INFO] [stdout] 
[INFO] [stdout] error: cannot determine resolution for the derive macro `TypeHash`
[INFO] [stdout]   --> src/lib.rs:22:10
[INFO] [stdout]    |
[INFO] [stdout] 13 | #[derive(TypeHash)]
[INFO] [stdout]    |          ^^^^^^^^
[INFO] [stdout]    |
[INFO] [stdout]    = note: import resolution is stuck, try simplifying macro imports
[INFO] [stdout] 
[INFO] [stdout] error: cannot find attribute `type_hash` in this scope
[INFO] [stdout]   --> src/lib.rs:23:3
[INFO] [stdout]    |
[INFO] [stdout] 14 | #[type_hash(name = "A")]
[INFO] [stdout]    |   ^^^^^^^^^
[INFO] [stdout] 
[INFO] [stdout] error: cannot find attribute `type_hash` in this scope
[INFO] [stdout]   --> src/lib.rs:25:7
[INFO] [stdout]    |
[INFO] [stdout] 16 |     #[type_hash(name = "a")]
[INFO] [stdout]    |       ^^^^^^^^^
[INFO] [stdout] 
[INFO] [stdout] error: cannot find attribute `type_hash` in this scope
[INFO] [stdout]   --> src/lib.rs:27:7
[INFO] [stdout]    |
[INFO] [stdout] 18 |     #[type_hash(name = "b")]
[INFO] [stdout]    |       ^^^^^^^^^
[INFO] [stdout] 
[INFO] [stdout] error[E0599]: no function or associated item named `type_hash_one` found for struct `A` in the current scope
[INFO] [stdout]   --> src/lib.rs:32:8
[INFO] [stdout]    |
[INFO] [stdout] 8  | pub struct A {
[INFO] [stdout]    | ------------ function or associated item `type_hash_one` not found for this struct
[INFO] [stdout] ...
[INFO] [stdout] 23 |     A::type_hash_one::<DefaultHasher>(),
[INFO] [stdout]    |        ^^^^^^^^^^^^^ function or associated item not found in `A`
[INFO] [stdout] 
[INFO] [stdout] error[E0599]: no function or associated item named `type_hash_one` found for struct `B` in the current scope
[INFO] [stdout]   --> src/lib.rs:33:8
[INFO] [stdout]    |
[INFO] [stdout] 15 | pub struct B {
[INFO] [stdout]    | ------------ function or associated item `type_hash_one` not found for this struct
[INFO] [stdout] ...
[INFO] [stdout] 24 |     B::type_hash_one::<DefaultHasher>(),
[INFO] [stdout]    |        ^^^^^^^^^^^^^ function or associated item not found in `B`
[INFO] [stdout] 
[INFO] [stdout] error: aborting due to 8 previous errors
[INFO] [stdout] 
[INFO] [stdout] Some errors have detailed explanations: E0432, E0599.
[INFO] [stdout] For more information about an error, try `rustc --explain E0432`.
[INFO] [stdout] Couldn't compile the test.
[INFO] [stdout] 
[INFO] [stdout] failures:
[INFO] [stdout]     src/lib.rs - derive (line 11)
[INFO] [stdout]     src/lib.rs - derive (line 39)
[INFO] [stdout] 
[INFO] [stdout] test result: FAILED. 0 passed; 2 failed; 0 ignored; 0 measured; 0 filtered out; finished in 0.06s
[INFO] [stdout] 
[INFO] [stderr] error: doctest failed, to rerun pass `--doc`
[INFO] running `Command { std: "docker" "inspect" "7384447db19d9f5619ccc3ec8c240012487f21e7641fe37a06ae583e1c2c69a4", kill_on_drop: false }`
[INFO] running `Command { std: "docker" "rm" "-f" "7384447db19d9f5619ccc3ec8c240012487f21e7641fe37a06ae583e1c2c69a4", kill_on_drop: false }`
[INFO] [stdout] 7384447db19d9f5619ccc3ec8c240012487f21e7641fe37a06ae583e1c2c69a4
