[INFO] fetching crate typed_shapefile 0.4.1...
[INFO] testing typed_shapefile-0.4.1 against beta-2023-04-20 for beta-1.70-1
[INFO] extracting crate typed_shapefile 0.4.1 into /workspace/builds/worker-6-tc2/source
[INFO] validating manifest of crates.io crate typed_shapefile 0.4.1 on toolchain beta-2023-04-20
[INFO] running `Command { std: CARGO_HOME="/workspace/cargo-home" RUSTUP_HOME="/workspace/rustup-home" "/workspace/cargo-home/bin/cargo" "+beta-2023-04-20" "metadata" "--manifest-path" "Cargo.toml" "--no-deps", kill_on_drop: false }`
[INFO] started tweaking crates.io crate typed_shapefile 0.4.1
[INFO] finished tweaking crates.io crate typed_shapefile 0.4.1
[INFO] tweaked toml for crates.io crate typed_shapefile 0.4.1 written to /workspace/builds/worker-6-tc2/source/Cargo.toml
[INFO] crate crates.io crate typed_shapefile 0.4.1 already has a lockfile, it will not be regenerated
[INFO] running `Command { std: CARGO_HOME="/workspace/cargo-home" RUSTUP_HOME="/workspace/rustup-home" "/workspace/cargo-home/bin/cargo" "+beta-2023-04-20" "fetch" "--manifest-path" "Cargo.toml", kill_on_drop: false }`
[INFO] [stderr]     Updating crates.io index
[INFO] [stderr]  Downloading crates ...
[INFO] [stderr]   Downloaded postgres-types v0.2.5
[INFO] [stderr]   Downloaded tiny_log v0.1.0
[INFO] [stderr]   Downloaded postgres-protocol v0.6.5
[INFO] [stderr]   Downloaded postgis v0.9.0
[INFO] [stderr]   Downloaded yore v0.3.3
[INFO] running `Command { std: "docker" "create" "-v" "/var/lib/crater-agent-workspace/builds/worker-6-tc2/target:/opt/rustwide/target:rw,Z" "-v" "/var/lib/crater-agent-workspace/builds/worker-6-tc2/source:/opt/rustwide/workdir:ro,Z" "-v" "/var/lib/crater-agent-workspace/cargo-home:/opt/rustwide/cargo-home:ro,Z" "-v" "/var/lib/crater-agent-workspace/rustup-home:/opt/rustwide/rustup-home:ro,Z" "-e" "SOURCE_DIR=/opt/rustwide/workdir" "-e" "CARGO_TARGET_DIR=/opt/rustwide/target" "-e" "CARGO_HOME=/opt/rustwide/cargo-home" "-e" "RUSTUP_HOME=/opt/rustwide/rustup-home" "-w" "/opt/rustwide/workdir" "-m" "1610612736" "--user" "0:0" "--network" "none" "ghcr.io/rust-lang/crates-build-env/linux@sha256:5ff2268d62e97bff2cde7d5815dd6ed5b47097566f13b8d0ca110b04b60e07ed" "/opt/rustwide/cargo-home/bin/cargo" "+beta-2023-04-20" "metadata" "--no-deps" "--format-version=1", kill_on_drop: false }`
[INFO] [stdout] 59a41087a8984dc07b65e6163a7a6484609d819d9243ad68405e899ef35e0a68
[INFO] running `Command { std: "docker" "start" "-a" "59a41087a8984dc07b65e6163a7a6484609d819d9243ad68405e899ef35e0a68", kill_on_drop: false }`
[INFO] running `Command { std: "docker" "inspect" "59a41087a8984dc07b65e6163a7a6484609d819d9243ad68405e899ef35e0a68", kill_on_drop: false }`
[INFO] running `Command { std: "docker" "rm" "-f" "59a41087a8984dc07b65e6163a7a6484609d819d9243ad68405e899ef35e0a68", kill_on_drop: false }`
[INFO] [stdout] 59a41087a8984dc07b65e6163a7a6484609d819d9243ad68405e899ef35e0a68
[INFO] running `Command { std: "docker" "create" "-v" "/var/lib/crater-agent-workspace/builds/worker-6-tc2/target:/opt/rustwide/target:rw,Z" "-v" "/var/lib/crater-agent-workspace/builds/worker-6-tc2/source:/opt/rustwide/workdir:ro,Z" "-v" "/var/lib/crater-agent-workspace/cargo-home:/opt/rustwide/cargo-home:ro,Z" "-v" "/var/lib/crater-agent-workspace/rustup-home:/opt/rustwide/rustup-home:ro,Z" "-e" "SOURCE_DIR=/opt/rustwide/workdir" "-e" "CARGO_TARGET_DIR=/opt/rustwide/target" "-e" "CARGO_INCREMENTAL=0" "-e" "RUST_BACKTRACE=full" "-e" "RUSTFLAGS=--cap-lints=warn" "-e" "RUSTDOCFLAGS=--cap-lints=warn" "-e" "CARGO_HOME=/opt/rustwide/cargo-home" "-e" "RUSTUP_HOME=/opt/rustwide/rustup-home" "-w" "/opt/rustwide/workdir" "-m" "1610612736" "--user" "0:0" "--network" "none" "ghcr.io/rust-lang/crates-build-env/linux@sha256:5ff2268d62e97bff2cde7d5815dd6ed5b47097566f13b8d0ca110b04b60e07ed" "/opt/rustwide/cargo-home/bin/cargo" "+beta-2023-04-20" "build" "--frozen" "--message-format=json", kill_on_drop: false }`
[INFO] [stdout] eefb1967837a8ad69eef1779f12e421dc57278a6c67cc004afa8db8956581f6f
[INFO] running `Command { std: "docker" "start" "-a" "eefb1967837a8ad69eef1779f12e421dc57278a6c67cc004afa8db8956581f6f", kill_on_drop: false }`
[INFO] [stderr]    Compiling libc v0.2.133
[INFO] [stderr]    Compiling version_check v0.9.4
[INFO] [stderr]    Compiling typenum v1.16.0
[INFO] [stderr]    Compiling subtle v2.4.1
[INFO] [stderr]    Compiling tinyvec_macros v0.1.1
[INFO] [stderr]    Compiling unicode-bidi v0.3.13
[INFO] [stderr]    Compiling serde v1.0.145
[INFO] [stderr]    Compiling parking_lot_core v0.9.3
[INFO] [stderr]    Compiling cpufeatures v0.2.6
[INFO] [stderr]    Compiling tinyvec v1.6.0
[INFO] [stderr]    Compiling smallvec v1.9.0
[INFO] [stderr]    Compiling bytes v1.4.0
[INFO] [stderr]    Compiling serde_json v1.0.85
[INFO] [stderr]    Compiling fallible-iterator v0.2.0
[INFO] [stderr]    Compiling generic-array v0.14.7
[INFO] [stderr]    Compiling base64 v0.21.0
[INFO] [stderr]    Compiling num_threads v0.1.6
[INFO] [stderr]    Compiling unicode-normalization v0.1.22
[INFO] [stderr]    Compiling ryu v1.0.11
[INFO] [stderr]    Compiling getrandom v0.2.8
[INFO] [stderr]    Compiling itoa v1.0.3
[INFO] [stderr]    Compiling time v0.3.14
[INFO] [stderr]    Compiling rand_core v0.6.4
[INFO] [stderr]    Compiling fast-float v0.2.0
[INFO] [stderr]    Compiling parking_lot v0.12.1
[INFO] [stderr]    Compiling rand_chacha v0.3.1
[INFO] [stderr]    Compiling stringprep v0.1.2
[INFO] [stderr]    Compiling uuid v1.3.0
[INFO] [stderr]    Compiling rand v0.8.5
[INFO] [stderr]    Compiling block-buffer v0.10.4
[INFO] [stderr]    Compiling crypto-common v0.1.6
[INFO] [stderr]    Compiling digest v0.10.6
[INFO] [stderr]    Compiling hmac v0.12.1
[INFO] [stderr]    Compiling md-5 v0.10.5
[INFO] [stderr]    Compiling sha2 v0.10.6
[INFO] [stderr]    Compiling postgres-protocol v0.6.5
[INFO] [stderr]    Compiling postgres-types v0.2.5
[INFO] [stderr]    Compiling postgis v0.9.0
[INFO] [stderr]    Compiling tiny_log v0.1.0
[INFO] [stderr]    Compiling typed_shapefile v0.4.1 (/opt/rustwide/workdir)
[INFO] [stderr]     Finished dev [unoptimized + debuginfo] target(s) in 8.45s
[INFO] running `Command { std: "docker" "inspect" "eefb1967837a8ad69eef1779f12e421dc57278a6c67cc004afa8db8956581f6f", kill_on_drop: false }`
[INFO] running `Command { std: "docker" "rm" "-f" "eefb1967837a8ad69eef1779f12e421dc57278a6c67cc004afa8db8956581f6f", kill_on_drop: false }`
[INFO] [stdout] eefb1967837a8ad69eef1779f12e421dc57278a6c67cc004afa8db8956581f6f
[INFO] running `Command { std: "docker" "create" "-v" "/var/lib/crater-agent-workspace/builds/worker-6-tc2/target:/opt/rustwide/target:rw,Z" "-v" "/var/lib/crater-agent-workspace/builds/worker-6-tc2/source:/opt/rustwide/workdir:ro,Z" "-v" "/var/lib/crater-agent-workspace/cargo-home:/opt/rustwide/cargo-home:ro,Z" "-v" "/var/lib/crater-agent-workspace/rustup-home:/opt/rustwide/rustup-home:ro,Z" "-e" "SOURCE_DIR=/opt/rustwide/workdir" "-e" "CARGO_TARGET_DIR=/opt/rustwide/target" "-e" "CARGO_INCREMENTAL=0" "-e" "RUST_BACKTRACE=full" "-e" "RUSTFLAGS=--cap-lints=warn" "-e" "RUSTDOCFLAGS=--cap-lints=warn" "-e" "CARGO_HOME=/opt/rustwide/cargo-home" "-e" "RUSTUP_HOME=/opt/rustwide/rustup-home" "-w" "/opt/rustwide/workdir" "-m" "1610612736" "--user" "0:0" "--network" "none" "ghcr.io/rust-lang/crates-build-env/linux@sha256:5ff2268d62e97bff2cde7d5815dd6ed5b47097566f13b8d0ca110b04b60e07ed" "/opt/rustwide/cargo-home/bin/cargo" "+beta-2023-04-20" "test" "--frozen" "--no-run" "--message-format=json", kill_on_drop: false }`
[INFO] [stdout] d5eed1fa3567336e12aef58d790235a8542d9ba8c47ec097264d17afb84d2705
[INFO] running `Command { std: "docker" "start" "-a" "d5eed1fa3567336e12aef58d790235a8542d9ba8c47ec097264d17afb84d2705", kill_on_drop: false }`
[INFO] [stderr]    Compiling proc-macro2 v1.0.44
[INFO] [stderr]    Compiling quote v1.0.21
[INFO] [stderr]    Compiling unicode-ident v1.0.4
[INFO] [stderr]    Compiling syn v1.0.100
[INFO] [stderr]    Compiling serde_derive v1.0.145
[INFO] [stderr]    Compiling typed_shapefile v0.4.1 (/opt/rustwide/workdir)
[INFO] [stdout] warning: unused import: `FieldValue`
[INFO] [stdout]  --> tests/tests.rs:7:61
[INFO] [stdout]   |
[INFO] [stdout] 7 |     Date, DateTime, FieldIOError, FieldIterator, FieldName, FieldValue, FieldWriter,
[INFO] [stdout]   |                                                             ^^^^^^^^^^
[INFO] [stdout]   |
[INFO] [stdout]   = note: `#[warn(unused_imports)]` on by default
[INFO] [stdout] 
[INFO] [stdout] 
[INFO] [stdout] warning: 1 warning emitted
[INFO] [stdout] 
[INFO] [stdout] 
[INFO] [stderr]     Finished test [unoptimized + debuginfo] target(s) in 6.27s
[INFO] running `Command { std: "docker" "inspect" "d5eed1fa3567336e12aef58d790235a8542d9ba8c47ec097264d17afb84d2705", kill_on_drop: false }`
[INFO] running `Command { std: "docker" "rm" "-f" "d5eed1fa3567336e12aef58d790235a8542d9ba8c47ec097264d17afb84d2705", kill_on_drop: false }`
[INFO] [stdout] d5eed1fa3567336e12aef58d790235a8542d9ba8c47ec097264d17afb84d2705
[INFO] running `Command { std: "docker" "create" "-v" "/var/lib/crater-agent-workspace/builds/worker-6-tc2/target:/opt/rustwide/target:rw,Z" "-v" "/var/lib/crater-agent-workspace/builds/worker-6-tc2/source:/opt/rustwide/workdir:ro,Z" "-v" "/var/lib/crater-agent-workspace/cargo-home:/opt/rustwide/cargo-home:ro,Z" "-v" "/var/lib/crater-agent-workspace/rustup-home:/opt/rustwide/rustup-home:ro,Z" "-e" "SOURCE_DIR=/opt/rustwide/workdir" "-e" "CARGO_TARGET_DIR=/opt/rustwide/target" "-e" "CARGO_INCREMENTAL=0" "-e" "RUST_BACKTRACE=full" "-e" "RUSTFLAGS=--cap-lints=warn" "-e" "RUSTDOCFLAGS=--cap-lints=warn" "-e" "CARGO_HOME=/opt/rustwide/cargo-home" "-e" "RUSTUP_HOME=/opt/rustwide/rustup-home" "-w" "/opt/rustwide/workdir" "-m" "1610612736" "--user" "0:0" "--network" "none" "ghcr.io/rust-lang/crates-build-env/linux@sha256:5ff2268d62e97bff2cde7d5815dd6ed5b47097566f13b8d0ca110b04b60e07ed" "/opt/rustwide/cargo-home/bin/cargo" "+beta-2023-04-20" "test" "--frozen", kill_on_drop: false }`
[INFO] [stdout] 2f8f338916951fabe1d2bafd182221a2bfeea2ebfd463ad150c6547be32ba57a
[INFO] running `Command { std: "docker" "start" "-a" "2f8f338916951fabe1d2bafd182221a2bfeea2ebfd463ad150c6547be32ba57a", kill_on_drop: false }`
[INFO] [stderr] warning: unused import: `FieldValue`
[INFO] [stderr]  --> tests/tests.rs:7:61
[INFO] [stderr]   |
[INFO] [stderr] 7 |     Date, DateTime, FieldIOError, FieldIterator, FieldName, FieldValue, FieldWriter,
[INFO] [stderr]   |                                                             ^^^^^^^^^^
[INFO] [stderr]   |
[INFO] [stderr]   = note: `#[warn(unused_imports)]` on by default
[INFO] [stderr] 
[INFO] [stderr] warning: `typed_shapefile` (test "tests") generated 1 warning (run `cargo fix --test "tests"` to apply 1 suggestion)
[INFO] [stderr]     Finished test [unoptimized + debuginfo] target(s) in 0.03s
[INFO] [stderr]      Running unittests src/lib.rs (/opt/rustwide/target/debug/deps/typed_shapefile-2fffdad6d5f0b5d9)
[INFO] [stdout] 
[INFO] [stdout] running 20 tests
[INFO] [stdout] test header::test::pos_after_reading_header ... ok
[INFO] [stdout] test reading::test::pos_after_reading ... ok
[INFO] [stdout] test header::test::read_write_header ... ok
[INFO] [stdout] test header::test::pos_after_writing_header ... ok
[INFO] [stdout] test record::field::test::test_to_julian_day_number ... ok
[INFO] [stdout] test record::field::test::test_write_read_empty_date ... ok
[INFO] [stdout] test record::field::test::test_write_read_integer_via_enum ... ok
[INFO] [stdout] test record::field::test::write_read_ascii_char ... ok
[INFO] [stdout] test record::field::test::write_read_date ... ok
[INFO] [stdout] test record::test::write_read_field_info ... ok
[INFO] [stdout] test shapefile::header::tests::wrong_file_code ... ok
[INFO] [stdout] test shapefile::record::multipoint::tests::test_multipoint_index ... ok
[INFO] [stdout] test shapefile::record::tests::convert_to_vec_of_point_ok ... ok
[INFO] [stdout] test shapefile::record::tests::convert_to_vec_of_poly_err ... ok
[INFO] [stdout] test shapefile::record::tests::convert_to_vec_of_point_err ... ok
[INFO] [stdout] test shapefile::record::tests::test_vertices_order ... ok
[INFO] [stdout] test shapefile::record::tests::convert_to_vec_of_poly_ok ... ok
[INFO] [stdout] test record::field::test::test_from_julian_day_number ... ok
[INFO] [stdout] test shapefile::record::polyline::tests::test_polyline_new_less_than_2_points - should panic ... ok
[INFO] [stdout] test shapefile::record::polyline::tests::test_polyline_with_parts_less_than_2_points - should panic ... ok
[INFO] [stdout] 
[INFO] [stdout] test result: ok. 20 passed; 0 failed; 0 ignored; 0 measured; 0 filtered out; finished in 0.01s
[INFO] [stdout] 
[INFO] [stderr]      Running tests/test_serde.rs (/opt/rustwide/target/debug/deps/test_serde-a0caf308e25f4e16)
[INFO] [stdout] 
[INFO] [stdout] running 0 tests
[INFO] [stdout] 
[INFO] [stdout] test result: ok. 0 passed; 0 failed; 0 ignored; 0 measured; 0 filtered out; finished in 0.00s
[INFO] [stdout] 
[INFO] [stderr]      Running tests/tests.rs (/opt/rustwide/target/debug/deps/tests-7321218d86d0c28c)
[INFO] [stdout] 
[INFO] [stdout] running 7 tests
[INFO] [stdout] test from_scratch_fox_pro_struct_record ... ok
[INFO] [stdout] test test_none_float ... ok
[INFO] [stdout] test from_scratch_dbase ... ok
[INFO] [stdout] test test_read_numeric_value_null_padded ... ok
[INFO] [stdout] test test_simple_file ... ok
[INFO] [stdout] test test_read_write_simple_file ... ok
[INFO] [stdout] test the_classical_user_record_example ... ok
[INFO] [stdout] 
[INFO] [stdout] test result: ok. 7 passed; 0 failed; 0 ignored; 0 measured; 0 filtered out; finished in 0.00s
[INFO] [stdout] 
[INFO] [stderr]    Doc-tests typed_shapefile
[INFO] [stdout] 
[INFO] [stdout] running 66 tests
[INFO] [stdout] test src/lib.rs - (line 92) ... ok
[INFO] [stdout] test src/lib.rs - (line 131) ... ok
[INFO] [stdout] test src/lib.rs - (line 218) ... ok
[INFO] [stdout] test src/reading.rs - reading::Reader<T>::into_table_info (line 321) - compile ... ok
[INFO] [stdout] test src/lib.rs - dbase_record (line 283) ... ok
[INFO] [stdout] test src/lib.rs - (line 15) ... ok
[INFO] [stdout] test src/lib.rs - (line 181) ... ok
[INFO] [stdout] test src/lib.rs - (line 35) ... ok
[INFO] [stdout] test src/lib.rs - (line 54) ... ok
[INFO] [stdout] test src/reading.rs - reading::Reader<T>::new (line 159) ... ok
[INFO] [stdout] test src/reading.rs - reading::Reader<BufReader<File>>::from_path (line 349) ... ok
[INFO] [stdout] test src/lib.rs - (line 167) ... FAILED
[INFO] [stdout] test src/reading.rs - reading::Reader<T>::new (line 168) ... ok
[INFO] [stdout] test src/reading.rs - reading::Record::insert (line 67) ... ok
[INFO] [stdout] test src/reading.rs - reading::Reader<T>::read (line 293) ... ok
[INFO] [stdout] test src/reading.rs - reading::read (line 615) ... ok
[INFO] [stdout] test src/record/mod.rs - record::FieldName (line 21) ... ok
[INFO] [stdout] test src/shapefile.rs - shapefile::ShapeType::from (line 116) ... ok
[INFO] [stdout] test src/shapefile/reader.rs - shapefile::reader::ShapeReader<T>::iter_shapes_as (line 299) ... FAILED
[INFO] [stdout] test src/shapefile/reader.rs - shapefile::reader::Reader<BufReader<File>>::from_path (line 554) ... FAILED
[INFO] [stdout] test src/shapefile/reader.rs - shapefile::reader (line 13) ... FAILED
[INFO] [stdout] test src/shapefile/reader.rs - shapefile::reader::ShapeReader<T>::header (line 228) ... FAILED
[INFO] [stdout] test src/shapefile/reader.rs - shapefile::reader::ShapeReader<T>::read_as (line 250) ... FAILED
[INFO] [stdout] test src/shapefile/reader.rs - shapefile::reader::ShapeReader<T>::read_as (line 260) ... FAILED
[INFO] [stdout] test src/shapefile/reader.rs - shapefile::reader::Reader<T>::iter_shapes_and_records (line 489) ... FAILED
[INFO] [stdout] test src/shapefile/reader.rs - shapefile::reader::ShapeReader<T>::with_shx (line 204) - compile ... ok
[INFO] [stdout] test src/shapefile/reader.rs - shapefile::reader::Reader<T>::read (line 513) ... FAILED
[INFO] [stdout] test src/shapefile/reader.rs - shapefile::reader::ShapeReader<T>::new (line 179) ... FAILED
[INFO] [stdout] test src/shapefile/reader.rs - shapefile::reader::ShapeReader<T>::iter_shapes (line 323) ... FAILED
[INFO] [stdout] test src/shapefile/reader.rs - shapefile::reader::ShapeReader<T>::iter_shapes (line 336) ... FAILED
[INFO] [stdout] test src/shapefile/record/mod.rs - shapefile::record::Shape (line 218) ... ok
[INFO] [stdout] test src/shapefile/reader.rs - shapefile::reader::ShapeReader<T>::read (line 276) ... FAILED
[INFO] [stdout] test src/shapefile/record/mod.rs - shapefile::record::convert_shapes_to_vec_of (line 376) ... ok
[INFO] [stdout] test src/shapefile/record/bbox.rs - shapefile::record::bbox::GenericBBox (line 12) ... ok
[INFO] [stdout] test src/shapefile/reader.rs - shapefile::reader::read_shapes (line 632) ... FAILED
[INFO] [stdout] test src/shapefile/reader.rs - shapefile::reader::read_shapes_as (line 608) ... FAILED
[INFO] [stdout] test src/shapefile/record/multipatch.rs - shapefile::record::multipatch::Multipatch::new (line 119) ... ok
[INFO] [stdout] test src/shapefile/record/multipatch.rs - shapefile::record::multipatch::Multipatch::with_parts (line 139) ... ok
[INFO] [stdout] test src/shapefile/record/multipoint.rs - shapefile::record::multipoint::GenericMultipoint (line 51) ... ok
[INFO] [stdout] test src/shapefile/record/mod.rs - shapefile::record::convert_shapes_to_vec_of (line 391) ... FAILED
[INFO] [stdout] test src/shapefile/record/multipoint.rs - shapefile::record::multipoint::GenericMultipoint (line 34) ... ok
[INFO] [stdout] test src/shapefile/record/multipoint.rs - shapefile::record::multipoint::GenericMultipoint<PointType>::bbox (line 116) ... ok
[INFO] [stdout] test src/shapefile/record/multipoint.rs - shapefile::record::multipoint::GenericMultipoint<PointType>::new (line 96) ... ok
[INFO] [stdout] test src/shapefile/record/point.rs - shapefile::record::point::Point::new (line 37) ... ok
[INFO] [stdout] test src/shapefile/record/multipoint.rs - shapefile::record::multipoint::GenericMultipoint<PointType>::new (line 86) ... ok
[INFO] [stdout] test src/shapefile/record/multipoint.rs - shapefile::record::multipoint::GenericMultipoint<PointType>::new (line 76) ... ok
[INFO] [stdout] test src/shapefile/record/multipoint.rs - shapefile::record::multipoint::GenericMultipoint<PointType>::point (line 143) ... ok
[INFO] [stdout] test src/shapefile/record/point.rs - shapefile::record::point::Point::new (line 30) ... ok
[INFO] [stdout] test src/shapefile/record/polygon.rs - shapefile::record::polygon::GenericPolygon<PointType>::ring (line 327) ... FAILED
[INFO] [stdout] test src/shapefile/record/polygon.rs - shapefile::record::polygon::GenericPolygon (line 208) ... ok
[INFO] [stdout] test src/shapefile/record/point.rs - shapefile::record::point::PointM::new (line 139) ... ok
[INFO] [stdout] test src/shapefile/record/point.rs - shapefile::record::point::PointM::new (line 147) ... ok
[INFO] [stdout] test src/shapefile/record/polyline.rs - shapefile::record::polyline::GenericPolyline (line 32) ... ok
[INFO] [stdout] test src/shapefile/record/point.rs - shapefile::record::point::PointZ::new (line 279) ... ok
[INFO] [stdout] test src/shapefile/record/polygon.rs - shapefile::record::polygon::PolygonRing<PointType>::len (line 79) ... ok
[INFO] [stdout] test src/shapefile/record/polygon.rs - shapefile::record::polygon::PolygonRing (line 42) ... ok
[INFO] [stdout] test src/shapefile/record/polygon.rs - shapefile::record::polygon::GenericPolygon<PointType>::with_rings (line 277) ... ok
[INFO] [stdout] test src/shapefile/record/polygon.rs - shapefile::record::polygon::GenericPolygon<PointType>::new (line 243) ... ok
[INFO] [stdout] test src/shapefile/record/polygon.rs - shapefile::record::polygon::PolygonRing<PointType>::points (line 97) ... ok
[INFO] [stdout] test src/shapefile/record/polyline.rs - shapefile::record::polyline::GenericPolyline<PointType>::new (line 57) ... ok
[INFO] [stdout] test src/shapefile/record/traits.rs - shapefile::record::traits::HasXY (line 7) ... ok
[INFO] [stdout] test src/shapefile/record/polyline.rs - shapefile::record::polyline::GenericPolyline<PointType>::with_parts (line 83) ... ok
[INFO] [stdout] test src/writing.rs - writing::TableWriterBuilder (line 29) ... ok
[INFO] [stdout] test src/writing.rs - writing::TableWriter<W>::write_record (line 452) ... FAILED
[INFO] [stdout] test src/writing.rs - writing::TableWriter<W>::write_records (line 510) ... ok
[INFO] [stdout] test src/writing.rs - writing::TableWriterBuilder::from_reader (line 69) ... FAILED
[INFO] [stdout] 
[INFO] [stdout] failures:
[INFO] [stdout] 
[INFO] [stdout] ---- src/lib.rs - (line 167) stdout ----
[INFO] [stdout] Test executable failed (exit status: 101).
[INFO] [stdout] 
[INFO] [stdout] stderr:
[INFO] [stdout] thread 'main' panicked at 'called `Result::unwrap()` on an `Err` value: Error { record_num: 0, field: None, kind: IoError(Os { code: 30, kind: ReadOnlyFilesystem, message: "Read-only file system" }) }', src/lib.rs:8:43
[INFO] [stdout] stack backtrace:
[INFO] [stdout]    0:     0x5560edf91afa - std::backtrace_rs::backtrace::libunwind::trace::h2f05d0192276a8f6
[INFO] [stdout]                                at /rustc/1b7dd2252b99671ce5d1cb9664c5f8636329436d/library/std/src/../../backtrace/src/backtrace/libunwind.rs:93:5
[INFO] [stdout]    1:     0x5560edf91afa - std::backtrace_rs::backtrace::trace_unsynchronized::hedc23dff7a1af150
[INFO] [stdout]                                at /rustc/1b7dd2252b99671ce5d1cb9664c5f8636329436d/library/std/src/../../backtrace/src/backtrace/mod.rs:66:5
[INFO] [stdout]    2:     0x5560edf91afa - std::sys_common::backtrace::_print_fmt::h17541ef7592f3ce2
[INFO] [stdout]                                at /rustc/1b7dd2252b99671ce5d1cb9664c5f8636329436d/library/std/src/sys_common/backtrace.rs:65:5
[INFO] [stdout]    3:     0x5560edf91afa - <std::sys_common::backtrace::_print::DisplayBacktrace as core::fmt::Display>::fmt::h20f75df5ab0c0792
[INFO] [stdout]                                at /rustc/1b7dd2252b99671ce5d1cb9664c5f8636329436d/library/std/src/sys_common/backtrace.rs:44:22
[INFO] [stdout]    4:     0x5560edfb177f - core::fmt::write::h78109e6f466b3af6
[INFO] [stdout]                                at /rustc/1b7dd2252b99671ce5d1cb9664c5f8636329436d/library/core/src/fmt/mod.rs:1254:17
[INFO] [stdout]    5:     0x5560edf8f3f5 - std::io::Write::write_fmt::hc59e1b02dd273c8a
[INFO] [stdout]                                at /rustc/1b7dd2252b99671ce5d1cb9664c5f8636329436d/library/std/src/io/mod.rs:1698:15
[INFO] [stdout]    6:     0x5560edf918c5 - std::sys_common::backtrace::_print::h8dac57a9f8fbf9a5
[INFO] [stdout]                                at /rustc/1b7dd2252b99671ce5d1cb9664c5f8636329436d/library/std/src/sys_common/backtrace.rs:47:5
[INFO] [stdout]    7:     0x5560edf918c5 - std::sys_common::backtrace::print::hf9ecbf41d1aa712f
[INFO] [stdout]                                at /rustc/1b7dd2252b99671ce5d1cb9664c5f8636329436d/library/std/src/sys_common/backtrace.rs:34:9
[INFO] [stdout]    8:     0x5560edf92e4e - std::panicking::default_hook::{{closure}}::h04c07acfc84ca028
[INFO] [stdout]                                at /rustc/1b7dd2252b99671ce5d1cb9664c5f8636329436d/library/std/src/panicking.rs:269:22
[INFO] [stdout]    9:     0x5560edf92bf5 - std::panicking::default_hook::h01f6bb23e1eceb2c
[INFO] [stdout]                                at /rustc/1b7dd2252b99671ce5d1cb9664c5f8636329436d/library/std/src/panicking.rs:288:9
[INFO] [stdout]   10:     0x5560edf933ae - std::panicking::rust_panic_with_hook::h2bb3722bbaf2f6df
[INFO] [stdout]                                at /rustc/1b7dd2252b99671ce5d1cb9664c5f8636329436d/library/std/src/panicking.rs:691:13
[INFO] [stdout]   11:     0x5560edf932a9 - std::panicking::begin_panic_handler::{{closure}}::h91bc7f36a4be011b
[INFO] [stdout]                                at /rustc/1b7dd2252b99671ce5d1cb9664c5f8636329436d/library/std/src/panicking.rs:582:13
[INFO] [stdout]   12:     0x5560edf91f66 - std::sys_common::backtrace::__rust_end_short_backtrace::h8b3d3717114f9e59
[INFO] [stdout]                                at /rustc/1b7dd2252b99671ce5d1cb9664c5f8636329436d/library/std/src/sys_common/backtrace.rs:150:18
[INFO] [stdout]   13:     0x5560edf93002 - rust_begin_unwind
[INFO] [stdout]                                at /rustc/1b7dd2252b99671ce5d1cb9664c5f8636329436d/library/std/src/panicking.rs:578:5
[INFO] [stdout]   14:     0x5560edf44ff3 - core::panicking::panic_fmt::hfd368e3fbdabea26
[INFO] [stdout]                                at /rustc/1b7dd2252b99671ce5d1cb9664c5f8636329436d/library/core/src/panicking.rs:67:14
[INFO] [stdout]   15:     0x5560edf454a3 - core::result::unwrap_failed::he54eb4b2f125b26f
[INFO] [stdout]                                at /rustc/1b7dd2252b99671ce5d1cb9664c5f8636329436d/library/core/src/result.rs:1687:5
[INFO] [stdout]   16:     0x5560edf52985 - core::result::Result<T,E>::unwrap::h961d7a5d4fafdc76
[INFO] [stdout]   17:     0x5560edf57b4c - rust_out::main::hacc45bfe79126e40
[INFO] [stdout]   18:     0x5560edf50bee - core::ops::function::FnOnce::call_once::h25111a1a804b1af2
[INFO] [stdout]   19:     0x5560edf4f20d - std::sys_common::backtrace::__rust_begin_short_backtrace::hd5aa043cc98c45c3
[INFO] [stdout]   20:     0x5560edf504d1 - std::rt::lang_start::{{closure}}::h22911ba7ef6092dc
[INFO] [stdout]   21:     0x5560edf8cbfe - core::ops::function::impls::<impl core::ops::function::FnOnce<A> for &F>::call_once::h2eb19b8ce4148df4
[INFO] [stdout]                                at /rustc/1b7dd2252b99671ce5d1cb9664c5f8636329436d/library/core/src/ops/function.rs:287:13
[INFO] [stdout]   22:     0x5560edf8cbfe - std::panicking::try::do_call::h2e900feff5d504c5
[INFO] [stdout]                                at /rustc/1b7dd2252b99671ce5d1cb9664c5f8636329436d/library/std/src/panicking.rs:485:40
[INFO] [stdout]   23:     0x5560edf8cbfe - std::panicking::try::h8854836cb85aa9f2
[INFO] [stdout]                                at /rustc/1b7dd2252b99671ce5d1cb9664c5f8636329436d/library/std/src/panicking.rs:449:19
[INFO] [stdout]   24:     0x5560edf8cbfe - std::panic::catch_unwind::h706025dd4c48f64b
[INFO] [stdout]                                at /rustc/1b7dd2252b99671ce5d1cb9664c5f8636329436d/library/std/src/panic.rs:140:14
[INFO] [stdout]   25:     0x5560edf8cbfe - std::rt::lang_start_internal::{{closure}}::h7be5b97f4a07a91a
[INFO] [stdout]                                at /rustc/1b7dd2252b99671ce5d1cb9664c5f8636329436d/library/std/src/rt.rs:148:48
[INFO] [stdout]   26:     0x5560edf8cbfe - std::panicking::try::do_call::h59847e9d0a176965
[INFO] [stdout]                                at /rustc/1b7dd2252b99671ce5d1cb9664c5f8636329436d/library/std/src/panicking.rs:485:40
[INFO] [stdout]   27:     0x5560edf8cbfe - std::panicking::try::h399a918ba8522823
[INFO] [stdout]                                at /rustc/1b7dd2252b99671ce5d1cb9664c5f8636329436d/library/std/src/panicking.rs:449:19
[INFO] [stdout]   28:     0x5560edf8cbfe - std::panic::catch_unwind::hca7ca6c55b2a2e26
[INFO] [stdout]                                at /rustc/1b7dd2252b99671ce5d1cb9664c5f8636329436d/library/std/src/panic.rs:140:14
[INFO] [stdout]   29:     0x5560edf8cbfe - std::rt::lang_start_internal::h2c807a81560459eb
[INFO] [stdout]                                at /rustc/1b7dd2252b99671ce5d1cb9664c5f8636329436d/library/std/src/rt.rs:148:20
[INFO] [stdout]   30:     0x5560edf504a7 - std::rt::lang_start::h230827c9e7dccb68
[INFO] [stdout]   31:     0x5560edf57de5 - main
[INFO] [stdout]   32:     0x7f5220b13d90 - <unknown>
[INFO] [stdout]   33:     0x7f5220b13e40 - __libc_start_main
[INFO] [stdout]   34:     0x5560edf45635 - _start
[INFO] [stdout]   35:                0x0 - <unknown>
[INFO] [stdout] 
[INFO] [stdout] 
[INFO] [stdout] ---- src/shapefile/reader.rs - shapefile::reader::ShapeReader<T>::iter_shapes_as (line 299) stdout ----
[INFO] [stdout] error: generic parameters without surrounding angle brackets
[INFO] [stdout]  --> src/shapefile/reader.rs:302:44
[INFO] [stdout]   |
[INFO] [stdout] 5 | for multipoints in reader.iter_shapes_as:: typed_shapefile::shapefile::Multipoint>() {
[INFO] [stdout]   |                                            ^^^^^^^^^^^^^^^^^^^^^^^^^^^^^^^^^^^^^^
[INFO] [stdout]   |
[INFO] [stdout] help: surround the type parameters with angle brackets
[INFO] [stdout]   |
[INFO] [stdout] 5 | for multipoints in reader.iter_shapes_as:: <typed_shapefile::shapefile::Multipoint>() {
[INFO] [stdout]   |                                            +                                      ~
[INFO] [stdout] 
[INFO] [stdout] error: aborting due to previous error
[INFO] [stdout] 
[INFO] [stdout] Couldn't compile the test.
[INFO] [stdout] ---- src/shapefile/reader.rs - shapefile::reader::Reader<BufReader<File>>::from_path (line 554) stdout ----
[INFO] [stdout] Test executable failed (exit status: 101).
[INFO] [stdout] 
[INFO] [stdout] stderr:
[INFO] [stdout] thread 'main' panicked at 'assertion failed: `(left == right)`
[INFO] [stdout]   left: `false`,
[INFO] [stdout]  right: `true`', src/shapefile/reader.rs:12:1
[INFO] [stdout] stack backtrace:
[INFO] [stdout]    0:     0x559009c0443a - std::backtrace_rs::backtrace::libunwind::trace::h2f05d0192276a8f6
[INFO] [stdout]                                at /rustc/1b7dd2252b99671ce5d1cb9664c5f8636329436d/library/std/src/../../backtrace/src/backtrace/libunwind.rs:93:5
[INFO] [stdout]    1:     0x559009c0443a - std::backtrace_rs::backtrace::trace_unsynchronized::hedc23dff7a1af150
[INFO] [stdout]                                at /rustc/1b7dd2252b99671ce5d1cb9664c5f8636329436d/library/std/src/../../backtrace/src/backtrace/mod.rs:66:5
[INFO] [stdout]    2:     0x559009c0443a - std::sys_common::backtrace::_print_fmt::h17541ef7592f3ce2
[INFO] [stdout]                                at /rustc/1b7dd2252b99671ce5d1cb9664c5f8636329436d/library/std/src/sys_common/backtrace.rs:65:5
[INFO] [stdout]    3:     0x559009c0443a - <std::sys_common::backtrace::_print::DisplayBacktrace as core::fmt::Display>::fmt::h20f75df5ab0c0792
[INFO] [stdout]                                at /rustc/1b7dd2252b99671ce5d1cb9664c5f8636329436d/library/std/src/sys_common/backtrace.rs:44:22
[INFO] [stdout]    4:     0x559009c1e72f - core::fmt::write::h78109e6f466b3af6
[INFO] [stdout]                                at /rustc/1b7dd2252b99671ce5d1cb9664c5f8636329436d/library/core/src/fmt/mod.rs:1254:17
[INFO] [stdout]    5:     0x559009c01e25 - std::io::Write::write_fmt::hc59e1b02dd273c8a
[INFO] [stdout]                                at /rustc/1b7dd2252b99671ce5d1cb9664c5f8636329436d/library/std/src/io/mod.rs:1698:15
[INFO] [stdout]    6:     0x559009c04205 - std::sys_common::backtrace::_print::h8dac57a9f8fbf9a5
[INFO] [stdout]                                at /rustc/1b7dd2252b99671ce5d1cb9664c5f8636329436d/library/std/src/sys_common/backtrace.rs:47:5
[INFO] [stdout]    7:     0x559009c04205 - std::sys_common::backtrace::print::hf9ecbf41d1aa712f
[INFO] [stdout]                                at /rustc/1b7dd2252b99671ce5d1cb9664c5f8636329436d/library/std/src/sys_common/backtrace.rs:34:9
[INFO] [stdout]    8:     0x559009c0578e - std::panicking::default_hook::{{closure}}::h04c07acfc84ca028
[INFO] [stdout]                                at /rustc/1b7dd2252b99671ce5d1cb9664c5f8636329436d/library/std/src/panicking.rs:269:22
[INFO] [stdout]    9:     0x559009c05535 - std::panicking::default_hook::h01f6bb23e1eceb2c
[INFO] [stdout]                                at /rustc/1b7dd2252b99671ce5d1cb9664c5f8636329436d/library/std/src/panicking.rs:288:9
[INFO] [stdout]   10:     0x559009c05cee - std::panicking::rust_panic_with_hook::h2bb3722bbaf2f6df
[INFO] [stdout]                                at /rustc/1b7dd2252b99671ce5d1cb9664c5f8636329436d/library/std/src/panicking.rs:691:13
[INFO] [stdout]   11:     0x559009c05be9 - std::panicking::begin_panic_handler::{{closure}}::h91bc7f36a4be011b
[INFO] [stdout]                                at /rustc/1b7dd2252b99671ce5d1cb9664c5f8636329436d/library/std/src/panicking.rs:582:13
[INFO] [stdout]   12:     0x559009c048a6 - std::sys_common::backtrace::__rust_end_short_backtrace::h8b3d3717114f9e59
[INFO] [stdout]                                at /rustc/1b7dd2252b99671ce5d1cb9664c5f8636329436d/library/std/src/sys_common/backtrace.rs:150:18
[INFO] [stdout]   13:     0x559009c05942 - rust_begin_unwind
[INFO] [stdout]                                at /rustc/1b7dd2252b99671ce5d1cb9664c5f8636329436d/library/std/src/panicking.rs:578:5
[INFO] [stdout]   14:     0x559009bd7f33 - core::panicking::panic_fmt::hfd368e3fbdabea26
[INFO] [stdout]                                at /rustc/1b7dd2252b99671ce5d1cb9664c5f8636329436d/library/core/src/panicking.rs:67:14
[INFO] [stdout]   15:     0x559009bd820f - core::panicking::assert_failed_inner::haef49168e1798a91
[INFO] [stdout]   16:     0x559009bd8cd6 - core::panicking::assert_failed::he94f680f896d8ac0
[INFO] [stdout]   17:     0x559009bd9172 - rust_out::main::ha797e57c2174c59d
[INFO] [stdout]   18:     0x559009bd881e - core::ops::function::FnOnce::call_once::h269e2abac3345e5c
[INFO] [stdout]   19:     0x559009bd859d - std::sys_common::backtrace::__rust_begin_short_backtrace::h51884c22516df41b
[INFO] [stdout]   20:     0x559009bd8601 - std::rt::lang_start::{{closure}}::h9044256d50c8cd22
[INFO] [stdout]   21:     0x559009bff84e - core::ops::function::impls::<impl core::ops::function::FnOnce<A> for &F>::call_once::h2eb19b8ce4148df4
[INFO] [stdout]                                at /rustc/1b7dd2252b99671ce5d1cb9664c5f8636329436d/library/core/src/ops/function.rs:287:13
[INFO] [stdout]   22:     0x559009bff84e - std::panicking::try::do_call::h2e900feff5d504c5
[INFO] [stdout]                                at /rustc/1b7dd2252b99671ce5d1cb9664c5f8636329436d/library/std/src/panicking.rs:485:40
[INFO] [stdout]   23:     0x559009bff84e - std::panicking::try::h8854836cb85aa9f2
[INFO] [stdout]                                at /rustc/1b7dd2252b99671ce5d1cb9664c5f8636329436d/library/std/src/panicking.rs:449:19
[INFO] [stdout]   24:     0x559009bff84e - std::panic::catch_unwind::h706025dd4c48f64b
[INFO] [stdout]                                at /rustc/1b7dd2252b99671ce5d1cb9664c5f8636329436d/library/std/src/panic.rs:140:14
[INFO] [stdout]   25:     0x559009bff84e - std::rt::lang_start_internal::{{closure}}::h7be5b97f4a07a91a
[INFO] [stdout]                                at /rustc/1b7dd2252b99671ce5d1cb9664c5f8636329436d/library/std/src/rt.rs:148:48
[INFO] [stdout]   26:     0x559009bff84e - std::panicking::try::do_call::h59847e9d0a176965
[INFO] [stdout]                                at /rustc/1b7dd2252b99671ce5d1cb9664c5f8636329436d/library/std/src/panicking.rs:485:40
[INFO] [stdout]   27:     0x559009bff84e - std::panicking::try::h399a918ba8522823
[INFO] [stdout]                                at /rustc/1b7dd2252b99671ce5d1cb9664c5f8636329436d/library/std/src/panicking.rs:449:19
[INFO] [stdout]   28:     0x559009bff84e - std::panic::catch_unwind::hca7ca6c55b2a2e26
[INFO] [stdout]                                at /rustc/1b7dd2252b99671ce5d1cb9664c5f8636329436d/library/std/src/panic.rs:140:14
[INFO] [stdout]   29:     0x559009bff84e - std::rt::lang_start_internal::h2c807a81560459eb
[INFO] [stdout]                                at /rustc/1b7dd2252b99671ce5d1cb9664c5f8636329436d/library/std/src/rt.rs:148:20
[INFO] [stdout]   30:     0x559009bd85d7 - std::rt::lang_start::h2000738886960e69
[INFO] [stdout]   31:     0x559009bd92a5 - main
[INFO] [stdout]   32:     0x7f21a20b7d90 - <unknown>
[INFO] [stdout]   33:     0x7f21a20b7e40 - __libc_start_main
[INFO] [stdout]   34:     0x559009bd84c5 - _start
[INFO] [stdout]   35:                0x0 - <unknown>
[INFO] [stdout] 
[INFO] [stdout] 
[INFO] [stdout] ---- src/shapefile/reader.rs - shapefile::reader (line 13) stdout ----
[INFO] [stdout] Test executable failed (exit status: 1).
[INFO] [stdout] 
[INFO] [stdout] stderr:
[INFO] [stdout] Error: MissingDbf
[INFO] [stdout] 
[INFO] [stdout] 
[INFO] [stdout] ---- src/shapefile/reader.rs - shapefile::reader::ShapeReader<T>::header (line 228) stdout ----
[INFO] [stdout] Test executable failed (exit status: 1).
[INFO] [stdout] 
[INFO] [stdout] stderr:
[INFO] [stdout] Error: IoError(Os { code: 2, kind: NotFound, message: "No such file or directory" })
[INFO] [stdout] 
[INFO] [stdout] 
[INFO] [stdout] ---- src/shapefile/reader.rs - shapefile::reader::ShapeReader<T>::read_as (line 250) stdout ----
[INFO] [stdout] error: generic parameters without surrounding angle brackets
[INFO] [stdout]  --> src/shapefile/reader.rs:254:36
[INFO] [stdout]   |
[INFO] [stdout] 6 | let polylines_m = reader.read_as:: typed_shapefile::shapefile::PolylineM>(); // we ask for the correct type
[INFO] [stdout]   |                                    ^^^^^^^^^^^^^^^^^^^^^^^^^^^^^^^^^^^^^
[INFO] [stdout]   |
[INFO] [stdout] help: surround the type parameters with angle brackets
[INFO] [stdout]   |
[INFO] [stdout] 6 | let polylines_m = reader.read_as:: <typed_shapefile::shapefile::PolylineM>(); // we ask for the correct type
[INFO] [stdout]   |                                    +                                     ~
[INFO] [stdout] 
[INFO] [stdout] error: aborting due to previous error
[INFO] [stdout] 
[INFO] [stdout] Couldn't compile the test.
[INFO] [stdout] ---- src/shapefile/reader.rs - shapefile::reader::ShapeReader<T>::read_as (line 260) stdout ----
[INFO] [stdout] error: generic parameters without surrounding angle brackets
[INFO] [stdout]  --> src/shapefile/reader.rs:264:34
[INFO] [stdout]   |
[INFO] [stdout] 6 | let polylines = reader.read_as:: typed_shapefile::shapefile::Polyline>(); // we ask for the wrong type
[INFO] [stdout]   |                                  ^^^^^^^^^^^^^^^^^^^^^^^^^^^^^^^^^^^^
[INFO] [stdout]   |
[INFO] [stdout] help: surround the type parameters with angle brackets
[INFO] [stdout]   |
[INFO] [stdout] 6 | let polylines = reader.read_as:: <typed_shapefile::shapefile::Polyline>(); // we ask for the wrong type
[INFO] [stdout]   |                                  +                                    ~
[INFO] [stdout] 
[INFO] [stdout] error: aborting due to previous error
[INFO] [stdout] 
[INFO] [stdout] Couldn't compile the test.
[INFO] [stdout] ---- src/shapefile/reader.rs - shapefile::reader::Reader<T>::iter_shapes_and_records (line 489) stdout ----
[INFO] [stdout] Test executable failed (exit status: 1).
[INFO] [stdout] 
[INFO] [stdout] stderr:
[INFO] [stdout] Error: MissingDbf
[INFO] [stdout] 
[INFO] [stdout] 
[INFO] [stdout] ---- src/shapefile/reader.rs - shapefile::reader::Reader<T>::read (line 513) stdout ----
[INFO] [stdout] Test executable failed (exit status: 1).
[INFO] [stdout] 
[INFO] [stdout] stderr:
[INFO] [stdout] Error: MissingDbf
[INFO] [stdout] 
[INFO] [stdout] 
[INFO] [stdout] ---- src/shapefile/reader.rs - shapefile::reader::ShapeReader<T>::new (line 179) stdout ----
[INFO] [stdout] Test executable failed (exit status: 1).
[INFO] [stdout] 
[INFO] [stdout] stderr:
[INFO] [stdout] Error: IoError(Os { code: 2, kind: NotFound, message: "No such file or directory" })
[INFO] [stdout] 
[INFO] [stdout] 
[INFO] [stdout] ---- src/shapefile/reader.rs - shapefile::reader::ShapeReader<T>::iter_shapes (line 323) stdout ----
[INFO] [stdout] Test executable failed (exit status: 1).
[INFO] [stdout] 
[INFO] [stdout] stderr:
[INFO] [stdout] Error: IoError(Os { code: 2, kind: NotFound, message: "No such file or directory" })
[INFO] [stdout] 
[INFO] [stdout] 
[INFO] [stdout] ---- src/shapefile/reader.rs - shapefile::reader::ShapeReader<T>::iter_shapes (line 336) stdout ----
[INFO] [stdout] Test executable failed (exit status: 1).
[INFO] [stdout] 
[INFO] [stdout] stderr:
[INFO] [stdout] Error: IoError(Os { code: 2, kind: NotFound, message: "No such file or directory" })
[INFO] [stdout] 
[INFO] [stdout] 
[INFO] [stdout] ---- src/shapefile/reader.rs - shapefile::reader::ShapeReader<T>::read (line 276) stdout ----
[INFO] [stdout] Test executable failed (exit status: 1).
[INFO] [stdout] 
[INFO] [stdout] stderr:
[INFO] [stdout] Error: IoError(Os { code: 2, kind: NotFound, message: "No such file or directory" })
[INFO] [stdout] 
[INFO] [stdout] 
[INFO] [stdout] ---- src/shapefile/reader.rs - shapefile::reader::read_shapes (line 632) stdout ----
[INFO] [stdout] Test executable failed (exit status: 1).
[INFO] [stdout] 
[INFO] [stdout] stderr:
[INFO] [stdout] Error: IoError(Os { code: 2, kind: NotFound, message: "No such file or directory" })
[INFO] [stdout] 
[INFO] [stdout] 
[INFO] [stdout] ---- src/shapefile/reader.rs - shapefile::reader::read_shapes_as (line 608) stdout ----
[INFO] [stdout] Test executable failed (exit status: 101).
[INFO] [stdout] 
[INFO] [stdout] stderr:
[INFO] [stdout] thread 'main' panicked at 'assertion failed: `(left == right)`
[INFO] [stdout]   left: `false`,
[INFO] [stdout]  right: `true`', src/shapefile/reader.rs:8:1
[INFO] [stdout] stack backtrace:
[INFO] [stdout]    0:     0x560d0b9764fa - std::backtrace_rs::backtrace::libunwind::trace::h2f05d0192276a8f6
[INFO] [stdout]                                at /rustc/1b7dd2252b99671ce5d1cb9664c5f8636329436d/library/std/src/../../backtrace/src/backtrace/libunwind.rs:93:5
[INFO] [stdout]    1:     0x560d0b9764fa - std::backtrace_rs::backtrace::trace_unsynchronized::hedc23dff7a1af150
[INFO] [stdout]                                at /rustc/1b7dd2252b99671ce5d1cb9664c5f8636329436d/library/std/src/../../backtrace/src/backtrace/mod.rs:66:5
[INFO] [stdout]    2:     0x560d0b9764fa - std::sys_common::backtrace::_print_fmt::h17541ef7592f3ce2
[INFO] [stdout]                                at /rustc/1b7dd2252b99671ce5d1cb9664c5f8636329436d/library/std/src/sys_common/backtrace.rs:65:5
[INFO] [stdout]    3:     0x560d0b9764fa - <std::sys_common::backtrace::_print::DisplayBacktrace as core::fmt::Display>::fmt::h20f75df5ab0c0792
[INFO] [stdout]                                at /rustc/1b7dd2252b99671ce5d1cb9664c5f8636329436d/library/std/src/sys_common/backtrace.rs:44:22
[INFO] [stdout]    4:     0x560d0b99064f - core::fmt::write::h78109e6f466b3af6
[INFO] [stdout]                                at /rustc/1b7dd2252b99671ce5d1cb9664c5f8636329436d/library/core/src/fmt/mod.rs:1254:17
[INFO] [stdout]    5:     0x560d0b973f95 - std::io::Write::write_fmt::hc59e1b02dd273c8a
[INFO] [stdout]                                at /rustc/1b7dd2252b99671ce5d1cb9664c5f8636329436d/library/std/src/io/mod.rs:1698:15
[INFO] [stdout]    6:     0x560d0b9762c5 - std::sys_common::backtrace::_print::h8dac57a9f8fbf9a5
[INFO] [stdout]                                at /rustc/1b7dd2252b99671ce5d1cb9664c5f8636329436d/library/std/src/sys_common/backtrace.rs:47:5
[INFO] [stdout]    7:     0x560d0b9762c5 - std::sys_common::backtrace::print::hf9ecbf41d1aa712f
[INFO] [stdout]                                at /rustc/1b7dd2252b99671ce5d1cb9664c5f8636329436d/library/std/src/sys_common/backtrace.rs:34:9
[INFO] [stdout]    8:     0x560d0b97784e - std::panicking::default_hook::{{closure}}::h04c07acfc84ca028
[INFO] [stdout]                                at /rustc/1b7dd2252b99671ce5d1cb9664c5f8636329436d/library/std/src/panicking.rs:269:22
[INFO] [stdout]    9:     0x560d0b9775f5 - std::panicking::default_hook::h01f6bb23e1eceb2c
[INFO] [stdout]                                at /rustc/1b7dd2252b99671ce5d1cb9664c5f8636329436d/library/std/src/panicking.rs:288:9
[INFO] [stdout]   10:     0x560d0b977dae - std::panicking::rust_panic_with_hook::h2bb3722bbaf2f6df
[INFO] [stdout]                                at /rustc/1b7dd2252b99671ce5d1cb9664c5f8636329436d/library/std/src/panicking.rs:691:13
[INFO] [stdout]   11:     0x560d0b977ca9 - std::panicking::begin_panic_handler::{{closure}}::h91bc7f36a4be011b
[INFO] [stdout]                                at /rustc/1b7dd2252b99671ce5d1cb9664c5f8636329436d/library/std/src/panicking.rs:582:13
[INFO] [stdout]   12:     0x560d0b976966 - std::sys_common::backtrace::__rust_end_short_backtrace::h8b3d3717114f9e59
[INFO] [stdout]                                at /rustc/1b7dd2252b99671ce5d1cb9664c5f8636329436d/library/std/src/sys_common/backtrace.rs:150:18
[INFO] [stdout]   13:     0x560d0b977a02 - rust_begin_unwind
[INFO] [stdout]                                at /rustc/1b7dd2252b99671ce5d1cb9664c5f8636329436d/library/std/src/panicking.rs:578:5
[INFO] [stdout]   14:     0x560d0b946f33 - core::panicking::panic_fmt::hfd368e3fbdabea26
[INFO] [stdout]                                at /rustc/1b7dd2252b99671ce5d1cb9664c5f8636329436d/library/core/src/panicking.rs:67:14
[INFO] [stdout]   15:     0x560d0b9471af - core::panicking::assert_failed_inner::haef49168e1798a91
[INFO] [stdout]   16:     0x560d0b94ee06 - core::panicking::assert_failed::he94f680f896d8ac0
[INFO] [stdout]   17:     0x560d0b9548ea - rust_out::main::_doctest_main_src_shapefile_reader_rs_608_0::hd2fe1a816e6ae7ff
[INFO] [stdout]   18:     0x560d0b954706 - rust_out::main::h2731449a68dfa004
[INFO] [stdout]   19:     0x560d0b94cea3 - core::ops::function::FnOnce::call_once::hd1715aa1b26fc35c
[INFO] [stdout]   20:     0x560d0b94cb06 - std::sys_common::backtrace::__rust_begin_short_backtrace::h8d2b4d09ce515535
[INFO] [stdout]   21:     0x560d0b94cb79 - std::rt::lang_start::{{closure}}::hc9a918c63b0dc835
[INFO] [stdout]   22:     0x560d0b9723ae - core::ops::function::impls::<impl core::ops::function::FnOnce<A> for &F>::call_once::h2eb19b8ce4148df4
[INFO] [stdout]                                at /rustc/1b7dd2252b99671ce5d1cb9664c5f8636329436d/library/core/src/ops/function.rs:287:13
[INFO] [stdout]   23:     0x560d0b9723ae - std::panicking::try::do_call::h2e900feff5d504c5
[INFO] [stdout]                                at /rustc/1b7dd2252b99671ce5d1cb9664c5f8636329436d/library/std/src/panicking.rs:485:40
[INFO] [stdout]   24:     0x560d0b9723ae - std::panicking::try::h8854836cb85aa9f2
[INFO] [stdout]                                at /rustc/1b7dd2252b99671ce5d1cb9664c5f8636329436d/library/std/src/panicking.rs:449:19
[INFO] [stdout]   25:     0x560d0b9723ae - std::panic::catch_unwind::h706025dd4c48f64b
[INFO] [stdout]                                at /rustc/1b7dd2252b99671ce5d1cb9664c5f8636329436d/library/std/src/panic.rs:140:14
[INFO] [stdout]   26:     0x560d0b9723ae - std::rt::lang_start_internal::{{closure}}::h7be5b97f4a07a91a
[INFO] [stdout]                                at /rustc/1b7dd2252b99671ce5d1cb9664c5f8636329436d/library/std/src/rt.rs:148:48
[INFO] [stdout]   27:     0x560d0b9723ae - std::panicking::try::do_call::h59847e9d0a176965
[INFO] [stdout]                                at /rustc/1b7dd2252b99671ce5d1cb9664c5f8636329436d/library/std/src/panicking.rs:485:40
[INFO] [stdout]   28:     0x560d0b9723ae - std::panicking::try::h399a918ba8522823
[INFO] [stdout]                                at /rustc/1b7dd2252b99671ce5d1cb9664c5f8636329436d/library/std/src/panicking.rs:449:19
[INFO] [stdout]   29:     0x560d0b9723ae - std::panic::catch_unwind::hca7ca6c55b2a2e26
[INFO] [stdout]                                at /rustc/1b7dd2252b99671ce5d1cb9664c5f8636329436d/library/std/src/panic.rs:140:14
[INFO] [stdout]   30:     0x560d0b9723ae - std::rt::lang_start_internal::h2c807a81560459eb
[INFO] [stdout]                                at /rustc/1b7dd2252b99671ce5d1cb9664c5f8636329436d/library/std/src/rt.rs:148:20
[INFO] [stdout]   31:     0x560d0b94cb57 - std::rt::lang_start::hc4bd3329ce767e23
[INFO] [stdout]   32:     0x560d0b954935 - main
[INFO] [stdout]   33:     0x7f389b848d90 - <unknown>
[INFO] [stdout]   34:     0x7f389b848e40 - __libc_start_main
[INFO] [stdout]   35:     0x560d0b947465 - _start
[INFO] [stdout]   36:                0x0 - <unknown>
[INFO] [stdout] 
[INFO] [stdout] 
[INFO] [stdout] ---- src/shapefile/record/mod.rs - shapefile::record::convert_shapes_to_vec_of (line 391) stdout ----
[INFO] [stdout] Test executable failed (exit status: 1).
[INFO] [stdout] 
[INFO] [stdout] stderr:
[INFO] [stdout] Error: IoError(Os { code: 2, kind: NotFound, message: "No such file or directory" })
[INFO] [stdout] 
[INFO] [stdout] 
[INFO] [stdout] ---- src/shapefile/record/polygon.rs - shapefile::record::polygon::GenericPolygon<PointType>::ring (line 327) stdout ----
[INFO] [stdout] error[E0432]: unresolved import `typed_shapefile::shapefile::polygon`
[INFO] [stdout]  --> src/shapefile/record/polygon.rs:328:34
[INFO] [stdout]   |
[INFO] [stdout] 4 | use typed_shapefile::shapefile::{polygon, NO_DATA};
[INFO] [stdout]   |                                  ^^^^^^^
[INFO] [stdout]   |                                  |
[INFO] [stdout]   |                                  no `polygon` in `shapefile`
[INFO] [stdout]   |                                  help: a similar name exists in the module: `Polygon`
[INFO] [stdout]   |
[INFO] [stdout]   = help: consider importing this module instead:
[INFO] [stdout]           typed_shapefile::shapefile::record::polygon
[INFO] [stdout] 
[INFO] [stdout] error: cannot determine resolution for the macro `polygon`
[INFO] [stdout]  --> src/shapefile/record/polygon.rs:330:15
[INFO] [stdout]   |
[INFO] [stdout] 6 | let polygon = polygon!{
[INFO] [stdout]   |               ^^^^^^^
[INFO] [stdout]   |
[INFO] [stdout]   = note: import resolution is stuck, try simplifying macro imports
[INFO] [stdout] 
[INFO] [stdout] error: aborting due to 2 previous errors
[INFO] [stdout] 
[INFO] [stdout] For more information about this error, try `rustc --explain E0432`.
[INFO] [stdout] Couldn't compile the test.
[INFO] [stdout] ---- src/writing.rs - writing::TableWriter<W>::write_record (line 452) stdout ----
[INFO] [stdout] Test executable failed (exit status: 1).
[INFO] [stdout] 
[INFO] [stdout] stderr:
[INFO] [stdout] Error: Error { record_num: 0, field: None, kind: IoError(Os { code: 30, kind: ReadOnlyFilesystem, message: "Read-only file system" }) }
[INFO] [stdout] 
[INFO] [stdout] 
[INFO] [stdout] ---- src/writing.rs - writing::TableWriterBuilder::from_reader (line 69) stdout ----
[INFO] [stdout] Test executable failed (exit status: 101).
[INFO] [stdout] 
[INFO] [stdout] stderr:
[INFO] [stdout] thread 'main' panicked at 'assertion failed: `(left == right)`
[INFO] [stdout]   left: `None`,
[INFO] [stdout]  right: `Some(Character(Some("Van Dorn Street")))`', src/writing.rs:9:1
[INFO] [stdout] stack backtrace:
[INFO] [stdout]    0:     0x559ed1f520fa - std::backtrace_rs::backtrace::libunwind::trace::h2f05d0192276a8f6
[INFO] [stdout]                                at /rustc/1b7dd2252b99671ce5d1cb9664c5f8636329436d/library/std/src/../../backtrace/src/backtrace/libunwind.rs:93:5
[INFO] [stdout]    1:     0x559ed1f520fa - std::backtrace_rs::backtrace::trace_unsynchronized::hedc23dff7a1af150
[INFO] [stdout]                                at /rustc/1b7dd2252b99671ce5d1cb9664c5f8636329436d/library/std/src/../../backtrace/src/backtrace/mod.rs:66:5
[INFO] [stdout]    2:     0x559ed1f520fa - std::sys_common::backtrace::_print_fmt::h17541ef7592f3ce2
[INFO] [stdout]                                at /rustc/1b7dd2252b99671ce5d1cb9664c5f8636329436d/library/std/src/sys_common/backtrace.rs:65:5
[INFO] [stdout]    3:     0x559ed1f520fa - <std::sys_common::backtrace::_print::DisplayBacktrace as core::fmt::Display>::fmt::h20f75df5ab0c0792
[INFO] [stdout]                                at /rustc/1b7dd2252b99671ce5d1cb9664c5f8636329436d/library/std/src/sys_common/backtrace.rs:44:22
[INFO] [stdout]    4:     0x559ed1f7242f - core::fmt::write::h78109e6f466b3af6
[INFO] [stdout]                                at /rustc/1b7dd2252b99671ce5d1cb9664c5f8636329436d/library/core/src/fmt/mod.rs:1254:17
[INFO] [stdout]    5:     0x559ed1f4fa55 - std::io::Write::write_fmt::hc59e1b02dd273c8a
[INFO] [stdout]                                at /rustc/1b7dd2252b99671ce5d1cb9664c5f8636329436d/library/std/src/io/mod.rs:1698:15
[INFO] [stdout]    6:     0x559ed1f51ec5 - std::sys_common::backtrace::_print::h8dac57a9f8fbf9a5
[INFO] [stdout]                                at /rustc/1b7dd2252b99671ce5d1cb9664c5f8636329436d/library/std/src/sys_common/backtrace.rs:47:5
[INFO] [stdout]    7:     0x559ed1f51ec5 - std::sys_common::backtrace::print::hf9ecbf41d1aa712f
[INFO] [stdout]                                at /rustc/1b7dd2252b99671ce5d1cb9664c5f8636329436d/library/std/src/sys_common/backtrace.rs:34:9
[INFO] [stdout]    8:     0x559ed1f5344e - std::panicking::default_hook::{{closure}}::h04c07acfc84ca028
[INFO] [stdout]                                at /rustc/1b7dd2252b99671ce5d1cb9664c5f8636329436d/library/std/src/panicking.rs:269:22
[INFO] [stdout]    9:     0x559ed1f531f5 - std::panicking::default_hook::h01f6bb23e1eceb2c
[INFO] [stdout]                                at /rustc/1b7dd2252b99671ce5d1cb9664c5f8636329436d/library/std/src/panicking.rs:288:9
[INFO] [stdout]   10:     0x559ed1f539ae - std::panicking::rust_panic_with_hook::h2bb3722bbaf2f6df
[INFO] [stdout]                                at /rustc/1b7dd2252b99671ce5d1cb9664c5f8636329436d/library/std/src/panicking.rs:691:13
[INFO] [stdout]   11:     0x559ed1f538a9 - std::panicking::begin_panic_handler::{{closure}}::h91bc7f36a4be011b
[INFO] [stdout]                                at /rustc/1b7dd2252b99671ce5d1cb9664c5f8636329436d/library/std/src/panicking.rs:582:13
[INFO] [stdout]   12:     0x559ed1f52566 - std::sys_common::backtrace::__rust_end_short_backtrace::h8b3d3717114f9e59
[INFO] [stdout]                                at /rustc/1b7dd2252b99671ce5d1cb9664c5f8636329436d/library/std/src/sys_common/backtrace.rs:150:18
[INFO] [stdout]   13:     0x559ed1f53602 - rust_begin_unwind
[INFO] [stdout]                                at /rustc/1b7dd2252b99671ce5d1cb9664c5f8636329436d/library/std/src/panicking.rs:578:5
[INFO] [stdout]   14:     0x559ed1f04ff3 - core::panicking::panic_fmt::hfd368e3fbdabea26
[INFO] [stdout]                                at /rustc/1b7dd2252b99671ce5d1cb9664c5f8636329436d/library/core/src/panicking.rs:67:14
[INFO] [stdout]   15:     0x559ed1f0532f - core::panicking::assert_failed_inner::haef49168e1798a91
[INFO] [stdout]   16:     0x559ed1f12d86 - core::panicking::assert_failed::hb28dc13f71ac896b
[INFO] [stdout]   17:     0x559ed1f177ad - rust_out::main::_doctest_main_src_writing_rs_69_0::h4ffdb295e46f3409
[INFO] [stdout]   18:     0x559ed1f17426 - rust_out::main::h2731449a68dfa004
[INFO] [stdout]   19:     0x559ed1f101b3 - core::ops::function::FnOnce::call_once::hd1715aa1b26fc35c
[INFO] [stdout]   20:     0x559ed1f0eea6 - std::sys_common::backtrace::__rust_begin_short_backtrace::h8d2b4d09ce515535
[INFO] [stdout]   21:     0x559ed1f0fa49 - std::rt::lang_start::{{closure}}::hc9a918c63b0dc835
[INFO] [stdout]   22:     0x559ed1f4d44e - core::ops::function::impls::<impl core::ops::function::FnOnce<A> for &F>::call_once::h2eb19b8ce4148df4
[INFO] [stdout]                                at /rustc/1b7dd2252b99671ce5d1cb9664c5f8636329436d/library/core/src/ops/function.rs:287:13
[INFO] [stdout]   23:     0x559ed1f4d44e - std::panicking::try::do_call::h2e900feff5d504c5
[INFO] [stdout]                                at /rustc/1b7dd2252b99671ce5d1cb9664c5f8636329436d/library/std/src/panicking.rs:485:40
[INFO] [stdout]   24:     0x559ed1f4d44e - std::panicking::try::h8854836cb85aa9f2
[INFO] [stdout]                                at /rustc/1b7dd2252b99671ce5d1cb9664c5f8636329436d/library/std/src/panicking.rs:449:19
[INFO] [stdout]   25:     0x559ed1f4d44e - std::panic::catch_unwind::h706025dd4c48f64b
[INFO] [stdout]                                at /rustc/1b7dd2252b99671ce5d1cb9664c5f8636329436d/library/std/src/panic.rs:140:14
[INFO] [stdout]   26:     0x559ed1f4d44e - std::rt::lang_start_internal::{{closure}}::h7be5b97f4a07a91a
[INFO] [stdout]                                at /rustc/1b7dd2252b99671ce5d1cb9664c5f8636329436d/library/std/src/rt.rs:148:48
[INFO] [stdout]   27:     0x559ed1f4d44e - std::panicking::try::do_call::h59847e9d0a176965
[INFO] [stdout]                                at /rustc/1b7dd2252b99671ce5d1cb9664c5f8636329436d/library/std/src/panicking.rs:485:40
[INFO] [stdout]   28:     0x559ed1f4d44e - std::panicking::try::h399a918ba8522823
[INFO] [stdout]                                at /rustc/1b7dd2252b99671ce5d1cb9664c5f8636329436d/library/std/src/panicking.rs:449:19
[INFO] [stdout]   29:     0x559ed1f4d44e - std::panic::catch_unwind::hca7ca6c55b2a2e26
[INFO] [stdout]                                at /rustc/1b7dd2252b99671ce5d1cb9664c5f8636329436d/library/std/src/panic.rs:140:14
[INFO] [stdout]   30:     0x559ed1f4d44e - std::rt::lang_start_internal::h2c807a81560459eb
[INFO] [stdout]                                at /rustc/1b7dd2252b99671ce5d1cb9664c5f8636329436d/library/std/src/rt.rs:148:20
[INFO] [stdout]   31:     0x559ed1f0fa27 - std::rt::lang_start::hc4bd3329ce767e23
[INFO] [stdout]   32:     0x559ed1f17a05 - main
[INFO] [stdout]   33:     0x7f6a9c34fd90 - <unknown>
[INFO] [stdout]   34:     0x7f6a9c34fe40 - __libc_start_main
[INFO] [stdout]   35:     0x559ed1f05635 - _start
[INFO] [stdout]   36:                0x0 - <unknown>
[INFO] [stdout] 
[INFO] [stdout] 
[INFO] [stdout] 
[INFO] [stdout] failures:
[INFO] [stdout]     src/lib.rs - (line 167)
[INFO] [stdout]     src/shapefile/reader.rs - shapefile::reader (line 13)
[INFO] [stdout]     src/shapefile/reader.rs - shapefile::reader::Reader<BufReader<File>>::from_path (line 554)
[INFO] [stdout]     src/shapefile/reader.rs - shapefile::reader::Reader<T>::iter_shapes_and_records (line 489)
[INFO] [stdout]     src/shapefile/reader.rs - shapefile::reader::Reader<T>::read (line 513)
[INFO] [stdout]     src/shapefile/reader.rs - shapefile::reader::ShapeReader<T>::header (line 228)
[INFO] [stdout]     src/shapefile/reader.rs - shapefile::reader::ShapeReader<T>::iter_shapes (line 323)
[INFO] [stdout]     src/shapefile/reader.rs - shapefile::reader::ShapeReader<T>::iter_shapes (line 336)
[INFO] [stdout]     src/shapefile/reader.rs - shapefile::reader::ShapeReader<T>::iter_shapes_as (line 299)
[INFO] [stdout]     src/shapefile/reader.rs - shapefile::reader::ShapeReader<T>::new (line 179)
[INFO] [stdout]     src/shapefile/reader.rs - shapefile::reader::ShapeReader<T>::read (line 276)
[INFO] [stdout]     src/shapefile/reader.rs - shapefile::reader::ShapeReader<T>::read_as (line 250)
[INFO] [stdout]     src/shapefile/reader.rs - shapefile::reader::ShapeReader<T>::read_as (line 260)
[INFO] [stdout]     src/shapefile/reader.rs - shapefile::reader::read_shapes (line 632)
[INFO] [stdout]     src/shapefile/reader.rs - shapefile::reader::read_shapes_as (line 608)
[INFO] [stdout]     src/shapefile/record/mod.rs - shapefile::record::convert_shapes_to_vec_of (line 391)
[INFO] [stdout]     src/shapefile/record/polygon.rs - shapefile::record::polygon::GenericPolygon<PointType>::ring (line 327)
[INFO] [stdout]     src/writing.rs - writing::TableWriter<W>::write_record (line 452)
[INFO] [stdout]     src/writing.rs - writing::TableWriterBuilder::from_reader (line 69)
[INFO] [stdout] 
[INFO] [stdout] test result: FAILED. 47 passed; 19 failed; 0 ignored; 0 measured; 0 filtered out; finished in 6.29s
[INFO] [stdout] 
[INFO] [stderr] error: doctest failed, to rerun pass `--doc`
[INFO] running `Command { std: "docker" "inspect" "2f8f338916951fabe1d2bafd182221a2bfeea2ebfd463ad150c6547be32ba57a", kill_on_drop: false }`
[INFO] running `Command { std: "docker" "rm" "-f" "2f8f338916951fabe1d2bafd182221a2bfeea2ebfd463ad150c6547be32ba57a", kill_on_drop: false }`
[INFO] [stdout] 2f8f338916951fabe1d2bafd182221a2bfeea2ebfd463ad150c6547be32ba57a
