[INFO] fetching crate type_reg 0.5.0...
[INFO] testing type_reg-0.5.0 against 1.69.0 for beta-1.70-1
[INFO] extracting crate type_reg 0.5.0 into /workspace/builds/worker-3-tc1/source
[INFO] validating manifest of crates.io crate type_reg 0.5.0 on toolchain 1.69.0
[INFO] running `Command { std: CARGO_HOME="/workspace/cargo-home" RUSTUP_HOME="/workspace/rustup-home" "/workspace/cargo-home/bin/cargo" "+1.69.0" "metadata" "--manifest-path" "Cargo.toml" "--no-deps", kill_on_drop: false }`
[INFO] removed /workspace/builds/worker-3-tc1/source/.cargo/config.toml
[INFO] started tweaking crates.io crate type_reg 0.5.0
[INFO] removed 0 missing examples
[INFO] finished tweaking crates.io crate type_reg 0.5.0
[INFO] tweaked toml for crates.io crate type_reg 0.5.0 written to /workspace/builds/worker-3-tc1/source/Cargo.toml
[INFO] crate crates.io crate type_reg 0.5.0 already has a lockfile, it will not be regenerated
[INFO] running `Command { std: CARGO_HOME="/workspace/cargo-home" RUSTUP_HOME="/workspace/rustup-home" "/workspace/cargo-home/bin/cargo" "+1.69.0" "fetch" "--manifest-path" "Cargo.toml", kill_on_drop: false }`
[INFO] [stderr]  Downloading crates ...
[INFO] [stderr]   Downloaded rt_map v0.5.2
[INFO] [stderr]   Downloaded rt_ref v0.2.0
[INFO] [stderr]   Downloaded serde_tagged v0.2.0
[INFO] [stderr]   Downloaded resman v0.16.0
[INFO] running `Command { std: "docker" "create" "-v" "/var/lib/crater-agent-workspace/builds/worker-3-tc1/target:/opt/rustwide/target:rw,Z" "-v" "/var/lib/crater-agent-workspace/builds/worker-3-tc1/source:/opt/rustwide/workdir:ro,Z" "-v" "/var/lib/crater-agent-workspace/cargo-home:/opt/rustwide/cargo-home:ro,Z" "-v" "/var/lib/crater-agent-workspace/rustup-home:/opt/rustwide/rustup-home:ro,Z" "-e" "SOURCE_DIR=/opt/rustwide/workdir" "-e" "CARGO_TARGET_DIR=/opt/rustwide/target" "-e" "CARGO_HOME=/opt/rustwide/cargo-home" "-e" "RUSTUP_HOME=/opt/rustwide/rustup-home" "-w" "/opt/rustwide/workdir" "-m" "1610612736" "--user" "0:0" "--network" "none" "ghcr.io/rust-lang/crates-build-env/linux@sha256:5ff2268d62e97bff2cde7d5815dd6ed5b47097566f13b8d0ca110b04b60e07ed" "/opt/rustwide/cargo-home/bin/cargo" "+1.69.0" "metadata" "--no-deps" "--format-version=1", kill_on_drop: false }`
[INFO] [stdout] 246ac0004a0739afffbb1b1e710c89ac79468ee827ac38b231325d23ebacb229
[INFO] running `Command { std: "docker" "start" "-a" "246ac0004a0739afffbb1b1e710c89ac79468ee827ac38b231325d23ebacb229", kill_on_drop: false }`
[INFO] running `Command { std: "docker" "inspect" "246ac0004a0739afffbb1b1e710c89ac79468ee827ac38b231325d23ebacb229", kill_on_drop: false }`
[INFO] running `Command { std: "docker" "rm" "-f" "246ac0004a0739afffbb1b1e710c89ac79468ee827ac38b231325d23ebacb229", kill_on_drop: false }`
[INFO] [stdout] 246ac0004a0739afffbb1b1e710c89ac79468ee827ac38b231325d23ebacb229
[INFO] running `Command { std: "docker" "create" "-v" "/var/lib/crater-agent-workspace/builds/worker-3-tc1/target:/opt/rustwide/target:rw,Z" "-v" "/var/lib/crater-agent-workspace/builds/worker-3-tc1/source:/opt/rustwide/workdir:ro,Z" "-v" "/var/lib/crater-agent-workspace/cargo-home:/opt/rustwide/cargo-home:ro,Z" "-v" "/var/lib/crater-agent-workspace/rustup-home:/opt/rustwide/rustup-home:ro,Z" "-e" "SOURCE_DIR=/opt/rustwide/workdir" "-e" "CARGO_TARGET_DIR=/opt/rustwide/target" "-e" "CARGO_INCREMENTAL=0" "-e" "RUST_BACKTRACE=full" "-e" "RUSTFLAGS=--cap-lints=warn" "-e" "RUSTDOCFLAGS=--cap-lints=warn" "-e" "CARGO_HOME=/opt/rustwide/cargo-home" "-e" "RUSTUP_HOME=/opt/rustwide/rustup-home" "-w" "/opt/rustwide/workdir" "-m" "1610612736" "--user" "0:0" "--network" "none" "ghcr.io/rust-lang/crates-build-env/linux@sha256:5ff2268d62e97bff2cde7d5815dd6ed5b47097566f13b8d0ca110b04b60e07ed" "/opt/rustwide/cargo-home/bin/cargo" "+1.69.0" "build" "--frozen" "--message-format=json", kill_on_drop: false }`
[INFO] [stdout] ea80a3d350e63a2b57808ed1d4102187812e2e715ff95b26056608ea4f6c1beb
[INFO] running `Command { std: "docker" "start" "-a" "ea80a3d350e63a2b57808ed1d4102187812e2e715ff95b26056608ea4f6c1beb", kill_on_drop: false }`
[INFO] [stderr]    Compiling proc-macro2 v1.0.49
[INFO] [stderr]    Compiling quote v1.0.23
[INFO] [stderr]    Compiling unicode-ident v1.0.6
[INFO] [stderr]    Compiling syn v1.0.107
[INFO] [stderr]    Compiling serde_derive v1.0.151
[INFO] [stderr]    Compiling serde v1.0.151
[INFO] [stderr]    Compiling erased-serde v0.3.24
[INFO] [stderr]    Compiling downcast-rs v1.2.0
[INFO] [stderr]    Compiling dyn-clone v1.0.10
[INFO] [stderr]    Compiling serde_tagged v0.2.0
[INFO] [stderr]    Compiling type_reg v0.5.0 (/opt/rustwide/workdir)
[INFO] [stderr]     Finished dev [unoptimized + debuginfo] target(s) in 12.57s
[INFO] running `Command { std: "docker" "inspect" "ea80a3d350e63a2b57808ed1d4102187812e2e715ff95b26056608ea4f6c1beb", kill_on_drop: false }`
[INFO] running `Command { std: "docker" "rm" "-f" "ea80a3d350e63a2b57808ed1d4102187812e2e715ff95b26056608ea4f6c1beb", kill_on_drop: false }`
[INFO] [stdout] ea80a3d350e63a2b57808ed1d4102187812e2e715ff95b26056608ea4f6c1beb
[INFO] running `Command { std: "docker" "create" "-v" "/var/lib/crater-agent-workspace/builds/worker-3-tc1/target:/opt/rustwide/target:rw,Z" "-v" "/var/lib/crater-agent-workspace/builds/worker-3-tc1/source:/opt/rustwide/workdir:ro,Z" "-v" "/var/lib/crater-agent-workspace/cargo-home:/opt/rustwide/cargo-home:ro,Z" "-v" "/var/lib/crater-agent-workspace/rustup-home:/opt/rustwide/rustup-home:ro,Z" "-e" "SOURCE_DIR=/opt/rustwide/workdir" "-e" "CARGO_TARGET_DIR=/opt/rustwide/target" "-e" "CARGO_INCREMENTAL=0" "-e" "RUST_BACKTRACE=full" "-e" "RUSTFLAGS=--cap-lints=warn" "-e" "RUSTDOCFLAGS=--cap-lints=warn" "-e" "CARGO_HOME=/opt/rustwide/cargo-home" "-e" "RUSTUP_HOME=/opt/rustwide/rustup-home" "-w" "/opt/rustwide/workdir" "-m" "1610612736" "--user" "0:0" "--network" "none" "ghcr.io/rust-lang/crates-build-env/linux@sha256:5ff2268d62e97bff2cde7d5815dd6ed5b47097566f13b8d0ca110b04b60e07ed" "/opt/rustwide/cargo-home/bin/cargo" "+1.69.0" "test" "--frozen" "--no-run" "--message-format=json", kill_on_drop: false }`
[INFO] [stdout] d20229022d3be36ddd886c511905145ff64427534346322ddf9952bfa184cd40
[INFO] running `Command { std: "docker" "start" "-a" "d20229022d3be36ddd886c511905145ff64427534346322ddf9952bfa184cd40", kill_on_drop: false }`
[INFO] [stderr]    Compiling itoa v1.0.5
[INFO] [stderr]    Compiling unsafe-libyaml v0.2.5
[INFO] [stderr]    Compiling ryu v1.0.12
[INFO] [stderr]    Compiling indexmap v1.9.2
[INFO] [stderr]    Compiling serde_yaml v0.9.16
[INFO] [stderr]    Compiling type_reg v0.5.0 (/opt/rustwide/workdir)
[INFO] [stderr]     Finished test [unoptimized + debuginfo] target(s) in 3.17s
[INFO] running `Command { std: "docker" "inspect" "d20229022d3be36ddd886c511905145ff64427534346322ddf9952bfa184cd40", kill_on_drop: false }`
[INFO] running `Command { std: "docker" "rm" "-f" "d20229022d3be36ddd886c511905145ff64427534346322ddf9952bfa184cd40", kill_on_drop: false }`
[INFO] [stdout] d20229022d3be36ddd886c511905145ff64427534346322ddf9952bfa184cd40
[INFO] running `Command { std: "docker" "create" "-v" "/var/lib/crater-agent-workspace/builds/worker-3-tc1/target:/opt/rustwide/target:rw,Z" "-v" "/var/lib/crater-agent-workspace/builds/worker-3-tc1/source:/opt/rustwide/workdir:ro,Z" "-v" "/var/lib/crater-agent-workspace/cargo-home:/opt/rustwide/cargo-home:ro,Z" "-v" "/var/lib/crater-agent-workspace/rustup-home:/opt/rustwide/rustup-home:ro,Z" "-e" "SOURCE_DIR=/opt/rustwide/workdir" "-e" "CARGO_TARGET_DIR=/opt/rustwide/target" "-e" "CARGO_INCREMENTAL=0" "-e" "RUST_BACKTRACE=full" "-e" "RUSTFLAGS=--cap-lints=warn" "-e" "RUSTDOCFLAGS=--cap-lints=warn" "-e" "CARGO_HOME=/opt/rustwide/cargo-home" "-e" "RUSTUP_HOME=/opt/rustwide/rustup-home" "-w" "/opt/rustwide/workdir" "-m" "1610612736" "--user" "0:0" "--network" "none" "ghcr.io/rust-lang/crates-build-env/linux@sha256:5ff2268d62e97bff2cde7d5815dd6ed5b47097566f13b8d0ca110b04b60e07ed" "/opt/rustwide/cargo-home/bin/cargo" "+1.69.0" "test" "--frozen", kill_on_drop: false }`
[INFO] [stdout] 914e40a22a7e704d6a31d6ec54c2c9a5d15ca1a03929fa7213ae92a0165fc815
[INFO] running `Command { std: "docker" "start" "-a" "914e40a22a7e704d6a31d6ec54c2c9a5d15ca1a03929fa7213ae92a0165fc815", kill_on_drop: false }`
[INFO] [stderr]     Finished test [unoptimized + debuginfo] target(s) in 0.03s
[INFO] [stderr]      Running unittests src/lib.rs (/opt/rustwide/target/debug/deps/type_reg-003ef9e2f709137b)
[INFO] [stdout] 
[INFO] [stdout] running 2 tests
[INFO] [stdout] test type_name_lit::tests::debug ... ok
[INFO] [stdout] test type_name_lit::tests::display ... ok
[INFO] [stdout] 
[INFO] [stdout] test result: ok. 2 passed; 0 failed; 0 ignored; 0 measured; 0 filtered out; finished in 0.00s
[INFO] [stdout] 
[INFO] [stderr]    Doc-tests type_reg
[INFO] [stdout] 
[INFO] [stdout] running 4 tests
[INFO] [stdout] test src/lib.rs - (line 120) ... FAILED
[INFO] [stdout] test src/lib.rs - (line 52) ... FAILED
[INFO] [stdout] test src/lib.rs - (line 27) ... FAILED
[INFO] [stdout] test src/lib.rs - (line 92) ... FAILED
[INFO] [stdout] 
[INFO] [stdout] failures:
[INFO] [stdout] 
[INFO] [stdout] ---- src/lib.rs - (line 120) stdout ----
[INFO] [stdout] error[E0432]: unresolved import `type_reg::tagged`
[INFO] [stdout]  --> src/lib.rs:123:15
[INFO] [stdout]   |
[INFO] [stdout] 5 | use type_reg::tagged::{TypeMap, TypeReg};
[INFO] [stdout]   |               ^^^^^^ could not find `tagged` in `type_reg`
[INFO] [stdout] 
[INFO] [stdout] error: aborting due to previous error
[INFO] [stdout] 
[INFO] [stdout] For more information about this error, try `rustc --explain E0432`.
[INFO] [stdout] Couldn't compile the test.
[INFO] [stdout] ---- src/lib.rs - (line 52) stdout ----
[INFO] [stdout] error[E0432]: unresolved import `type_reg::untagged`
[INFO] [stdout]  --> src/lib.rs:55:15
[INFO] [stdout]   |
[INFO] [stdout] 5 | use type_reg::untagged::{TypeMap, TypeReg};
[INFO] [stdout]   |               ^^^^^^^^ could not find `untagged` in `type_reg`
[INFO] [stdout] 
[INFO] [stdout] error: aborting due to previous error
[INFO] [stdout] 
[INFO] [stdout] For more information about this error, try `rustc --explain E0432`.
[INFO] [stdout] Couldn't compile the test.
[INFO] [stdout] ---- src/lib.rs - (line 27) stdout ----
[INFO] [stdout] error[E0432]: unresolved import `type_reg::untagged`
[INFO] [stdout]  --> src/lib.rs:30:15
[INFO] [stdout]   |
[INFO] [stdout] 5 | use type_reg::untagged::TypeMap;
[INFO] [stdout]   |               ^^^^^^^^ could not find `untagged` in `type_reg`
[INFO] [stdout] 
[INFO] [stdout] error: aborting due to previous error
[INFO] [stdout] 
[INFO] [stdout] For more information about this error, try `rustc --explain E0432`.
[INFO] [stdout] Couldn't compile the test.
[INFO] [stdout] ---- src/lib.rs - (line 92) stdout ----
[INFO] [stdout] error[E0432]: unresolved import `type_reg::tagged`
[INFO] [stdout]  --> src/lib.rs:95:15
[INFO] [stdout]   |
[INFO] [stdout] 5 | use type_reg::tagged::TypeMap;
[INFO] [stdout]   |               ^^^^^^ could not find `tagged` in `type_reg`
[INFO] [stdout] 
[INFO] [stdout] error: aborting due to previous error
[INFO] [stdout] 
[INFO] [stdout] For more information about this error, try `rustc --explain E0432`.
[INFO] [stdout] Couldn't compile the test.
[INFO] [stdout] 
[INFO] [stdout] failures:
[INFO] [stdout]     src/lib.rs - (line 120)
[INFO] [stdout]     src/lib.rs - (line 27)
[INFO] [stdout]     src/lib.rs - (line 52)
[INFO] [stdout]     src/lib.rs - (line 92)
[INFO] [stdout] 
[INFO] [stdout] test result: FAILED. 0 passed; 4 failed; 0 ignored; 0 measured; 0 filtered out; finished in 0.12s
[INFO] [stdout] 
[INFO] [stderr] error: doctest failed, to rerun pass `--doc`
[INFO] running `Command { std: "docker" "inspect" "914e40a22a7e704d6a31d6ec54c2c9a5d15ca1a03929fa7213ae92a0165fc815", kill_on_drop: false }`
[INFO] running `Command { std: "docker" "rm" "-f" "914e40a22a7e704d6a31d6ec54c2c9a5d15ca1a03929fa7213ae92a0165fc815", kill_on_drop: false }`
[INFO] [stdout] 914e40a22a7e704d6a31d6ec54c2c9a5d15ca1a03929fa7213ae92a0165fc815
