[INFO] fetching crate type-variance 0.1.0...
[INFO] testing type-variance-0.1.0 against beta-2023-04-20 for beta-1.70-1
[INFO] extracting crate type-variance 0.1.0 into /workspace/builds/worker-3-tc2/source
[INFO] validating manifest of crates.io crate type-variance 0.1.0 on toolchain beta-2023-04-20
[INFO] running `Command { std: CARGO_HOME="/workspace/cargo-home" RUSTUP_HOME="/workspace/rustup-home" "/workspace/cargo-home/bin/cargo" "+beta-2023-04-20" "metadata" "--manifest-path" "Cargo.toml" "--no-deps", kill_on_drop: false }`
[INFO] started tweaking crates.io crate type-variance 0.1.0
[INFO] removed 0 missing tests
[INFO] finished tweaking crates.io crate type-variance 0.1.0
[INFO] tweaked toml for crates.io crate type-variance 0.1.0 written to /workspace/builds/worker-3-tc2/source/Cargo.toml
[INFO] running `Command { std: CARGO_HOME="/workspace/cargo-home" RUSTUP_HOME="/workspace/rustup-home" __CARGO_TEST_CHANNEL_OVERRIDE_DO_NOT_USE_THIS="nightly" "/workspace/cargo-home/bin/cargo" "+beta-2023-04-20" "generate-lockfile" "--manifest-path" "Cargo.toml" "-Zno-index-update", kill_on_drop: false }`
[INFO] [stderr]     Blocking waiting for file lock on package cache
[INFO] running `Command { std: CARGO_HOME="/workspace/cargo-home" RUSTUP_HOME="/workspace/rustup-home" "/workspace/cargo-home/bin/cargo" "+beta-2023-04-20" "fetch" "--manifest-path" "Cargo.toml", kill_on_drop: false }`
[INFO] [stderr]     Blocking waiting for file lock on package cache
[INFO] running `Command { std: "docker" "create" "-v" "/var/lib/crater-agent-workspace/builds/worker-3-tc2/target:/opt/rustwide/target:rw,Z" "-v" "/var/lib/crater-agent-workspace/builds/worker-3-tc2/source:/opt/rustwide/workdir:ro,Z" "-v" "/var/lib/crater-agent-workspace/cargo-home:/opt/rustwide/cargo-home:ro,Z" "-v" "/var/lib/crater-agent-workspace/rustup-home:/opt/rustwide/rustup-home:ro,Z" "-e" "SOURCE_DIR=/opt/rustwide/workdir" "-e" "CARGO_TARGET_DIR=/opt/rustwide/target" "-e" "CARGO_HOME=/opt/rustwide/cargo-home" "-e" "RUSTUP_HOME=/opt/rustwide/rustup-home" "-w" "/opt/rustwide/workdir" "-m" "1610612736" "--user" "0:0" "--network" "none" "ghcr.io/rust-lang/crates-build-env/linux@sha256:5ff2268d62e97bff2cde7d5815dd6ed5b47097566f13b8d0ca110b04b60e07ed" "/opt/rustwide/cargo-home/bin/cargo" "+beta-2023-04-20" "metadata" "--no-deps" "--format-version=1", kill_on_drop: false }`
[INFO] [stdout] 1f7187c1bdba58c8ebe2afee7d709a2a2477c7ab703096025fff9d56016ca430
[INFO] running `Command { std: "docker" "start" "-a" "1f7187c1bdba58c8ebe2afee7d709a2a2477c7ab703096025fff9d56016ca430", kill_on_drop: false }`
[INFO] running `Command { std: "docker" "inspect" "1f7187c1bdba58c8ebe2afee7d709a2a2477c7ab703096025fff9d56016ca430", kill_on_drop: false }`
[INFO] running `Command { std: "docker" "rm" "-f" "1f7187c1bdba58c8ebe2afee7d709a2a2477c7ab703096025fff9d56016ca430", kill_on_drop: false }`
[INFO] [stdout] 1f7187c1bdba58c8ebe2afee7d709a2a2477c7ab703096025fff9d56016ca430
[INFO] running `Command { std: "docker" "create" "-v" "/var/lib/crater-agent-workspace/builds/worker-3-tc2/target:/opt/rustwide/target:rw,Z" "-v" "/var/lib/crater-agent-workspace/builds/worker-3-tc2/source:/opt/rustwide/workdir:ro,Z" "-v" "/var/lib/crater-agent-workspace/cargo-home:/opt/rustwide/cargo-home:ro,Z" "-v" "/var/lib/crater-agent-workspace/rustup-home:/opt/rustwide/rustup-home:ro,Z" "-e" "SOURCE_DIR=/opt/rustwide/workdir" "-e" "CARGO_TARGET_DIR=/opt/rustwide/target" "-e" "CARGO_INCREMENTAL=0" "-e" "RUST_BACKTRACE=full" "-e" "RUSTFLAGS=--cap-lints=warn" "-e" "RUSTDOCFLAGS=--cap-lints=warn" "-e" "CARGO_HOME=/opt/rustwide/cargo-home" "-e" "RUSTUP_HOME=/opt/rustwide/rustup-home" "-w" "/opt/rustwide/workdir" "-m" "1610612736" "--user" "0:0" "--network" "none" "ghcr.io/rust-lang/crates-build-env/linux@sha256:5ff2268d62e97bff2cde7d5815dd6ed5b47097566f13b8d0ca110b04b60e07ed" "/opt/rustwide/cargo-home/bin/cargo" "+beta-2023-04-20" "build" "--frozen" "--message-format=json", kill_on_drop: false }`
[INFO] [stdout] f092f30b7364f1936994f2f5f681d2ba0f4a513ee6e9b4bb525cad35db3176c4
[INFO] running `Command { std: "docker" "start" "-a" "f092f30b7364f1936994f2f5f681d2ba0f4a513ee6e9b4bb525cad35db3176c4", kill_on_drop: false }`
[INFO] [stderr]    Compiling type-variance v0.1.0 (/opt/rustwide/workdir)
[INFO] [stderr]     Finished dev [unoptimized + debuginfo] target(s) in 0.08s
[INFO] running `Command { std: "docker" "inspect" "f092f30b7364f1936994f2f5f681d2ba0f4a513ee6e9b4bb525cad35db3176c4", kill_on_drop: false }`
[INFO] running `Command { std: "docker" "rm" "-f" "f092f30b7364f1936994f2f5f681d2ba0f4a513ee6e9b4bb525cad35db3176c4", kill_on_drop: false }`
[INFO] [stdout] f092f30b7364f1936994f2f5f681d2ba0f4a513ee6e9b4bb525cad35db3176c4
[INFO] running `Command { std: "docker" "create" "-v" "/var/lib/crater-agent-workspace/builds/worker-3-tc2/target:/opt/rustwide/target:rw,Z" "-v" "/var/lib/crater-agent-workspace/builds/worker-3-tc2/source:/opt/rustwide/workdir:ro,Z" "-v" "/var/lib/crater-agent-workspace/cargo-home:/opt/rustwide/cargo-home:ro,Z" "-v" "/var/lib/crater-agent-workspace/rustup-home:/opt/rustwide/rustup-home:ro,Z" "-e" "SOURCE_DIR=/opt/rustwide/workdir" "-e" "CARGO_TARGET_DIR=/opt/rustwide/target" "-e" "CARGO_INCREMENTAL=0" "-e" "RUST_BACKTRACE=full" "-e" "RUSTFLAGS=--cap-lints=warn" "-e" "RUSTDOCFLAGS=--cap-lints=warn" "-e" "CARGO_HOME=/opt/rustwide/cargo-home" "-e" "RUSTUP_HOME=/opt/rustwide/rustup-home" "-w" "/opt/rustwide/workdir" "-m" "1610612736" "--user" "0:0" "--network" "none" "ghcr.io/rust-lang/crates-build-env/linux@sha256:5ff2268d62e97bff2cde7d5815dd6ed5b47097566f13b8d0ca110b04b60e07ed" "/opt/rustwide/cargo-home/bin/cargo" "+beta-2023-04-20" "test" "--frozen" "--no-run" "--message-format=json", kill_on_drop: false }`
[INFO] [stdout] 5c553772ab8e97e74ec91bf0b87f4ab0b6ef22f8697f6dd9a8d139d43e163574
[INFO] running `Command { std: "docker" "start" "-a" "5c553772ab8e97e74ec91bf0b87f4ab0b6ef22f8697f6dd9a8d139d43e163574", kill_on_drop: false }`
[INFO] [stderr]    Compiling serde v1.0.160
[INFO] [stderr]    Compiling serde_json v1.0.96
[INFO] [stderr]    Compiling serde_derive v1.0.160
[INFO] [stderr]    Compiling ryu v1.0.13
[INFO] [stderr]    Compiling itoa v1.0.6
[INFO] [stderr]    Compiling trybuild v1.0.80
[INFO] [stderr]    Compiling glob v0.3.1
[INFO] [stderr]    Compiling termcolor v1.2.0
[INFO] [stderr]    Compiling syn v2.0.15
[INFO] [stderr]    Compiling basic-toml v0.1.2
[INFO] [stderr]    Compiling type-variance v0.1.0 (/opt/rustwide/workdir)
[INFO] [stderr]     Finished test [unoptimized + debuginfo] target(s) in 7.95s
[INFO] running `Command { std: "docker" "inspect" "5c553772ab8e97e74ec91bf0b87f4ab0b6ef22f8697f6dd9a8d139d43e163574", kill_on_drop: false }`
[INFO] running `Command { std: "docker" "rm" "-f" "5c553772ab8e97e74ec91bf0b87f4ab0b6ef22f8697f6dd9a8d139d43e163574", kill_on_drop: false }`
[INFO] [stdout] 5c553772ab8e97e74ec91bf0b87f4ab0b6ef22f8697f6dd9a8d139d43e163574
[INFO] running `Command { std: "docker" "create" "-v" "/var/lib/crater-agent-workspace/builds/worker-3-tc2/target:/opt/rustwide/target:rw,Z" "-v" "/var/lib/crater-agent-workspace/builds/worker-3-tc2/source:/opt/rustwide/workdir:ro,Z" "-v" "/var/lib/crater-agent-workspace/cargo-home:/opt/rustwide/cargo-home:ro,Z" "-v" "/var/lib/crater-agent-workspace/rustup-home:/opt/rustwide/rustup-home:ro,Z" "-e" "SOURCE_DIR=/opt/rustwide/workdir" "-e" "CARGO_TARGET_DIR=/opt/rustwide/target" "-e" "CARGO_INCREMENTAL=0" "-e" "RUST_BACKTRACE=full" "-e" "RUSTFLAGS=--cap-lints=warn" "-e" "RUSTDOCFLAGS=--cap-lints=warn" "-e" "CARGO_HOME=/opt/rustwide/cargo-home" "-e" "RUSTUP_HOME=/opt/rustwide/rustup-home" "-w" "/opt/rustwide/workdir" "-m" "1610612736" "--user" "0:0" "--network" "none" "ghcr.io/rust-lang/crates-build-env/linux@sha256:5ff2268d62e97bff2cde7d5815dd6ed5b47097566f13b8d0ca110b04b60e07ed" "/opt/rustwide/cargo-home/bin/cargo" "+beta-2023-04-20" "test" "--frozen", kill_on_drop: false }`
[INFO] [stdout] 9f2e9eed9871d55cce4afebf3f8fbbdf887946302f6f84bdec9a6436d1dddb68
[INFO] running `Command { std: "docker" "start" "-a" "9f2e9eed9871d55cce4afebf3f8fbbdf887946302f6f84bdec9a6436d1dddb68", kill_on_drop: false }`
[INFO] [stderr]     Finished test [unoptimized + debuginfo] target(s) in 0.01s
[INFO] [stderr]      Running unittests src/lib.rs (/opt/rustwide/target/debug/deps/type_variance-451b9ea8d74b2cad)
[INFO] [stdout] 
[INFO] [stdout] running 3 tests
[INFO] [stdout] test tests::co_contra ... ok
[INFO] [stdout] test tests::contravariant ... ok
[INFO] [stdout] test tests::covariant ... ok
[INFO] [stdout] 
[INFO] [stdout] test result: ok. 3 passed; 0 failed; 0 ignored; 0 measured; 0 filtered out; finished in 0.00s
[INFO] [stdout] 
[INFO] [stderr]      Running tests/fail.rs (/opt/rustwide/target/debug/deps/failure_tests-cb2288b29a949e26)
[INFO] [stdout] 
[INFO] [stdout] running 1 test
[INFO] [stderr]     Checking type-variance v0.1.0 (/opt/rustwide/workdir)
[INFO] [stderr]     Checking type-variance-tests v0.0.0 (/opt/rustwide/target/tests/trybuild/type-variance)
[INFO] [stderr]     Finished dev [unoptimized + debuginfo] target(s) in 0.33s
[INFO] [stderr] 
[INFO] [stderr] 
[INFO] [stderr] test tests/fail_covariant.rs ... mismatch
[INFO] [stderr] 
[INFO] [stderr] EXPECTED:
[INFO] [stderr] ┈┈┈┈┈┈┈┈┈┈┈┈┈┈┈┈┈┈┈┈┈┈┈┈┈┈┈┈┈┈┈┈┈┈┈┈┈┈┈┈┈┈┈┈┈┈┈┈┈┈┈┈┈┈┈┈┈┈┈┈
[INFO] [stderr] error[E0495]: cannot infer an appropriate lifetime due to conflicting requirements
[INFO] [stderr]  --> $DIR/fail_covariant.rs:6:38
[INFO] [stderr]   |
[INFO] [stderr] 6 |       let _co: Co<Lifetime<'static>> = Co(
[INFO] [stderr]   |  ______________________________________^
[INFO] [stderr] 7 | |         Covariant::<Lifetime<'a>>::default(),
[INFO] [stderr] 8 | |     );
[INFO] [stderr]   | |_____^
[INFO] [stderr]   |
[INFO] [stderr] note: first, the lifetime cannot outlive the lifetime `'a` as defined on the function body at 5:19...
[INFO] [stderr]  --> $DIR/fail_covariant.rs:5:19
[INFO] [stderr]   |
[INFO] [stderr] 5 | fn covariant_fail<'a>() {
[INFO] [stderr]   |                   ^^
[INFO] [stderr] note: ...so that the expression is assignable
[INFO] [stderr]  --> $DIR/fail_covariant.rs:7:9
[INFO] [stderr]   |
[INFO] [stderr] 7 |         Covariant::<Lifetime<'a>>::default(),
[INFO] [stderr]   |         ^^^^^^^^^^^^^^^^^^^^^^^^^^^^^^^^^^^^
[INFO] [stderr]   = note: expected `type_variance::Covariant<common::Lifetime<'_>>`
[INFO] [stderr]              found `type_variance::Covariant<common::Lifetime<'a>>`
[INFO] [stderr]   = note: but, the lifetime must be valid for the static lifetime...
[INFO] [stderr] note: ...so that the expression is assignable
[INFO] [stderr]  --> $DIR/fail_covariant.rs:6:38
[INFO] [stderr]   |
[INFO] [stderr] 6 |       let _co: Co<Lifetime<'static>> = Co(
[INFO] [stderr]   |  ______________________________________^
[INFO] [stderr] 7 | |         Covariant::<Lifetime<'a>>::default(),
[INFO] [stderr] 8 | |     );
[INFO] [stderr]   | |_____^
[INFO] [stderr]   = note: expected `common::Co<common::Lifetime<'static>>`
[INFO] [stderr]              found `common::Co<common::Lifetime<'_>>`
[INFO] [stderr] ┈┈┈┈┈┈┈┈┈┈┈┈┈┈┈┈┈┈┈┈┈┈┈┈┈┈┈┈┈┈┈┈┈┈┈┈┈┈┈┈┈┈┈┈┈┈┈┈┈┈┈┈┈┈┈┈┈┈┈┈
[INFO] [stderr] 
[INFO] [stderr] ACTUAL OUTPUT:
[INFO] [stderr] ┈┈┈┈┈┈┈┈┈┈┈┈┈┈┈┈┈┈┈┈┈┈┈┈┈┈┈┈┈┈┈┈┈┈┈┈┈┈┈┈┈┈┈┈┈┈┈┈┈┈┈┈┈┈┈┈┈┈┈┈
[INFO] [stderr] error: lifetime may not live long enough
[INFO] [stderr]  --> tests/fail_covariant.rs:6:14
[INFO] [stderr]   |
[INFO] [stderr] 5 | fn covariant_fail<'a>() {
[INFO] [stderr]   |                   -- lifetime `'a` defined here
[INFO] [stderr] 6 |     let _co: Co<Lifetime<'static>> = Co(
[INFO] [stderr]   |              ^^^^^^^^^^^^^^^^^^^^^ type annotation requires that `'a` must outlive `'static`
[INFO] [stderr] ┈┈┈┈┈┈┈┈┈┈┈┈┈┈┈┈┈┈┈┈┈┈┈┈┈┈┈┈┈┈┈┈┈┈┈┈┈┈┈┈┈┈┈┈┈┈┈┈┈┈┈┈┈┈┈┈┈┈┈┈
[INFO] [stderr] note: If the actual output is the correct output you can bless it by rerunning
[INFO] [stderr]       your test with the environment variable TRYBUILD=overwrite
[INFO] [stderr] 
[INFO] [stderr] test tests/fail_contravariant.rs ... mismatch
[INFO] [stderr] 
[INFO] [stderr] EXPECTED:
[INFO] [stderr] ┈┈┈┈┈┈┈┈┈┈┈┈┈┈┈┈┈┈┈┈┈┈┈┈┈┈┈┈┈┈┈┈┈┈┈┈┈┈┈┈┈┈┈┈┈┈┈┈┈┈┈┈┈┈┈┈┈┈┈┈
[INFO] [stderr] error[E0495]: cannot infer an appropriate lifetime due to conflicting requirements
[INFO] [stderr]  --> $DIR/fail_contravariant.rs:7:9
[INFO] [stderr]   |
[INFO] [stderr] 7 |         Contravariant::<Lifetime<'static>>::default(),
[INFO] [stderr]   |         ^^^^^^^^^^^^^^^^^^^^^^^^^^^^^^^^^^^^^^^^^^^^^
[INFO] [stderr]   |
[INFO] [stderr] note: first, the lifetime cannot outlive the lifetime `'a` as defined on the function body at 5:23...
[INFO] [stderr]  --> $DIR/fail_contravariant.rs:5:23
[INFO] [stderr]   |
[INFO] [stderr] 5 | fn contravariant_fail<'a>() {
[INFO] [stderr]   |                       ^^
[INFO] [stderr] note: ...so that the expression is assignable
[INFO] [stderr]  --> $DIR/fail_contravariant.rs:6:41
[INFO] [stderr]   |
[INFO] [stderr] 6 |       let _contra: Contra<Lifetime<'a>> = Contra(
[INFO] [stderr]   |  _________________________________________^
[INFO] [stderr] 7 | |         Contravariant::<Lifetime<'static>>::default(),
[INFO] [stderr] 8 | |     );
[INFO] [stderr]   | |_____^
[INFO] [stderr]   = note: expected `common::Contra<common::Lifetime<'a>>`
[INFO] [stderr]              found `common::Contra<common::Lifetime<'_>>`
[INFO] [stderr]   = note: but, the lifetime must be valid for the static lifetime...
[INFO] [stderr] note: ...so that the expression is assignable
[INFO] [stderr]  --> $DIR/fail_contravariant.rs:7:9
[INFO] [stderr]   |
[INFO] [stderr] 7 |         Contravariant::<Lifetime<'static>>::default(),
[INFO] [stderr]   |         ^^^^^^^^^^^^^^^^^^^^^^^^^^^^^^^^^^^^^^^^^^^^^
[INFO] [stderr]   = note: expected `type_variance::Contravariant<common::Lifetime<'_>>`
[INFO] [stderr]              found `type_variance::Contravariant<common::Lifetime<'static>>`
[INFO] [stderr] ┈┈┈┈┈┈┈┈┈┈┈┈┈┈┈┈┈┈┈┈┈┈┈┈┈┈┈┈┈┈┈┈┈┈┈┈┈┈┈┈┈┈┈┈┈┈┈┈┈┈┈┈┈┈┈┈┈┈┈┈
[INFO] [stderr] 
[INFO] [stderr] ACTUAL OUTPUT:
[INFO] [stderr] ┈┈┈┈┈┈┈┈┈┈┈┈┈┈┈┈┈┈┈┈┈┈┈┈┈┈┈┈┈┈┈┈┈┈┈┈┈┈┈┈┈┈┈┈┈┈┈┈┈┈┈┈┈┈┈┈┈┈┈┈
[INFO] [stderr] error: lifetime may not live long enough
[INFO] [stderr]  --> tests/fail_contravariant.rs:6:18
[INFO] [stderr]   |
[INFO] [stderr] 5 | fn contravariant_fail<'a>() {
[INFO] [stderr]   |                       -- lifetime `'a` defined here
[INFO] [stderr] 6 |     let _contra: Contra<Lifetime<'a>> = Contra(
[INFO] [stderr]   |                  ^^^^^^^^^^^^^^^^^^^^ type annotation requires that `'a` must outlive `'static`
[INFO] [stderr] ┈┈┈┈┈┈┈┈┈┈┈┈┈┈┈┈┈┈┈┈┈┈┈┈┈┈┈┈┈┈┈┈┈┈┈┈┈┈┈┈┈┈┈┈┈┈┈┈┈┈┈┈┈┈┈┈┈┈┈┈
[INFO] [stderr] note: If the actual output is the correct output you can bless it by rerunning
[INFO] [stderr]       your test with the environment variable TRYBUILD=overwrite
[INFO] [stderr] 
[INFO] [stderr] test tests/fail_invariant_covariant.rs ... mismatch
[INFO] [stderr] 
[INFO] [stderr] EXPECTED:
[INFO] [stderr] ┈┈┈┈┈┈┈┈┈┈┈┈┈┈┈┈┈┈┈┈┈┈┈┈┈┈┈┈┈┈┈┈┈┈┈┈┈┈┈┈┈┈┈┈┈┈┈┈┈┈┈┈┈┈┈┈┈┈┈┈
[INFO] [stderr] error[E0308]: mismatched types
[INFO] [stderr]  --> $DIR/fail_invariant_covariant.rs:7:9
[INFO] [stderr]   |
[INFO] [stderr] 7 |         Invariant::<Lifetime<'static>>::default(),
[INFO] [stderr]   |         ^^^^^^^^^^^^^^^^^^^^^^^^^^^^^^^^^^^^^^^^^ lifetime mismatch
[INFO] [stderr]   |
[INFO] [stderr]   = note: expected struct `type_variance::Invariant<common::Lifetime<'a>>`
[INFO] [stderr]              found struct `type_variance::Invariant<common::Lifetime<'static>>`
[INFO] [stderr] note: the lifetime `'a` as defined on the function body at 5:29...
[INFO] [stderr]  --> $DIR/fail_invariant_covariant.rs:5:29
[INFO] [stderr]   |
[INFO] [stderr] 5 | fn invariant_fail_covariant<'a>() {
[INFO] [stderr]   |                             ^^
[INFO] [stderr]   = note: ...does not necessarily outlive the static lifetime
[INFO] [stderr] ┈┈┈┈┈┈┈┈┈┈┈┈┈┈┈┈┈┈┈┈┈┈┈┈┈┈┈┈┈┈┈┈┈┈┈┈┈┈┈┈┈┈┈┈┈┈┈┈┈┈┈┈┈┈┈┈┈┈┈┈
[INFO] [stderr] 
[INFO] [stderr] ACTUAL OUTPUT:
[INFO] [stderr] ┈┈┈┈┈┈┈┈┈┈┈┈┈┈┈┈┈┈┈┈┈┈┈┈┈┈┈┈┈┈┈┈┈┈┈┈┈┈┈┈┈┈┈┈┈┈┈┈┈┈┈┈┈┈┈┈┈┈┈┈
[INFO] [stderr] error: lifetime may not live long enough
[INFO] [stderr]  --> tests/fail_invariant_covariant.rs:6:14
[INFO] [stderr]   |
[INFO] [stderr] 5 | fn invariant_fail_covariant<'a>() {
[INFO] [stderr]   |                             -- lifetime `'a` defined here
[INFO] [stderr] 6 |     let _in: In<Lifetime<'a>> = In(
[INFO] [stderr]   |              ^^^^^^^^^^^^^^^^ type annotation requires that `'a` must outlive `'static`
[INFO] [stderr]   |
[INFO] [stderr]   = note: requirement occurs because of the type `common::In<common::Lifetime<'_>>`, which makes the generic argument `common::Lifetime<'_>` invariant
[INFO] [stderr]   = note: the struct `common::In<X>` is invariant over the parameter `X`
[INFO] [stderr]   = help: see <https://doc.rust-lang.org/nomicon/subtyping.html> for more information about variance
[INFO] [stderr] ┈┈┈┈┈┈┈┈┈┈┈┈┈┈┈┈┈┈┈┈┈┈┈┈┈┈┈┈┈┈┈┈┈┈┈┈┈┈┈┈┈┈┈┈┈┈┈┈┈┈┈┈┈┈┈┈┈┈┈┈
[INFO] [stderr] note: If the actual output is the correct output you can bless it by rerunning
[INFO] [stderr]       your test with the environment variable TRYBUILD=overwrite
[INFO] [stderr] 
[INFO] [stderr] test tests/fail_invariant_contravariant.rs ... mismatch
[INFO] [stderr] 
[INFO] [stderr] EXPECTED:
[INFO] [stderr] ┈┈┈┈┈┈┈┈┈┈┈┈┈┈┈┈┈┈┈┈┈┈┈┈┈┈┈┈┈┈┈┈┈┈┈┈┈┈┈┈┈┈┈┈┈┈┈┈┈┈┈┈┈┈┈┈┈┈┈┈
[INFO] [stderr] error[E0308]: mismatched types
[INFO] [stderr]  --> $DIR/fail_invariant_contravariant.rs:7:9
[INFO] [stderr]   |
[INFO] [stderr] 7 |         Invariant::<Lifetime<'a>>::default(),
[INFO] [stderr]   |         ^^^^^^^^^^^^^^^^^^^^^^^^^^^^^^^^^^^^ lifetime mismatch
[INFO] [stderr]   |
[INFO] [stderr]   = note: expected struct `type_variance::Invariant<common::Lifetime<'static>>`
[INFO] [stderr]              found struct `type_variance::Invariant<common::Lifetime<'a>>`
[INFO] [stderr] note: the lifetime `'a` as defined on the function body at 5:33...
[INFO] [stderr]  --> $DIR/fail_invariant_contravariant.rs:5:33
[INFO] [stderr]   |
[INFO] [stderr] 5 | fn invariant_fail_contravariant<'a>() {
[INFO] [stderr]   |                                 ^^
[INFO] [stderr]   = note: ...does not necessarily outlive the static lifetime
[INFO] [stderr] ┈┈┈┈┈┈┈┈┈┈┈┈┈┈┈┈┈┈┈┈┈┈┈┈┈┈┈┈┈┈┈┈┈┈┈┈┈┈┈┈┈┈┈┈┈┈┈┈┈┈┈┈┈┈┈┈┈┈┈┈
[INFO] [stderr] 
[INFO] [stderr] ACTUAL OUTPUT:
[INFO] [stderr] ┈┈┈┈┈┈┈┈┈┈┈┈┈┈┈┈┈┈┈┈┈┈┈┈┈┈┈┈┈┈┈┈┈┈┈┈┈┈┈┈┈┈┈┈┈┈┈┈┈┈┈┈┈┈┈┈┈┈┈┈
[INFO] [stderr] error: lifetime may not live long enough
[INFO] [stderr]  --> tests/fail_invariant_contravariant.rs:6:14
[INFO] [stderr]   |
[INFO] [stderr] 5 | fn invariant_fail_contravariant<'a>() {
[INFO] [stderr]   |                                 -- lifetime `'a` defined here
[INFO] [stderr] 6 |     let _in: In<Lifetime<'static>> = In(
[INFO] [stderr]   |              ^^^^^^^^^^^^^^^^^^^^^ type annotation requires that `'a` must outlive `'static`
[INFO] [stderr]   |
[INFO] [stderr]   = note: requirement occurs because of the type `common::In<common::Lifetime<'_>>`, which makes the generic argument `common::Lifetime<'_>` invariant
[INFO] [stderr]   = note: the struct `common::In<X>` is invariant over the parameter `X`
[INFO] [stderr]   = help: see <https://doc.rust-lang.org/nomicon/subtyping.html> for more information about variance
[INFO] [stderr] ┈┈┈┈┈┈┈┈┈┈┈┈┈┈┈┈┈┈┈┈┈┈┈┈┈┈┈┈┈┈┈┈┈┈┈┈┈┈┈┈┈┈┈┈┈┈┈┈┈┈┈┈┈┈┈┈┈┈┈┈
[INFO] [stderr] note: If the actual output is the correct output you can bless it by rerunning
[INFO] [stderr]       your test with the environment variable TRYBUILD=overwrite
[INFO] [stderr] 
[INFO] [stderr] 
[INFO] [stderr] 
[INFO] [stdout] test failure_tests ... FAILED
[INFO] [stdout] 
[INFO] [stdout] failures:
[INFO] [stdout] 
[INFO] [stdout] ---- failure_tests stdout ----
[INFO] [stdout] thread 'failure_tests' panicked at '4 of 4 tests failed', /opt/rustwide/cargo-home/registry/src/index.crates.io-6f17d22bba15001f/trybuild-1.0.80/src/run.rs:101:13
[INFO] [stdout] stack backtrace:
[INFO] [stdout]    0:     0x55d36986379a - std::backtrace_rs::backtrace::libunwind::trace::h2f05d0192276a8f6
[INFO] [stdout]                                at /rustc/1b7dd2252b99671ce5d1cb9664c5f8636329436d/library/std/src/../../backtrace/src/backtrace/libunwind.rs:93:5
[INFO] [stdout]    1:     0x55d36986379a - std::backtrace_rs::backtrace::trace_unsynchronized::hedc23dff7a1af150
[INFO] [stdout]                                at /rustc/1b7dd2252b99671ce5d1cb9664c5f8636329436d/library/std/src/../../backtrace/src/backtrace/mod.rs:66:5
[INFO] [stdout]    2:     0x55d36986379a - std::sys_common::backtrace::_print_fmt::h17541ef7592f3ce2
[INFO] [stdout]                                at /rustc/1b7dd2252b99671ce5d1cb9664c5f8636329436d/library/std/src/sys_common/backtrace.rs:65:5
[INFO] [stdout]    3:     0x55d36986379a - <std::sys_common::backtrace::_print::DisplayBacktrace as core::fmt::Display>::fmt::h20f75df5ab0c0792
[INFO] [stdout]                                at /rustc/1b7dd2252b99671ce5d1cb9664c5f8636329436d/library/std/src/sys_common/backtrace.rs:44:22
[INFO] [stdout]    4:     0x55d369889adf - core::fmt::write::h78109e6f466b3af6
[INFO] [stdout]                                at /rustc/1b7dd2252b99671ce5d1cb9664c5f8636329436d/library/core/src/fmt/mod.rs:1254:17
[INFO] [stdout]    5:     0x55d36985fd25 - std::io::Write::write_fmt::hd24bfb68a1b35a25
[INFO] [stdout]                                at /rustc/1b7dd2252b99671ce5d1cb9664c5f8636329436d/library/std/src/io/mod.rs:1698:15
[INFO] [stdout]    6:     0x55d369863565 - std::sys_common::backtrace::_print::h8dac57a9f8fbf9a5
[INFO] [stdout]                                at /rustc/1b7dd2252b99671ce5d1cb9664c5f8636329436d/library/std/src/sys_common/backtrace.rs:47:5
[INFO] [stdout]    7:     0x55d369863565 - std::sys_common::backtrace::print::hf9ecbf41d1aa712f
[INFO] [stdout]                                at /rustc/1b7dd2252b99671ce5d1cb9664c5f8636329436d/library/std/src/sys_common/backtrace.rs:34:9
[INFO] [stdout]    8:     0x55d36986521e - std::panicking::default_hook::{{closure}}::h04c07acfc84ca028
[INFO] [stdout]                                at /rustc/1b7dd2252b99671ce5d1cb9664c5f8636329436d/library/std/src/panicking.rs:269:22
[INFO] [stdout]    9:     0x55d369864f51 - std::panicking::default_hook::h01f6bb23e1eceb2c
[INFO] [stdout]                                at /rustc/1b7dd2252b99671ce5d1cb9664c5f8636329436d/library/std/src/panicking.rs:285:9
[INFO] [stdout]   10:     0x55d369836a2b - <alloc::boxed::Box<F,A> as core::ops::function::Fn<Args>>::call::h87fe9f7b2fd49e4c
[INFO] [stdout]                                at /rustc/1b7dd2252b99671ce5d1cb9664c5f8636329436d/library/alloc/src/boxed.rs:1987:9
[INFO] [stdout]   11:     0x55d369836a2b - test::test_main::{{closure}}::he94d679243a7531b
[INFO] [stdout]                                at /rustc/1b7dd2252b99671ce5d1cb9664c5f8636329436d/library/test/src/lib.rs:134:21
[INFO] [stdout]   12:     0x55d369865904 - <alloc::boxed::Box<F,A> as core::ops::function::Fn<Args>>::call::h3f2d6d8b14c4769f
[INFO] [stdout]                                at /rustc/1b7dd2252b99671ce5d1cb9664c5f8636329436d/library/alloc/src/boxed.rs:1987:9
[INFO] [stdout]   13:     0x55d369865904 - std::panicking::rust_panic_with_hook::h2bb3722bbaf2f6df
[INFO] [stdout]                                at /rustc/1b7dd2252b99671ce5d1cb9664c5f8636329436d/library/std/src/panicking.rs:695:13
[INFO] [stdout]   14:     0x55d369865679 - std::panicking::begin_panic_handler::{{closure}}::h91bc7f36a4be011b
[INFO] [stdout]                                at /rustc/1b7dd2252b99671ce5d1cb9664c5f8636329436d/library/std/src/panicking.rs:582:13
[INFO] [stdout]   15:     0x55d369863c06 - std::sys_common::backtrace::__rust_end_short_backtrace::h8b3d3717114f9e59
[INFO] [stdout]                                at /rustc/1b7dd2252b99671ce5d1cb9664c5f8636329436d/library/std/src/sys_common/backtrace.rs:150:18
[INFO] [stdout]   16:     0x55d3698653d2 - rust_begin_unwind
[INFO] [stdout]                                at /rustc/1b7dd2252b99671ce5d1cb9664c5f8636329436d/library/std/src/panicking.rs:578:5
[INFO] [stdout]   17:     0x55d369611e73 - core::panicking::panic_fmt::hfd368e3fbdabea26
[INFO] [stdout]                                at /rustc/1b7dd2252b99671ce5d1cb9664c5f8636329436d/library/core/src/panicking.rs:67:14
[INFO] [stdout]   18:     0x55d3696734d7 - trybuild::run::<impl trybuild::Runner>::run::hd66ca44e0c5c3f75
[INFO] [stdout]                                at /opt/rustwide/cargo-home/registry/src/index.crates.io-6f17d22bba15001f/trybuild-1.0.80/src/run.rs:101:13
[INFO] [stdout]   19:     0x55d369678d4a - <trybuild::TestCases as core::ops::drop::Drop>::drop::h7a9a2a49b20b0106
[INFO] [stdout]                                at /opt/rustwide/cargo-home/registry/src/index.crates.io-6f17d22bba15001f/trybuild-1.0.80/src/lib.rs:315:13
[INFO] [stdout]   20:     0x55d369612737 - core::ptr::drop_in_place<trybuild::TestCases>::h521a4c34c832b652
[INFO] [stdout]                                at /rustc/1b7dd2252b99671ce5d1cb9664c5f8636329436d/library/core/src/ptr/mod.rs:490:1
[INFO] [stdout]   21:     0x55d369612c2b - failure_tests::failure_tests::h509d96732ad5c204
[INFO] [stdout]                                at /opt/rustwide/workdir/tests/fail.rs:8:1
[INFO] [stdout]   22:     0x55d369612b77 - failure_tests::failure_tests::{{closure}}::h41dee06cfb88bd3f
[INFO] [stdout]                                at /opt/rustwide/workdir/tests/fail.rs:2:20
[INFO] [stdout]   23:     0x55d3696126e5 - core::ops::function::FnOnce::call_once::hed1e489a1aa55c1b
[INFO] [stdout]                                at /rustc/1b7dd2252b99671ce5d1cb9664c5f8636329436d/library/core/src/ops/function.rs:250:5
[INFO] [stdout]   24:     0x55d36983b8ff - core::ops::function::FnOnce::call_once::ha6a70e79f7481a7e
[INFO] [stdout]                                at /rustc/1b7dd2252b99671ce5d1cb9664c5f8636329436d/library/core/src/ops/function.rs:250:5
[INFO] [stdout]   25:     0x55d36983b8ff - test::__rust_begin_short_backtrace::hce33033019b61e69
[INFO] [stdout]                                at /rustc/1b7dd2252b99671ce5d1cb9664c5f8636329436d/library/test/src/lib.rs:655:18
[INFO] [stdout]   26:     0x55d3698090ec - test::run_test::{{closure}}::h858d3528838ae3e5
[INFO] [stdout]                                at /rustc/1b7dd2252b99671ce5d1cb9664c5f8636329436d/library/test/src/lib.rs:646:30
[INFO] [stdout]   27:     0x55d3698090ec - core::ops::function::FnOnce::call_once{{vtable.shim}}::he8ac2b00f01ae79e
[INFO] [stdout]                                at /rustc/1b7dd2252b99671ce5d1cb9664c5f8636329436d/library/core/src/ops/function.rs:250:5
[INFO] [stdout]   28:     0x55d36983a9d6 - <alloc::boxed::Box<F,A> as core::ops::function::FnOnce<Args>>::call_once::h8093d25b522725ef
[INFO] [stdout]                                at /rustc/1b7dd2252b99671ce5d1cb9664c5f8636329436d/library/alloc/src/boxed.rs:1973:9
[INFO] [stdout]   29:     0x55d36983a9d6 - <core::panic::unwind_safe::AssertUnwindSafe<F> as core::ops::function::FnOnce<()>>::call_once::h5c334c204e4a3913
[INFO] [stdout]                                at /rustc/1b7dd2252b99671ce5d1cb9664c5f8636329436d/library/core/src/panic/unwind_safe.rs:271:9
[INFO] [stdout]   30:     0x55d36983a9d6 - std::panicking::try::do_call::ha8b740c7b9478074
[INFO] [stdout]                                at /rustc/1b7dd2252b99671ce5d1cb9664c5f8636329436d/library/std/src/panicking.rs:485:40
[INFO] [stdout]   31:     0x55d36983a9d6 - std::panicking::try::h5d34f63d0e41b64e
[INFO] [stdout]                                at /rustc/1b7dd2252b99671ce5d1cb9664c5f8636329436d/library/std/src/panicking.rs:449:19
[INFO] [stdout]   32:     0x55d36983a9d6 - std::panic::catch_unwind::hcfbb511e1aa7fc67
[INFO] [stdout]                                at /rustc/1b7dd2252b99671ce5d1cb9664c5f8636329436d/library/std/src/panic.rs:140:14
[INFO] [stdout]   33:     0x55d36983a9d6 - test::run_test_in_process::h9abda90f802eaf21
[INFO] [stdout]                                at /rustc/1b7dd2252b99671ce5d1cb9664c5f8636329436d/library/test/src/lib.rs:678:27
[INFO] [stdout]   34:     0x55d36983a9d6 - test::run_test::run_test_inner::{{closure}}::h0f058de91f6c6edf
[INFO] [stdout]                                at /rustc/1b7dd2252b99671ce5d1cb9664c5f8636329436d/library/test/src/lib.rs:572:39
[INFO] [stdout]   35:     0x55d3698038f5 - test::run_test::run_test_inner::{{closure}}::h5ca48a4c59c6c1fb
[INFO] [stdout]                                at /rustc/1b7dd2252b99671ce5d1cb9664c5f8636329436d/library/test/src/lib.rs:599:37
[INFO] [stdout]   36:     0x55d3698038f5 - std::sys_common::backtrace::__rust_begin_short_backtrace::h32bd51e1495d4a33
[INFO] [stdout]                                at /rustc/1b7dd2252b99671ce5d1cb9664c5f8636329436d/library/std/src/sys_common/backtrace.rs:134:18
[INFO] [stdout]   37:     0x55d369808e31 - std::thread::Builder::spawn_unchecked_::{{closure}}::{{closure}}::hc086fae9b128b2db
[INFO] [stdout]                                at /rustc/1b7dd2252b99671ce5d1cb9664c5f8636329436d/library/std/src/thread/mod.rs:526:17
[INFO] [stdout]   38:     0x55d369808e31 - <core::panic::unwind_safe::AssertUnwindSafe<F> as core::ops::function::FnOnce<()>>::call_once::hb66571888d270d43
[INFO] [stdout]                                at /rustc/1b7dd2252b99671ce5d1cb9664c5f8636329436d/library/core/src/panic/unwind_safe.rs:271:9
[INFO] [stdout]   39:     0x55d369808e31 - std::panicking::try::do_call::h4fa2ef4f6e51fecf
[INFO] [stdout]                                at /rustc/1b7dd2252b99671ce5d1cb9664c5f8636329436d/library/std/src/panicking.rs:485:40
[INFO] [stdout]   40:     0x55d369808e31 - std::panicking::try::h1e9e22b8584489b5
[INFO] [stdout]                                at /rustc/1b7dd2252b99671ce5d1cb9664c5f8636329436d/library/std/src/panicking.rs:449:19
[INFO] [stdout]   41:     0x55d369808e31 - std::panic::catch_unwind::h44698a3de0e0769e
[INFO] [stdout]                                at /rustc/1b7dd2252b99671ce5d1cb9664c5f8636329436d/library/std/src/panic.rs:140:14
[INFO] [stdout]   42:     0x55d369808e31 - std::thread::Builder::spawn_unchecked_::{{closure}}::h50153abde3fe239e
[INFO] [stdout]                                at /rustc/1b7dd2252b99671ce5d1cb9664c5f8636329436d/library/std/src/thread/mod.rs:525:30
[INFO] [stdout]   43:     0x55d369808e31 - core::ops::function::FnOnce::call_once{{vtable.shim}}::hbe5bbf6f38394364
[INFO] [stdout]                                at /rustc/1b7dd2252b99671ce5d1cb9664c5f8636329436d/library/core/src/ops/function.rs:250:5
[INFO] [stdout]   44:     0x55d36986ad55 - <alloc::boxed::Box<F,A> as core::ops::function::FnOnce<Args>>::call_once::h0d83cb2920a49046
[INFO] [stdout]                                at /rustc/1b7dd2252b99671ce5d1cb9664c5f8636329436d/library/alloc/src/boxed.rs:1973:9
[INFO] [stdout]   45:     0x55d36986ad55 - <alloc::boxed::Box<F,A> as core::ops::function::FnOnce<Args>>::call_once::hbe0a008aa7d9ef59
[INFO] [stdout]                                at /rustc/1b7dd2252b99671ce5d1cb9664c5f8636329436d/library/alloc/src/boxed.rs:1973:9
[INFO] [stdout]   46:     0x55d36986ad55 - std::sys::unix::thread::Thread::new::thread_start::h3a466996bdf6b1f9
[INFO] [stdout]                                at /rustc/1b7dd2252b99671ce5d1cb9664c5f8636329436d/library/std/src/sys/unix/thread.rs:108:17
[INFO] [stdout]   47:     0x7eff1e4f5b43 - <unknown>
[INFO] [stdout]   48:     0x7eff1e586bb4 - __clone
[INFO] [stdout]   49:                0x0 - <unknown>
[INFO] [stdout] 
[INFO] [stdout] 
[INFO] [stdout] failures:
[INFO] [stdout]     failure_tests
[INFO] [stdout] 
[INFO] [stdout] test result: FAILED. 0 passed; 1 failed; 0 ignored; 0 measured; 0 filtered out; finished in 0.75s
[INFO] [stdout] 
[INFO] [stderr] error: test failed, to rerun pass `--test failure_tests`
[INFO] running `Command { std: "docker" "inspect" "9f2e9eed9871d55cce4afebf3f8fbbdf887946302f6f84bdec9a6436d1dddb68", kill_on_drop: false }`
[INFO] running `Command { std: "docker" "rm" "-f" "9f2e9eed9871d55cce4afebf3f8fbbdf887946302f6f84bdec9a6436d1dddb68", kill_on_drop: false }`
[INFO] [stdout] 9f2e9eed9871d55cce4afebf3f8fbbdf887946302f6f84bdec9a6436d1dddb68
