[INFO] fetching crate txtpp 0.1.2...
[INFO] testing txtpp-0.1.2 against beta-2023-04-20 for beta-1.70-1
[INFO] extracting crate txtpp 0.1.2 into /workspace/builds/worker-4-tc2/source
[INFO] validating manifest of crates.io crate txtpp 0.1.2 on toolchain beta-2023-04-20
[INFO] running `Command { std: CARGO_HOME="/workspace/cargo-home" RUSTUP_HOME="/workspace/rustup-home" "/workspace/cargo-home/bin/cargo" "+beta-2023-04-20" "metadata" "--manifest-path" "Cargo.toml" "--no-deps", kill_on_drop: false }`
[INFO] started tweaking crates.io crate txtpp 0.1.2
[INFO] finished tweaking crates.io crate txtpp 0.1.2
[INFO] tweaked toml for crates.io crate txtpp 0.1.2 written to /workspace/builds/worker-4-tc2/source/Cargo.toml
[INFO] crate crates.io crate txtpp 0.1.2 already has a lockfile, it will not be regenerated
[INFO] running `Command { std: CARGO_HOME="/workspace/cargo-home" RUSTUP_HOME="/workspace/rustup-home" "/workspace/cargo-home/bin/cargo" "+beta-2023-04-20" "fetch" "--manifest-path" "Cargo.toml", kill_on_drop: false }`
[INFO] [stderr]     Updating crates.io index
[INFO] [stderr]  Downloading crates ...
[INFO] [stderr]   Downloaded murmur3 v0.5.2
[INFO] [stderr]   Downloaded error-stack v0.3.1
[INFO] running `Command { std: "docker" "create" "-v" "/var/lib/crater-agent-workspace/builds/worker-4-tc2/target:/opt/rustwide/target:rw,Z" "-v" "/var/lib/crater-agent-workspace/builds/worker-4-tc2/source:/opt/rustwide/workdir:ro,Z" "-v" "/var/lib/crater-agent-workspace/cargo-home:/opt/rustwide/cargo-home:ro,Z" "-v" "/var/lib/crater-agent-workspace/rustup-home:/opt/rustwide/rustup-home:ro,Z" "-e" "SOURCE_DIR=/opt/rustwide/workdir" "-e" "CARGO_TARGET_DIR=/opt/rustwide/target" "-e" "CARGO_HOME=/opt/rustwide/cargo-home" "-e" "RUSTUP_HOME=/opt/rustwide/rustup-home" "-w" "/opt/rustwide/workdir" "-m" "1610612736" "--user" "0:0" "--network" "none" "ghcr.io/rust-lang/crates-build-env/linux@sha256:5ff2268d62e97bff2cde7d5815dd6ed5b47097566f13b8d0ca110b04b60e07ed" "/opt/rustwide/cargo-home/bin/cargo" "+beta-2023-04-20" "metadata" "--no-deps" "--format-version=1", kill_on_drop: false }`
[INFO] [stdout] 2416da7bf56c553a6ebfbb1254c3ea45b7c5693500def80b940ffc8769a2d9a1
[INFO] running `Command { std: "docker" "start" "-a" "2416da7bf56c553a6ebfbb1254c3ea45b7c5693500def80b940ffc8769a2d9a1", kill_on_drop: false }`
[INFO] running `Command { std: "docker" "inspect" "2416da7bf56c553a6ebfbb1254c3ea45b7c5693500def80b940ffc8769a2d9a1", kill_on_drop: false }`
[INFO] running `Command { std: "docker" "rm" "-f" "2416da7bf56c553a6ebfbb1254c3ea45b7c5693500def80b940ffc8769a2d9a1", kill_on_drop: false }`
[INFO] [stdout] 2416da7bf56c553a6ebfbb1254c3ea45b7c5693500def80b940ffc8769a2d9a1
[INFO] running `Command { std: "docker" "create" "-v" "/var/lib/crater-agent-workspace/builds/worker-4-tc2/target:/opt/rustwide/target:rw,Z" "-v" "/var/lib/crater-agent-workspace/builds/worker-4-tc2/source:/opt/rustwide/workdir:ro,Z" "-v" "/var/lib/crater-agent-workspace/cargo-home:/opt/rustwide/cargo-home:ro,Z" "-v" "/var/lib/crater-agent-workspace/rustup-home:/opt/rustwide/rustup-home:ro,Z" "-e" "SOURCE_DIR=/opt/rustwide/workdir" "-e" "CARGO_TARGET_DIR=/opt/rustwide/target" "-e" "CARGO_INCREMENTAL=0" "-e" "RUST_BACKTRACE=full" "-e" "RUSTFLAGS=--cap-lints=warn" "-e" "RUSTDOCFLAGS=--cap-lints=warn" "-e" "CARGO_HOME=/opt/rustwide/cargo-home" "-e" "RUSTUP_HOME=/opt/rustwide/rustup-home" "-w" "/opt/rustwide/workdir" "-m" "1610612736" "--user" "0:0" "--network" "none" "ghcr.io/rust-lang/crates-build-env/linux@sha256:5ff2268d62e97bff2cde7d5815dd6ed5b47097566f13b8d0ca110b04b60e07ed" "/opt/rustwide/cargo-home/bin/cargo" "+beta-2023-04-20" "build" "--frozen" "--message-format=json", kill_on_drop: false }`
[INFO] [stdout] 14680e2372feba3aba6a61be0f0b7dd4862a3910410631799b1bd6c5bb0edce7
[INFO] running `Command { std: "docker" "start" "-a" "14680e2372feba3aba6a61be0f0b7dd4862a3910410631799b1bd6c5bb0edce7", kill_on_drop: false }`
[INFO] [stderr]    Compiling libc v0.2.142
[INFO] [stderr]    Compiling proc-macro2 v1.0.56
[INFO] [stderr]    Compiling io-lifetimes v1.0.10
[INFO] [stderr]    Compiling rustix v0.37.14
[INFO] [stderr]    Compiling semver v1.0.17
[INFO] [stderr]    Compiling linux-raw-sys v0.3.4
[INFO] [stderr]    Compiling utf8parse v0.2.1
[INFO] [stderr]    Compiling syn v1.0.109
[INFO] [stderr]    Compiling anstyle v1.0.0
[INFO] [stderr]    Compiling colorchoice v1.0.0
[INFO] [stderr]    Compiling anstyle-query v1.0.0
[INFO] [stderr]    Compiling once_cell v1.17.1
[INFO] [stderr]    Compiling regex-syntax v0.7.1
[INFO] [stderr]    Compiling clap_lex v0.4.1
[INFO] [stderr]    Compiling strsim v0.10.0
[INFO] [stderr]    Compiling aho-corasick v1.0.1
[INFO] [stderr]    Compiling heck v0.4.1
[INFO] [stderr]    Compiling either v1.8.1
[INFO] [stderr]    Compiling anstyle-parse v0.2.0
[INFO] [stderr]    Compiling rustc_version v0.4.0
[INFO] [stderr]    Compiling quote v1.0.26
[INFO] [stderr]    Compiling error-stack v0.3.1
[INFO] [stderr]    Compiling syn v2.0.15
[INFO] [stderr]    Compiling regex v1.8.1
[INFO] [stderr]    Compiling num_cpus v1.15.0
[INFO] [stderr]    Compiling which v4.4.0
[INFO] [stderr]    Compiling threadpool v1.8.1
[INFO] [stderr]    Compiling is-terminal v0.4.7
[INFO] [stderr]    Compiling anstream v0.3.0
[INFO] [stderr]    Compiling env_logger v0.10.0
[INFO] [stderr]    Compiling clap_builder v4.2.4
[INFO] [stderr]    Compiling derivative v2.2.0
[INFO] [stderr]    Compiling clap_derive v4.2.0
[INFO] [stderr]    Compiling clap v4.2.4
[INFO] [stderr]    Compiling txtpp v0.1.2 (/opt/rustwide/workdir)
[INFO] [stderr]     Finished dev [unoptimized + debuginfo] target(s) in 8.41s
[INFO] running `Command { std: "docker" "inspect" "14680e2372feba3aba6a61be0f0b7dd4862a3910410631799b1bd6c5bb0edce7", kill_on_drop: false }`
[INFO] running `Command { std: "docker" "rm" "-f" "14680e2372feba3aba6a61be0f0b7dd4862a3910410631799b1bd6c5bb0edce7", kill_on_drop: false }`
[INFO] [stdout] 14680e2372feba3aba6a61be0f0b7dd4862a3910410631799b1bd6c5bb0edce7
[INFO] running `Command { std: "docker" "create" "-v" "/var/lib/crater-agent-workspace/builds/worker-4-tc2/target:/opt/rustwide/target:rw,Z" "-v" "/var/lib/crater-agent-workspace/builds/worker-4-tc2/source:/opt/rustwide/workdir:ro,Z" "-v" "/var/lib/crater-agent-workspace/cargo-home:/opt/rustwide/cargo-home:ro,Z" "-v" "/var/lib/crater-agent-workspace/rustup-home:/opt/rustwide/rustup-home:ro,Z" "-e" "SOURCE_DIR=/opt/rustwide/workdir" "-e" "CARGO_TARGET_DIR=/opt/rustwide/target" "-e" "CARGO_INCREMENTAL=0" "-e" "RUST_BACKTRACE=full" "-e" "RUSTFLAGS=--cap-lints=warn" "-e" "RUSTDOCFLAGS=--cap-lints=warn" "-e" "CARGO_HOME=/opt/rustwide/cargo-home" "-e" "RUSTUP_HOME=/opt/rustwide/rustup-home" "-w" "/opt/rustwide/workdir" "-m" "1610612736" "--user" "0:0" "--network" "none" "ghcr.io/rust-lang/crates-build-env/linux@sha256:5ff2268d62e97bff2cde7d5815dd6ed5b47097566f13b8d0ca110b04b60e07ed" "/opt/rustwide/cargo-home/bin/cargo" "+beta-2023-04-20" "test" "--frozen" "--no-run" "--message-format=json", kill_on_drop: false }`
[INFO] [stdout] f17c0c54e38da371216f9dda03a1578990d877762af587dae6d3515e9b1b5b83
[INFO] running `Command { std: "docker" "start" "-a" "f17c0c54e38da371216f9dda03a1578990d877762af587dae6d3515e9b1b5b83", kill_on_drop: false }`
[INFO] [stderr]    Compiling winapi-build v0.1.1
[INFO] [stderr]    Compiling winapi v0.2.8
[INFO] [stderr]    Compiling murmur3 v0.5.2
[INFO] [stderr]    Compiling kernel32-sys v0.2.2
[INFO] [stderr]    Compiling walkdir v0.1.8
[INFO] [stderr]    Compiling copy_dir v0.1.2
[INFO] [stderr]    Compiling txtpp v0.1.2 (/opt/rustwide/workdir)
[INFO] [stderr]     Finished test [unoptimized + debuginfo] target(s) in 2.24s
[INFO] running `Command { std: "docker" "inspect" "f17c0c54e38da371216f9dda03a1578990d877762af587dae6d3515e9b1b5b83", kill_on_drop: false }`
[INFO] running `Command { std: "docker" "rm" "-f" "f17c0c54e38da371216f9dda03a1578990d877762af587dae6d3515e9b1b5b83", kill_on_drop: false }`
[INFO] [stdout] f17c0c54e38da371216f9dda03a1578990d877762af587dae6d3515e9b1b5b83
[INFO] running `Command { std: "docker" "create" "-v" "/var/lib/crater-agent-workspace/builds/worker-4-tc2/target:/opt/rustwide/target:rw,Z" "-v" "/var/lib/crater-agent-workspace/builds/worker-4-tc2/source:/opt/rustwide/workdir:ro,Z" "-v" "/var/lib/crater-agent-workspace/cargo-home:/opt/rustwide/cargo-home:ro,Z" "-v" "/var/lib/crater-agent-workspace/rustup-home:/opt/rustwide/rustup-home:ro,Z" "-e" "SOURCE_DIR=/opt/rustwide/workdir" "-e" "CARGO_TARGET_DIR=/opt/rustwide/target" "-e" "CARGO_INCREMENTAL=0" "-e" "RUST_BACKTRACE=full" "-e" "RUSTFLAGS=--cap-lints=warn" "-e" "RUSTDOCFLAGS=--cap-lints=warn" "-e" "CARGO_HOME=/opt/rustwide/cargo-home" "-e" "RUSTUP_HOME=/opt/rustwide/rustup-home" "-w" "/opt/rustwide/workdir" "-m" "1610612736" "--user" "0:0" "--network" "none" "ghcr.io/rust-lang/crates-build-env/linux@sha256:5ff2268d62e97bff2cde7d5815dd6ed5b47097566f13b8d0ca110b04b60e07ed" "/opt/rustwide/cargo-home/bin/cargo" "+beta-2023-04-20" "test" "--frozen", kill_on_drop: false }`
[INFO] [stdout] e51862627d36b935ea860a824193ee8a6cc0883b04d00ed405f6ebbbcbcb0744
[INFO] running `Command { std: "docker" "start" "-a" "e51862627d36b935ea860a824193ee8a6cc0883b04d00ed405f6ebbbcbcb0744", kill_on_drop: false }`
[INFO] [stderr]     Finished test [unoptimized + debuginfo] target(s) in 0.05s
[INFO] [stderr]      Running unittests src/lib.rs (/opt/rustwide/target/debug/deps/txtpp-30c222eb6bf65dc0)
[INFO] [stdout] 
[INFO] [stdout] running 77 tests
[INFO] [stdout] test core::execute::pp::directive::directive_add_line::ut::test_addln_empty ... ok
[INFO] [stdout] test core::execute::pp::directive::directive_add_line::ut::test_addln_empty_format_prefix_ok ... ok
[INFO] [stdout] test core::execute::pp::directive::directive_add_line::ut::test_addln_empty_format_spaces_notok ... ok
[INFO] [stdout] test core::execute::pp::directive::directive_add_line::ut::test_addln_include_single_line_only ... ok
[INFO] [stdout] test core::execute::pp::directive::directive_add_line::ut::test_addln_empty_format_prefix_notok ... ok
[INFO] [stdout] test core::execute::pp::directive::directive_add_line::ut::test_addln_empty_format_spaces_ok ... ok
[INFO] [stdout] test core::execute::pp::directive::directive_add_line::ut::test_addln_empty_add_empty ... ok
[INFO] [stdout] test core::execute::pp::directive::directive_add_line::ut::test_addln_run_prefix_trailing_whitespace_notok ... ok
[INFO] [stdout] test core::execute::pp::directive::directive_add_line::ut::test_addln_tag_single_line_only ... ok
[INFO] [stdout] test core::execute::pp::directive::directive_from::ut::test_detect_write ... ok
[INFO] [stdout] test core::execute::pp::directive::directive_from::ut::test_from_basic_empty_randomstuff ... ok
[INFO] [stdout] test core::execute::pp::directive::directive_from::ut::test_from_basic_include_one_space ... ok
[INFO] [stdout] test core::execute::pp::directive::directive_from::ut::test_from_basic_invalid ... ok
[INFO] [stdout] test core::execute::pp::directive::directive_from::ut::test_from_basic_include_noarg ... ok
[INFO] [stdout] test core::execute::pp::directive::directive_from::ut::test_from_basic_include_trailing_spaces ... ok
[INFO] [stdout] test core::execute::pp::directive::directive_from::ut::test_from_basic_invalid_randomstuff ... ok
[INFO] [stdout] test core::execute::pp::directive::directive_add_line::ut::test_addln_run_trailing_whitespaces ... ok
[INFO] [stdout] test core::execute::pp::directive::directive_from::ut::test_from_basic_empty_arg ... ok
[INFO] [stdout] test core::execute::pp::directive::directive_from::ut::test_from_basic_include_noarg_many_spaces ... ok
[INFO] [stdout] test core::execute::pp::directive::directive_from::ut::test_from_basic_include_noarg_space ... ok
[INFO] [stdout] test core::execute::pp::directive::directive_add_line::ut::test_addln_run ... ok
[INFO] [stdout] test core::execute::pp::directive::directive_add_line::ut::test_addln_run_prefix_trailing_whitespace_ok ... ok
[INFO] [stdout] test core::execute::pp::directive::directive_from::ut::test_detect_temp ... ok
[INFO] [stdout] test core::execute::pp::directive::directive_from::ut::test_from_basic_include_many_spaces ... ok
[INFO] [stdout] test core::execute::pp::directive::directive_from::ut::test_detect_tag ... ok
[INFO] [stdout] test core::execute::pp::directive::directive_from::ut::test_from_basic_not_directive ... ok
[INFO] [stdout] test core::execute::pp::directive::directive_from::ut::test_from_basic_empty ... ok
[INFO] [stdout] test core::execute::pp::directive::directive_from::ut::test_from_basic_run_noarg_many_spaces ... ok
[INFO] [stdout] test core::execute::pp::directive::directive_from::ut::test_from_basic_run_one_space ... ok
[INFO] [stdout] test core::execute::pp::directive::directive_from::ut::test_from_basic_whitespace_not_directive ... ok
[INFO] [stdout] test core::execute::pp::directive::directive_from::ut::test_from_starting_chars ... ok
[INFO] [stdout] test core::execute::pp::directive::directive_from::ut::test_from_starting_chars_whitespace ... ok
[INFO] [stdout] test core::execute::pp::directive::directive_from::ut::test_from_starting_whitespaces ... ok
[INFO] [stdout] test core::util::dependency::ut::test_empty ... ok
[INFO] [stdout] test core::util::dependency::ut::test_diamond ... ok
[INFO] [stdout] test core::util::dependency::ut::test_do_not_add_done ... ok
[INFO] [stdout] test core::util::dependency::ut::test_one_no_depender ... ok
[INFO] [stdout] test core::util::dependency::ut::test_one ... ok
[INFO] [stdout] test core::util::dependency::ut::test_one_depends_on_two ... ok
[INFO] [stdout] test core::util::string::ut::test_empty_force_crlf ... ok
[INFO] [stdout] test core::util::dependency::ut::test_insert_empty ... ok
[INFO] [stdout] test core::execute::pp::directive::directive_from::ut::test_from_basic_randomstuff_not_directive ... ok
[INFO] [stdout] test core::execute::pp::directive::directive_from::ut::test_from_starting_whitespace_chars ... ok
[INFO] [stdout] test core::execute::pp::directive::directive_from::ut::test_from_basic_run_noarg ... ok
[INFO] [stdout] test core::execute::pp::directive::directive_from::ut::test_from_basic_run_noarg_space ... ok
[INFO] [stdout] test core::execute::pp::directive::directive_from::ut::test_from_starting_whitespace_chars_shitespace ... ok
[INFO] [stdout] test core::util::dependency::ut::test_circle ... ok
[INFO] [stdout] test core::util::string::ut::test_one_force_lf ... ok
[INFO] [stdout] test core::util::string::ut::test_multiple_empty_lines_crlf ... ok
[INFO] [stdout] test core::util::tag_state::tests::test_tag_inject_one_postfixed ... ok
[INFO] [stdout] test core::util::tag_state::tests::test_create_ok ... ok
[INFO] [stdout] test core::util::string::ut::test_empty_force_lf ... ok
[INFO] [stdout] test core::util::tag_state::tests::test_tag_inject_one_sandwiched ... ok
[INFO] [stdout] test core::util::tag_state::tests::test_tag_inject_none ... ok
[INFO] [stdout] test core::util::tag_state::tests::test_tag_inject_many ... ok
[INFO] [stdout] test core::util::string::ut::test_one ... ok
[INFO] [stdout] test core::util::tag_state::tests::test_tag_inject_many_complex ... ok
[INFO] [stdout] test core::util::tag_state::tests::test_tag_inject_many_complex2 ... ok
[INFO] [stdout] test core::util::tag_state::tests::test_tag_inject_one_prefixed ... ok
[INFO] [stdout] test core::util::tag_state::tests::test_tag_inject_one_all ... ok
[INFO] [stdout] test fs::line_ending::ut::test_lf ... ok
[INFO] [stdout] test core::util::tag_state::tests::test_try_store_no_listening ... ok
[INFO] [stdout] test fs::line_ending::ut::test_cr ... ok
[INFO] [stdout] test fs::line_ending::ut::test_crlf ... ok
[INFO] [stdout] test fs::line_ending::ut::test_text_nonewline ... ok
[INFO] [stdout] test fs::line_ending::ut::test_empty ... ok
[INFO] [stdout] test fs::line_ending::ut::test_text_lf ... ok
[INFO] [stdout] test fs::line_ending::ut::test_text_crlf ... ok
[INFO] [stdout] test core::util::tag_state::tests::test_try_store_ok ... ok
[INFO] [stdout] test core::util::tag_state::tests::test_tag_inject_one_sandwiched_newlines ... ok
[INFO] [stdout] test core::util::string::ut::test_empty ... FAILED
[INFO] [stdout] test core::util::tag_state::tests::test_create_has_prefix_listening ... ok
[INFO] [stdout] test core::util::tag_state::tests::test_create_has_prefix_stored ... ok
[INFO] [stdout] test core::util::tag_state::tests::test_create_already_listening ... ok
[INFO] [stdout] test core::util::tag_state::tests::test_create_prefix_stored ... ok
[INFO] [stdout] test core::util::tag_state::tests::test_create_has_same_listening ... ok
[INFO] [stdout] test core::util::tag_state::tests::test_create_has_same_stored ... ok
[INFO] [stdout] 
[INFO] [stdout] failures:
[INFO] [stdout] 
[INFO] [stdout] ---- core::util::string::ut::test_empty stdout ----
[INFO] [stdout] thread 'core::util::string::ut::test_empty' panicked at 'assertion failed: `(left == right)`
[INFO] [stdout]   left: `""`,
[INFO] [stdout]  right: `"\r"`', src/core/util/string.rs:32:9
[INFO] [stdout] stack backtrace:
[INFO] [stdout]    0:     0x55603f9cf3fa - std::backtrace_rs::backtrace::libunwind::trace::h2f05d0192276a8f6
[INFO] [stdout]                                at /rustc/1b7dd2252b99671ce5d1cb9664c5f8636329436d/library/std/src/../../backtrace/src/backtrace/libunwind.rs:93:5
[INFO] [stdout]    1:     0x55603f9cf3fa - std::backtrace_rs::backtrace::trace_unsynchronized::hedc23dff7a1af150
[INFO] [stdout]                                at /rustc/1b7dd2252b99671ce5d1cb9664c5f8636329436d/library/std/src/../../backtrace/src/backtrace/mod.rs:66:5
[INFO] [stdout]    2:     0x55603f9cf3fa - std::sys_common::backtrace::_print_fmt::h17541ef7592f3ce2
[INFO] [stdout]                                at /rustc/1b7dd2252b99671ce5d1cb9664c5f8636329436d/library/std/src/sys_common/backtrace.rs:65:5
[INFO] [stdout]    3:     0x55603f9cf3fa - <std::sys_common::backtrace::_print::DisplayBacktrace as core::fmt::Display>::fmt::h20f75df5ab0c0792
[INFO] [stdout]                                at /rustc/1b7dd2252b99671ce5d1cb9664c5f8636329436d/library/std/src/sys_common/backtrace.rs:44:22
[INFO] [stdout]    4:     0x55603f9f342f - core::fmt::write::h78109e6f466b3af6
[INFO] [stdout]                                at /rustc/1b7dd2252b99671ce5d1cb9664c5f8636329436d/library/core/src/fmt/mod.rs:1254:17
[INFO] [stdout]    5:     0x55603f9cc705 - std::io::Write::write_fmt::hd24bfb68a1b35a25
[INFO] [stdout]                                at /rustc/1b7dd2252b99671ce5d1cb9664c5f8636329436d/library/std/src/io/mod.rs:1698:15
[INFO] [stdout]    6:     0x55603f9cf1c5 - std::sys_common::backtrace::_print::h8dac57a9f8fbf9a5
[INFO] [stdout]                                at /rustc/1b7dd2252b99671ce5d1cb9664c5f8636329436d/library/std/src/sys_common/backtrace.rs:47:5
[INFO] [stdout]    7:     0x55603f9cf1c5 - std::sys_common::backtrace::print::hf9ecbf41d1aa712f
[INFO] [stdout]                                at /rustc/1b7dd2252b99671ce5d1cb9664c5f8636329436d/library/std/src/sys_common/backtrace.rs:34:9
[INFO] [stdout]    8:     0x55603f9d0e7e - std::panicking::default_hook::{{closure}}::h04c07acfc84ca028
[INFO] [stdout]                                at /rustc/1b7dd2252b99671ce5d1cb9664c5f8636329436d/library/std/src/panicking.rs:269:22
[INFO] [stdout]    9:     0x55603f9d0bb1 - std::panicking::default_hook::h01f6bb23e1eceb2c
[INFO] [stdout]                                at /rustc/1b7dd2252b99671ce5d1cb9664c5f8636329436d/library/std/src/panicking.rs:285:9
[INFO] [stdout]   10:     0x55603f952adb - <alloc::boxed::Box<F,A> as core::ops::function::Fn<Args>>::call::h87fe9f7b2fd49e4c
[INFO] [stdout]                                at /rustc/1b7dd2252b99671ce5d1cb9664c5f8636329436d/library/alloc/src/boxed.rs:1987:9
[INFO] [stdout]   11:     0x55603f952adb - test::test_main::{{closure}}::he94d679243a7531b
[INFO] [stdout]                                at /rustc/1b7dd2252b99671ce5d1cb9664c5f8636329436d/library/test/src/lib.rs:134:21
[INFO] [stdout]   12:     0x55603f9d1564 - <alloc::boxed::Box<F,A> as core::ops::function::Fn<Args>>::call::h3f2d6d8b14c4769f
[INFO] [stdout]                                at /rustc/1b7dd2252b99671ce5d1cb9664c5f8636329436d/library/alloc/src/boxed.rs:1987:9
[INFO] [stdout]   13:     0x55603f9d1564 - std::panicking::rust_panic_with_hook::h2bb3722bbaf2f6df
[INFO] [stdout]                                at /rustc/1b7dd2252b99671ce5d1cb9664c5f8636329436d/library/std/src/panicking.rs:695:13
[INFO] [stdout]   14:     0x55603f9d12d9 - std::panicking::begin_panic_handler::{{closure}}::h91bc7f36a4be011b
[INFO] [stdout]                                at /rustc/1b7dd2252b99671ce5d1cb9664c5f8636329436d/library/std/src/panicking.rs:582:13
[INFO] [stdout]   15:     0x55603f9cf866 - std::sys_common::backtrace::__rust_end_short_backtrace::h8b3d3717114f9e59
[INFO] [stdout]                                at /rustc/1b7dd2252b99671ce5d1cb9664c5f8636329436d/library/std/src/sys_common/backtrace.rs:150:18
[INFO] [stdout]   16:     0x55603f9d1032 - rust_begin_unwind
[INFO] [stdout]                                at /rustc/1b7dd2252b99671ce5d1cb9664c5f8636329436d/library/std/src/panicking.rs:578:5
[INFO] [stdout]   17:     0x55603f8e2fa3 - core::panicking::panic_fmt::hfd368e3fbdabea26
[INFO] [stdout]                                at /rustc/1b7dd2252b99671ce5d1cb9664c5f8636329436d/library/core/src/panicking.rs:67:14
[INFO] [stdout]   18:     0x55603f8e336f - core::panicking::assert_failed_inner::haef49168e1798a91
[INFO] [stdout]   19:     0x55603f90d3be - core::panicking::assert_failed::hee7b3a38bd6c4aef
[INFO] [stdout]                                at /rustc/1b7dd2252b99671ce5d1cb9664c5f8636329436d/library/core/src/panicking.rs:228:5
[INFO] [stdout]   20:     0x55603f91a123 - txtpp::core::util::string::ut::test_empty::h4857f1f1edf8892b
[INFO] [stdout]                                at /opt/rustwide/workdir/src/core/util/string.rs:32:9
[INFO] [stdout]   21:     0x55603f919e77 - txtpp::core::util::string::ut::test_empty::{{closure}}::h1a51cb8011158f3e
[INFO] [stdout]                                at /opt/rustwide/workdir/src/core/util/string.rs:30:21
[INFO] [stdout]   22:     0x55603f8ec805 - core::ops::function::FnOnce::call_once::h6f24dd3cb3a00724
[INFO] [stdout]                                at /rustc/1b7dd2252b99671ce5d1cb9664c5f8636329436d/library/core/src/ops/function.rs:250:5
[INFO] [stdout]   23:     0x55603f9579af - core::ops::function::FnOnce::call_once::ha6a70e79f7481a7e
[INFO] [stdout]                                at /rustc/1b7dd2252b99671ce5d1cb9664c5f8636329436d/library/core/src/ops/function.rs:250:5
[INFO] [stdout]   24:     0x55603f9579af - test::__rust_begin_short_backtrace::hce33033019b61e69
[INFO] [stdout]                                at /rustc/1b7dd2252b99671ce5d1cb9664c5f8636329436d/library/test/src/lib.rs:655:18
[INFO] [stdout]   25:     0x55603f92519c - test::run_test::{{closure}}::h858d3528838ae3e5
[INFO] [stdout]                                at /rustc/1b7dd2252b99671ce5d1cb9664c5f8636329436d/library/test/src/lib.rs:646:30
[INFO] [stdout]   26:     0x55603f92519c - core::ops::function::FnOnce::call_once{{vtable.shim}}::he8ac2b00f01ae79e
[INFO] [stdout]                                at /rustc/1b7dd2252b99671ce5d1cb9664c5f8636329436d/library/core/src/ops/function.rs:250:5
[INFO] [stdout]   27:     0x55603f956a86 - <alloc::boxed::Box<F,A> as core::ops::function::FnOnce<Args>>::call_once::h8093d25b522725ef
[INFO] [stdout]                                at /rustc/1b7dd2252b99671ce5d1cb9664c5f8636329436d/library/alloc/src/boxed.rs:1973:9
[INFO] [stdout]   28:     0x55603f956a86 - <core::panic::unwind_safe::AssertUnwindSafe<F> as core::ops::function::FnOnce<()>>::call_once::h5c334c204e4a3913
[INFO] [stdout]                                at /rustc/1b7dd2252b99671ce5d1cb9664c5f8636329436d/library/core/src/panic/unwind_safe.rs:271:9
[INFO] [stdout]   29:     0x55603f956a86 - std::panicking::try::do_call::ha8b740c7b9478074
[INFO] [stdout]                                at /rustc/1b7dd2252b99671ce5d1cb9664c5f8636329436d/library/std/src/panicking.rs:485:40
[INFO] [stdout]   30:     0x55603f956a86 - std::panicking::try::h5d34f63d0e41b64e
[INFO] [stdout]                                at /rustc/1b7dd2252b99671ce5d1cb9664c5f8636329436d/library/std/src/panicking.rs:449:19
[INFO] [stdout]   31:     0x55603f956a86 - std::panic::catch_unwind::hcfbb511e1aa7fc67
[INFO] [stdout]                                at /rustc/1b7dd2252b99671ce5d1cb9664c5f8636329436d/library/std/src/panic.rs:140:14
[INFO] [stdout]   32:     0x55603f956a86 - test::run_test_in_process::h9abda90f802eaf21
[INFO] [stdout]                                at /rustc/1b7dd2252b99671ce5d1cb9664c5f8636329436d/library/test/src/lib.rs:678:27
[INFO] [stdout]   33:     0x55603f956a86 - test::run_test::run_test_inner::{{closure}}::h0f058de91f6c6edf
[INFO] [stdout]                                at /rustc/1b7dd2252b99671ce5d1cb9664c5f8636329436d/library/test/src/lib.rs:572:39
[INFO] [stdout]   34:     0x55603f91f9a5 - test::run_test::run_test_inner::{{closure}}::h5ca48a4c59c6c1fb
[INFO] [stdout]                                at /rustc/1b7dd2252b99671ce5d1cb9664c5f8636329436d/library/test/src/lib.rs:599:37
[INFO] [stdout]   35:     0x55603f91f9a5 - std::sys_common::backtrace::__rust_begin_short_backtrace::h32bd51e1495d4a33
[INFO] [stdout]                                at /rustc/1b7dd2252b99671ce5d1cb9664c5f8636329436d/library/std/src/sys_common/backtrace.rs:134:18
[INFO] [stdout]   36:     0x55603f924ee1 - std::thread::Builder::spawn_unchecked_::{{closure}}::{{closure}}::hc086fae9b128b2db
[INFO] [stdout]                                at /rustc/1b7dd2252b99671ce5d1cb9664c5f8636329436d/library/std/src/thread/mod.rs:526:17
[INFO] [stdout]   37:     0x55603f924ee1 - <core::panic::unwind_safe::AssertUnwindSafe<F> as core::ops::function::FnOnce<()>>::call_once::hb66571888d270d43
[INFO] [stdout]                                at /rustc/1b7dd2252b99671ce5d1cb9664c5f8636329436d/library/core/src/panic/unwind_safe.rs:271:9
[INFO] [stdout]   38:     0x55603f924ee1 - std::panicking::try::do_call::h4fa2ef4f6e51fecf
[INFO] [stdout]                                at /rustc/1b7dd2252b99671ce5d1cb9664c5f8636329436d/library/std/src/panicking.rs:485:40
[INFO] [stdout]   39:     0x55603f924ee1 - std::panicking::try::h1e9e22b8584489b5
[INFO] [stdout]                                at /rustc/1b7dd2252b99671ce5d1cb9664c5f8636329436d/library/std/src/panicking.rs:449:19
[INFO] [stdout]   40:     0x55603f924ee1 - std::panic::catch_unwind::h44698a3de0e0769e
[INFO] [stdout]                                at /rustc/1b7dd2252b99671ce5d1cb9664c5f8636329436d/library/std/src/panic.rs:140:14
[INFO] [stdout]   41:     0x55603f924ee1 - std::thread::Builder::spawn_unchecked_::{{closure}}::h50153abde3fe239e
[INFO] [stdout]                                at /rustc/1b7dd2252b99671ce5d1cb9664c5f8636329436d/library/std/src/thread/mod.rs:525:30
[INFO] [stdout]   42:     0x55603f924ee1 - core::ops::function::FnOnce::call_once{{vtable.shim}}::hbe5bbf6f38394364
[INFO] [stdout]                                at /rustc/1b7dd2252b99671ce5d1cb9664c5f8636329436d/library/core/src/ops/function.rs:250:5
[INFO] [stdout]   43:     0x55603f9d5a35 - <alloc::boxed::Box<F,A> as core::ops::function::FnOnce<Args>>::call_once::h0d83cb2920a49046
[INFO] [stdout]                                at /rustc/1b7dd2252b99671ce5d1cb9664c5f8636329436d/library/alloc/src/boxed.rs:1973:9
[INFO] [stdout]   44:     0x55603f9d5a35 - <alloc::boxed::Box<F,A> as core::ops::function::FnOnce<Args>>::call_once::hbe0a008aa7d9ef59
[INFO] [stdout]                                at /rustc/1b7dd2252b99671ce5d1cb9664c5f8636329436d/library/alloc/src/boxed.rs:1973:9
[INFO] [stdout]   45:     0x55603f9d5a35 - std::sys::unix::thread::Thread::new::thread_start::h3a466996bdf6b1f9
[INFO] [stdout]                                at /rustc/1b7dd2252b99671ce5d1cb9664c5f8636329436d/library/std/src/sys/unix/thread.rs:108:17
[INFO] [stdout]   46:     0x7fc90637bb43 - <unknown>
[INFO] [stdout]   47:     0x7fc90640cbb4 - __clone
[INFO] [stdout]   48:                0x0 - <unknown>
[INFO] [stdout] 
[INFO] [stdout] 
[INFO] [stdout] failures:
[INFO] [stdout]     core::util::string::ut::test_empty
[INFO] [stdout] 
[INFO] [stdout] test result: FAILED. 76 passed; 1 failed; 0 ignored; 0 measured; 0 filtered out; finished in 0.08s
[INFO] [stdout] 
[INFO] [stderr] error: test failed, to rerun pass `--lib`
[INFO] running `Command { std: "docker" "inspect" "e51862627d36b935ea860a824193ee8a6cc0883b04d00ed405f6ebbbcbcb0744", kill_on_drop: false }`
[INFO] running `Command { std: "docker" "rm" "-f" "e51862627d36b935ea860a824193ee8a6cc0883b04d00ed405f6ebbbcbcb0744", kill_on_drop: false }`
[INFO] [stdout] e51862627d36b935ea860a824193ee8a6cc0883b04d00ed405f6ebbbcbcb0744
