[INFO] fetching crate twitch_api2 0.6.1...
[INFO] testing twitch_api2-0.6.1 against 1.69.0 for beta-1.70-1
[INFO] extracting crate twitch_api2 0.6.1 into /workspace/builds/worker-1-tc1/source
[INFO] validating manifest of crates.io crate twitch_api2 0.6.1 on toolchain 1.69.0
[INFO] running `Command { std: CARGO_HOME="/workspace/cargo-home" RUSTUP_HOME="/workspace/rustup-home" "/workspace/cargo-home/bin/cargo" "+1.69.0" "metadata" "--manifest-path" "Cargo.toml" "--no-deps", kill_on_drop: false }`
[INFO] started tweaking crates.io crate twitch_api2 0.6.1
[INFO] removed 0 missing examples
[INFO] finished tweaking crates.io crate twitch_api2 0.6.1
[INFO] tweaked toml for crates.io crate twitch_api2 0.6.1 written to /workspace/builds/worker-1-tc1/source/Cargo.toml
[INFO] crate crates.io crate twitch_api2 0.6.1 already has a lockfile, it will not be regenerated
[INFO] running `Command { std: CARGO_HOME="/workspace/cargo-home" RUSTUP_HOME="/workspace/rustup-home" "/workspace/cargo-home/bin/cargo" "+1.69.0" "fetch" "--manifest-path" "Cargo.toml", kill_on_drop: false }`
[INFO] [stderr]     Blocking waiting for file lock on package cache
[INFO] [stderr]  Downloading crates ...
[INFO] [stderr]   Downloaded serde_path_to_error v0.1.7
[INFO] [stderr]   Downloaded tokio v1.18.0
[INFO] [stderr]   Downloaded curl-sys v0.4.54+curl-7.83.0
[INFO] [stderr]   Downloaded aliri_braid_impl v0.1.10
[INFO] [stderr]   Downloaded aliri_braid v0.1.10
[INFO] [stderr]   Downloaded twitch_oauth2 v0.6.1
[INFO] running `Command { std: "docker" "create" "-v" "/var/lib/crater-agent-workspace/builds/worker-1-tc1/target:/opt/rustwide/target:rw,Z" "-v" "/var/lib/crater-agent-workspace/builds/worker-1-tc1/source:/opt/rustwide/workdir:ro,Z" "-v" "/var/lib/crater-agent-workspace/cargo-home:/opt/rustwide/cargo-home:ro,Z" "-v" "/var/lib/crater-agent-workspace/rustup-home:/opt/rustwide/rustup-home:ro,Z" "-e" "SOURCE_DIR=/opt/rustwide/workdir" "-e" "CARGO_TARGET_DIR=/opt/rustwide/target" "-e" "CARGO_HOME=/opt/rustwide/cargo-home" "-e" "RUSTUP_HOME=/opt/rustwide/rustup-home" "-w" "/opt/rustwide/workdir" "-m" "1610612736" "--user" "0:0" "--network" "none" "ghcr.io/rust-lang/crates-build-env/linux@sha256:5ff2268d62e97bff2cde7d5815dd6ed5b47097566f13b8d0ca110b04b60e07ed" "/opt/rustwide/cargo-home/bin/cargo" "+1.69.0" "metadata" "--no-deps" "--format-version=1", kill_on_drop: false }`
[INFO] [stdout] 66f2bff685d2c8ce50d95cac43552af69cc4d5aaa2070812295d0b3786a946d5
[INFO] running `Command { std: "docker" "start" "-a" "66f2bff685d2c8ce50d95cac43552af69cc4d5aaa2070812295d0b3786a946d5", kill_on_drop: false }`
[INFO] running `Command { std: "docker" "inspect" "66f2bff685d2c8ce50d95cac43552af69cc4d5aaa2070812295d0b3786a946d5", kill_on_drop: false }`
[INFO] running `Command { std: "docker" "rm" "-f" "66f2bff685d2c8ce50d95cac43552af69cc4d5aaa2070812295d0b3786a946d5", kill_on_drop: false }`
[INFO] [stdout] 66f2bff685d2c8ce50d95cac43552af69cc4d5aaa2070812295d0b3786a946d5
[INFO] running `Command { std: "docker" "create" "-v" "/var/lib/crater-agent-workspace/builds/worker-1-tc1/target:/opt/rustwide/target:rw,Z" "-v" "/var/lib/crater-agent-workspace/builds/worker-1-tc1/source:/opt/rustwide/workdir:ro,Z" "-v" "/var/lib/crater-agent-workspace/cargo-home:/opt/rustwide/cargo-home:ro,Z" "-v" "/var/lib/crater-agent-workspace/rustup-home:/opt/rustwide/rustup-home:ro,Z" "-e" "SOURCE_DIR=/opt/rustwide/workdir" "-e" "CARGO_TARGET_DIR=/opt/rustwide/target" "-e" "CARGO_INCREMENTAL=0" "-e" "RUST_BACKTRACE=full" "-e" "RUSTFLAGS=--cap-lints=warn" "-e" "RUSTDOCFLAGS=--cap-lints=warn" "-e" "CARGO_HOME=/opt/rustwide/cargo-home" "-e" "RUSTUP_HOME=/opt/rustwide/rustup-home" "-w" "/opt/rustwide/workdir" "-m" "1610612736" "--user" "0:0" "--network" "none" "ghcr.io/rust-lang/crates-build-env/linux@sha256:5ff2268d62e97bff2cde7d5815dd6ed5b47097566f13b8d0ca110b04b60e07ed" "/opt/rustwide/cargo-home/bin/cargo" "+1.69.0" "build" "--frozen" "--message-format=json", kill_on_drop: false }`
[INFO] [stdout] a45cb577ccdf17c3144aa10633a39ae57bf836de975a4884fa2461795780c032
[INFO] running `Command { std: "docker" "start" "-a" "a45cb577ccdf17c3144aa10633a39ae57bf836de975a4884fa2461795780c032", kill_on_drop: false }`
[INFO] [stderr]    Compiling proc-macro2 v1.0.37
[INFO] [stderr]    Compiling unicode-xid v0.2.2
[INFO] [stderr]    Compiling syn v1.0.91
[INFO] [stderr]    Compiling tinyvec_macros v0.1.0
[INFO] [stderr]    Compiling matches v0.1.9
[INFO] [stderr]    Compiling serde_derive v1.0.136
[INFO] [stderr]    Compiling percent-encoding v2.1.0
[INFO] [stderr]    Compiling serde v1.0.136
[INFO] [stderr]    Compiling unicode-bidi v0.3.8
[INFO] [stderr]    Compiling fnv v1.0.7
[INFO] [stderr]    Compiling itoa v1.0.1
[INFO] [stderr]    Compiling bytes v1.1.0
[INFO] [stderr]    Compiling once_cell v1.10.0
[INFO] [stderr]    Compiling tinyvec v1.6.0
[INFO] [stderr]    Compiling form_urlencoded v1.0.1
[INFO] [stderr]    Compiling http v0.2.6
[INFO] [stderr]    Compiling quote v1.0.18
[INFO] [stderr]    Compiling unicode-normalization v0.1.19
[INFO] [stderr]    Compiling idna v0.2.3
[INFO] [stderr]    Compiling url v2.2.2
[INFO] [stderr]    Compiling thiserror-impl v1.0.30
[INFO] [stderr]    Compiling aliri_braid_impl v0.1.10
[INFO] [stderr]    Compiling displaydoc v0.2.3
[INFO] [stderr]    Compiling serde_repr v0.1.7
[INFO] [stderr]    Compiling aliri_braid v0.1.10
[INFO] [stderr]    Compiling thiserror v1.0.30
[INFO] [stderr]    Compiling twitch_api2 v0.6.1 (/opt/rustwide/workdir)
[INFO] [stderr]     Finished dev [unoptimized + debuginfo] target(s) in 10.86s
[INFO] running `Command { std: "docker" "inspect" "a45cb577ccdf17c3144aa10633a39ae57bf836de975a4884fa2461795780c032", kill_on_drop: false }`
[INFO] running `Command { std: "docker" "rm" "-f" "a45cb577ccdf17c3144aa10633a39ae57bf836de975a4884fa2461795780c032", kill_on_drop: false }`
[INFO] [stdout] a45cb577ccdf17c3144aa10633a39ae57bf836de975a4884fa2461795780c032
[INFO] running `Command { std: "docker" "create" "-v" "/var/lib/crater-agent-workspace/builds/worker-1-tc1/target:/opt/rustwide/target:rw,Z" "-v" "/var/lib/crater-agent-workspace/builds/worker-1-tc1/source:/opt/rustwide/workdir:ro,Z" "-v" "/var/lib/crater-agent-workspace/cargo-home:/opt/rustwide/cargo-home:ro,Z" "-v" "/var/lib/crater-agent-workspace/rustup-home:/opt/rustwide/rustup-home:ro,Z" "-e" "SOURCE_DIR=/opt/rustwide/workdir" "-e" "CARGO_TARGET_DIR=/opt/rustwide/target" "-e" "CARGO_INCREMENTAL=0" "-e" "RUST_BACKTRACE=full" "-e" "RUSTFLAGS=--cap-lints=warn" "-e" "RUSTDOCFLAGS=--cap-lints=warn" "-e" "CARGO_HOME=/opt/rustwide/cargo-home" "-e" "RUSTUP_HOME=/opt/rustwide/rustup-home" "-w" "/opt/rustwide/workdir" "-m" "1610612736" "--user" "0:0" "--network" "none" "ghcr.io/rust-lang/crates-build-env/linux@sha256:5ff2268d62e97bff2cde7d5815dd6ed5b47097566f13b8d0ca110b04b60e07ed" "/opt/rustwide/cargo-home/bin/cargo" "+1.69.0" "test" "--frozen" "--no-run" "--message-format=json", kill_on_drop: false }`
[INFO] [stdout] 9f9877e1da6937ab12c0af81074c96a3cb2db2a0523dbe4d13daf00352dc9059
[INFO] running `Command { std: "docker" "start" "-a" "9f9877e1da6937ab12c0af81074c96a3cb2db2a0523dbe4d13daf00352dc9059", kill_on_drop: false }`
[INFO] [stderr]    Compiling version_check v0.9.4
[INFO] [stderr]    Compiling syn v1.0.91
[INFO] [stderr]    Compiling libc v0.2.124
[INFO] [stderr]    Compiling autocfg v1.1.0
[INFO] [stderr]    Compiling cc v1.0.73
[INFO] [stderr]    Compiling futures-core v0.3.21
[INFO] [stderr]    Compiling pin-project-lite v0.2.9
[INFO] [stderr]    Compiling log v0.4.16
[INFO] [stderr]    Compiling memchr v2.4.1
[INFO] [stderr]    Compiling pkg-config v0.3.25
[INFO] [stderr]    Compiling typenum v1.15.0
[INFO] [stderr]    Compiling futures-io v0.3.21
[INFO] [stderr]    Compiling slab v0.4.6
[INFO] [stderr]    Compiling futures-sink v0.3.21
[INFO] [stderr]    Compiling cache-padded v1.2.0
[INFO] [stderr]    Compiling event-listener v2.5.2
[INFO] [stderr]    Compiling concurrent-queue v1.2.2
[INFO] [stderr]    Compiling subtle v2.4.1
[INFO] [stderr]    Compiling pin-utils v0.1.0
[INFO] [stderr]    Compiling tracing-core v0.1.26
[INFO] [stderr]    Compiling waker-fn v1.1.0
[INFO] [stderr]    Compiling futures-channel v0.3.21
[INFO] [stderr]    Compiling fastrand v1.7.0
[INFO] [stderr]    Compiling futures-task v0.3.21
[INFO] [stderr]    Compiling parking v2.0.0
[INFO] [stderr]    Compiling opaque-debug v0.3.0
[INFO] [stderr]    Compiling wasm-bindgen-shared v0.2.80
[INFO] [stderr]    Compiling value-bag v1.0.0-alpha.8
[INFO] [stderr]    Compiling generic-array v0.14.5
[INFO] [stderr]    Compiling standback v0.2.17
[INFO] [stderr]    Compiling proc-macro-hack v0.5.19
[INFO] [stderr]    Compiling futures-util v0.3.21
[INFO] [stderr]    Compiling async-channel v1.6.1
[INFO] [stderr]    Compiling openssl-probe v0.1.5
[INFO] [stderr]    Compiling ppv-lite86 v0.2.16
[INFO] [stderr]    Compiling lock_api v0.4.7
[INFO] [stderr]    Compiling futures-lite v1.12.0
[INFO] [stderr]    Compiling cpuid-bool v0.2.0
[INFO] [stderr]    Compiling crossbeam-utils v0.8.8
[INFO] [stderr]    Compiling async-task v4.2.0
[INFO] [stderr]    Compiling bumpalo v3.9.1
[INFO] [stderr]    Compiling const_fn v0.4.9
[INFO] [stderr]    Compiling socket2 v0.4.4
[INFO] [stderr]    Compiling num_cpus v1.13.1
[INFO] [stderr]    Compiling getrandom v0.2.6
[INFO] [stderr]    Compiling openssl-sys v0.9.72
[INFO] [stderr]    Compiling libz-sys v1.1.6
[INFO] [stderr]    Compiling libnghttp2-sys v0.1.7+1.45.0
[INFO] [stderr]    Compiling curl-sys v0.4.54+curl-7.83.0
[INFO] [stderr]    Compiling getrandom v0.1.16
[INFO] [stderr]    Compiling indexmap v1.8.1
[INFO] [stderr]    Compiling rand_core v0.6.3
[INFO] [stderr]    Compiling time v0.2.27
[INFO] [stderr]    Compiling unicase v2.6.0
[INFO] [stderr]    Compiling scopeguard v1.1.0
[INFO] [stderr]    Compiling ryu v1.0.9
[INFO] [stderr]    Compiling atomic-waker v1.0.0
[INFO] [stderr]    Compiling openssl v0.10.38
[INFO] [stderr]    Compiling foreign-types-shared v0.1.1
[INFO] [stderr]    Compiling async-executor v1.4.1
[INFO] [stderr]    Compiling foreign-types v0.3.2
[INFO] [stderr]    Compiling blocking v1.2.0
[INFO] [stderr]    Compiling cipher v0.2.5
[INFO] [stderr]    Compiling digest v0.9.0
[INFO] [stderr]    Compiling universal-hash v0.4.1
[INFO] [stderr]    Compiling crypto-mac v0.10.1
[INFO] [stderr]    Compiling polyval v0.4.5
[INFO] [stderr]    Compiling aead v0.3.2
[INFO] [stderr]    Compiling block-buffer v0.9.0
[INFO] [stderr]    Compiling rand_chacha v0.3.1
[INFO] [stderr]    Compiling hmac v0.10.1
[INFO] [stderr]    Compiling aes-soft v0.6.4
[INFO] [stderr]    Compiling ctr v0.6.0
[INFO] [stderr]    Compiling rand_core v0.5.1
[INFO] [stderr]    Compiling cookie v0.14.4
[INFO] [stderr]    Compiling async-mutex v1.4.0
[INFO] [stderr]    Compiling ghash v0.3.1
[INFO] [stderr]    Compiling base64 v0.13.0
[INFO] [stderr]    Compiling bitflags v1.3.2
[INFO] [stderr]    Compiling anyhow v1.0.57
[INFO] [stderr]    Compiling httparse v1.7.1
[INFO] [stderr]    Compiling cpufeatures v0.2.2
[INFO] [stderr]    Compiling curl v0.4.43
[INFO] [stderr]    Compiling aes v0.6.0
[INFO] [stderr]    Compiling wasm-bindgen v0.2.80
[INFO] [stderr]    Compiling native-tls v0.2.10
[INFO] [stderr]    Compiling hashbrown v0.11.2
[INFO] [stderr]    Compiling serde_json v1.0.79
[INFO] [stderr]    Compiling aes-gcm v0.8.0
[INFO] [stderr]    Compiling sha2 v0.9.9
[INFO] [stderr]    Compiling rand_chacha v0.2.2
[INFO] [stderr]    Compiling rand v0.8.5
[INFO] [stderr]    Compiling hkdf v0.10.0
[INFO] [stderr]    Compiling spinning_top v0.2.4
[INFO] [stderr]    Compiling async-lock v2.5.0
[INFO] [stderr]    Compiling encoding_rs v0.8.31
[INFO] [stderr]    Compiling isahc v0.9.14
[INFO] [stderr]    Compiling async-trait v0.1.53
[INFO] [stderr]    Compiling http-types v2.12.0
[INFO] [stderr]    Compiling try-lock v0.2.3
[INFO] [stderr]    Compiling rand v0.7.3
[INFO] [stderr]    Compiling flume v0.9.2
[INFO] [stderr]    Compiling mime_guess v2.0.4
[INFO] [stderr]    Compiling sluice v0.5.5
[INFO] [stderr]    Compiling http-body v0.4.4
[INFO] [stderr]    Compiling httpdate v1.0.2
[INFO] [stderr]    Compiling infer v0.2.3
[INFO] [stderr]    Compiling tower-service v0.3.1
[INFO] [stderr]    Compiling mime v0.3.16
[INFO] [stderr]    Compiling dashmap v4.0.2
[INFO] [stderr]    Compiling half v1.8.2
[INFO] [stderr]    Compiling ipnet v2.5.0
[INFO] [stderr]    Compiling dotenv v0.15.0
[INFO] [stderr]    Compiling wasm-bindgen-backend v0.2.80
[INFO] [stderr]    Compiling wasm-bindgen-macro-support v0.2.80
[INFO] [stderr]    Compiling ctor v0.1.22
[INFO] [stderr]    Compiling serde_derive v1.0.136
[INFO] [stderr]    Compiling tracing-attributes v0.1.21
[INFO] [stderr]    Compiling futures-macro v0.3.21
[INFO] [stderr]    Compiling tokio-macros v1.7.0
[INFO] [stderr]    Compiling thiserror-impl v1.0.30
[INFO] [stderr]    Compiling time-macros-impl v0.1.2
[INFO] [stderr]    Compiling pin-project-internal v1.0.10
[INFO] [stderr]    Compiling aliri_braid_impl v0.1.10
[INFO] [stderr]    Compiling displaydoc v0.2.3
[INFO] [stderr]    Compiling serde_repr v0.1.7
[INFO] [stderr]    Compiling wasm-bindgen-macro v0.2.80
[INFO] [stderr]    Compiling time-macros v0.1.1
[INFO] [stderr]    Compiling mio v0.8.2
[INFO] [stderr]    Compiling polling v2.2.0
[INFO] [stderr]    Compiling kv-log-macro v1.0.7
[INFO] [stderr]    Compiling want v0.3.0
[INFO] [stderr]    Compiling pin-project v1.0.10
[INFO] [stderr]    Compiling aliri_braid v0.1.10
[INFO] [stderr]    Compiling async-io v1.6.0
[INFO] [stderr]    Compiling tracing v0.1.34
[INFO] [stderr]    Compiling thiserror v1.0.30
[INFO] [stderr]    Compiling tracing-futures v0.2.5
[INFO] [stderr]    Compiling tokio v1.18.0
[INFO] [stderr]    Compiling js-sys v0.3.57
[INFO] [stderr]    Compiling async-global-executor v2.0.4
[INFO] [stderr]    Compiling async-std v1.11.0
[INFO] [stderr]    Compiling futures-executor v0.3.21
[INFO] [stderr]    Compiling serde v1.0.136
[INFO] [stderr]    Compiling futures v0.3.21
[INFO] [stderr]    Compiling web-sys v0.3.57
[INFO] [stderr]    Compiling tokio-util v0.7.1
[INFO] [stderr]    Compiling tokio-native-tls v0.3.0
[INFO] [stderr]    Compiling h2 v0.3.13
[INFO] [stderr]    Compiling url v2.2.2
[INFO] [stderr]    Compiling serde_urlencoded v0.7.1
[INFO] [stderr]    Compiling serde_qs v0.8.5
[INFO] [stderr]    Compiling serde_cbor v0.11.2
[INFO] [stderr]    Compiling twitch_api2 v0.6.1 (/opt/rustwide/workdir)
[INFO] [stderr]    Compiling http-client v6.5.1
[INFO] [stderr]    Compiling surf v2.3.2
[INFO] [stderr]    Compiling hyper v0.14.18
[INFO] [stderr]    Compiling hyper-tls v0.5.0
[INFO] [stderr]    Compiling reqwest v0.11.10
[INFO] [stderr]     Finished test [unoptimized + debuginfo] target(s) in 40.41s
[INFO] running `Command { std: "docker" "inspect" "9f9877e1da6937ab12c0af81074c96a3cb2db2a0523dbe4d13daf00352dc9059", kill_on_drop: false }`
[INFO] running `Command { std: "docker" "rm" "-f" "9f9877e1da6937ab12c0af81074c96a3cb2db2a0523dbe4d13daf00352dc9059", kill_on_drop: false }`
[INFO] [stdout] 9f9877e1da6937ab12c0af81074c96a3cb2db2a0523dbe4d13daf00352dc9059
[INFO] running `Command { std: "docker" "create" "-v" "/var/lib/crater-agent-workspace/builds/worker-1-tc1/target:/opt/rustwide/target:rw,Z" "-v" "/var/lib/crater-agent-workspace/builds/worker-1-tc1/source:/opt/rustwide/workdir:ro,Z" "-v" "/var/lib/crater-agent-workspace/cargo-home:/opt/rustwide/cargo-home:ro,Z" "-v" "/var/lib/crater-agent-workspace/rustup-home:/opt/rustwide/rustup-home:ro,Z" "-e" "SOURCE_DIR=/opt/rustwide/workdir" "-e" "CARGO_TARGET_DIR=/opt/rustwide/target" "-e" "CARGO_INCREMENTAL=0" "-e" "RUST_BACKTRACE=full" "-e" "RUSTFLAGS=--cap-lints=warn" "-e" "RUSTDOCFLAGS=--cap-lints=warn" "-e" "CARGO_HOME=/opt/rustwide/cargo-home" "-e" "RUSTUP_HOME=/opt/rustwide/rustup-home" "-w" "/opt/rustwide/workdir" "-m" "1610612736" "--user" "0:0" "--network" "none" "ghcr.io/rust-lang/crates-build-env/linux@sha256:5ff2268d62e97bff2cde7d5815dd6ed5b47097566f13b8d0ca110b04b60e07ed" "/opt/rustwide/cargo-home/bin/cargo" "+1.69.0" "test" "--frozen", kill_on_drop: false }`
[INFO] [stdout] c3a8adf63b77383bc4467a07f476061e218d90ad280ca9abf89c3509966b720c
[INFO] running `Command { std: "docker" "start" "-a" "c3a8adf63b77383bc4467a07f476061e218d90ad280ca9abf89c3509966b720c", kill_on_drop: false }`
[INFO] [stderr]     Finished test [unoptimized + debuginfo] target(s) in 0.13s
[INFO] [stderr]      Running unittests src/lib.rs (/opt/rustwide/target/debug/deps/twitch_api2-89913f8dd0145dc1)
[INFO] [stdout] 
[INFO] [stdout] running 1 test
[INFO] [stdout] test types::tests::time_test ... ok
[INFO] [stdout] 
[INFO] [stdout] test result: ok. 1 passed; 0 failed; 0 ignored; 0 measured; 0 filtered out; finished in 0.00s
[INFO] [stdout] 
[INFO] [stderr]    Doc-tests twitch_api2
[INFO] [stdout] 
[INFO] [stdout] running 6 tests
[INFO] [stdout] test src/lib.rs - (line 19) - compile ... FAILED
[INFO] [stdout] test src/lib.rs - (line 46) - compile ... FAILED
[INFO] [stdout] test src/types.rs - types::EmoteUrlBuilder (line 555) ... ok
[INFO] [stdout] test src/types.rs - types::TimestampRef::is_before (line 274) ... ok
[INFO] [stdout] test src/types.rs - types::TimestampRef::to_day (line 290) ... ok
[INFO] [stdout] test src/types.rs - types::TimestampRef::normalize (line 245) ... FAILED
[INFO] [stdout] 
[INFO] [stdout] failures:
[INFO] [stdout] 
[INFO] [stdout] ---- src/lib.rs - (line 19) stdout ----
[INFO] [stdout] error[E0433]: failed to resolve: could not find `helix` in `twitch_api2`
[INFO] [stdout]  --> src/lib.rs:20:19
[INFO] [stdout]   |
[INFO] [stdout] 3 | use twitch_api2::{helix::channels::GetChannelInformationRequest, TwitchClient};
[INFO] [stdout]   |                   ^^^^^ could not find `helix` in `twitch_api2`
[INFO] [stdout] 
[INFO] [stdout] error[E0433]: failed to resolve: use of undeclared crate or module `twitch_oauth2`
[INFO] [stdout]  --> src/lib.rs:21:5
[INFO] [stdout]   |
[INFO] [stdout] 4 | use twitch_oauth2::{tokens::errors::AppAccessTokenError, AppAccessToken, Scope, TwitchToken};
[INFO] [stdout]   |     ^^^^^^^^^^^^^ use of undeclared crate or module `twitch_oauth2`
[INFO] [stdout]   |
[INFO] [stdout] help: there is a crate or module with a similar name
[INFO] [stdout]   |
[INFO] [stdout] 4 | use twitch_api2::{tokens::errors::AppAccessTokenError, AppAccessToken, Scope, TwitchToken};
[INFO] [stdout]   |     ~~~~~~~~~~~
[INFO] [stdout] 
[INFO] [stdout] error[E0432]: unresolved import `twitch_api2::TwitchClient`
[INFO] [stdout]  --> src/lib.rs:20:66
[INFO] [stdout]   |
[INFO] [stdout] 3 | use twitch_api2::{helix::channels::GetChannelInformationRequest, TwitchClient};
[INFO] [stdout]   |                                                                  ^^^^^^^^^^^^ no `TwitchClient` in the root
[INFO] [stdout] 
[INFO] [stdout] error[E0432]: unresolved import `twitch_oauth2`
[INFO] [stdout]  --> src/lib.rs:21:5
[INFO] [stdout]   |
[INFO] [stdout] 4 | use twitch_oauth2::{tokens::errors::AppAccessTokenError, AppAccessToken, Scope, TwitchToken};
[INFO] [stdout]   |     ^^^^^^^^^^^^^ use of undeclared crate or module `twitch_oauth2`
[INFO] [stdout]   |
[INFO] [stdout] help: there is a crate or module with a similar name
[INFO] [stdout]   |
[INFO] [stdout] 4 | use twitch_api2::{tokens::errors::AppAccessTokenError, AppAccessToken, Scope, TwitchToken};
[INFO] [stdout]   |     ~~~~~~~~~~~
[INFO] [stdout] 
[INFO] [stdout] error[E0433]: failed to resolve: could not find `client` in `twitch_api2`
[INFO] [stdout]  --> src/lib.rs:22:49
[INFO] [stdout]   |
[INFO] [stdout] 5 | pub mod reqwest {pub type Client = twitch_api2::client::DummyHttpClient;}
[INFO] [stdout]   |                                                 ^^^^^^ could not find `client` in `twitch_api2`
[INFO] [stdout] 
[INFO] [stdout] error[E0433]: failed to resolve: use of undeclared crate or module `twitch_oauth2`
[INFO] [stdout]  --> src/lib.rs:26:17
[INFO] [stdout]   |
[INFO] [stdout] 9 | let client_id = twitch_oauth2::ClientId::new("validclientid");
[INFO] [stdout]   |                 ^^^^^^^^^^^^^ use of undeclared crate or module `twitch_oauth2`
[INFO] [stdout]   |
[INFO] [stdout] help: there is a crate or module with a similar name
[INFO] [stdout]   |
[INFO] [stdout] 9 | let client_id = twitch_api2::ClientId::new("validclientid");
[INFO] [stdout]   |                 ~~~~~~~~~~~
[INFO] [stdout] 
[INFO] [stdout] error[E0433]: failed to resolve: use of undeclared crate or module `twitch_oauth2`
[INFO] [stdout]   --> src/lib.rs:27:21
[INFO] [stdout]    |
[INFO] [stdout] 10 | let client_secret = twitch_oauth2::ClientSecret::new("validclientsecret");
[INFO] [stdout]    |                     ^^^^^^^^^^^^^ use of undeclared crate or module `twitch_oauth2`
[INFO] [stdout]    |
[INFO] [stdout] help: there is a crate or module with a similar name
[INFO] [stdout]    |
[INFO] [stdout] 10 | let client_secret = twitch_api2::ClientSecret::new("validclientsecret");
[INFO] [stdout]    |                     ~~~~~~~~~~~
[INFO] [stdout] 
[INFO] [stdout] error: aborting due to 7 previous errors
[INFO] [stdout] 
[INFO] [stdout] Some errors have detailed explanations: E0432, E0433.
[INFO] [stdout] For more information about an error, try `rustc --explain E0432`.
[INFO] [stdout] Couldn't compile the test.
[INFO] [stdout] ---- src/lib.rs - (line 46) stdout ----
[INFO] [stdout] error[E0433]: failed to resolve: could not find `helix` in `twitch_api2`
[INFO] [stdout]  --> src/lib.rs:47:33
[INFO] [stdout]   |
[INFO] [stdout] 3 | use twitch_api2::{TwitchClient, helix::channels::GetChannelInformationRequest};
[INFO] [stdout]   |                                 ^^^^^ could not find `helix` in `twitch_api2`
[INFO] [stdout] 
[INFO] [stdout] error[E0432]: unresolved import `twitch_api2::TwitchClient`
[INFO] [stdout]  --> src/lib.rs:47:19
[INFO] [stdout]   |
[INFO] [stdout] 3 | use twitch_api2::{TwitchClient, helix::channels::GetChannelInformationRequest};
[INFO] [stdout]   |                   ^^^^^^^^^^^^ no `TwitchClient` in the root
[INFO] [stdout] 
[INFO] [stdout] error[E0433]: failed to resolve: use of undeclared crate or module `twitch_oauth2`
[INFO] [stdout]  --> src/lib.rs:48:5
[INFO] [stdout]   |
[INFO] [stdout] 4 | use twitch_oauth2::{AppAccessToken, Scope, TwitchToken, tokens::errors::AppAccessTokenError};
[INFO] [stdout]   |     ^^^^^^^^^^^^^ use of undeclared crate or module `twitch_oauth2`
[INFO] [stdout]   |
[INFO] [stdout] help: there is a crate or module with a similar name
[INFO] [stdout]   |
[INFO] [stdout] 4 | use twitch_api2::{AppAccessToken, Scope, TwitchToken, tokens::errors::AppAccessTokenError};
[INFO] [stdout]   |     ~~~~~~~~~~~
[INFO] [stdout] 
[INFO] [stdout] error[E0432]: unresolved import `twitch_oauth2`
[INFO] [stdout]  --> src/lib.rs:48:5
[INFO] [stdout]   |
[INFO] [stdout] 4 | use twitch_oauth2::{AppAccessToken, Scope, TwitchToken, tokens::errors::AppAccessTokenError};
[INFO] [stdout]   |     ^^^^^^^^^^^^^ use of undeclared crate or module `twitch_oauth2`
[INFO] [stdout]   |
[INFO] [stdout] help: there is a crate or module with a similar name
[INFO] [stdout]   |
[INFO] [stdout] 4 | use twitch_api2::{AppAccessToken, Scope, TwitchToken, tokens::errors::AppAccessTokenError};
[INFO] [stdout]   |     ~~~~~~~~~~~
[INFO] [stdout] 
[INFO] [stdout] error[E0433]: failed to resolve: use of undeclared crate or module `twitch_oauth2`
[INFO] [stdout]  --> src/lib.rs:53:17
[INFO] [stdout]   |
[INFO] [stdout] 9 | let client_id = twitch_oauth2::ClientId::new("validclientid".to_string());
[INFO] [stdout]   |                 ^^^^^^^^^^^^^ use of undeclared crate or module `twitch_oauth2`
[INFO] [stdout]   |
[INFO] [stdout] help: there is a crate or module with a similar name
[INFO] [stdout]   |
[INFO] [stdout] 9 | let client_id = twitch_api2::ClientId::new("validclientid".to_string());
[INFO] [stdout]   |                 ~~~~~~~~~~~
[INFO] [stdout] 
[INFO] [stdout] error[E0433]: failed to resolve: use of undeclared crate or module `twitch_oauth2`
[INFO] [stdout]   --> src/lib.rs:54:21
[INFO] [stdout]    |
[INFO] [stdout] 10 | let client_secret = twitch_oauth2::ClientSecret::new("validclientsecret".to_string());
[INFO] [stdout]    |                     ^^^^^^^^^^^^^ use of undeclared crate or module `twitch_oauth2`
[INFO] [stdout]    |
[INFO] [stdout] help: there is a crate or module with a similar name
[INFO] [stdout]    |
[INFO] [stdout] 10 | let client_secret = twitch_api2::ClientSecret::new("validclientsecret".to_string());
[INFO] [stdout]    |                     ~~~~~~~~~~~
[INFO] [stdout] 
[INFO] [stdout] error[E0412]: cannot find type `DummyHttpClient` in crate `twitch_api2`
[INFO] [stdout]  --> src/lib.rs:52:34
[INFO] [stdout]   |
[INFO] [stdout] 8 | let _:&TwitchClient<twitch_api2::DummyHttpClient> = &client;
[INFO] [stdout]   |                                  ^^^^^^^^^^^^^^^ not found in `twitch_api2`
[INFO] [stdout] 
[INFO] [stdout] error: aborting due to 7 previous errors
[INFO] [stdout] 
[INFO] [stdout] Some errors have detailed explanations: E0412, E0432, E0433.
[INFO] [stdout] For more information about an error, try `rustc --explain E0412`.
[INFO] [stdout] Couldn't compile the test.
[INFO] [stdout] ---- src/types.rs - types::TimestampRef::normalize (line 245) stdout ----
[INFO] [stdout] Test executable failed (exit status: 101).
[INFO] [stdout] 
[INFO] [stdout] stderr:
[INFO] [stdout] thread 'main' panicked at 'called `Result::unwrap()` on an `Err` value: Other("unsupported non-UTC timestamp, enable the `time` feature in `twitch_api2` to enable parsing these")', src/types.rs:8:57
[INFO] [stdout] stack backtrace:
[INFO] [stdout]    0:     0x564f689f513a - std::backtrace_rs::backtrace::libunwind::trace::ha9053a9a07ca49cb
[INFO] [stdout]                                at /rustc/84c898d65adf2f39a5a98507f1fe0ce10a2b8dbc/library/std/src/../../backtrace/src/backtrace/libunwind.rs:93:5
[INFO] [stdout]    1:     0x564f689f513a - std::backtrace_rs::backtrace::trace_unsynchronized::h9c2852a457ad564e
[INFO] [stdout]                                at /rustc/84c898d65adf2f39a5a98507f1fe0ce10a2b8dbc/library/std/src/../../backtrace/src/backtrace/mod.rs:66:5
[INFO] [stdout]    2:     0x564f689f513a - std::sys_common::backtrace::_print_fmt::h457936fbfaa0070f
[INFO] [stdout]                                at /rustc/84c898d65adf2f39a5a98507f1fe0ce10a2b8dbc/library/std/src/sys_common/backtrace.rs:65:5
[INFO] [stdout]    3:     0x564f689f513a - <std::sys_common::backtrace::_print::DisplayBacktrace as core::fmt::Display>::fmt::h5779d7bf7f70cb0c
[INFO] [stdout]                                at /rustc/84c898d65adf2f39a5a98507f1fe0ce10a2b8dbc/library/std/src/sys_common/backtrace.rs:44:22
[INFO] [stdout]    4:     0x564f68a0ed9e - core::fmt::write::h5a4baaff1bcd3eb5
[INFO] [stdout]                                at /rustc/84c898d65adf2f39a5a98507f1fe0ce10a2b8dbc/library/core/src/fmt/mod.rs:1232:17
[INFO] [stdout]    5:     0x564f689f32c5 - std::io::Write::write_fmt::h4bc1f301cb9e9cce
[INFO] [stdout]                                at /rustc/84c898d65adf2f39a5a98507f1fe0ce10a2b8dbc/library/std/src/io/mod.rs:1684:15
[INFO] [stdout]    6:     0x564f689f4f05 - std::sys_common::backtrace::_print::h5fcdc36060f177e8
[INFO] [stdout]                                at /rustc/84c898d65adf2f39a5a98507f1fe0ce10a2b8dbc/library/std/src/sys_common/backtrace.rs:47:5
[INFO] [stdout]    7:     0x564f689f4f05 - std::sys_common::backtrace::print::h54ca9458b876c8bf
[INFO] [stdout]                                at /rustc/84c898d65adf2f39a5a98507f1fe0ce10a2b8dbc/library/std/src/sys_common/backtrace.rs:34:9
[INFO] [stdout]    8:     0x564f689f655f - std::panicking::default_hook::{{closure}}::hbe471161c7664ed6
[INFO] [stdout]                                at /rustc/84c898d65adf2f39a5a98507f1fe0ce10a2b8dbc/library/std/src/panicking.rs:271:22
[INFO] [stdout]    9:     0x564f689f629b - std::panicking::default_hook::ha3500da57aa4ac4f
[INFO] [stdout]                                at /rustc/84c898d65adf2f39a5a98507f1fe0ce10a2b8dbc/library/std/src/panicking.rs:290:9
[INFO] [stdout]   10:     0x564f689f6b08 - std::panicking::rust_panic_with_hook::h50c09d000dc561d2
[INFO] [stdout]                                at /rustc/84c898d65adf2f39a5a98507f1fe0ce10a2b8dbc/library/std/src/panicking.rs:692:13
[INFO] [stdout]   11:     0x564f689f6a09 - std::panicking::begin_panic_handler::{{closure}}::h9e2b2176e00e0d9c
[INFO] [stdout]                                at /rustc/84c898d65adf2f39a5a98507f1fe0ce10a2b8dbc/library/std/src/panicking.rs:583:13
[INFO] [stdout]   12:     0x564f689f55a6 - std::sys_common::backtrace::__rust_end_short_backtrace::h5739b8e512c09d02
[INFO] [stdout]                                at /rustc/84c898d65adf2f39a5a98507f1fe0ce10a2b8dbc/library/std/src/sys_common/backtrace.rs:150:18
[INFO] [stdout]   13:     0x564f689f6712 - rust_begin_unwind
[INFO] [stdout]                                at /rustc/84c898d65adf2f39a5a98507f1fe0ce10a2b8dbc/library/std/src/panicking.rs:579:5
[INFO] [stdout]   14:     0x564f689d2ef3 - core::panicking::panic_fmt::hf33a1475b4dc5c3e
[INFO] [stdout]                                at /rustc/84c898d65adf2f39a5a98507f1fe0ce10a2b8dbc/library/core/src/panicking.rs:64:14
[INFO] [stdout]   15:     0x564f689d32e3 - core::result::unwrap_failed::hdff5465d74574b44
[INFO] [stdout]                                at /rustc/84c898d65adf2f39a5a98507f1fe0ce10a2b8dbc/library/core/src/result.rs:1750:5
[INFO] [stdout]   16:     0x564f689d3c54 - core::result::Result<T,E>::unwrap::h9d209670042552e4
[INFO] [stdout]   17:     0x564f689d4743 - rust_out::main::_doctest_main_src_types_rs_245_0::hac1a1c5765b399a0
[INFO] [stdout]   18:     0x564f689d4456 - rust_out::main::h045d0fd74ed7290e
[INFO] [stdout]   19:     0x564f689d3993 - core::ops::function::FnOnce::call_once::h5b89dea722ea21ad
[INFO] [stdout]   20:     0x564f689d3849 - std::sys_common::backtrace::__rust_begin_short_backtrace::hc178e4cfacf1803d
[INFO] [stdout]   21:     0x564f689d3899 - std::rt::lang_start::{{closure}}::he8c5d60628d06093
[INFO] [stdout]   22:     0x564f689f15fc - core::ops::function::impls::<impl core::ops::function::FnOnce<A> for &F>::call_once::hd6efcd3bec896f2c
[INFO] [stdout]                                at /rustc/84c898d65adf2f39a5a98507f1fe0ce10a2b8dbc/library/core/src/ops/function.rs:287:13
[INFO] [stdout]   23:     0x564f689f15fc - std::panicking::try::do_call::hce04e543bb1f4cbb
[INFO] [stdout]                                at /rustc/84c898d65adf2f39a5a98507f1fe0ce10a2b8dbc/library/std/src/panicking.rs:487:40
[INFO] [stdout]   24:     0x564f689f15fc - std::panicking::try::h3342dd4e1f680968
[INFO] [stdout]                                at /rustc/84c898d65adf2f39a5a98507f1fe0ce10a2b8dbc/library/std/src/panicking.rs:451:19
[INFO] [stdout]   25:     0x564f689f15fc - std::panic::catch_unwind::h148ce1e59ac0cee7
[INFO] [stdout]                                at /rustc/84c898d65adf2f39a5a98507f1fe0ce10a2b8dbc/library/std/src/panic.rs:140:14
[INFO] [stdout]   26:     0x564f689f15fc - std::rt::lang_start_internal::{{closure}}::h25f9dda2057a67fe
[INFO] [stdout]                                at /rustc/84c898d65adf2f39a5a98507f1fe0ce10a2b8dbc/library/std/src/rt.rs:148:48
[INFO] [stdout]   27:     0x564f689f15fc - std::panicking::try::do_call::h7caaaeaf9401650b
[INFO] [stdout]                                at /rustc/84c898d65adf2f39a5a98507f1fe0ce10a2b8dbc/library/std/src/panicking.rs:487:40
[INFO] [stdout]   28:     0x564f689f15fc - std::panicking::try::he7d15285746cbbc2
[INFO] [stdout]                                at /rustc/84c898d65adf2f39a5a98507f1fe0ce10a2b8dbc/library/std/src/panicking.rs:451:19
[INFO] [stdout]   29:     0x564f689f15fc - std::panic::catch_unwind::h89fb4f50c0301fe0
[INFO] [stdout]                                at /rustc/84c898d65adf2f39a5a98507f1fe0ce10a2b8dbc/library/std/src/panic.rs:140:14
[INFO] [stdout]   30:     0x564f689f15fc - std::rt::lang_start_internal::h078acd489417d3c1
[INFO] [stdout]                                at /rustc/84c898d65adf2f39a5a98507f1fe0ce10a2b8dbc/library/std/src/rt.rs:148:20
[INFO] [stdout]   31:     0x564f689d3877 - std::rt::lang_start::h335d6166ecad8ac7
[INFO] [stdout]   32:     0x564f689d49f5 - main
[INFO] [stdout]   33:     0x7f0d36b11d90 - <unknown>
[INFO] [stdout]   34:     0x7f0d36b11e40 - __libc_start_main
[INFO] [stdout]   35:     0x564f689d3425 - _start
[INFO] [stdout]   36:                0x0 - <unknown>
[INFO] [stdout] 
[INFO] [stdout] 
[INFO] [stdout] 
[INFO] [stdout] failures:
[INFO] [stdout]     src/lib.rs - (line 19)
[INFO] [stdout]     src/lib.rs - (line 46)
[INFO] [stdout]     src/types.rs - types::TimestampRef::normalize (line 245)
[INFO] [stdout] 
[INFO] [stdout] test result: FAILED. 3 passed; 3 failed; 0 ignored; 0 measured; 0 filtered out; finished in 0.25s
[INFO] [stdout] 
[INFO] [stderr] error: doctest failed, to rerun pass `--doc`
[INFO] running `Command { std: "docker" "inspect" "c3a8adf63b77383bc4467a07f476061e218d90ad280ca9abf89c3509966b720c", kill_on_drop: false }`
[INFO] running `Command { std: "docker" "rm" "-f" "c3a8adf63b77383bc4467a07f476061e218d90ad280ca9abf89c3509966b720c", kill_on_drop: false }`
[INFO] [stdout] c3a8adf63b77383bc4467a07f476061e218d90ad280ca9abf89c3509966b720c
