[INFO] fetching crate twitch_api 0.7.0-rc.4...
[INFO] testing twitch_api-0.7.0-rc.4 against 1.69.0 for beta-1.70-1
[INFO] extracting crate twitch_api 0.7.0-rc.4 into /workspace/builds/worker-0-tc1/source
[INFO] validating manifest of crates.io crate twitch_api 0.7.0-rc.4 on toolchain 1.69.0
[INFO] running `Command { std: CARGO_HOME="/workspace/cargo-home" RUSTUP_HOME="/workspace/rustup-home" "/workspace/cargo-home/bin/cargo" "+1.69.0" "metadata" "--manifest-path" "Cargo.toml" "--no-deps", kill_on_drop: false }`
[INFO] started tweaking crates.io crate twitch_api 0.7.0-rc.4
[INFO] removed 0 missing examples
[INFO] finished tweaking crates.io crate twitch_api 0.7.0-rc.4
[INFO] tweaked toml for crates.io crate twitch_api 0.7.0-rc.4 written to /workspace/builds/worker-0-tc1/source/Cargo.toml
[INFO] crate crates.io crate twitch_api 0.7.0-rc.4 already has a lockfile, it will not be regenerated
[INFO] running `Command { std: CARGO_HOME="/workspace/cargo-home" RUSTUP_HOME="/workspace/rustup-home" "/workspace/cargo-home/bin/cargo" "+1.69.0" "fetch" "--manifest-path" "Cargo.toml", kill_on_drop: false }`
[INFO] [stderr]  Downloading crates ...
[INFO] [stderr]   Downloaded serde_path_to_error v0.1.8
[INFO] [stderr]   Downloaded spinning_top v0.2.4
[INFO] [stderr]   Downloaded polling v2.5.0
[INFO] [stderr]   Downloaded serde_ignored v0.1.5
[INFO] [stderr]   Downloaded aliri_braid_impl v0.3.1
[INFO] [stderr]   Downloaded aliri_braid v0.3.1
[INFO] [stderr]   Downloaded curl-sys v0.4.59+curl-7.86.0
[INFO] [stderr]   Downloaded twitch_oauth2 v0.10.0
[INFO] [stderr]   Downloaded twitch_types v0.3.11
[INFO] running `Command { std: "docker" "create" "-v" "/var/lib/crater-agent-workspace/builds/worker-0-tc1/target:/opt/rustwide/target:rw,Z" "-v" "/var/lib/crater-agent-workspace/builds/worker-0-tc1/source:/opt/rustwide/workdir:ro,Z" "-v" "/var/lib/crater-agent-workspace/cargo-home:/opt/rustwide/cargo-home:ro,Z" "-v" "/var/lib/crater-agent-workspace/rustup-home:/opt/rustwide/rustup-home:ro,Z" "-e" "SOURCE_DIR=/opt/rustwide/workdir" "-e" "CARGO_TARGET_DIR=/opt/rustwide/target" "-e" "CARGO_HOME=/opt/rustwide/cargo-home" "-e" "RUSTUP_HOME=/opt/rustwide/rustup-home" "-w" "/opt/rustwide/workdir" "-m" "1610612736" "--user" "0:0" "--network" "none" "ghcr.io/rust-lang/crates-build-env/linux@sha256:5ff2268d62e97bff2cde7d5815dd6ed5b47097566f13b8d0ca110b04b60e07ed" "/opt/rustwide/cargo-home/bin/cargo" "+1.69.0" "metadata" "--no-deps" "--format-version=1", kill_on_drop: false }`
[INFO] [stdout] 3c2ff744b4b03bafe0e4ed919194e774a1d16e66112af69177890c253705e474
[INFO] running `Command { std: "docker" "start" "-a" "3c2ff744b4b03bafe0e4ed919194e774a1d16e66112af69177890c253705e474", kill_on_drop: false }`
[INFO] running `Command { std: "docker" "inspect" "3c2ff744b4b03bafe0e4ed919194e774a1d16e66112af69177890c253705e474", kill_on_drop: false }`
[INFO] running `Command { std: "docker" "rm" "-f" "3c2ff744b4b03bafe0e4ed919194e774a1d16e66112af69177890c253705e474", kill_on_drop: false }`
[INFO] [stdout] 3c2ff744b4b03bafe0e4ed919194e774a1d16e66112af69177890c253705e474
[INFO] running `Command { std: "docker" "create" "-v" "/var/lib/crater-agent-workspace/builds/worker-0-tc1/target:/opt/rustwide/target:rw,Z" "-v" "/var/lib/crater-agent-workspace/builds/worker-0-tc1/source:/opt/rustwide/workdir:ro,Z" "-v" "/var/lib/crater-agent-workspace/cargo-home:/opt/rustwide/cargo-home:ro,Z" "-v" "/var/lib/crater-agent-workspace/rustup-home:/opt/rustwide/rustup-home:ro,Z" "-e" "SOURCE_DIR=/opt/rustwide/workdir" "-e" "CARGO_TARGET_DIR=/opt/rustwide/target" "-e" "CARGO_INCREMENTAL=0" "-e" "RUST_BACKTRACE=full" "-e" "RUSTFLAGS=--cap-lints=warn" "-e" "RUSTDOCFLAGS=--cap-lints=warn" "-e" "CARGO_HOME=/opt/rustwide/cargo-home" "-e" "RUSTUP_HOME=/opt/rustwide/rustup-home" "-w" "/opt/rustwide/workdir" "-m" "1610612736" "--user" "0:0" "--network" "none" "ghcr.io/rust-lang/crates-build-env/linux@sha256:5ff2268d62e97bff2cde7d5815dd6ed5b47097566f13b8d0ca110b04b60e07ed" "/opt/rustwide/cargo-home/bin/cargo" "+1.69.0" "build" "--frozen" "--message-format=json", kill_on_drop: false }`
[INFO] [stdout] c906939ad744fdba2b51fb1d41b71a8ca4b15c868e18edf7b40afa4654b82511
[INFO] running `Command { std: "docker" "start" "-a" "c906939ad744fdba2b51fb1d41b71a8ca4b15c868e18edf7b40afa4654b82511", kill_on_drop: false }`
[INFO] [stderr] warning: profile package spec `backtrace` in profile `dev` did not match any packages
[INFO] [stderr]    Compiling proc-macro2 v1.0.50
[INFO] [stderr]    Compiling unicode-ident v1.0.6
[INFO] [stderr]    Compiling quote v1.0.23
[INFO] [stderr]    Compiling syn v1.0.107
[INFO] [stderr]    Compiling serde_derive v1.0.148
[INFO] [stderr]    Compiling tinyvec_macros v0.1.0
[INFO] [stderr]    Compiling serde v1.0.148
[INFO] [stderr]    Compiling thiserror v1.0.37
[INFO] [stderr]    Compiling unicode-bidi v0.3.8
[INFO] [stderr]    Compiling bytes v1.3.0
[INFO] [stderr]    Compiling tinyvec v1.6.0
[INFO] [stderr]    Compiling http v0.2.8
[INFO] [stderr]    Compiling unicode-normalization v0.1.22
[INFO] [stderr]    Compiling idna v0.3.0
[INFO] [stderr]    Compiling url v2.3.1
[INFO] [stderr]    Compiling aliri_braid_impl v0.3.1
[INFO] [stderr]    Compiling thiserror-impl v1.0.37
[INFO] [stderr]    Compiling serde_repr v0.1.9
[INFO] [stderr]    Compiling displaydoc v0.2.3
[INFO] [stderr]    Compiling aliri_braid v0.3.1
[INFO] [stderr]    Compiling twitch_types v0.3.11
[INFO] [stderr]    Compiling twitch_api v0.7.0-rc.4 (/opt/rustwide/workdir)
[INFO] [stderr]     Finished dev [unoptimized + debuginfo] target(s) in 13.53s
[INFO] running `Command { std: "docker" "inspect" "c906939ad744fdba2b51fb1d41b71a8ca4b15c868e18edf7b40afa4654b82511", kill_on_drop: false }`
[INFO] running `Command { std: "docker" "rm" "-f" "c906939ad744fdba2b51fb1d41b71a8ca4b15c868e18edf7b40afa4654b82511", kill_on_drop: false }`
[INFO] [stdout] c906939ad744fdba2b51fb1d41b71a8ca4b15c868e18edf7b40afa4654b82511
[INFO] running `Command { std: "docker" "create" "-v" "/var/lib/crater-agent-workspace/builds/worker-0-tc1/target:/opt/rustwide/target:rw,Z" "-v" "/var/lib/crater-agent-workspace/builds/worker-0-tc1/source:/opt/rustwide/workdir:ro,Z" "-v" "/var/lib/crater-agent-workspace/cargo-home:/opt/rustwide/cargo-home:ro,Z" "-v" "/var/lib/crater-agent-workspace/rustup-home:/opt/rustwide/rustup-home:ro,Z" "-e" "SOURCE_DIR=/opt/rustwide/workdir" "-e" "CARGO_TARGET_DIR=/opt/rustwide/target" "-e" "CARGO_INCREMENTAL=0" "-e" "RUST_BACKTRACE=full" "-e" "RUSTFLAGS=--cap-lints=warn" "-e" "RUSTDOCFLAGS=--cap-lints=warn" "-e" "CARGO_HOME=/opt/rustwide/cargo-home" "-e" "RUSTUP_HOME=/opt/rustwide/rustup-home" "-w" "/opt/rustwide/workdir" "-m" "1610612736" "--user" "0:0" "--network" "none" "ghcr.io/rust-lang/crates-build-env/linux@sha256:5ff2268d62e97bff2cde7d5815dd6ed5b47097566f13b8d0ca110b04b60e07ed" "/opt/rustwide/cargo-home/bin/cargo" "+1.69.0" "test" "--frozen" "--no-run" "--message-format=json", kill_on_drop: false }`
[INFO] [stdout] db290698d42b6c23180c59f5eb753bf00c5cda7fe5e2745e43fd13e31f5187b7
[INFO] running `Command { std: "docker" "start" "-a" "db290698d42b6c23180c59f5eb753bf00c5cda7fe5e2745e43fd13e31f5187b7", kill_on_drop: false }`
[INFO] [stderr] warning: profile package spec `backtrace` in profile `dev` did not match any packages
[INFO] [stderr]    Compiling libc v0.2.139
[INFO] [stderr]    Compiling futures-core v0.3.25
[INFO] [stderr]    Compiling cc v1.0.77
[INFO] [stderr]    Compiling pkg-config v0.3.26
[INFO] [stderr]    Compiling futures-sink v0.3.25
[INFO] [stderr]    Compiling futures-task v0.3.25
[INFO] [stderr]    Compiling futures-channel v0.3.25
[INFO] [stderr]    Compiling tokio v1.24.2
[INFO] [stderr]    Compiling futures-util v0.3.25
[INFO] [stderr]    Compiling futures-io v0.3.25
[INFO] [stderr]    Compiling tokio-macros v1.8.2
[INFO] [stderr]    Compiling futures-macro v0.3.25
[INFO] [stderr]    Compiling tracing-core v0.1.30
[INFO] [stderr]    Compiling foreign-types-shared v0.1.1
[INFO] [stderr]    Compiling openssl v0.10.43
[INFO] [stderr]    Compiling openssl-macros v0.1.0
[INFO] [stderr]    Compiling foreign-types v0.3.2
[INFO] [stderr]    Compiling native-tls v0.2.11
[INFO] [stderr]    Compiling try-lock v0.2.3
[INFO] [stderr]    Compiling openssl-probe v0.1.5
[INFO] [stderr]    Compiling http-body v0.4.5
[INFO] [stderr]    Compiling want v0.3.0
[INFO] [stderr]    Compiling encoding_rs v0.8.31
[INFO] [stderr]    Compiling serde_json v1.0.89
[INFO] [stderr]    Compiling tracing v0.1.37
[INFO] [stderr]    Compiling serde_urlencoded v0.7.1
[INFO] [stderr]    Compiling mime v0.3.16
[INFO] [stderr]    Compiling ipnet v2.5.1
[INFO] [stderr]    Compiling serde_cbor v0.11.2
[INFO] [stderr]    Compiling dotenvy v0.15.6
[INFO] [stderr]    Compiling openssl-sys v0.9.78
[INFO] [stderr]    Compiling num_cpus v1.15.0
[INFO] [stderr]    Compiling mio v0.8.5
[INFO] [stderr]    Compiling socket2 v0.4.7
[INFO] [stderr]    Compiling futures-executor v0.3.25
[INFO] [stderr]    Compiling futures v0.3.25
[INFO] [stderr]    Compiling tokio-util v0.7.4
[INFO] [stderr]    Compiling tokio-native-tls v0.3.0
[INFO] [stderr]    Compiling h2 v0.3.15
[INFO] [stderr]    Compiling hyper v0.14.23
[INFO] [stderr]    Compiling hyper-tls v0.5.0
[INFO] [stderr]    Compiling reqwest v0.11.13
[INFO] [stderr]    Compiling twitch_api v0.7.0-rc.4 (/opt/rustwide/workdir)
[INFO] [stderr]     Finished test [unoptimized + debuginfo] target(s) in 20.31s
[INFO] running `Command { std: "docker" "inspect" "db290698d42b6c23180c59f5eb753bf00c5cda7fe5e2745e43fd13e31f5187b7", kill_on_drop: false }`
[INFO] running `Command { std: "docker" "rm" "-f" "db290698d42b6c23180c59f5eb753bf00c5cda7fe5e2745e43fd13e31f5187b7", kill_on_drop: false }`
[INFO] [stdout] db290698d42b6c23180c59f5eb753bf00c5cda7fe5e2745e43fd13e31f5187b7
[INFO] running `Command { std: "docker" "create" "-v" "/var/lib/crater-agent-workspace/builds/worker-0-tc1/target:/opt/rustwide/target:rw,Z" "-v" "/var/lib/crater-agent-workspace/builds/worker-0-tc1/source:/opt/rustwide/workdir:ro,Z" "-v" "/var/lib/crater-agent-workspace/cargo-home:/opt/rustwide/cargo-home:ro,Z" "-v" "/var/lib/crater-agent-workspace/rustup-home:/opt/rustwide/rustup-home:ro,Z" "-e" "SOURCE_DIR=/opt/rustwide/workdir" "-e" "CARGO_TARGET_DIR=/opt/rustwide/target" "-e" "CARGO_INCREMENTAL=0" "-e" "RUST_BACKTRACE=full" "-e" "RUSTFLAGS=--cap-lints=warn" "-e" "RUSTDOCFLAGS=--cap-lints=warn" "-e" "CARGO_HOME=/opt/rustwide/cargo-home" "-e" "RUSTUP_HOME=/opt/rustwide/rustup-home" "-w" "/opt/rustwide/workdir" "-m" "1610612736" "--user" "0:0" "--network" "none" "ghcr.io/rust-lang/crates-build-env/linux@sha256:5ff2268d62e97bff2cde7d5815dd6ed5b47097566f13b8d0ca110b04b60e07ed" "/opt/rustwide/cargo-home/bin/cargo" "+1.69.0" "test" "--frozen", kill_on_drop: false }`
[INFO] [stdout] 25c5e9e49eda811716d773dec7eb6e024b58fb314704da2aebbf4edf0c204709
[INFO] running `Command { std: "docker" "start" "-a" "25c5e9e49eda811716d773dec7eb6e024b58fb314704da2aebbf4edf0c204709", kill_on_drop: false }`
[INFO] [stderr] warning: profile package spec `backtrace` in profile `dev` did not match any packages
[INFO] [stderr]     Finished test [unoptimized + debuginfo] target(s) in 0.18s
[INFO] [stderr]      Running unittests src/lib.rs (/opt/rustwide/target/debug/deps/twitch_api-c1dcb416e90ecbcc)
[INFO] [stdout] 
[INFO] [stdout] running 0 tests
[INFO] [stdout] 
[INFO] [stdout] test result: ok. 0 passed; 0 failed; 0 ignored; 0 measured; 0 filtered out; finished in 0.00s
[INFO] [stdout] 
[INFO] [stderr]    Doc-tests twitch_api
[INFO] [stdout] 
[INFO] [stdout] running 3 tests
[INFO] [stdout] test src/lib.rs - ReadmeDoctests (line 106) - compile ... FAILED
[INFO] [stdout] test src/lib.rs - (line 45) - compile ... FAILED
[INFO] [stdout] test src/lib.rs - (line 19) - compile ... FAILED
[INFO] [stdout] 
[INFO] [stdout] failures:
[INFO] [stdout] 
[INFO] [stdout] ---- src/lib.rs - ReadmeDoctests (line 106) stdout ----
[INFO] [stdout] error[E0432]: unresolved import `twitch_api::helix`
[INFO] [stdout]  --> src/lib.rs:107:17
[INFO] [stdout]   |
[INFO] [stdout] 3 | use twitch_api::helix::HelixClient;
[INFO] [stdout]   |                 ^^^^^ could not find `helix` in `twitch_api`
[INFO] [stdout] 
[INFO] [stdout] error[E0432]: unresolved import `twitch_oauth2`
[INFO] [stdout]  --> src/lib.rs:108:5
[INFO] [stdout]   |
[INFO] [stdout] 4 | use twitch_oauth2::{AccessToken, UserToken};
[INFO] [stdout]   |     ^^^^^^^^^^^^^ use of undeclared crate or module `twitch_oauth2`
[INFO] [stdout] 
[INFO] [stdout] error: aborting due to 2 previous errors
[INFO] [stdout] 
[INFO] [stdout] For more information about this error, try `rustc --explain E0432`.
[INFO] [stdout] Couldn't compile the test.
[INFO] [stdout] ---- src/lib.rs - (line 45) stdout ----
[INFO] [stdout] error[E0433]: failed to resolve: could not find `helix` in `twitch_api`
[INFO] [stdout]  --> src/lib.rs:46:32
[INFO] [stdout]   |
[INFO] [stdout] 3 | use twitch_api::{TwitchClient, helix::channels::GetChannelInformationRequest};
[INFO] [stdout]   |                                ^^^^^ could not find `helix` in `twitch_api`
[INFO] [stdout] 
[INFO] [stdout] error[E0432]: unresolved import `twitch_api::TwitchClient`
[INFO] [stdout]  --> src/lib.rs:46:18
[INFO] [stdout]   |
[INFO] [stdout] 3 | use twitch_api::{TwitchClient, helix::channels::GetChannelInformationRequest};
[INFO] [stdout]   |                  ^^^^^^^^^^^^ no `TwitchClient` in the root
[INFO] [stdout] 
[INFO] [stdout] error[E0433]: failed to resolve: use of undeclared crate or module `twitch_oauth2`
[INFO] [stdout]  --> src/lib.rs:47:5
[INFO] [stdout]   |
[INFO] [stdout] 4 | use twitch_oauth2::{AppAccessToken, Scope, TwitchToken, tokens::errors::AppAccessTokenError};
[INFO] [stdout]   |     ^^^^^^^^^^^^^ use of undeclared crate or module `twitch_oauth2`
[INFO] [stdout] 
[INFO] [stdout] error[E0432]: unresolved import `twitch_oauth2`
[INFO] [stdout]  --> src/lib.rs:47:5
[INFO] [stdout]   |
[INFO] [stdout] 4 | use twitch_oauth2::{AppAccessToken, Scope, TwitchToken, tokens::errors::AppAccessTokenError};
[INFO] [stdout]   |     ^^^^^^^^^^^^^ use of undeclared crate or module `twitch_oauth2`
[INFO] [stdout] 
[INFO] [stdout] error[E0433]: failed to resolve: use of undeclared crate or module `twitch_oauth2`
[INFO] [stdout]  --> src/lib.rs:52:17
[INFO] [stdout]   |
[INFO] [stdout] 9 | let client_id = twitch_oauth2::ClientId::new("validclientid".to_string());
[INFO] [stdout]   |                 ^^^^^^^^^^^^^ use of undeclared crate or module `twitch_oauth2`
[INFO] [stdout] 
[INFO] [stdout] error[E0433]: failed to resolve: use of undeclared crate or module `twitch_oauth2`
[INFO] [stdout]   --> src/lib.rs:53:21
[INFO] [stdout]    |
[INFO] [stdout] 10 | let client_secret = twitch_oauth2::ClientSecret::new("validclientsecret".to_string());
[INFO] [stdout]    |                     ^^^^^^^^^^^^^ use of undeclared crate or module `twitch_oauth2`
[INFO] [stdout] 
[INFO] [stdout] error[E0412]: cannot find type `DummyHttpClient` in crate `twitch_api`
[INFO] [stdout]  --> src/lib.rs:51:33
[INFO] [stdout]   |
[INFO] [stdout] 8 | let _:&TwitchClient<twitch_api::DummyHttpClient> = &client;
[INFO] [stdout]   |                                 ^^^^^^^^^^^^^^^ not found in `twitch_api`
[INFO] [stdout] 
[INFO] [stdout] error: aborting due to 7 previous errors
[INFO] [stdout] 
[INFO] [stdout] Some errors have detailed explanations: E0412, E0432, E0433.
[INFO] [stdout] For more information about an error, try `rustc --explain E0412`.
[INFO] [stdout] Couldn't compile the test.
[INFO] [stdout] ---- src/lib.rs - (line 19) stdout ----
[INFO] [stdout] error[E0433]: failed to resolve: could not find `helix` in `twitch_api`
[INFO] [stdout]  --> src/lib.rs:20:18
[INFO] [stdout]   |
[INFO] [stdout] 3 | use twitch_api::{helix::channels::GetChannelInformationRequest, TwitchClient};
[INFO] [stdout]   |                  ^^^^^ could not find `helix` in `twitch_api`
[INFO] [stdout] 
[INFO] [stdout] error[E0433]: failed to resolve: use of undeclared crate or module `twitch_oauth2`
[INFO] [stdout]  --> src/lib.rs:21:5
[INFO] [stdout]   |
[INFO] [stdout] 4 | use twitch_oauth2::{tokens::errors::AppAccessTokenError, AppAccessToken, Scope, TwitchToken};
[INFO] [stdout]   |     ^^^^^^^^^^^^^ use of undeclared crate or module `twitch_oauth2`
[INFO] [stdout] 
[INFO] [stdout] error[E0432]: unresolved import `twitch_api::TwitchClient`
[INFO] [stdout]  --> src/lib.rs:20:65
[INFO] [stdout]   |
[INFO] [stdout] 3 | use twitch_api::{helix::channels::GetChannelInformationRequest, TwitchClient};
[INFO] [stdout]   |                                                                 ^^^^^^^^^^^^ no `TwitchClient` in the root
[INFO] [stdout] 
[INFO] [stdout] error[E0432]: unresolved import `twitch_oauth2`
[INFO] [stdout]  --> src/lib.rs:21:5
[INFO] [stdout]   |
[INFO] [stdout] 4 | use twitch_oauth2::{tokens::errors::AppAccessTokenError, AppAccessToken, Scope, TwitchToken};
[INFO] [stdout]   |     ^^^^^^^^^^^^^ use of undeclared crate or module `twitch_oauth2`
[INFO] [stdout] 
[INFO] [stdout] error[E0433]: failed to resolve: could not find `client` in `twitch_api`
[INFO] [stdout]  --> src/lib.rs:22:48
[INFO] [stdout]   |
[INFO] [stdout] 5 | pub mod reqwest {pub type Client = twitch_api::client::DummyHttpClient;}
[INFO] [stdout]   |                                                ^^^^^^ could not find `client` in `twitch_api`
[INFO] [stdout] 
[INFO] [stdout] error[E0433]: failed to resolve: use of undeclared crate or module `twitch_oauth2`
[INFO] [stdout]  --> src/lib.rs:26:17
[INFO] [stdout]   |
[INFO] [stdout] 9 | let client_id = twitch_oauth2::ClientId::from("validclientid");
[INFO] [stdout]   |                 ^^^^^^^^^^^^^ use of undeclared crate or module `twitch_oauth2`
[INFO] [stdout] 
[INFO] [stdout] error[E0433]: failed to resolve: use of undeclared crate or module `twitch_oauth2`
[INFO] [stdout]   --> src/lib.rs:27:21
[INFO] [stdout]    |
[INFO] [stdout] 10 | let client_secret = twitch_oauth2::ClientSecret::from("validclientsecret");
[INFO] [stdout]    |                     ^^^^^^^^^^^^^ use of undeclared crate or module `twitch_oauth2`
[INFO] [stdout] 
[INFO] [stdout] error: aborting due to 7 previous errors
[INFO] [stdout] 
[INFO] [stdout] Some errors have detailed explanations: E0432, E0433.
[INFO] [stdout] For more information about an error, try `rustc --explain E0432`.
[INFO] [stdout] Couldn't compile the test.
[INFO] [stdout] 
[INFO] [stdout] failures:
[INFO] [stdout]     src/lib.rs - (line 19)
[INFO] [stdout]     src/lib.rs - (line 45)
[INFO] [stdout]     src/lib.rs - ReadmeDoctests (line 106)
[INFO] [stdout] 
[INFO] [stdout] test result: FAILED. 0 passed; 3 failed; 0 ignored; 0 measured; 0 filtered out; finished in 0.12s
[INFO] [stdout] 
[INFO] [stderr] error: doctest failed, to rerun pass `--doc`
[INFO] running `Command { std: "docker" "inspect" "25c5e9e49eda811716d773dec7eb6e024b58fb314704da2aebbf4edf0c204709", kill_on_drop: false }`
[INFO] running `Command { std: "docker" "rm" "-f" "25c5e9e49eda811716d773dec7eb6e024b58fb314704da2aebbf4edf0c204709", kill_on_drop: false }`
[INFO] [stdout] 25c5e9e49eda811716d773dec7eb6e024b58fb314704da2aebbf4edf0c204709
