[INFO] fetching crate twinstar 0.4.0...
[INFO] testing twinstar-0.4.0 against 1.69.0 for beta-1.70-1
[INFO] extracting crate twinstar 0.4.0 into /workspace/builds/worker-4-tc1/source
[INFO] validating manifest of crates.io crate twinstar 0.4.0 on toolchain 1.69.0
[INFO] running `Command { std: CARGO_HOME="/workspace/cargo-home" RUSTUP_HOME="/workspace/rustup-home" "/workspace/cargo-home/bin/cargo" "+1.69.0" "metadata" "--manifest-path" "Cargo.toml" "--no-deps", kill_on_drop: false }`
[INFO] started tweaking crates.io crate twinstar 0.4.0
[INFO] removed 0 missing examples
[INFO] finished tweaking crates.io crate twinstar 0.4.0
[INFO] tweaked toml for crates.io crate twinstar 0.4.0 written to /workspace/builds/worker-4-tc1/source/Cargo.toml
[INFO] crate crates.io crate twinstar 0.4.0 already has a lockfile, it will not be regenerated
[INFO] running `Command { std: CARGO_HOME="/workspace/cargo-home" RUSTUP_HOME="/workspace/rustup-home" "/workspace/cargo-home/bin/cargo" "+1.69.0" "fetch" "--manifest-path" "Cargo.toml", kill_on_drop: false }`
[INFO] [stderr]  Downloading crates ...
[INFO] [stderr]   Downloaded syn v1.0.53
[INFO] [stderr]   Downloaded humantime v2.0.1
[INFO] [stderr]   Downloaded bytes v0.6.0
[INFO] [stderr]   Downloaded tokio-macros v0.3.1
[INFO] [stderr]   Downloaded tokio v0.3.5
[INFO] [stderr]   Downloaded tokio-rustls v0.20.0
[INFO] running `Command { std: "docker" "create" "-v" "/var/lib/crater-agent-workspace/builds/worker-4-tc1/target:/opt/rustwide/target:rw,Z" "-v" "/var/lib/crater-agent-workspace/builds/worker-4-tc1/source:/opt/rustwide/workdir:ro,Z" "-v" "/var/lib/crater-agent-workspace/cargo-home:/opt/rustwide/cargo-home:ro,Z" "-v" "/var/lib/crater-agent-workspace/rustup-home:/opt/rustwide/rustup-home:ro,Z" "-e" "SOURCE_DIR=/opt/rustwide/workdir" "-e" "CARGO_TARGET_DIR=/opt/rustwide/target" "-e" "CARGO_HOME=/opt/rustwide/cargo-home" "-e" "RUSTUP_HOME=/opt/rustwide/rustup-home" "-w" "/opt/rustwide/workdir" "-m" "1610612736" "--user" "0:0" "--network" "none" "ghcr.io/rust-lang/crates-build-env/linux@sha256:5ff2268d62e97bff2cde7d5815dd6ed5b47097566f13b8d0ca110b04b60e07ed" "/opt/rustwide/cargo-home/bin/cargo" "+1.69.0" "metadata" "--no-deps" "--format-version=1", kill_on_drop: false }`
[INFO] [stdout] a8371a79bcf4d5706867db6ff297ea68333478d60fb172b15c747fb06ebe9aff
[INFO] running `Command { std: "docker" "start" "-a" "a8371a79bcf4d5706867db6ff297ea68333478d60fb172b15c747fb06ebe9aff", kill_on_drop: false }`
[INFO] running `Command { std: "docker" "inspect" "a8371a79bcf4d5706867db6ff297ea68333478d60fb172b15c747fb06ebe9aff", kill_on_drop: false }`
[INFO] running `Command { std: "docker" "rm" "-f" "a8371a79bcf4d5706867db6ff297ea68333478d60fb172b15c747fb06ebe9aff", kill_on_drop: false }`
[INFO] [stdout] a8371a79bcf4d5706867db6ff297ea68333478d60fb172b15c747fb06ebe9aff
[INFO] running `Command { std: "docker" "create" "-v" "/var/lib/crater-agent-workspace/builds/worker-4-tc1/target:/opt/rustwide/target:rw,Z" "-v" "/var/lib/crater-agent-workspace/builds/worker-4-tc1/source:/opt/rustwide/workdir:ro,Z" "-v" "/var/lib/crater-agent-workspace/cargo-home:/opt/rustwide/cargo-home:ro,Z" "-v" "/var/lib/crater-agent-workspace/rustup-home:/opt/rustwide/rustup-home:ro,Z" "-e" "SOURCE_DIR=/opt/rustwide/workdir" "-e" "CARGO_TARGET_DIR=/opt/rustwide/target" "-e" "CARGO_INCREMENTAL=0" "-e" "RUST_BACKTRACE=full" "-e" "RUSTFLAGS=--cap-lints=warn" "-e" "RUSTDOCFLAGS=--cap-lints=warn" "-e" "CARGO_HOME=/opt/rustwide/cargo-home" "-e" "RUSTUP_HOME=/opt/rustwide/rustup-home" "-w" "/opt/rustwide/workdir" "-m" "1610612736" "--user" "0:0" "--network" "none" "ghcr.io/rust-lang/crates-build-env/linux@sha256:5ff2268d62e97bff2cde7d5815dd6ed5b47097566f13b8d0ca110b04b60e07ed" "/opt/rustwide/cargo-home/bin/cargo" "+1.69.0" "build" "--frozen" "--message-format=json", kill_on_drop: false }`
[INFO] [stdout] 24702d51f62cea6556e80eb8b8daf25a17576504033ac2639deb7d0ee3421dc3
[INFO] running `Command { std: "docker" "start" "-a" "24702d51f62cea6556e80eb8b8daf25a17576504033ac2639deb7d0ee3421dc3", kill_on_drop: false }`
[INFO] [stderr]    Compiling libc v0.2.80
[INFO] [stderr]    Compiling cc v1.0.66
[INFO] [stderr]    Compiling proc-macro2 v1.0.24
[INFO] [stderr]    Compiling version_check v0.9.2
[INFO] [stderr]    Compiling unicode-xid v0.2.1
[INFO] [stderr]    Compiling log v0.4.11
[INFO] [stderr]    Compiling once_cell v1.5.2
[INFO] [stderr]    Compiling cfg-if v0.1.10
[INFO] [stderr]    Compiling untrusted v0.7.1
[INFO] [stderr]    Compiling spin v0.5.2
[INFO] [stderr]    Compiling syn v1.0.53
[INFO] [stderr]    Compiling memchr v2.3.4
[INFO] [stderr]    Compiling autocfg v1.0.1
[INFO] [stderr]    Compiling bytes v0.6.0
[INFO] [stderr]    Compiling pin-project-lite v0.2.0
[INFO] [stderr]    Compiling anyhow v1.0.34
[INFO] [stderr]    Compiling base64 v0.12.3
[INFO] [stderr]    Compiling slab v0.4.2
[INFO] [stderr]    Compiling mime v0.3.16
[INFO] [stderr]    Compiling uriparse v0.6.3
[INFO] [stderr]    Compiling percent-encoding v2.1.0
[INFO] [stderr]    Compiling futures-core v0.3.8
[INFO] [stderr]    Compiling tokio v0.3.5
[INFO] [stderr]    Compiling unicase v2.6.0
[INFO] [stderr]    Compiling ring v0.16.19
[INFO] [stderr]    Compiling quote v1.0.7
[INFO] [stderr]    Compiling num_cpus v1.13.0
[INFO] [stderr]    Compiling mio v0.7.6
[INFO] [stderr]    Compiling mime_guess v2.0.3
[INFO] [stderr]    Compiling sct v0.6.0
[INFO] [stderr]    Compiling webpki v0.21.4
[INFO] [stderr]    Compiling rustls v0.18.1
[INFO] [stderr]    Compiling tokio-macros v0.3.1
[INFO] [stderr]    Compiling tokio-rustls v0.20.0
[INFO] [stderr]    Compiling twinstar v0.4.0 (/opt/rustwide/workdir)
[INFO] [stderr]     Finished dev [unoptimized + debuginfo] target(s) in 10.43s
[INFO] running `Command { std: "docker" "inspect" "24702d51f62cea6556e80eb8b8daf25a17576504033ac2639deb7d0ee3421dc3", kill_on_drop: false }`
[INFO] running `Command { std: "docker" "rm" "-f" "24702d51f62cea6556e80eb8b8daf25a17576504033ac2639deb7d0ee3421dc3", kill_on_drop: false }`
[INFO] [stdout] 24702d51f62cea6556e80eb8b8daf25a17576504033ac2639deb7d0ee3421dc3
[INFO] running `Command { std: "docker" "create" "-v" "/var/lib/crater-agent-workspace/builds/worker-4-tc1/target:/opt/rustwide/target:rw,Z" "-v" "/var/lib/crater-agent-workspace/builds/worker-4-tc1/source:/opt/rustwide/workdir:ro,Z" "-v" "/var/lib/crater-agent-workspace/cargo-home:/opt/rustwide/cargo-home:ro,Z" "-v" "/var/lib/crater-agent-workspace/rustup-home:/opt/rustwide/rustup-home:ro,Z" "-e" "SOURCE_DIR=/opt/rustwide/workdir" "-e" "CARGO_TARGET_DIR=/opt/rustwide/target" "-e" "CARGO_INCREMENTAL=0" "-e" "RUST_BACKTRACE=full" "-e" "RUSTFLAGS=--cap-lints=warn" "-e" "RUSTDOCFLAGS=--cap-lints=warn" "-e" "CARGO_HOME=/opt/rustwide/cargo-home" "-e" "RUSTUP_HOME=/opt/rustwide/rustup-home" "-w" "/opt/rustwide/workdir" "-m" "1610612736" "--user" "0:0" "--network" "none" "ghcr.io/rust-lang/crates-build-env/linux@sha256:5ff2268d62e97bff2cde7d5815dd6ed5b47097566f13b8d0ca110b04b60e07ed" "/opt/rustwide/cargo-home/bin/cargo" "+1.69.0" "test" "--frozen" "--no-run" "--message-format=json", kill_on_drop: false }`
[INFO] [stdout] 25c7b10ab552cca5b6ae646afacf4d18155b43139dd18c6c4d595799cff5371c
[INFO] running `Command { std: "docker" "start" "-a" "25c7b10ab552cca5b6ae646afacf4d18155b43139dd18c6c4d595799cff5371c", kill_on_drop: false }`
[INFO] [stderr]    Compiling proc-macro-hack v0.5.19
[INFO] [stderr]    Compiling proc-macro-nested v0.1.6
[INFO] [stderr]    Compiling thread_local v1.0.1
[INFO] [stderr]    Compiling regex-syntax v0.6.21
[INFO] [stderr]    Compiling futures-task v0.3.8
[INFO] [stderr]    Compiling atty v0.2.14
[INFO] [stderr]    Compiling aho-corasick v0.7.15
[INFO] [stderr]    Compiling termcolor v1.1.2
[INFO] [stderr]    Compiling pin-utils v0.1.0
[INFO] [stderr]    Compiling humantime v2.0.1
[INFO] [stderr]    Compiling pin-project-internal v1.0.2
[INFO] [stderr]    Compiling futures-macro v0.3.8
[INFO] [stderr]    Compiling regex v1.4.2
[INFO] [stderr]    Compiling pin-project v1.0.2
[INFO] [stderr]    Compiling futures-util v0.3.8
[INFO] [stderr]    Compiling env_logger v0.8.2
[INFO] [stderr]    Compiling twinstar v0.4.0 (/opt/rustwide/workdir)
[INFO] [stdout] warning: use of deprecated associated function `twinstar::Response::document`: Deprecated in favor of Response::success_gemini() or Document::into()
[INFO] [stdout]   --> examples/routing.rs:24:22
[INFO] [stdout]    |
[INFO] [stdout] 24 |         Ok(Response::document(doc))
[INFO] [stdout]    |                      ^^^^^^^^
[INFO] [stdout]    |
[INFO] [stdout]    = note: `#[warn(deprecated)]` on by default
[INFO] [stdout] 
[INFO] [stdout] 
[INFO] [stdout] warning: use of deprecated associated function `twinstar::Response::document`: Deprecated in favor of Response::success_gemini() or Document::into()
[INFO] [stdout]   --> examples/routing.rs:31:22
[INFO] [stdout]    |
[INFO] [stdout] 31 |         Ok(Response::document(doc))
[INFO] [stdout]    |                      ^^^^^^^^
[INFO] [stdout] 
[INFO] [stdout] 
[INFO] [stdout] warning: use of deprecated associated function `twinstar::Response::document`: Deprecated in favor of Response::success_gemini() or Document::into()
[INFO] [stdout]   --> examples/routing.rs:38:22
[INFO] [stdout]    |
[INFO] [stdout] 38 |         Ok(Response::document(doc))
[INFO] [stdout]    |                      ^^^^^^^^
[INFO] [stdout] 
[INFO] [stdout] 
[INFO] [stdout] warning: 3 warnings emitted
[INFO] [stdout] 
[INFO] [stdout] 
[INFO] [stderr]     Finished test [unoptimized + debuginfo] target(s) in 7.81s
[INFO] running `Command { std: "docker" "inspect" "25c7b10ab552cca5b6ae646afacf4d18155b43139dd18c6c4d595799cff5371c", kill_on_drop: false }`
[INFO] running `Command { std: "docker" "rm" "-f" "25c7b10ab552cca5b6ae646afacf4d18155b43139dd18c6c4d595799cff5371c", kill_on_drop: false }`
[INFO] [stdout] 25c7b10ab552cca5b6ae646afacf4d18155b43139dd18c6c4d595799cff5371c
[INFO] running `Command { std: "docker" "create" "-v" "/var/lib/crater-agent-workspace/builds/worker-4-tc1/target:/opt/rustwide/target:rw,Z" "-v" "/var/lib/crater-agent-workspace/builds/worker-4-tc1/source:/opt/rustwide/workdir:ro,Z" "-v" "/var/lib/crater-agent-workspace/cargo-home:/opt/rustwide/cargo-home:ro,Z" "-v" "/var/lib/crater-agent-workspace/rustup-home:/opt/rustwide/rustup-home:ro,Z" "-e" "SOURCE_DIR=/opt/rustwide/workdir" "-e" "CARGO_TARGET_DIR=/opt/rustwide/target" "-e" "CARGO_INCREMENTAL=0" "-e" "RUST_BACKTRACE=full" "-e" "RUSTFLAGS=--cap-lints=warn" "-e" "RUSTDOCFLAGS=--cap-lints=warn" "-e" "CARGO_HOME=/opt/rustwide/cargo-home" "-e" "RUSTUP_HOME=/opt/rustwide/rustup-home" "-w" "/opt/rustwide/workdir" "-m" "1610612736" "--user" "0:0" "--network" "none" "ghcr.io/rust-lang/crates-build-env/linux@sha256:5ff2268d62e97bff2cde7d5815dd6ed5b47097566f13b8d0ca110b04b60e07ed" "/opt/rustwide/cargo-home/bin/cargo" "+1.69.0" "test" "--frozen", kill_on_drop: false }`
[INFO] [stdout] 05b40a1c80798b624b5199dd63cda0664622139b06de9e98d449eaec6c35f928
[INFO] running `Command { std: "docker" "start" "-a" "05b40a1c80798b624b5199dd63cda0664622139b06de9e98d449eaec6c35f928", kill_on_drop: false }`
[INFO] [stderr] warning: use of deprecated associated function `twinstar::Response::document`: Deprecated in favor of Response::success_gemini() or Document::into()
[INFO] [stderr]   --> examples/routing.rs:24:22
[INFO] [stderr]    |
[INFO] [stderr] 24 |         Ok(Response::document(doc))
[INFO] [stderr]    |                      ^^^^^^^^
[INFO] [stderr]    |
[INFO] [stderr]    = note: `#[warn(deprecated)]` on by default
[INFO] [stderr] 
[INFO] [stderr] warning: use of deprecated associated function `twinstar::Response::document`: Deprecated in favor of Response::success_gemini() or Document::into()
[INFO] [stderr]   --> examples/routing.rs:31:22
[INFO] [stderr]    |
[INFO] [stderr] 31 |         Ok(Response::document(doc))
[INFO] [stderr]    |                      ^^^^^^^^
[INFO] [stderr] 
[INFO] [stderr] warning: use of deprecated associated function `twinstar::Response::document`: Deprecated in favor of Response::success_gemini() or Document::into()
[INFO] [stderr]   --> examples/routing.rs:38:22
[INFO] [stderr]    |
[INFO] [stderr] 38 |         Ok(Response::document(doc))
[INFO] [stderr]    |                      ^^^^^^^^
[INFO] [stderr] 
[INFO] [stderr] warning: `twinstar` (example "routing") generated 3 warnings
[INFO] [stderr]     Finished test [unoptimized + debuginfo] target(s) in 0.08s
[INFO] [stderr]      Running unittests src/lib.rs (/opt/rustwide/target/debug/deps/twinstar-e5a0b2daf9fd90ab)
[INFO] [stdout] 
[INFO] [stdout] running 10 tests
[INFO] [stdout] test tests::gemini_mime_parses ... ok
[INFO] [stdout] test types::meta::tests::new_lossy_empty ... ok
[INFO] [stdout] test types::meta::tests::new_accepts_max_len ... ok
[INFO] [stdout] test types::meta::tests::new_lossy_truncates ... ok
[INFO] [stdout] test types::meta::tests::new_lossy_no_truncate ... ok
[INFO] [stdout] test types::meta::tests::new_lossy_truncates_to_empty ... ok
[INFO] [stdout] test types::meta::tests::new_lossy_truncates_multi_byte_sequences ... ok
[INFO] [stdout] test types::meta::tests::new_rejects_exceeding_max_len ... ok
[INFO] [stdout] test types::meta::tests::new_rejects_newlines ... ok
[INFO] [stdout] test types::meta::tests::new_lossy_truncates_to_max_len ... ok
[INFO] [stdout] 
[INFO] [stdout] test result: ok. 10 passed; 0 failed; 0 ignored; 0 measured; 0 filtered out; finished in 0.00s
[INFO] [stdout] 
[INFO] [stderr]    Doc-tests twinstar
[INFO] [stdout] 
[INFO] [stdout] running 15 tests
[INFO] [stdout] test src/types/document.rs - types::document::Document::add_item (line 75) - compile fail ... ok
[INFO] [stdout] test src/types/document.rs - types::document::Document::add_items (line 97) - compile fail ... ok
[INFO] [stdout] test src/types/document.rs - types::document::Document::add_link (line 171) ... FAILED
[INFO] [stdout] test src/types/document.rs - types::document::Document::add_unordered_list_item (line 315) ... FAILED
[INFO] [stdout] test src/types/document.rs - types::document::Document::add_preformatted (line 233) ... ok
[INFO] [stdout] test src/types/document.rs - types::document::Document::add_preformatted_with_alt (line 254) ... ok
[INFO] [stdout] test src/types/document.rs - types::document::Document::new (line 59) ... ok
[INFO] [stdout] test src/types/document.rs - types::document::Document::add_quote (line 338) ... ok
[INFO] [stdout] test src/types/document.rs - types::document::Document::add_blank_line (line 122) ... ok
[INFO] [stdout] test src/types/document.rs - types::document (line 9) ... ok
[INFO] [stdout] test src/routing.rs - routing::RoutingNode (line 27) ... ok
[INFO] [stdout] test src/types/document.rs - types::document::Document::add_link_without_label (line 201) ... ok
[INFO] [stdout] test src/types/document.rs - types::document::Document::add_heading (line 286) ... ok
[INFO] [stdout] test src/types/document.rs - types::document::Document::add_text (line 143) ... ok
[INFO] [stdout] test src/routing.rs - routing::RoutingNode<T>::iter (line 172) ... ok
[INFO] [stdout] 
[INFO] [stdout] failures:
[INFO] [stdout] 
[INFO] [stdout] ---- src/types/document.rs - types::document::Document::add_link (line 171) stdout ----
[INFO] [stdout] error: linking with `cc` failed: exit status: 1
[INFO] [stdout]   |
[INFO] [stdout]   = note: LC_ALL="C" PATH="/opt/rustwide/rustup-home/toolchains/1.69.0-x86_64-unknown-linux-gnu/lib/rustlib/x86_64-unknown-linux-gnu/bin:/opt/rustwide/cargo-home/bin:/usr/local/sbin:/usr/local/bin:/usr/sbin:/usr/bin:/sbin:/bin" VSLANG="1033" "cc" "-m64" "/tmp/rustcxTJRmQ/symbols.o" "/tmp/rustdoctest0MgxUr/rust_out.rust_out.5bfee551-cgu.0.rcgu.o" "/tmp/rustdoctest0MgxUr/rust_out.j00p4ncf7xg64kg.rcgu.o" "-Wl,--as-needed" "-L" "/opt/rustwide/target/debug/deps" "-L" "/opt/rustwide/target/debug/deps" "-L" "/opt/rustwide/target/debug/build/ring-4ec1fd3ecd681e34/out" "-L" "/opt/rustwide/rustup-home/toolchains/1.69.0-x86_64-unknown-linux-gnu/lib/rustlib/x86_64-unknown-linux-gnu/lib" "-Wl,-Bstatic" "/opt/rustwide/target/debug/deps/libtwinstar-5bc6310629b9f24b.rlib" "/opt/rustwide/target/debug/deps/libmime_guess-b0ae0948466dac34.rlib" "/opt/rustwide/target/debug/deps/libunicase-c94508d85e7125e7.rlib" "/opt/rustwide/target/debug/deps/libpercent_encoding-5186c2668f567217.rlib" "/opt/rustwide/target/debug/deps/liburiparse-803aacda3d614335.rlib" "/opt/rustwide/target/debug/deps/libfnv-41a559218f992797.rlib" "/opt/rustwide/target/debug/deps/libmime-2a4c3a9a364f5972.rlib" "/opt/rustwide/target/debug/deps/liblazy_static-a15e1ed0a3c31761.rlib" "/opt/rustwide/target/debug/deps/libanyhow-5ae7a49e05e15054.rlib" "/opt/rustwide/target/debug/deps/libtokio_rustls-553f31ad476c7d4a.rlib" "/opt/rustwide/target/debug/deps/librustls-6520e5d3c59c5dbf.rlib" "/opt/rustwide/target/debug/deps/libbase64-758319727d7651ce.rlib" "/opt/rustwide/target/debug/deps/libsct-f2d55460366a7988.rlib" "/opt/rustwide/target/debug/deps/libwebpki-b42fbe97cf36598d.rlib" "/opt/rustwide/target/debug/deps/libring-939c060297d89688.rlib" "/opt/rustwide/target/debug/deps/libspin-ba7f384cfb4b159f.rlib" "/opt/rustwide/target/debug/deps/libuntrusted-ec41ab00ed225515.rlib" "/opt/rustwide/target/debug/deps/libonce_cell-68d67915c5d465f6.rlib" "/opt/rustwide/target/debug/deps/libtokio-e4727a5f6ef5af0f.rlib" "/opt/rustwide/target/debug/deps/libnum_cpus-37fdee9a9d348389.rlib" "/opt/rustwide/target/debug/deps/libmemchr-ff161b7d9c192fe5.rlib" "/opt/rustwide/target/debug/deps/libbytes-2aac52c13e25bb96.rlib" "/opt/rustwide/target/debug/deps/libpin_project_lite-2f4112f232d0759b.rlib" "/opt/rustwide/target/debug/deps/libmio-5f4c386b209e6117.rlib" "/opt/rustwide/target/debug/deps/liblibc-9597e7f769872937.rlib" "/opt/rustwide/target/debug/deps/libfutures_core-ad2feed068baf143.rlib" "/opt/rustwide/target/debug/deps/liblog-ffe62a714eff4b54.rlib" "/opt/rustwide/target/debug/deps/libcfg_if-a245e09a5738c6b4.rlib" "/opt/rustwide/rustup-home/toolchains/1.69.0-x86_64-unknown-linux-gnu/lib/rustlib/x86_64-unknown-linux-gnu/lib/libstd-89bc084783fdc439.rlib" "/opt/rustwide/rustup-home/toolchains/1.69.0-x86_64-unknown-linux-gnu/lib/rustlib/x86_64-unknown-linux-gnu/lib/libpanic_unwind-8bee4b287d4367c1.rlib" "/opt/rustwide/rustup-home/toolchains/1.69.0-x86_64-unknown-linux-gnu/lib/rustlib/x86_64-unknown-linux-gnu/lib/libobject-d61707aed80694c0.rlib" "/opt/rustwide/rustup-home/toolchains/1.69.0-x86_64-unknown-linux-gnu/lib/rustlib/x86_64-unknown-linux-gnu/lib/libmemchr-d85366256f22345b.rlib" "/opt/rustwide/rustup-home/toolchains/1.69.0-x86_64-unknown-linux-gnu/lib/rustlib/x86_64-unknown-linux-gnu/lib/libaddr2line-96069b86b8a8cae9.rlib" "/opt/rustwide/rustup-home/toolchains/1.69.0-x86_64-unknown-linux-gnu/lib/rustlib/x86_64-unknown-linux-gnu/lib/libgimli-d19d53abf68dfa6c.rlib" "/opt/rustwide/rustup-home/toolchains/1.69.0-x86_64-unknown-linux-gnu/lib/rustlib/x86_64-unknown-linux-gnu/lib/librustc_demangle-787cbccd19d64ac6.rlib" "/opt/rustwide/rustup-home/toolchains/1.69.0-x86_64-unknown-linux-gnu/lib/rustlib/x86_64-unknown-linux-gnu/lib/libstd_detect-b3837a36b830e0d0.rlib" "/opt/rustwide/rustup-home/toolchains/1.69.0-x86_64-unknown-linux-gnu/lib/rustlib/x86_64-unknown-linux-gnu/lib/libhashbrown-e3deb0e7e3f04966.rlib" "/opt/rustwide/rustup-home/toolchains/1.69.0-x86_64-unknown-linux-gnu/lib/rustlib/x86_64-unknown-linux-gnu/lib/libminiz_oxide-dabbb79c9815def4.rlib" "/opt/rustwide/rustup-home/toolchains/1.69.0-x86_64-unknown-linux-gnu/lib/rustlib/x86_64-unknown-linux-gnu/lib/libadler-305b01f34c9409f2.rlib" "/opt/rustwide/rustup-home/toolchains/1.69.0-x86_64-unknown-linux-gnu/lib/rustlib/x86_64-unknown-linux-gnu/lib/librustc_std_workspace_alloc-f833521df6074e73.rlib" "/opt/rustwide/rustup-home/toolchains/1.69.0-x86_64-unknown-linux-gnu/lib/rustlib/x86_64-unknown-linux-gnu/lib/libunwind-9ac333113350d171.rlib" "/opt/rustwide/rustup-home/toolchains/1.69.0-x86_64-unknown-linux-gnu/lib/rustlib/x86_64-unknown-linux-gnu/lib/libcfg_if-1c126114322d0eee.rlib" "/opt/rustwide/rustup-home/toolchains/1.69.0-x86_64-unknown-linux-gnu/lib/rustlib/x86_64-unknown-linux-gnu/lib/liblibc-bad9164fdeeecf92.rlib" "/opt/rustwide/rustup-home/toolchains/1.69.0-x86_64-unknown-linux-gnu/lib/rustlib/x86_64-unknown-linux-gnu/lib/liballoc-f9374b1e480fa681.rlib" "/opt/rustwide/rustup-home/toolchains/1.69.0-x86_64-unknown-linux-gnu/lib/rustlib/x86_64-unknown-linux-gnu/lib/librustc_std_workspace_core-207f06e41d9603af.rlib" "/opt/rustwide/rustup-home/toolchains/1.69.0-x86_64-unknown-linux-gnu/lib/rustlib/x86_64-unknown-linux-gnu/lib/libcore-7e2768e66e984e85.rlib" "/opt/rustwide/rustup-home/toolchains/1.69.0-x86_64-unknown-linux-gnu/lib/rustlib/x86_64-unknown-linux-gnu/lib/libcompiler_builtins-957b4aff41f8cd46.rlib" "-Wl,-Bdynamic" "-lgcc_s" "-lutil" "-lrt" "-lpthread" "-lm" "-ldl" "-lc" "-Wl,--eh-frame-hdr" "-Wl,-z,noexecstack" "-L" "/opt/rustwide/rustup-home/toolchains/1.69.0-x86_64-unknown-linux-gnu/lib/rustlib/x86_64-unknown-linux-gnu/lib" "-o" "/tmp/rustdoctest0MgxUr/rust_out" "-Wl,--gc-sections" "-pie" "-Wl,-z,relro,-z,now" "-nodefaultlibs"
[INFO] [stdout]   = note: collect2: fatal error: ld terminated with signal 9 [Killed]
[INFO] [stdout]           compilation terminated.
[INFO] [stdout]           
[INFO] [stdout] 
[INFO] [stdout] error: aborting due to previous error
[INFO] [stdout] 
[INFO] [stdout] Couldn't compile the test.
[INFO] [stdout] ---- src/types/document.rs - types::document::Document::add_unordered_list_item (line 315) stdout ----
[INFO] [stdout] error: linking with `cc` failed: exit status: 1
[INFO] [stdout]   |
[INFO] [stdout]   = note: LC_ALL="C" PATH="/opt/rustwide/rustup-home/toolchains/1.69.0-x86_64-unknown-linux-gnu/lib/rustlib/x86_64-unknown-linux-gnu/bin:/opt/rustwide/cargo-home/bin:/usr/local/sbin:/usr/local/bin:/usr/sbin:/usr/bin:/sbin:/bin" VSLANG="1033" "cc" "-m64" "/tmp/rustcNG5Z4Q/symbols.o" "/tmp/rustdoctest7Z9ZPh/rust_out.rust_out.5bfee551-cgu.0.rcgu.o" "/tmp/rustdoctest7Z9ZPh/rust_out.j00p4ncf7xg64kg.rcgu.o" "-Wl,--as-needed" "-L" "/opt/rustwide/target/debug/deps" "-L" "/opt/rustwide/target/debug/deps" "-L" "/opt/rustwide/target/debug/build/ring-4ec1fd3ecd681e34/out" "-L" "/opt/rustwide/rustup-home/toolchains/1.69.0-x86_64-unknown-linux-gnu/lib/rustlib/x86_64-unknown-linux-gnu/lib" "-Wl,-Bstatic" "/opt/rustwide/target/debug/deps/libtwinstar-5bc6310629b9f24b.rlib" "/opt/rustwide/target/debug/deps/libmime_guess-b0ae0948466dac34.rlib" "/opt/rustwide/target/debug/deps/libunicase-c94508d85e7125e7.rlib" "/opt/rustwide/target/debug/deps/libpercent_encoding-5186c2668f567217.rlib" "/opt/rustwide/target/debug/deps/liburiparse-803aacda3d614335.rlib" "/opt/rustwide/target/debug/deps/libfnv-41a559218f992797.rlib" "/opt/rustwide/target/debug/deps/libmime-2a4c3a9a364f5972.rlib" "/opt/rustwide/target/debug/deps/liblazy_static-a15e1ed0a3c31761.rlib" "/opt/rustwide/target/debug/deps/libanyhow-5ae7a49e05e15054.rlib" "/opt/rustwide/target/debug/deps/libtokio_rustls-553f31ad476c7d4a.rlib" "/opt/rustwide/target/debug/deps/librustls-6520e5d3c59c5dbf.rlib" "/opt/rustwide/target/debug/deps/libbase64-758319727d7651ce.rlib" "/opt/rustwide/target/debug/deps/libsct-f2d55460366a7988.rlib" "/opt/rustwide/target/debug/deps/libwebpki-b42fbe97cf36598d.rlib" "/opt/rustwide/target/debug/deps/libring-939c060297d89688.rlib" "/opt/rustwide/target/debug/deps/libspin-ba7f384cfb4b159f.rlib" "/opt/rustwide/target/debug/deps/libuntrusted-ec41ab00ed225515.rlib" "/opt/rustwide/target/debug/deps/libonce_cell-68d67915c5d465f6.rlib" "/opt/rustwide/target/debug/deps/libtokio-e4727a5f6ef5af0f.rlib" "/opt/rustwide/target/debug/deps/libnum_cpus-37fdee9a9d348389.rlib" "/opt/rustwide/target/debug/deps/libmemchr-ff161b7d9c192fe5.rlib" "/opt/rustwide/target/debug/deps/libbytes-2aac52c13e25bb96.rlib" "/opt/rustwide/target/debug/deps/libpin_project_lite-2f4112f232d0759b.rlib" "/opt/rustwide/target/debug/deps/libmio-5f4c386b209e6117.rlib" "/opt/rustwide/target/debug/deps/liblibc-9597e7f769872937.rlib" "/opt/rustwide/target/debug/deps/libfutures_core-ad2feed068baf143.rlib" "/opt/rustwide/target/debug/deps/liblog-ffe62a714eff4b54.rlib" "/opt/rustwide/target/debug/deps/libcfg_if-a245e09a5738c6b4.rlib" "/opt/rustwide/rustup-home/toolchains/1.69.0-x86_64-unknown-linux-gnu/lib/rustlib/x86_64-unknown-linux-gnu/lib/libstd-89bc084783fdc439.rlib" "/opt/rustwide/rustup-home/toolchains/1.69.0-x86_64-unknown-linux-gnu/lib/rustlib/x86_64-unknown-linux-gnu/lib/libpanic_unwind-8bee4b287d4367c1.rlib" "/opt/rustwide/rustup-home/toolchains/1.69.0-x86_64-unknown-linux-gnu/lib/rustlib/x86_64-unknown-linux-gnu/lib/libobject-d61707aed80694c0.rlib" "/opt/rustwide/rustup-home/toolchains/1.69.0-x86_64-unknown-linux-gnu/lib/rustlib/x86_64-unknown-linux-gnu/lib/libmemchr-d85366256f22345b.rlib" "/opt/rustwide/rustup-home/toolchains/1.69.0-x86_64-unknown-linux-gnu/lib/rustlib/x86_64-unknown-linux-gnu/lib/libaddr2line-96069b86b8a8cae9.rlib" "/opt/rustwide/rustup-home/toolchains/1.69.0-x86_64-unknown-linux-gnu/lib/rustlib/x86_64-unknown-linux-gnu/lib/libgimli-d19d53abf68dfa6c.rlib" "/opt/rustwide/rustup-home/toolchains/1.69.0-x86_64-unknown-linux-gnu/lib/rustlib/x86_64-unknown-linux-gnu/lib/librustc_demangle-787cbccd19d64ac6.rlib" "/opt/rustwide/rustup-home/toolchains/1.69.0-x86_64-unknown-linux-gnu/lib/rustlib/x86_64-unknown-linux-gnu/lib/libstd_detect-b3837a36b830e0d0.rlib" "/opt/rustwide/rustup-home/toolchains/1.69.0-x86_64-unknown-linux-gnu/lib/rustlib/x86_64-unknown-linux-gnu/lib/libhashbrown-e3deb0e7e3f04966.rlib" "/opt/rustwide/rustup-home/toolchains/1.69.0-x86_64-unknown-linux-gnu/lib/rustlib/x86_64-unknown-linux-gnu/lib/libminiz_oxide-dabbb79c9815def4.rlib" "/opt/rustwide/rustup-home/toolchains/1.69.0-x86_64-unknown-linux-gnu/lib/rustlib/x86_64-unknown-linux-gnu/lib/libadler-305b01f34c9409f2.rlib" "/opt/rustwide/rustup-home/toolchains/1.69.0-x86_64-unknown-linux-gnu/lib/rustlib/x86_64-unknown-linux-gnu/lib/librustc_std_workspace_alloc-f833521df6074e73.rlib" "/opt/rustwide/rustup-home/toolchains/1.69.0-x86_64-unknown-linux-gnu/lib/rustlib/x86_64-unknown-linux-gnu/lib/libunwind-9ac333113350d171.rlib" "/opt/rustwide/rustup-home/toolchains/1.69.0-x86_64-unknown-linux-gnu/lib/rustlib/x86_64-unknown-linux-gnu/lib/libcfg_if-1c126114322d0eee.rlib" "/opt/rustwide/rustup-home/toolchains/1.69.0-x86_64-unknown-linux-gnu/lib/rustlib/x86_64-unknown-linux-gnu/lib/liblibc-bad9164fdeeecf92.rlib" "/opt/rustwide/rustup-home/toolchains/1.69.0-x86_64-unknown-linux-gnu/lib/rustlib/x86_64-unknown-linux-gnu/lib/liballoc-f9374b1e480fa681.rlib" "/opt/rustwide/rustup-home/toolchains/1.69.0-x86_64-unknown-linux-gnu/lib/rustlib/x86_64-unknown-linux-gnu/lib/librustc_std_workspace_core-207f06e41d9603af.rlib" "/opt/rustwide/rustup-home/toolchains/1.69.0-x86_64-unknown-linux-gnu/lib/rustlib/x86_64-unknown-linux-gnu/lib/libcore-7e2768e66e984e85.rlib" "/opt/rustwide/rustup-home/toolchains/1.69.0-x86_64-unknown-linux-gnu/lib/rustlib/x86_64-unknown-linux-gnu/lib/libcompiler_builtins-957b4aff41f8cd46.rlib" "-Wl,-Bdynamic" "-lgcc_s" "-lutil" "-lrt" "-lpthread" "-lm" "-ldl" "-lc" "-Wl,--eh-frame-hdr" "-Wl,-z,noexecstack" "-L" "/opt/rustwide/rustup-home/toolchains/1.69.0-x86_64-unknown-linux-gnu/lib/rustlib/x86_64-unknown-linux-gnu/lib" "-o" "/tmp/rustdoctest7Z9ZPh/rust_out" "-Wl,--gc-sections" "-pie" "-Wl,-z,relro,-z,now" "-nodefaultlibs"
[INFO] [stdout]   = note: collect2: fatal error: ld terminated with signal 9 [Killed]
[INFO] [stdout]           compilation terminated.
[INFO] [stdout]           
[INFO] [stdout] 
[INFO] [stdout] error: aborting due to previous error
[INFO] [stdout] 
[INFO] [stdout] Couldn't compile the test.
[INFO] [stdout] 
[INFO] [stdout] failures:
[INFO] [stdout]     src/types/document.rs - types::document::Document::add_link (line 171)
[INFO] [stdout]     src/types/document.rs - types::document::Document::add_unordered_list_item (line 315)
[INFO] [stdout] 
[INFO] [stdout] test result: FAILED. 13 passed; 2 failed; 0 ignored; 0 measured; 0 filtered out; finished in 5.68s
[INFO] [stdout] 
[INFO] [stderr] error: doctest failed, to rerun pass `--doc`
[INFO] running `Command { std: "docker" "inspect" "05b40a1c80798b624b5199dd63cda0664622139b06de9e98d449eaec6c35f928", kill_on_drop: false }`
[INFO] running `Command { std: "docker" "rm" "-f" "05b40a1c80798b624b5199dd63cda0664622139b06de9e98d449eaec6c35f928", kill_on_drop: false }`
[INFO] [stdout] 05b40a1c80798b624b5199dd63cda0664622139b06de9e98d449eaec6c35f928
