[INFO] fetching crate tuviv 0.2.1...
[INFO] testing tuviv-0.2.1 against beta-2023-04-20 for beta-1.70-1
[INFO] extracting crate tuviv 0.2.1 into /workspace/builds/worker-6-tc2/source
[INFO] validating manifest of crates.io crate tuviv 0.2.1 on toolchain beta-2023-04-20
[INFO] running `Command { std: CARGO_HOME="/workspace/cargo-home" RUSTUP_HOME="/workspace/rustup-home" "/workspace/cargo-home/bin/cargo" "+beta-2023-04-20" "metadata" "--manifest-path" "Cargo.toml" "--no-deps", kill_on_drop: false }`
[INFO] started tweaking crates.io crate tuviv 0.2.1
[INFO] finished tweaking crates.io crate tuviv 0.2.1
[INFO] tweaked toml for crates.io crate tuviv 0.2.1 written to /workspace/builds/worker-6-tc2/source/Cargo.toml
[INFO] crate crates.io crate tuviv 0.2.1 already has a lockfile, it will not be regenerated
[INFO] running `Command { std: CARGO_HOME="/workspace/cargo-home" RUSTUP_HOME="/workspace/rustup-home" "/workspace/cargo-home/bin/cargo" "+beta-2023-04-20" "fetch" "--manifest-path" "Cargo.toml", kill_on_drop: false }`
[INFO] [stderr]     Blocking waiting for file lock on package cache
[INFO] [stderr]     Updating crates.io index
[INFO] [stderr]  Downloading crates ...
[INFO] [stderr]   Downloaded layout_engine v0.4.0
[INFO] running `Command { std: "docker" "create" "-v" "/var/lib/crater-agent-workspace/builds/worker-6-tc2/target:/opt/rustwide/target:rw,Z" "-v" "/var/lib/crater-agent-workspace/builds/worker-6-tc2/source:/opt/rustwide/workdir:ro,Z" "-v" "/var/lib/crater-agent-workspace/cargo-home:/opt/rustwide/cargo-home:ro,Z" "-v" "/var/lib/crater-agent-workspace/rustup-home:/opt/rustwide/rustup-home:ro,Z" "-e" "SOURCE_DIR=/opt/rustwide/workdir" "-e" "CARGO_TARGET_DIR=/opt/rustwide/target" "-e" "CARGO_HOME=/opt/rustwide/cargo-home" "-e" "RUSTUP_HOME=/opt/rustwide/rustup-home" "-w" "/opt/rustwide/workdir" "-m" "1610612736" "--user" "0:0" "--network" "none" "ghcr.io/rust-lang/crates-build-env/linux@sha256:5ff2268d62e97bff2cde7d5815dd6ed5b47097566f13b8d0ca110b04b60e07ed" "/opt/rustwide/cargo-home/bin/cargo" "+beta-2023-04-20" "metadata" "--no-deps" "--format-version=1", kill_on_drop: false }`
[INFO] [stdout] dd93cf02144e521600e1de6d5abf75c454e0e04f46c62bc522f333085d575321
[INFO] running `Command { std: "docker" "start" "-a" "dd93cf02144e521600e1de6d5abf75c454e0e04f46c62bc522f333085d575321", kill_on_drop: false }`
[INFO] running `Command { std: "docker" "inspect" "dd93cf02144e521600e1de6d5abf75c454e0e04f46c62bc522f333085d575321", kill_on_drop: false }`
[INFO] running `Command { std: "docker" "rm" "-f" "dd93cf02144e521600e1de6d5abf75c454e0e04f46c62bc522f333085d575321", kill_on_drop: false }`
[INFO] [stdout] dd93cf02144e521600e1de6d5abf75c454e0e04f46c62bc522f333085d575321
[INFO] running `Command { std: "docker" "create" "-v" "/var/lib/crater-agent-workspace/builds/worker-6-tc2/target:/opt/rustwide/target:rw,Z" "-v" "/var/lib/crater-agent-workspace/builds/worker-6-tc2/source:/opt/rustwide/workdir:ro,Z" "-v" "/var/lib/crater-agent-workspace/cargo-home:/opt/rustwide/cargo-home:ro,Z" "-v" "/var/lib/crater-agent-workspace/rustup-home:/opt/rustwide/rustup-home:ro,Z" "-e" "SOURCE_DIR=/opt/rustwide/workdir" "-e" "CARGO_TARGET_DIR=/opt/rustwide/target" "-e" "CARGO_INCREMENTAL=0" "-e" "RUST_BACKTRACE=full" "-e" "RUSTFLAGS=--cap-lints=warn" "-e" "RUSTDOCFLAGS=--cap-lints=warn" "-e" "CARGO_HOME=/opt/rustwide/cargo-home" "-e" "RUSTUP_HOME=/opt/rustwide/rustup-home" "-w" "/opt/rustwide/workdir" "-m" "1610612736" "--user" "0:0" "--network" "none" "ghcr.io/rust-lang/crates-build-env/linux@sha256:5ff2268d62e97bff2cde7d5815dd6ed5b47097566f13b8d0ca110b04b60e07ed" "/opt/rustwide/cargo-home/bin/cargo" "+beta-2023-04-20" "build" "--frozen" "--message-format=json", kill_on_drop: false }`
[INFO] [stdout] 1dfee3a0f33fc45082fb3e106c551dc486d6a1bf634336184988760f312deccc
[INFO] running `Command { std: "docker" "start" "-a" "1dfee3a0f33fc45082fb3e106c551dc486d6a1bf634336184988760f312deccc", kill_on_drop: false }`
[INFO] [stderr]    Compiling libc v0.2.132
[INFO] [stderr]    Compiling regex-syntax v0.6.27
[INFO] [stderr]    Compiling signal-hook v0.3.14
[INFO] [stderr]    Compiling parking_lot_core v0.9.3
[INFO] [stderr]    Compiling smallvec v1.9.0
[INFO] [stderr]    Compiling unicode-width v0.1.9
[INFO] [stderr]    Compiling smawk v0.3.1
[INFO] [stderr]    Compiling layout_engine v0.4.0
[INFO] [stderr]    Compiling unicode-segmentation v1.9.0
[INFO] [stderr]    Compiling lock_api v0.4.7
[INFO] [stderr]    Compiling aho-corasick v0.7.18
[INFO] [stderr]    Compiling signal-hook-registry v1.4.0
[INFO] [stderr]    Compiling mio v0.8.4
[INFO] [stderr]    Compiling parking_lot v0.12.1
[INFO] [stderr]    Compiling signal-hook-mio v0.2.3
[INFO] [stderr]    Compiling crossterm v0.23.2
[INFO] [stderr]    Compiling regex v1.6.0
[INFO] [stderr]    Compiling unicode-linebreak v0.1.2
[INFO] [stderr]    Compiling textwrap v0.15.0
[INFO] [stderr]    Compiling tuviv v0.2.1 (/opt/rustwide/workdir)
[INFO] [stdout] warning: missing documentation for a struct
[INFO] [stdout]   --> src/widgets/flexbox/child.rs:11:1
[INFO] [stdout]    |
[INFO] [stdout] 11 | pub struct Child<'a> {
[INFO] [stdout]    | ^^^^^^^^^^^^^^^^^^^^
[INFO] [stdout]    |
[INFO] [stdout] note: the lint level is defined here
[INFO] [stdout]   --> src/lib.rs:6:9
[INFO] [stdout]    |
[INFO] [stdout] 6  | #![warn(missing_docs)]
[INFO] [stdout]    |         ^^^^^^^^^^^^
[INFO] [stdout] 
[INFO] [stdout] 
[INFO] [stdout] warning: missing documentation for a struct field
[INFO] [stdout]   --> src/widgets/flexbox/child.rs:12:5
[INFO] [stdout]    |
[INFO] [stdout] 12 |     pub widget: WidgetType<'a>,
[INFO] [stdout]    |     ^^^^^^^^^^^^^^^^^^^^^^^^^^
[INFO] [stdout] 
[INFO] [stdout] 
[INFO] [stdout] warning: missing documentation for a struct field
[INFO] [stdout]   --> src/widgets/flexbox/child.rs:13:5
[INFO] [stdout]    |
[INFO] [stdout] 13 |     pub props: Props,
[INFO] [stdout]    |     ^^^^^^^^^^^^^^^^
[INFO] [stdout] 
[INFO] [stdout] 
[INFO] [stdout] warning: missing documentation for an associated function
[INFO] [stdout]   --> src/widgets/flexbox/child.rs:17:5
[INFO] [stdout]    |
[INFO] [stdout] 17 |     pub fn new(widget: WidgetType<'a>) -> Self {
[INFO] [stdout]    |     ^^^^^^^^^^^^^^^^^^^^^^^^^^^^^^^^^^^^^^^^^^
[INFO] [stdout] 
[INFO] [stdout] 
[INFO] [stdout] warning: missing documentation for a method
[INFO] [stdout]   --> src/widgets/flexbox/child.rs:24:5
[INFO] [stdout]    |
[INFO] [stdout] 24 |     pub fn expand(mut self, expand: usize) -> Self {
[INFO] [stdout]    |     ^^^^^^^^^^^^^^^^^^^^^^^^^^^^^^^^^^^^^^^^^^^^^^
[INFO] [stdout] 
[INFO] [stdout] 
[INFO] [stdout] warning: missing documentation for a method
[INFO] [stdout]   --> src/widgets/flexbox/child.rs:29:5
[INFO] [stdout]    |
[INFO] [stdout] 29 |     pub fn align(mut self, align: Alignment) -> Self {
[INFO] [stdout]    |     ^^^^^^^^^^^^^^^^^^^^^^^^^^^^^^^^^^^^^^^^^^^^^^^^
[INFO] [stdout] 
[INFO] [stdout] 
[INFO] [stdout] warning: missing documentation for a struct
[INFO] [stdout]   --> src/widgets/grid/child.rs:10:1
[INFO] [stdout]    |
[INFO] [stdout] 10 | pub struct Child<'a> {
[INFO] [stdout]    | ^^^^^^^^^^^^^^^^^^^^
[INFO] [stdout] 
[INFO] [stdout] 
[INFO] [stdout] warning: missing documentation for a struct field
[INFO] [stdout]   --> src/widgets/grid/child.rs:11:5
[INFO] [stdout]    |
[INFO] [stdout] 11 |     pub widget: WidgetType<'a>,
[INFO] [stdout]    |     ^^^^^^^^^^^^^^^^^^^^^^^^^^
[INFO] [stdout] 
[INFO] [stdout] 
[INFO] [stdout] warning: missing documentation for a struct field
[INFO] [stdout]   --> src/widgets/grid/child.rs:12:5
[INFO] [stdout]    |
[INFO] [stdout] 12 |     pub props: Props,
[INFO] [stdout]    |     ^^^^^^^^^^^^^^^^
[INFO] [stdout] 
[INFO] [stdout] 
[INFO] [stdout] warning: missing documentation for an associated function
[INFO] [stdout]   --> src/widgets/grid/child.rs:16:5
[INFO] [stdout]    |
[INFO] [stdout] 16 |     pub fn new(widget: WidgetType<'a>, props: Props) -> Self {
[INFO] [stdout]    |     ^^^^^^^^^^^^^^^^^^^^^^^^^^^^^^^^^^^^^^^^^^^^^^^^^^^^^^^^
[INFO] [stdout] 
[INFO] [stdout] 
[INFO] [stdout] warning: missing documentation for a method
[INFO] [stdout]   --> src/widgets/grid/child.rs:20:5
[INFO] [stdout]    |
[INFO] [stdout] 20 |     pub fn row(mut self, row: usize) -> Self {
[INFO] [stdout]    |     ^^^^^^^^^^^^^^^^^^^^^^^^^^^^^^^^^^^^^^^^
[INFO] [stdout] 
[INFO] [stdout] 
[INFO] [stdout] warning: missing documentation for a method
[INFO] [stdout]   --> src/widgets/grid/child.rs:25:5
[INFO] [stdout]    |
[INFO] [stdout] 25 |     pub fn column(mut self, column: usize) -> Self {
[INFO] [stdout]    |     ^^^^^^^^^^^^^^^^^^^^^^^^^^^^^^^^^^^^^^^^^^^^^^
[INFO] [stdout] 
[INFO] [stdout] 
[INFO] [stdout] warning: missing documentation for a method
[INFO] [stdout]   --> src/widgets/grid/child.rs:30:5
[INFO] [stdout]    |
[INFO] [stdout] 30 |     pub fn row_span(mut self, row_span: usize) -> Self {
[INFO] [stdout]    |     ^^^^^^^^^^^^^^^^^^^^^^^^^^^^^^^^^^^^^^^^^^^^^^^^^^
[INFO] [stdout] 
[INFO] [stdout] 
[INFO] [stdout] warning: missing documentation for a method
[INFO] [stdout]   --> src/widgets/grid/child.rs:35:5
[INFO] [stdout]    |
[INFO] [stdout] 35 |     pub fn column_span(mut self, column_span: usize) -> Self {
[INFO] [stdout]    |     ^^^^^^^^^^^^^^^^^^^^^^^^^^^^^^^^^^^^^^^^^^^^^^^^^^^^^^^^
[INFO] [stdout] 
[INFO] [stdout] 
[INFO] [stdout] warning: 14 warnings emitted
[INFO] [stdout] 
[INFO] [stdout] 
[INFO] [stderr]     Finished dev [unoptimized + debuginfo] target(s) in 8.72s
[INFO] running `Command { std: "docker" "inspect" "1dfee3a0f33fc45082fb3e106c551dc486d6a1bf634336184988760f312deccc", kill_on_drop: false }`
[INFO] running `Command { std: "docker" "rm" "-f" "1dfee3a0f33fc45082fb3e106c551dc486d6a1bf634336184988760f312deccc", kill_on_drop: false }`
[INFO] [stdout] 1dfee3a0f33fc45082fb3e106c551dc486d6a1bf634336184988760f312deccc
[INFO] running `Command { std: "docker" "create" "-v" "/var/lib/crater-agent-workspace/builds/worker-6-tc2/target:/opt/rustwide/target:rw,Z" "-v" "/var/lib/crater-agent-workspace/builds/worker-6-tc2/source:/opt/rustwide/workdir:ro,Z" "-v" "/var/lib/crater-agent-workspace/cargo-home:/opt/rustwide/cargo-home:ro,Z" "-v" "/var/lib/crater-agent-workspace/rustup-home:/opt/rustwide/rustup-home:ro,Z" "-e" "SOURCE_DIR=/opt/rustwide/workdir" "-e" "CARGO_TARGET_DIR=/opt/rustwide/target" "-e" "CARGO_INCREMENTAL=0" "-e" "RUST_BACKTRACE=full" "-e" "RUSTFLAGS=--cap-lints=warn" "-e" "RUSTDOCFLAGS=--cap-lints=warn" "-e" "CARGO_HOME=/opt/rustwide/cargo-home" "-e" "RUSTUP_HOME=/opt/rustwide/rustup-home" "-w" "/opt/rustwide/workdir" "-m" "1610612736" "--user" "0:0" "--network" "none" "ghcr.io/rust-lang/crates-build-env/linux@sha256:5ff2268d62e97bff2cde7d5815dd6ed5b47097566f13b8d0ca110b04b60e07ed" "/opt/rustwide/cargo-home/bin/cargo" "+beta-2023-04-20" "test" "--frozen" "--no-run" "--message-format=json", kill_on_drop: false }`
[INFO] [stdout] a5d6bdc04b29acf5cb386c3f5fbe543ae7ee2c59b3c43012ef3e251ff45daec6
[INFO] running `Command { std: "docker" "start" "-a" "a5d6bdc04b29acf5cb386c3f5fbe543ae7ee2c59b3c43012ef3e251ff45daec6", kill_on_drop: false }`
[INFO] [stderr]     Blocking waiting for file lock on package cache
[INFO] [stderr]    Compiling tuviv v0.2.1 (/opt/rustwide/workdir)
[INFO] [stdout] warning: missing documentation for a struct
[INFO] [stdout]   --> src/widgets/flexbox/child.rs:11:1
[INFO] [stdout]    |
[INFO] [stdout] 11 | pub struct Child<'a> {
[INFO] [stdout]    | ^^^^^^^^^^^^^^^^^^^^
[INFO] [stdout]    |
[INFO] [stdout] note: the lint level is defined here
[INFO] [stdout]   --> src/lib.rs:6:9
[INFO] [stdout]    |
[INFO] [stdout] 6  | #![warn(missing_docs)]
[INFO] [stdout]    |         ^^^^^^^^^^^^
[INFO] [stdout] 
[INFO] [stdout] 
[INFO] [stdout] warning: missing documentation for a struct field
[INFO] [stdout]   --> src/widgets/flexbox/child.rs:12:5
[INFO] [stdout]    |
[INFO] [stdout] 12 |     pub widget: WidgetType<'a>,
[INFO] [stdout]    |     ^^^^^^^^^^^^^^^^^^^^^^^^^^
[INFO] [stdout] 
[INFO] [stdout] 
[INFO] [stdout] warning: missing documentation for a struct field
[INFO] [stdout]   --> src/widgets/flexbox/child.rs:13:5
[INFO] [stdout]    |
[INFO] [stdout] 13 |     pub props: Props,
[INFO] [stdout]    |     ^^^^^^^^^^^^^^^^
[INFO] [stdout] 
[INFO] [stdout] 
[INFO] [stdout] warning: missing documentation for an associated function
[INFO] [stdout]   --> src/widgets/flexbox/child.rs:17:5
[INFO] [stdout]    |
[INFO] [stdout] 17 |     pub fn new(widget: WidgetType<'a>) -> Self {
[INFO] [stdout]    |     ^^^^^^^^^^^^^^^^^^^^^^^^^^^^^^^^^^^^^^^^^^
[INFO] [stdout] 
[INFO] [stdout] 
[INFO] [stdout] warning: missing documentation for a method
[INFO] [stdout]   --> src/widgets/flexbox/child.rs:24:5
[INFO] [stdout]    |
[INFO] [stdout] 24 |     pub fn expand(mut self, expand: usize) -> Self {
[INFO] [stdout]    |     ^^^^^^^^^^^^^^^^^^^^^^^^^^^^^^^^^^^^^^^^^^^^^^
[INFO] [stdout] 
[INFO] [stdout] 
[INFO] [stdout] warning: missing documentation for a method
[INFO] [stdout]   --> src/widgets/flexbox/child.rs:29:5
[INFO] [stdout]    |
[INFO] [stdout] 29 |     pub fn align(mut self, align: Alignment) -> Self {
[INFO] [stdout]    |     ^^^^^^^^^^^^^^^^^^^^^^^^^^^^^^^^^^^^^^^^^^^^^^^^
[INFO] [stdout] 
[INFO] [stdout] 
[INFO] [stdout] warning: missing documentation for a struct
[INFO] [stdout]   --> src/widgets/grid/child.rs:10:1
[INFO] [stdout]    |
[INFO] [stdout] 10 | pub struct Child<'a> {
[INFO] [stdout]    | ^^^^^^^^^^^^^^^^^^^^
[INFO] [stdout] 
[INFO] [stdout] 
[INFO] [stdout] warning: missing documentation for a struct field
[INFO] [stdout]   --> src/widgets/grid/child.rs:11:5
[INFO] [stdout]    |
[INFO] [stdout] 11 |     pub widget: WidgetType<'a>,
[INFO] [stdout]    |     ^^^^^^^^^^^^^^^^^^^^^^^^^^
[INFO] [stdout] 
[INFO] [stdout] 
[INFO] [stdout] warning: missing documentation for a struct field
[INFO] [stdout]   --> src/widgets/grid/child.rs:12:5
[INFO] [stdout]    |
[INFO] [stdout] 12 |     pub props: Props,
[INFO] [stdout]    |     ^^^^^^^^^^^^^^^^
[INFO] [stdout] 
[INFO] [stdout] 
[INFO] [stdout] warning: missing documentation for an associated function
[INFO] [stdout]   --> src/widgets/grid/child.rs:16:5
[INFO] [stdout]    |
[INFO] [stdout] 16 |     pub fn new(widget: WidgetType<'a>, props: Props) -> Self {
[INFO] [stdout]    |     ^^^^^^^^^^^^^^^^^^^^^^^^^^^^^^^^^^^^^^^^^^^^^^^^^^^^^^^^
[INFO] [stdout] 
[INFO] [stdout] 
[INFO] [stdout] warning: missing documentation for a method
[INFO] [stdout]   --> src/widgets/grid/child.rs:20:5
[INFO] [stdout]    |
[INFO] [stdout] 20 |     pub fn row(mut self, row: usize) -> Self {
[INFO] [stdout]    |     ^^^^^^^^^^^^^^^^^^^^^^^^^^^^^^^^^^^^^^^^
[INFO] [stdout] 
[INFO] [stdout] 
[INFO] [stdout] warning: missing documentation for a method
[INFO] [stdout]   --> src/widgets/grid/child.rs:25:5
[INFO] [stdout]    |
[INFO] [stdout] 25 |     pub fn column(mut self, column: usize) -> Self {
[INFO] [stdout]    |     ^^^^^^^^^^^^^^^^^^^^^^^^^^^^^^^^^^^^^^^^^^^^^^
[INFO] [stdout] 
[INFO] [stdout] 
[INFO] [stdout] warning: missing documentation for a method
[INFO] [stdout]   --> src/widgets/grid/child.rs:30:5
[INFO] [stdout]    |
[INFO] [stdout] 30 |     pub fn row_span(mut self, row_span: usize) -> Self {
[INFO] [stdout]    |     ^^^^^^^^^^^^^^^^^^^^^^^^^^^^^^^^^^^^^^^^^^^^^^^^^^
[INFO] [stdout] 
[INFO] [stdout] 
[INFO] [stdout] warning: missing documentation for a method
[INFO] [stdout]   --> src/widgets/grid/child.rs:35:5
[INFO] [stdout]    |
[INFO] [stdout] 35 |     pub fn column_span(mut self, column_span: usize) -> Self {
[INFO] [stdout]    |     ^^^^^^^^^^^^^^^^^^^^^^^^^^^^^^^^^^^^^^^^^^^^^^^^^^^^^^^^
[INFO] [stdout] 
[INFO] [stdout] 
[INFO] [stdout] warning: 14 warnings emitted
[INFO] [stdout] 
[INFO] [stdout] 
[INFO] [stderr]     Finished test [unoptimized + debuginfo] target(s) in 3.37s
[INFO] running `Command { std: "docker" "inspect" "a5d6bdc04b29acf5cb386c3f5fbe543ae7ee2c59b3c43012ef3e251ff45daec6", kill_on_drop: false }`
[INFO] running `Command { std: "docker" "rm" "-f" "a5d6bdc04b29acf5cb386c3f5fbe543ae7ee2c59b3c43012ef3e251ff45daec6", kill_on_drop: false }`
[INFO] [stdout] a5d6bdc04b29acf5cb386c3f5fbe543ae7ee2c59b3c43012ef3e251ff45daec6
[INFO] running `Command { std: "docker" "create" "-v" "/var/lib/crater-agent-workspace/builds/worker-6-tc2/target:/opt/rustwide/target:rw,Z" "-v" "/var/lib/crater-agent-workspace/builds/worker-6-tc2/source:/opt/rustwide/workdir:ro,Z" "-v" "/var/lib/crater-agent-workspace/cargo-home:/opt/rustwide/cargo-home:ro,Z" "-v" "/var/lib/crater-agent-workspace/rustup-home:/opt/rustwide/rustup-home:ro,Z" "-e" "SOURCE_DIR=/opt/rustwide/workdir" "-e" "CARGO_TARGET_DIR=/opt/rustwide/target" "-e" "CARGO_INCREMENTAL=0" "-e" "RUST_BACKTRACE=full" "-e" "RUSTFLAGS=--cap-lints=warn" "-e" "RUSTDOCFLAGS=--cap-lints=warn" "-e" "CARGO_HOME=/opt/rustwide/cargo-home" "-e" "RUSTUP_HOME=/opt/rustwide/rustup-home" "-w" "/opt/rustwide/workdir" "-m" "1610612736" "--user" "0:0" "--network" "none" "ghcr.io/rust-lang/crates-build-env/linux@sha256:5ff2268d62e97bff2cde7d5815dd6ed5b47097566f13b8d0ca110b04b60e07ed" "/opt/rustwide/cargo-home/bin/cargo" "+beta-2023-04-20" "test" "--frozen", kill_on_drop: false }`
[INFO] [stdout] b489618983eb804a75332f5fb49e5239c49dc63ae14f1fca1ea0623edab9e2a6
[INFO] running `Command { std: "docker" "start" "-a" "b489618983eb804a75332f5fb49e5239c49dc63ae14f1fca1ea0623edab9e2a6", kill_on_drop: false }`
[INFO] [stderr] warning: missing documentation for a struct
[INFO] [stderr]   --> src/widgets/flexbox/child.rs:11:1
[INFO] [stderr]    |
[INFO] [stderr] 11 | pub struct Child<'a> {
[INFO] [stderr]    | ^^^^^^^^^^^^^^^^^^^^
[INFO] [stderr]    |
[INFO] [stderr] note: the lint level is defined here
[INFO] [stderr]   --> src/lib.rs:6:9
[INFO] [stderr]    |
[INFO] [stderr] 6  | #![warn(missing_docs)]
[INFO] [stderr]    |         ^^^^^^^^^^^^
[INFO] [stderr] 
[INFO] [stderr] warning: missing documentation for a struct field
[INFO] [stderr]   --> src/widgets/flexbox/child.rs:12:5
[INFO] [stderr]    |
[INFO] [stderr] 12 |     pub widget: WidgetType<'a>,
[INFO] [stderr]    |     ^^^^^^^^^^^^^^^^^^^^^^^^^^
[INFO] [stderr] 
[INFO] [stderr] warning: missing documentation for a struct field
[INFO] [stderr]   --> src/widgets/flexbox/child.rs:13:5
[INFO] [stderr]    |
[INFO] [stderr] 13 |     pub props: Props,
[INFO] [stderr]    |     ^^^^^^^^^^^^^^^^
[INFO] [stderr] 
[INFO] [stderr] warning: missing documentation for an associated function
[INFO] [stderr]   --> src/widgets/flexbox/child.rs:17:5
[INFO] [stderr]    |
[INFO] [stderr] 17 |     pub fn new(widget: WidgetType<'a>) -> Self {
[INFO] [stderr]    |     ^^^^^^^^^^^^^^^^^^^^^^^^^^^^^^^^^^^^^^^^^^
[INFO] [stderr] 
[INFO] [stderr] warning: missing documentation for a method
[INFO] [stderr]   --> src/widgets/flexbox/child.rs:24:5
[INFO] [stderr]    |
[INFO] [stderr] 24 |     pub fn expand(mut self, expand: usize) -> Self {
[INFO] [stderr]    |     ^^^^^^^^^^^^^^^^^^^^^^^^^^^^^^^^^^^^^^^^^^^^^^
[INFO] [stderr] 
[INFO] [stderr] warning: missing documentation for a method
[INFO] [stderr]   --> src/widgets/flexbox/child.rs:29:5
[INFO] [stderr]    |
[INFO] [stderr] 29 |     pub fn align(mut self, align: Alignment) -> Self {
[INFO] [stderr]    |     ^^^^^^^^^^^^^^^^^^^^^^^^^^^^^^^^^^^^^^^^^^^^^^^^
[INFO] [stderr] 
[INFO] [stderr] warning: missing documentation for a struct
[INFO] [stderr]   --> src/widgets/grid/child.rs:10:1
[INFO] [stderr]    |
[INFO] [stderr] 10 | pub struct Child<'a> {
[INFO] [stderr]    | ^^^^^^^^^^^^^^^^^^^^
[INFO] [stderr] 
[INFO] [stderr] warning: missing documentation for a struct field
[INFO] [stderr]   --> src/widgets/grid/child.rs:11:5
[INFO] [stderr]    |
[INFO] [stderr] 11 |     pub widget: WidgetType<'a>,
[INFO] [stderr]    |     ^^^^^^^^^^^^^^^^^^^^^^^^^^
[INFO] [stderr] 
[INFO] [stderr] warning: missing documentation for a struct field
[INFO] [stderr]   --> src/widgets/grid/child.rs:12:5
[INFO] [stderr]    |
[INFO] [stderr] 12 |     pub props: Props,
[INFO] [stderr]    |     ^^^^^^^^^^^^^^^^
[INFO] [stderr] 
[INFO] [stderr] warning: missing documentation for an associated function
[INFO] [stderr]   --> src/widgets/grid/child.rs:16:5
[INFO] [stderr]    |
[INFO] [stderr] 16 |     pub fn new(widget: WidgetType<'a>, props: Props) -> Self {
[INFO] [stderr]    |     ^^^^^^^^^^^^^^^^^^^^^^^^^^^^^^^^^^^^^^^^^^^^^^^^^^^^^^^^
[INFO] [stderr] 
[INFO] [stderr] warning: missing documentation for a method
[INFO] [stderr]   --> src/widgets/grid/child.rs:20:5
[INFO] [stderr]    |
[INFO] [stderr] 20 |     pub fn row(mut self, row: usize) -> Self {
[INFO] [stderr]    |     ^^^^^^^^^^^^^^^^^^^^^^^^^^^^^^^^^^^^^^^^
[INFO] [stderr] 
[INFO] [stderr] warning: missing documentation for a method
[INFO] [stderr]   --> src/widgets/grid/child.rs:25:5
[INFO] [stderr]    |
[INFO] [stderr] 25 |     pub fn column(mut self, column: usize) -> Self {
[INFO] [stderr]    |     ^^^^^^^^^^^^^^^^^^^^^^^^^^^^^^^^^^^^^^^^^^^^^^
[INFO] [stderr] 
[INFO] [stderr] warning: missing documentation for a method
[INFO] [stderr]   --> src/widgets/grid/child.rs:30:5
[INFO] [stderr]    |
[INFO] [stderr] 30 |     pub fn row_span(mut self, row_span: usize) -> Self {
[INFO] [stderr]    |     ^^^^^^^^^^^^^^^^^^^^^^^^^^^^^^^^^^^^^^^^^^^^^^^^^^
[INFO] [stderr] 
[INFO] [stderr] warning: missing documentation for a method
[INFO] [stderr]   --> src/widgets/grid/child.rs:35:5
[INFO] [stderr]    |
[INFO] [stderr] 35 |     pub fn column_span(mut self, column_span: usize) -> Self {
[INFO] [stderr]    |     ^^^^^^^^^^^^^^^^^^^^^^^^^^^^^^^^^^^^^^^^^^^^^^^^^^^^^^^^
[INFO] [stderr] 
[INFO] [stderr] warning: `tuviv` (lib) generated 14 warnings
[INFO] [stderr]     Finished test [unoptimized + debuginfo] target(s) in 0.05s
[INFO] [stderr]      Running unittests src/lib.rs (/opt/rustwide/target/debug/deps/tuviv-07dbe41389a878ac)
[INFO] [stdout] 
[INFO] [stdout] running 0 tests
[INFO] [stdout] 
[INFO] [stdout] test result: ok. 0 passed; 0 failed; 0 ignored; 0 measured; 0 filtered out; finished in 0.00s
[INFO] [stdout] 
[INFO] [stderr]    Doc-tests tuviv
[INFO] [stdout] 
[INFO] [stdout] running 2 tests
[INFO] [stdout] test src/lib.rs - (line 68) ... FAILED
[INFO] [stdout] test src/lib.rs - (line 20) ... FAILED
[INFO] [stdout] 
[INFO] [stdout] failures:
[INFO] [stdout] 
[INFO] [stdout] ---- src/lib.rs - (line 68) stdout ----
[INFO] [stdout] error[E0433]: failed to resolve: use of undeclared type `Sizing`
[INFO] [stdout]   --> src/lib.rs:79:25
[INFO] [stdout]    |
[INFO] [stdout] 14 |     .template_rows(vec![Sizing::Auto; 3])
[INFO] [stdout]    |                         ^^^^^^ use of undeclared type `Sizing`
[INFO] [stdout] 
[INFO] [stdout] error[E0433]: failed to resolve: use of undeclared type `Sizing`
[INFO] [stdout]   --> src/lib.rs:80:28
[INFO] [stdout]    |
[INFO] [stdout] 15 |     .template_columns(vec![Sizing::Auto, Sizing::AutoFixed(10)])
[INFO] [stdout]    |                            ^^^^^^ use of undeclared type `Sizing`
[INFO] [stdout] 
[INFO] [stdout] error[E0433]: failed to resolve: use of undeclared type `Alignment`
[INFO] [stdout]   --> src/lib.rs:87:22
[INFO] [stdout]    |
[INFO] [stdout] 22 |             .align_y(Alignment::Center),
[INFO] [stdout]    |                      ^^^^^^^^^ use of undeclared type `Alignment`
[INFO] [stdout] 
[INFO] [stdout] error[E0433]: failed to resolve: use of undeclared type `Alignment`
[INFO] [stdout]   --> src/lib.rs:94:22
[INFO] [stdout]    |
[INFO] [stdout] 29 |             .align_y(Alignment::Center),
[INFO] [stdout]    |                      ^^^^^^^^^ use of undeclared type `Alignment`
[INFO] [stdout] 
[INFO] [stdout] error[E0433]: failed to resolve: use of undeclared type `Alignment`
[INFO] [stdout]   --> src/lib.rs:104:22
[INFO] [stdout]    |
[INFO] [stdout] 39 |             .align_y(Alignment::Center),
[INFO] [stdout]    |                      ^^^^^^^^^ use of undeclared type `Alignment`
[INFO] [stdout] 
[INFO] [stdout] error[E0433]: failed to resolve: use of undeclared type `Border`
[INFO] [stdout]   --> src/lib.rs:107:13
[INFO] [stdout]    |
[INFO] [stdout] 42 |     .border(Border::ROUNDED)
[INFO] [stdout]    |             ^^^^^^ use of undeclared type `Border`
[INFO] [stdout] 
[INFO] [stdout] error[E0433]: failed to resolve: use of undeclared type `Grid`
[INFO] [stdout]   --> src/lib.rs:78:12
[INFO] [stdout]    |
[INFO] [stdout] 13 | let grid = Grid::new()
[INFO] [stdout]    |            ^^^^ use of undeclared type `Grid`
[INFO] [stdout]    |
[INFO] [stdout] help: consider importing this struct
[INFO] [stdout]    |
[INFO] [stdout] 2  + use tuviv::widgets::Grid;
[INFO] [stdout]    |
[INFO] [stdout] 
[INFO] [stdout] error[E0433]: failed to resolve: use of undeclared type `Sizing`
[INFO] [stdout]   --> src/lib.rs:80:42
[INFO] [stdout]    |
[INFO] [stdout] 15 |     .template_columns(vec![Sizing::Auto, Sizing::AutoFixed(10)])
[INFO] [stdout]    |                                          ^^^^^^ use of undeclared type `Sizing`
[INFO] [stdout]    |
[INFO] [stdout] help: a struct with a similar name exists
[INFO] [stdout]    |
[INFO] [stdout] 15 |     .template_columns(vec![Sizing::Auto, String::AutoFixed(10)])
[INFO] [stdout]    |                                          ~~~~~~
[INFO] [stdout] help: consider importing this enum
[INFO] [stdout]    |
[INFO] [stdout] 2  + use le::grid::Sizing;
[INFO] [stdout]    |
[INFO] [stdout] 
[INFO] [stdout] error[E0433]: failed to resolve: use of undeclared type `Paragraph`
[INFO] [stdout]   --> src/lib.rs:82:17
[INFO] [stdout]    |
[INFO] [stdout] 17 |     .auto_child(Paragraph::new("CPU".styled()))
[INFO] [stdout]    |                 ^^^^^^^^^ use of undeclared type `Paragraph`
[INFO] [stdout]    |
[INFO] [stdout] help: consider importing this struct
[INFO] [stdout]    |
[INFO] [stdout] 2  + use tuviv::widgets::Paragraph;
[INFO] [stdout]    |
[INFO] [stdout] 
[INFO] [stdout] error[E0433]: failed to resolve: use of undeclared type `ProgressBar`
[INFO] [stdout]   --> src/lib.rs:84:9
[INFO] [stdout]    |
[INFO] [stdout] 19 |         ProgressBar::new()
[INFO] [stdout]    |         ^^^^^^^^^^^ use of undeclared type `ProgressBar`
[INFO] [stdout]    |
[INFO] [stdout] help: consider importing this struct
[INFO] [stdout]    |
[INFO] [stdout] 2  + use tuviv::widgets::ProgressBar;
[INFO] [stdout]    |
[INFO] [stdout] 
[INFO] [stdout] error[E0433]: failed to resolve: use of undeclared type `Paragraph`
[INFO] [stdout]   --> src/lib.rs:89:17
[INFO] [stdout]    |
[INFO] [stdout] 24 |     .auto_child(Paragraph::new("MEM".styled()))
[INFO] [stdout]    |                 ^^^^^^^^^ use of undeclared type `Paragraph`
[INFO] [stdout]    |
[INFO] [stdout] help: consider importing this struct
[INFO] [stdout]    |
[INFO] [stdout] 2  + use tuviv::widgets::Paragraph;
[INFO] [stdout]    |
[INFO] [stdout] 
[INFO] [stdout] error[E0433]: failed to resolve: use of undeclared type `ProgressBar`
[INFO] [stdout]   --> src/lib.rs:91:9
[INFO] [stdout]    |
[INFO] [stdout] 26 |         ProgressBar::new()
[INFO] [stdout]    |         ^^^^^^^^^^^ use of undeclared type `ProgressBar`
[INFO] [stdout]    |
[INFO] [stdout] help: consider importing this struct
[INFO] [stdout]    |
[INFO] [stdout] 2  + use tuviv::widgets::ProgressBar;
[INFO] [stdout]    |
[INFO] [stdout] 
[INFO] [stdout] error[E0433]: failed to resolve: use of undeclared type `Paragraph`
[INFO] [stdout]   --> src/lib.rs:96:17
[INFO] [stdout]    |
[INFO] [stdout] 31 |     .auto_child(Paragraph::new("GPU".styled()))
[INFO] [stdout]    |                 ^^^^^^^^^ use of undeclared type `Paragraph`
[INFO] [stdout]    |
[INFO] [stdout] help: consider importing this struct
[INFO] [stdout]    |
[INFO] [stdout] 2  + use tuviv::widgets::Paragraph;
[INFO] [stdout]    |
[INFO] [stdout] 
[INFO] [stdout] error[E0433]: failed to resolve: use of undeclared type `ProgressBar`
[INFO] [stdout]   --> src/lib.rs:98:9
[INFO] [stdout]    |
[INFO] [stdout] 33 |         ProgressBar::new()
[INFO] [stdout]    |         ^^^^^^^^^^^ use of undeclared type `ProgressBar`
[INFO] [stdout]    |
[INFO] [stdout] help: consider importing this struct
[INFO] [stdout]    |
[INFO] [stdout] 2  + use tuviv::widgets::ProgressBar;
[INFO] [stdout]    |
[INFO] [stdout] 
[INFO] [stdout] error: aborting due to 14 previous errors
[INFO] [stdout] 
[INFO] [stdout] For more information about this error, try `rustc --explain E0433`.
[INFO] [stdout] Couldn't compile the test.
[INFO] [stdout] ---- src/lib.rs - (line 20) stdout ----
[INFO] [stdout] error[E0432]: unresolved import `tuviv::layout`
[INFO] [stdout]   --> src/lib.rs:29:13
[INFO] [stdout]    |
[INFO] [stdout] 11 | use tuviv::{layout::{Rect, Vec2}, CrosstermBackend, Widget};
[INFO] [stdout]    |             ^^^^^^ could not find `layout` in `tuviv`
[INFO] [stdout] 
[INFO] [stdout] error[E0433]: failed to resolve: use of undeclared type `Paragraph`
[INFO] [stdout]   --> src/lib.rs:38:13
[INFO] [stdout]    |
[INFO] [stdout] 20 |     let p = Paragraph::new("HI");
[INFO] [stdout]    |             ^^^^^^^^^ use of undeclared type `Paragraph`
[INFO] [stdout]    |
[INFO] [stdout] help: consider importing this struct
[INFO] [stdout]    |
[INFO] [stdout] 3  + use tuviv::widgets::Paragraph;
[INFO] [stdout]    |
[INFO] [stdout] 
[INFO] [stdout] error[E0599]: no method named `finish` found for struct `CrosstermBackend` in the current scope
[INFO] [stdout]   --> src/lib.rs:53:17
[INFO] [stdout]    |
[INFO] [stdout] 35 |         backend.finish(&buffer, &mut stdout)?;
[INFO] [stdout]    |                 ^^^^^^ method not found in `CrosstermBackend`
[INFO] [stdout]    |
[INFO] [stdout]   ::: /opt/rustwide/workdir/src/terminal/backend/mod.rs:24:8
[INFO] [stdout]    |
[INFO] [stdout] 24 |     fn finish(
[INFO] [stdout]    |        ------ the method is available for `CrosstermBackend` here
[INFO] [stdout]    |
[INFO] [stdout]    = help: items from traits can only be used if the trait is in scope
[INFO] [stdout] help: the following trait is implemented but not in scope; perhaps add a `use` for it:
[INFO] [stdout]    |
[INFO] [stdout] 2  + use crate::tuviv::Backend;
[INFO] [stdout]    |
[INFO] [stdout] 
[INFO] [stdout] error: aborting due to 3 previous errors
[INFO] [stdout] 
[INFO] [stdout] Some errors have detailed explanations: E0432, E0433, E0599.
[INFO] [stdout] For more information about an error, try `rustc --explain E0432`.
[INFO] [stdout] Couldn't compile the test.
[INFO] [stdout] 
[INFO] [stdout] failures:
[INFO] [stdout]     src/lib.rs - (line 20)
[INFO] [stdout]     src/lib.rs - (line 68)
[INFO] [stdout] 
[INFO] [stdout] test result: FAILED. 0 passed; 2 failed; 0 ignored; 0 measured; 0 filtered out; finished in 0.15s
[INFO] [stdout] 
[INFO] [stderr] error: doctest failed, to rerun pass `--doc`
[INFO] running `Command { std: "docker" "inspect" "b489618983eb804a75332f5fb49e5239c49dc63ae14f1fca1ea0623edab9e2a6", kill_on_drop: false }`
[INFO] running `Command { std: "docker" "rm" "-f" "b489618983eb804a75332f5fb49e5239c49dc63ae14f1fca1ea0623edab9e2a6", kill_on_drop: false }`
[INFO] [stdout] b489618983eb804a75332f5fb49e5239c49dc63ae14f1fca1ea0623edab9e2a6
