[INFO] fetching crate turn 0.6.1...
[INFO] testing turn-0.6.1 against beta-2023-04-20 for beta-1.70-1
[INFO] extracting crate turn 0.6.1 into /workspace/builds/worker-6-tc2/source
[INFO] validating manifest of crates.io crate turn 0.6.1 on toolchain beta-2023-04-20
[INFO] running `Command { std: CARGO_HOME="/workspace/cargo-home" RUSTUP_HOME="/workspace/rustup-home" "/workspace/cargo-home/bin/cargo" "+beta-2023-04-20" "metadata" "--manifest-path" "Cargo.toml" "--no-deps", kill_on_drop: false }`
[INFO] started tweaking crates.io crate turn 0.6.1
[INFO] removed 0 missing examples
[INFO] finished tweaking crates.io crate turn 0.6.1
[INFO] tweaked toml for crates.io crate turn 0.6.1 written to /workspace/builds/worker-6-tc2/source/Cargo.toml
[INFO] crate crates.io crate turn 0.6.1 already has a lockfile, it will not be regenerated
[INFO] running `Command { std: CARGO_HOME="/workspace/cargo-home" RUSTUP_HOME="/workspace/rustup-home" "/workspace/cargo-home/bin/cargo" "+beta-2023-04-20" "fetch" "--manifest-path" "Cargo.toml", kill_on_drop: false }`
[INFO] running `Command { std: "docker" "create" "-v" "/var/lib/crater-agent-workspace/builds/worker-6-tc2/target:/opt/rustwide/target:rw,Z" "-v" "/var/lib/crater-agent-workspace/builds/worker-6-tc2/source:/opt/rustwide/workdir:ro,Z" "-v" "/var/lib/crater-agent-workspace/cargo-home:/opt/rustwide/cargo-home:ro,Z" "-v" "/var/lib/crater-agent-workspace/rustup-home:/opt/rustwide/rustup-home:ro,Z" "-e" "SOURCE_DIR=/opt/rustwide/workdir" "-e" "CARGO_TARGET_DIR=/opt/rustwide/target" "-e" "CARGO_HOME=/opt/rustwide/cargo-home" "-e" "RUSTUP_HOME=/opt/rustwide/rustup-home" "-w" "/opt/rustwide/workdir" "-m" "1610612736" "--user" "0:0" "--network" "none" "ghcr.io/rust-lang/crates-build-env/linux@sha256:5ff2268d62e97bff2cde7d5815dd6ed5b47097566f13b8d0ca110b04b60e07ed" "/opt/rustwide/cargo-home/bin/cargo" "+beta-2023-04-20" "metadata" "--no-deps" "--format-version=1", kill_on_drop: false }`
[INFO] [stdout] 88961685912daf7fa0d7bd5a76e10ed22dd055841b1f3e52f1b73229f12058fb
[INFO] running `Command { std: "docker" "start" "-a" "88961685912daf7fa0d7bd5a76e10ed22dd055841b1f3e52f1b73229f12058fb", kill_on_drop: false }`
[INFO] running `Command { std: "docker" "inspect" "88961685912daf7fa0d7bd5a76e10ed22dd055841b1f3e52f1b73229f12058fb", kill_on_drop: false }`
[INFO] running `Command { std: "docker" "rm" "-f" "88961685912daf7fa0d7bd5a76e10ed22dd055841b1f3e52f1b73229f12058fb", kill_on_drop: false }`
[INFO] [stdout] 88961685912daf7fa0d7bd5a76e10ed22dd055841b1f3e52f1b73229f12058fb
[INFO] running `Command { std: "docker" "create" "-v" "/var/lib/crater-agent-workspace/builds/worker-6-tc2/target:/opt/rustwide/target:rw,Z" "-v" "/var/lib/crater-agent-workspace/builds/worker-6-tc2/source:/opt/rustwide/workdir:ro,Z" "-v" "/var/lib/crater-agent-workspace/cargo-home:/opt/rustwide/cargo-home:ro,Z" "-v" "/var/lib/crater-agent-workspace/rustup-home:/opt/rustwide/rustup-home:ro,Z" "-e" "SOURCE_DIR=/opt/rustwide/workdir" "-e" "CARGO_TARGET_DIR=/opt/rustwide/target" "-e" "CARGO_INCREMENTAL=0" "-e" "RUST_BACKTRACE=full" "-e" "RUSTFLAGS=--cap-lints=warn" "-e" "RUSTDOCFLAGS=--cap-lints=warn" "-e" "CARGO_HOME=/opt/rustwide/cargo-home" "-e" "RUSTUP_HOME=/opt/rustwide/rustup-home" "-w" "/opt/rustwide/workdir" "-m" "1610612736" "--user" "0:0" "--network" "none" "ghcr.io/rust-lang/crates-build-env/linux@sha256:5ff2268d62e97bff2cde7d5815dd6ed5b47097566f13b8d0ca110b04b60e07ed" "/opt/rustwide/cargo-home/bin/cargo" "+beta-2023-04-20" "build" "--frozen" "--message-format=json", kill_on_drop: false }`
[INFO] [stdout] 768a8ac6d8287cbc3bc4dfa704ee406bb7ff6f8f6f25a5b6f972bd1213d84e94
[INFO] running `Command { std: "docker" "start" "-a" "768a8ac6d8287cbc3bc4dfa704ee406bb7ff6f8f6f25a5b6f972bd1213d84e94", kill_on_drop: false }`
[INFO] [stderr]    Compiling autocfg v1.1.0
[INFO] [stderr]    Compiling libc v0.2.137
[INFO] [stderr]    Compiling proc-macro2 v1.0.47
[INFO] [stderr]    Compiling quote v1.0.21
[INFO] [stderr]    Compiling unicode-ident v1.0.5
[INFO] [stderr]    Compiling syn v1.0.103
[INFO] [stderr]    Compiling memchr v2.5.0
[INFO] [stderr]    Compiling typenum v1.15.0
[INFO] [stderr]    Compiling version_check v0.9.4
[INFO] [stderr]    Compiling cc v1.0.76
[INFO] [stderr]    Compiling lock_api v0.4.9
[INFO] [stderr]    Compiling futures-core v0.3.25
[INFO] [stderr]    Compiling generic-array v0.14.6
[INFO] [stderr]    Compiling log v0.4.17
[INFO] [stderr]    Compiling pin-project-lite v0.2.9
[INFO] [stderr]    Compiling parking_lot_core v0.9.4
[INFO] [stderr]    Compiling slab v0.4.7
[INFO] [stderr]    Compiling memoffset v0.6.5
[INFO] [stderr]    Compiling futures-task v0.3.25
[INFO] [stderr]    Compiling futures-channel v0.3.25
[INFO] [stderr]    Compiling smallvec v1.10.0
[INFO] [stderr]    Compiling tinyvec_macros v0.1.0
[INFO] [stderr]    Compiling scopeguard v1.1.0
[INFO] [stderr]    Compiling tinyvec v1.6.0
[INFO] [stderr]    Compiling tokio v1.21.2
[INFO] [stderr]    Compiling getrandom v0.2.8
[INFO] [stderr]    Compiling async-trait v0.1.58
[INFO] [stderr]    Compiling ppv-lite86 v0.2.17
[INFO] [stderr]    Compiling rand_core v0.6.4
[INFO] [stderr]    Compiling futures-sink v0.3.25
[INFO] [stderr]    Compiling futures-util v0.3.25
[INFO] [stderr]    Compiling thiserror v1.0.37
[INFO] [stderr]    Compiling crypto-common v0.1.6
[INFO] [stderr]    Compiling block-buffer v0.10.3
[INFO] [stderr]    Compiling rand_chacha v0.3.1
[INFO] [stderr]    Compiling parking_lot v0.12.1
[INFO] [stderr]    Compiling mio v0.8.5
[INFO] [stderr]    Compiling signal-hook-registry v1.4.0
[INFO] [stderr]    Compiling socket2 v0.4.7
[INFO] [stderr]    Compiling num_cpus v1.14.0
[INFO] [stderr]    Compiling unicode-normalization v0.1.22
[INFO] [stderr]    Compiling webrtc-util v0.7.0
[INFO] [stderr]    Compiling ring v0.16.20
[INFO] [stderr]    Compiling pin-utils v0.1.0
[INFO] [stderr]    Compiling futures-io v0.3.25
[INFO] [stderr]    Compiling bytes v1.2.1
[INFO] [stderr]    Compiling unicode-bidi v0.3.8
[INFO] [stderr]    Compiling percent-encoding v2.2.0
[INFO] [stderr]    Compiling nix v0.24.2
[INFO] [stderr]    Compiling rand v0.8.5
[INFO] [stderr]    Compiling form_urlencoded v1.1.0
[INFO] [stderr]    Compiling idna v0.3.0
[INFO] [stderr]    Compiling digest v0.10.5
[INFO] [stderr]    Compiling untrusted v0.7.1
[INFO] [stderr]    Compiling ipnet v2.5.1
[INFO] [stderr]    Compiling crc-catalog v2.1.0
[INFO] [stderr]    Compiling once_cell v1.16.0
[INFO] [stderr]    Compiling lazy_static v1.4.0
[INFO] [stderr]    Compiling spin v0.5.2
[INFO] [stderr]    Compiling crc v3.0.0
[INFO] [stderr]    Compiling url v2.3.1
[INFO] [stderr]    Compiling md-5 v0.10.5
[INFO] [stderr]    Compiling base64 v0.13.1
[INFO] [stderr]    Compiling subtle v2.4.1
[INFO] [stderr]    Compiling thiserror-impl v1.0.37
[INFO] [stderr]    Compiling futures-macro v0.3.25
[INFO] [stderr]    Compiling tokio-macros v1.8.0
[INFO] [stderr]    Compiling futures-executor v0.3.25
[INFO] [stderr]    Compiling futures v0.3.25
[INFO] [stderr]    Compiling stun v0.4.4
[INFO] [stderr]    Compiling turn v0.6.1 (/opt/rustwide/workdir)
[INFO] [stderr]     Finished dev [unoptimized + debuginfo] target(s) in 42.71s
[INFO] running `Command { std: "docker" "inspect" "768a8ac6d8287cbc3bc4dfa704ee406bb7ff6f8f6f25a5b6f972bd1213d84e94", kill_on_drop: false }`
[INFO] running `Command { std: "docker" "rm" "-f" "768a8ac6d8287cbc3bc4dfa704ee406bb7ff6f8f6f25a5b6f972bd1213d84e94", kill_on_drop: false }`
[INFO] [stdout] 768a8ac6d8287cbc3bc4dfa704ee406bb7ff6f8f6f25a5b6f972bd1213d84e94
[INFO] running `Command { std: "docker" "create" "-v" "/var/lib/crater-agent-workspace/builds/worker-6-tc2/target:/opt/rustwide/target:rw,Z" "-v" "/var/lib/crater-agent-workspace/builds/worker-6-tc2/source:/opt/rustwide/workdir:ro,Z" "-v" "/var/lib/crater-agent-workspace/cargo-home:/opt/rustwide/cargo-home:ro,Z" "-v" "/var/lib/crater-agent-workspace/rustup-home:/opt/rustwide/rustup-home:ro,Z" "-e" "SOURCE_DIR=/opt/rustwide/workdir" "-e" "CARGO_TARGET_DIR=/opt/rustwide/target" "-e" "CARGO_INCREMENTAL=0" "-e" "RUST_BACKTRACE=full" "-e" "RUSTFLAGS=--cap-lints=warn" "-e" "RUSTDOCFLAGS=--cap-lints=warn" "-e" "CARGO_HOME=/opt/rustwide/cargo-home" "-e" "RUSTUP_HOME=/opt/rustwide/rustup-home" "-w" "/opt/rustwide/workdir" "-m" "1610612736" "--user" "0:0" "--network" "none" "ghcr.io/rust-lang/crates-build-env/linux@sha256:5ff2268d62e97bff2cde7d5815dd6ed5b47097566f13b8d0ca110b04b60e07ed" "/opt/rustwide/cargo-home/bin/cargo" "+beta-2023-04-20" "test" "--frozen" "--no-run" "--message-format=json", kill_on_drop: false }`
[INFO] [stdout] 74690d424bb22c521e9c590622c824c94fd7ffa873b68064ba101f1a7649f0f8
[INFO] running `Command { std: "docker" "start" "-a" "74690d424bb22c521e9c590622c824c94fd7ffa873b68064ba101f1a7649f0f8", kill_on_drop: false }`
[INFO] [stderr]    Compiling serde v1.0.147
[INFO] [stderr]    Compiling crossbeam-utils v0.8.12
[INFO] [stderr]    Compiling num-traits v0.2.15
[INFO] [stderr]    Compiling crossbeam-epoch v0.9.11
[INFO] [stderr]    Compiling rayon-core v1.9.3
[INFO] [stderr]    Compiling either v1.8.0
[INFO] [stderr]    Compiling serde_json v1.0.87
[INFO] [stderr]    Compiling ryu v1.0.11
[INFO] [stderr]    Compiling aho-corasick v0.7.19
[INFO] [stderr]    Compiling atty v0.2.14
[INFO] [stderr]    Compiling num-integer v0.1.45
[INFO] [stderr]    Compiling rayon v1.5.3
[INFO] [stderr]    Compiling indexmap v1.9.1
[INFO] [stderr]    Compiling serde_derive v1.0.147
[INFO] [stderr]    Compiling crossbeam-channel v0.5.6
[INFO] [stderr]    Compiling itoa v1.0.4
[INFO] [stderr]    Compiling unicode-width v0.1.10
[INFO] [stderr]    Compiling plotters-backend v0.3.4
[INFO] [stderr]    Compiling crossbeam-deque v0.8.2
[INFO] [stderr]    Compiling regex-automata v0.1.10
[INFO] [stderr]    Compiling regex-syntax v0.6.28
[INFO] [stderr]    Compiling plotters-svg v0.3.3
[INFO] [stderr]    Compiling textwrap v0.11.0
[INFO] [stderr]    Compiling itertools v0.10.5
[INFO] [stderr]    Compiling async-stream-impl v0.3.3
[INFO] [stderr]    Compiling csv-core v0.1.10
[INFO] [stderr]    Compiling half v1.8.2
[INFO] [stderr]    Compiling same-file v1.0.6
[INFO] [stderr]    Compiling os_str_bytes v6.4.0
[INFO] [stderr]    Compiling hashbrown v0.12.3
[INFO] [stderr]    Compiling cast v0.3.0
[INFO] [stderr]    Compiling regex v1.7.0
[INFO] [stderr]    Compiling itoa v0.4.8
[INFO] [stderr]    Compiling async-stream v0.3.3
[INFO] [stderr]    Compiling clap_lex v0.2.4
[INFO] [stderr]    Compiling walkdir v2.3.2
[INFO] [stderr]    Compiling plotters v0.3.4
[INFO] [stderr]    Compiling criterion-plot v0.4.5
[INFO] [stderr]    Compiling clap v2.34.0
[INFO] [stderr]    Compiling tokio-stream v0.1.11
[INFO] [stderr]    Compiling bstr v0.2.17
[INFO] [stderr]    Compiling serde_cbor v0.11.2
[INFO] [stderr]    Compiling time v0.1.44
[INFO] [stderr]    Compiling csv v1.1.6
[INFO] [stderr]    Compiling tinytemplate v1.2.1
[INFO] [stderr]    Compiling iana-time-zone v0.1.53
[INFO] [stderr]    Compiling humantime v2.1.0
[INFO] [stderr]    Compiling oorandom v11.1.3
[INFO] [stderr]    Compiling textwrap v0.16.0
[INFO] [stderr]    Compiling env_logger v0.9.3
[INFO] [stderr]    Compiling chrono v0.4.23
[INFO] [stderr]    Compiling tokio-test v0.4.2
[INFO] [stderr]    Compiling clap v3.2.23
[INFO] [stderr]    Compiling criterion v0.3.6
[INFO] [stderr]    Compiling turn v0.6.1 (/opt/rustwide/workdir)
[INFO] [stderr]     Finished test [unoptimized + debuginfo] target(s) in 49.47s
[INFO] running `Command { std: "docker" "inspect" "74690d424bb22c521e9c590622c824c94fd7ffa873b68064ba101f1a7649f0f8", kill_on_drop: false }`
[INFO] running `Command { std: "docker" "rm" "-f" "74690d424bb22c521e9c590622c824c94fd7ffa873b68064ba101f1a7649f0f8", kill_on_drop: false }`
[INFO] [stdout] 74690d424bb22c521e9c590622c824c94fd7ffa873b68064ba101f1a7649f0f8
[INFO] running `Command { std: "docker" "create" "-v" "/var/lib/crater-agent-workspace/builds/worker-6-tc2/target:/opt/rustwide/target:rw,Z" "-v" "/var/lib/crater-agent-workspace/builds/worker-6-tc2/source:/opt/rustwide/workdir:ro,Z" "-v" "/var/lib/crater-agent-workspace/cargo-home:/opt/rustwide/cargo-home:ro,Z" "-v" "/var/lib/crater-agent-workspace/rustup-home:/opt/rustwide/rustup-home:ro,Z" "-e" "SOURCE_DIR=/opt/rustwide/workdir" "-e" "CARGO_TARGET_DIR=/opt/rustwide/target" "-e" "CARGO_INCREMENTAL=0" "-e" "RUST_BACKTRACE=full" "-e" "RUSTFLAGS=--cap-lints=warn" "-e" "RUSTDOCFLAGS=--cap-lints=warn" "-e" "CARGO_HOME=/opt/rustwide/cargo-home" "-e" "RUSTUP_HOME=/opt/rustwide/rustup-home" "-w" "/opt/rustwide/workdir" "-m" "1610612736" "--user" "0:0" "--network" "none" "ghcr.io/rust-lang/crates-build-env/linux@sha256:5ff2268d62e97bff2cde7d5815dd6ed5b47097566f13b8d0ca110b04b60e07ed" "/opt/rustwide/cargo-home/bin/cargo" "+beta-2023-04-20" "test" "--frozen", kill_on_drop: false }`
[INFO] [stdout] 2a046b34fbf5354c58ae112601eec3224b0369e129c7ebde566e1084586517f6
[INFO] running `Command { std: "docker" "start" "-a" "2a046b34fbf5354c58ae112601eec3224b0369e129c7ebde566e1084586517f6", kill_on_drop: false }`
[INFO] [stderr]     Blocking waiting for file lock on package cache
[INFO] [stderr]     Finished test [unoptimized + debuginfo] target(s) in 0.46s
[INFO] [stderr]      Running unittests src/lib.rs (/opt/rustwide/target/debug/deps/turn-f248972151c64a05)
[INFO] [stdout] 
[INFO] [stdout] running 64 tests
[INFO] [stdout] test allocation::allocation_test::test_add_channel_bind ... ok
[INFO] [stdout] test allocation::allocation_manager::allocation_manager_test::test_delete_allocation_by_username ... ok
[INFO] [stdout] test allocation::allocation_manager::allocation_manager_test::test_create_allocation_duplicate_five_tuple ... ok
[INFO] [stdout] test allocation::allocation_test::test_add_permission ... ok
[INFO] [stdout] test allocation::allocation_test::test_allocation_close ... ok
[INFO] [stdout] test allocation::allocation_manager::allocation_manager_test::test_delete_allocation ... ok
[INFO] [stdout] test allocation::allocation_manager::allocation_manager_test::test_packet_handler ... ok
[INFO] [stdout] test allocation::allocation_test::test_get_channel_by_addr ... ok
[INFO] [stdout] test allocation::allocation_test::test_get_channel_by_number ... ok
[INFO] [stdout] test allocation::allocation_test::test_allocation_refresh ... ok
[INFO] [stdout] test allocation::allocation_test::test_remove_channel_bind ... ok
[INFO] [stdout] test allocation::allocation_test::test_has_permission ... ok
[INFO] [stdout] test allocation::allocation_test::test_remove_permission ... ok
[INFO] [stdout] test allocation::channel_bind::channel_bind_test::test_channel_bind ... ok
[INFO] [stdout] test allocation::five_tuple::five_tuple_test::test_five_tuple_equal ... ok
[INFO] [stdout] test client::binding::binding_test::test_binding_manager_failure ... ok
[INFO] [stdout] test client::binding::binding_test::test_binding_manager_number_assignment ... ok
[INFO] [stdout] test auth::auth_test::test_generate_auth_key ... ok
[INFO] [stdout] test client::binding::binding_test::test_binding_manager_method ... ok
[INFO] [stdout] test auth::auth_test::test_lt_cred ... ok
[INFO] [stdout] test allocation::five_tuple::five_tuple_test::test_five_tuple_protocol ... ok
[INFO] [stdout] test auth::auth_test::test_new_long_term_auth_handler ... ok
[INFO] [stdout] test client::client_test::test_client_with_stun_send_binding_request_to_parallel ... FAILED
[INFO] [stdout] test client::client_test::test_client_with_stun_send_binding_request ... FAILED
[INFO] [stdout] test proto::addr::addr_test::test_addr_equal_ip ... ok
[INFO] [stdout] test client::relay_conn::relay_conn_test::test_relay_conn ... ok
[INFO] [stdout] test client::client_test::test_client_nonce_expiration ... ok
[INFO] [stdout] test proto::chandata::chandata_test::test_channel_data_decode ... ok
[INFO] [stdout] test proto::addr::addr_test::test_five_tuple_equal ... ok
[INFO] [stdout] test proto::chandata::chandata_test::test_channel_data_encode ... ok
[INFO] [stdout] test proto::addr::addr_test::test_five_tuple_string ... ok
[INFO] [stdout] test proto::chandata::chandata_test::test_channel_data_equal ... ok
[INFO] [stdout] test proto::chandata::chandata_test::test_channel_data_reset ... ok
[INFO] [stdout] test proto::chandata::chandata_test::test_chrome_channel_data ... ok
[INFO] [stdout] test proto::chandata::chandata_test::test_is_channel_data ... ok
[INFO] [stdout] test proto::addr::addr_test::test_addr_from_socket_addr ... ok
[INFO] [stdout] test proto::channum::channnum_test::test_channel_number_add_to ... ok
[INFO] [stdout] test proto::channum::channnum_test::test_channel_number_string ... ok
[INFO] [stdout] test proto::data::data_test::test_data_add_to ... ok
[INFO] [stdout] test proto::dontfrag::dontfrag_test::test_dont_fragment_false ... ok
[INFO] [stdout] test proto::dontfrag::dontfrag_test::test_dont_fragment_add_to ... ok
[INFO] [stdout] test proto::evenport::evenport_test::test_even_port_add_to ... ok
[INFO] [stdout] test proto::lifetime::lifetime_test::test_lifetime_add_to ... ok
[INFO] [stdout] test proto::lifetime::lifetime_test::test_lifetime_string ... ok
[INFO] [stdout] test proto::evenport::evenport_test::test_even_port_false ... ok
[INFO] [stdout] test proto::evenport::evenport_test::test_even_port_string ... ok
[INFO] [stdout] test proto::peeraddr::peeraddr_test::test_peer_address ... ok
[INFO] [stdout] test proto::proto_test::test_chrome_alloc_request ... ok
[INFO] [stdout] test proto::reqfamily::reqfamily_test::test_requested_address_family_add_to ... ok
[INFO] [stdout] test proto::reqfamily::reqfamily_test::test_requested_address_family_string ... ok
[INFO] [stdout] test proto::rsrvtoken::rsrvtoken_test::test_reservation_token ... ok
[INFO] [stdout] test proto::reqtrans::reqtrans_test::test_requested_transport_string ... ok
[INFO] [stdout] test proto::reqtrans::reqtrans_test::test_requested_transport_add_to ... ok
[INFO] [stdout] test proto::relayaddr::relayaddr_test::test_relayed_address ... ok
[INFO] [stdout] test server::request::request_test::test_allocation_lifetime_deletion_zero_lifetime ... ok
[INFO] [stdout] test server::request::request_test::test_allocation_lifetime_parsing ... ok
[INFO] [stdout] test server::server_test::test_server_simple ... ok
[INFO] [stdout] test server::server_test::test_server_vnet_send_binding_request ... ok
[INFO] [stdout] test server::request::request_test::test_allocation_lifetime_overflow ... ok
[INFO] [stdout] test allocation::allocation_manager::allocation_manager_test::test_manager_close ... ok
[INFO] [stdout] test allocation::allocation_manager::allocation_manager_test::test_allocation_timeout ... ok
[INFO] [stdout] test client::periodic_timer::periodic_timer_test::test_periodic_timer ... ok
[INFO] [stdout] test server::server_test::test_server_vnet_echo_via_relay ... ok
[INFO] [stderr] error: test failed, to rerun pass `--lib`
[INFO] [stdout] test client::client_test::test_client_with_stun_send_binding_request_to_timeout ... ok
[INFO] [stdout] 
[INFO] [stdout] failures:
[INFO] [stdout] 
[INFO] [stdout] ---- client::client_test::test_client_with_stun_send_binding_request_to_parallel stdout ----
[INFO] [stdout] Error: Util(Io(IoError(Custom { kind: Uncategorized, error: "failed to lookup address information: Temporary failure in name resolution" })))
[INFO] [stdout] 
[INFO] [stdout] ---- client::client_test::test_client_with_stun_send_binding_request stdout ----
[INFO] [stdout] Error: Util(Io(IoError(Custom { kind: Uncategorized, error: "failed to lookup address information: Temporary failure in name resolution" })))
[INFO] [stdout] 
[INFO] [stdout] 
[INFO] [stdout] failures:
[INFO] [stdout]     client::client_test::test_client_with_stun_send_binding_request
[INFO] [stdout]     client::client_test::test_client_with_stun_send_binding_request_to_parallel
[INFO] [stdout] 
[INFO] [stdout] test result: FAILED. 62 passed; 2 failed; 0 ignored; 0 measured; 0 filtered out; finished in 1.36s
[INFO] [stdout] 
[INFO] running `Command { std: "docker" "inspect" "2a046b34fbf5354c58ae112601eec3224b0369e129c7ebde566e1084586517f6", kill_on_drop: false }`
[INFO] running `Command { std: "docker" "rm" "-f" "2a046b34fbf5354c58ae112601eec3224b0369e129c7ebde566e1084586517f6", kill_on_drop: false }`
[INFO] [stdout] 2a046b34fbf5354c58ae112601eec3224b0369e129c7ebde566e1084586517f6
