[INFO] fetching crate tuple_unpack 1.0.1...
[INFO] testing tuple_unpack-1.0.1 against beta-2023-04-20 for beta-1.70-1
[INFO] extracting crate tuple_unpack 1.0.1 into /workspace/builds/worker-6-tc2/source
[INFO] validating manifest of crates.io crate tuple_unpack 1.0.1 on toolchain beta-2023-04-20
[INFO] running `Command { std: CARGO_HOME="/workspace/cargo-home" RUSTUP_HOME="/workspace/rustup-home" "/workspace/cargo-home/bin/cargo" "+beta-2023-04-20" "metadata" "--manifest-path" "Cargo.toml" "--no-deps", kill_on_drop: false }`
[INFO] started tweaking crates.io crate tuple_unpack 1.0.1
[INFO] finished tweaking crates.io crate tuple_unpack 1.0.1
[INFO] tweaked toml for crates.io crate tuple_unpack 1.0.1 written to /workspace/builds/worker-6-tc2/source/Cargo.toml
[INFO] crate crates.io crate tuple_unpack 1.0.1 already has a lockfile, it will not be regenerated
[INFO] running `Command { std: CARGO_HOME="/workspace/cargo-home" RUSTUP_HOME="/workspace/rustup-home" "/workspace/cargo-home/bin/cargo" "+beta-2023-04-20" "fetch" "--manifest-path" "Cargo.toml", kill_on_drop: false }`
[INFO] running `Command { std: "docker" "create" "-v" "/var/lib/crater-agent-workspace/builds/worker-6-tc2/target:/opt/rustwide/target:rw,Z" "-v" "/var/lib/crater-agent-workspace/builds/worker-6-tc2/source:/opt/rustwide/workdir:ro,Z" "-v" "/var/lib/crater-agent-workspace/cargo-home:/opt/rustwide/cargo-home:ro,Z" "-v" "/var/lib/crater-agent-workspace/rustup-home:/opt/rustwide/rustup-home:ro,Z" "-e" "SOURCE_DIR=/opt/rustwide/workdir" "-e" "CARGO_TARGET_DIR=/opt/rustwide/target" "-e" "CARGO_HOME=/opt/rustwide/cargo-home" "-e" "RUSTUP_HOME=/opt/rustwide/rustup-home" "-w" "/opt/rustwide/workdir" "-m" "1610612736" "--user" "0:0" "--network" "none" "ghcr.io/rust-lang/crates-build-env/linux@sha256:5ff2268d62e97bff2cde7d5815dd6ed5b47097566f13b8d0ca110b04b60e07ed" "/opt/rustwide/cargo-home/bin/cargo" "+beta-2023-04-20" "metadata" "--no-deps" "--format-version=1", kill_on_drop: false }`
[INFO] [stdout] 51db67f2a63fe380dc9c8ad576898c43865d48e9fd3bcf4f3f8d9322bbccdd24
[INFO] running `Command { std: "docker" "start" "-a" "51db67f2a63fe380dc9c8ad576898c43865d48e9fd3bcf4f3f8d9322bbccdd24", kill_on_drop: false }`
[INFO] running `Command { std: "docker" "inspect" "51db67f2a63fe380dc9c8ad576898c43865d48e9fd3bcf4f3f8d9322bbccdd24", kill_on_drop: false }`
[INFO] running `Command { std: "docker" "rm" "-f" "51db67f2a63fe380dc9c8ad576898c43865d48e9fd3bcf4f3f8d9322bbccdd24", kill_on_drop: false }`
[INFO] [stdout] 51db67f2a63fe380dc9c8ad576898c43865d48e9fd3bcf4f3f8d9322bbccdd24
[INFO] running `Command { std: "docker" "create" "-v" "/var/lib/crater-agent-workspace/builds/worker-6-tc2/target:/opt/rustwide/target:rw,Z" "-v" "/var/lib/crater-agent-workspace/builds/worker-6-tc2/source:/opt/rustwide/workdir:ro,Z" "-v" "/var/lib/crater-agent-workspace/cargo-home:/opt/rustwide/cargo-home:ro,Z" "-v" "/var/lib/crater-agent-workspace/rustup-home:/opt/rustwide/rustup-home:ro,Z" "-e" "SOURCE_DIR=/opt/rustwide/workdir" "-e" "CARGO_TARGET_DIR=/opt/rustwide/target" "-e" "CARGO_INCREMENTAL=0" "-e" "RUST_BACKTRACE=full" "-e" "RUSTFLAGS=--cap-lints=warn" "-e" "RUSTDOCFLAGS=--cap-lints=warn" "-e" "CARGO_HOME=/opt/rustwide/cargo-home" "-e" "RUSTUP_HOME=/opt/rustwide/rustup-home" "-w" "/opt/rustwide/workdir" "-m" "1610612736" "--user" "0:0" "--network" "none" "ghcr.io/rust-lang/crates-build-env/linux@sha256:5ff2268d62e97bff2cde7d5815dd6ed5b47097566f13b8d0ca110b04b60e07ed" "/opt/rustwide/cargo-home/bin/cargo" "+beta-2023-04-20" "build" "--frozen" "--message-format=json", kill_on_drop: false }`
[INFO] [stdout] 72ea65a265239658ccbbd7352737bff96b17b2830ff6b93cd00055ecb1ad2801
[INFO] running `Command { std: "docker" "start" "-a" "72ea65a265239658ccbbd7352737bff96b17b2830ff6b93cd00055ecb1ad2801", kill_on_drop: false }`
[INFO] [stderr]    Compiling seq-macro v0.3.1
[INFO] [stderr]    Compiling tuple_unpack v1.0.1 (/opt/rustwide/workdir)
[INFO] [stderr]     Finished dev [unoptimized + debuginfo] target(s) in 2.67s
[INFO] running `Command { std: "docker" "inspect" "72ea65a265239658ccbbd7352737bff96b17b2830ff6b93cd00055ecb1ad2801", kill_on_drop: false }`
[INFO] running `Command { std: "docker" "rm" "-f" "72ea65a265239658ccbbd7352737bff96b17b2830ff6b93cd00055ecb1ad2801", kill_on_drop: false }`
[INFO] [stdout] 72ea65a265239658ccbbd7352737bff96b17b2830ff6b93cd00055ecb1ad2801
[INFO] running `Command { std: "docker" "create" "-v" "/var/lib/crater-agent-workspace/builds/worker-6-tc2/target:/opt/rustwide/target:rw,Z" "-v" "/var/lib/crater-agent-workspace/builds/worker-6-tc2/source:/opt/rustwide/workdir:ro,Z" "-v" "/var/lib/crater-agent-workspace/cargo-home:/opt/rustwide/cargo-home:ro,Z" "-v" "/var/lib/crater-agent-workspace/rustup-home:/opt/rustwide/rustup-home:ro,Z" "-e" "SOURCE_DIR=/opt/rustwide/workdir" "-e" "CARGO_TARGET_DIR=/opt/rustwide/target" "-e" "CARGO_INCREMENTAL=0" "-e" "RUST_BACKTRACE=full" "-e" "RUSTFLAGS=--cap-lints=warn" "-e" "RUSTDOCFLAGS=--cap-lints=warn" "-e" "CARGO_HOME=/opt/rustwide/cargo-home" "-e" "RUSTUP_HOME=/opt/rustwide/rustup-home" "-w" "/opt/rustwide/workdir" "-m" "1610612736" "--user" "0:0" "--network" "none" "ghcr.io/rust-lang/crates-build-env/linux@sha256:5ff2268d62e97bff2cde7d5815dd6ed5b47097566f13b8d0ca110b04b60e07ed" "/opt/rustwide/cargo-home/bin/cargo" "+beta-2023-04-20" "test" "--frozen" "--no-run" "--message-format=json", kill_on_drop: false }`
[INFO] [stdout] d7599be007c20f35feda0b46282dc056de5ec02d979a7e18c63d4d92ac363b29
[INFO] running `Command { std: "docker" "start" "-a" "d7599be007c20f35feda0b46282dc056de5ec02d979a7e18c63d4d92ac363b29", kill_on_drop: false }`
[INFO] [stderr]    Compiling tuple_unpack v1.0.1 (/opt/rustwide/workdir)
[INFO] [stderr]     Finished test [unoptimized + debuginfo] target(s) in 1.76s
[INFO] running `Command { std: "docker" "inspect" "d7599be007c20f35feda0b46282dc056de5ec02d979a7e18c63d4d92ac363b29", kill_on_drop: false }`
[INFO] running `Command { std: "docker" "rm" "-f" "d7599be007c20f35feda0b46282dc056de5ec02d979a7e18c63d4d92ac363b29", kill_on_drop: false }`
[INFO] [stdout] d7599be007c20f35feda0b46282dc056de5ec02d979a7e18c63d4d92ac363b29
[INFO] running `Command { std: "docker" "create" "-v" "/var/lib/crater-agent-workspace/builds/worker-6-tc2/target:/opt/rustwide/target:rw,Z" "-v" "/var/lib/crater-agent-workspace/builds/worker-6-tc2/source:/opt/rustwide/workdir:ro,Z" "-v" "/var/lib/crater-agent-workspace/cargo-home:/opt/rustwide/cargo-home:ro,Z" "-v" "/var/lib/crater-agent-workspace/rustup-home:/opt/rustwide/rustup-home:ro,Z" "-e" "SOURCE_DIR=/opt/rustwide/workdir" "-e" "CARGO_TARGET_DIR=/opt/rustwide/target" "-e" "CARGO_INCREMENTAL=0" "-e" "RUST_BACKTRACE=full" "-e" "RUSTFLAGS=--cap-lints=warn" "-e" "RUSTDOCFLAGS=--cap-lints=warn" "-e" "CARGO_HOME=/opt/rustwide/cargo-home" "-e" "RUSTUP_HOME=/opt/rustwide/rustup-home" "-w" "/opt/rustwide/workdir" "-m" "1610612736" "--user" "0:0" "--network" "none" "ghcr.io/rust-lang/crates-build-env/linux@sha256:5ff2268d62e97bff2cde7d5815dd6ed5b47097566f13b8d0ca110b04b60e07ed" "/opt/rustwide/cargo-home/bin/cargo" "+beta-2023-04-20" "test" "--frozen", kill_on_drop: false }`
[INFO] [stdout] 21fa920eb9b2873b77af4ff82e3c6b61c2c3b86f1bfc74747f721aaf4530ce2c
[INFO] running `Command { std: "docker" "start" "-a" "21fa920eb9b2873b77af4ff82e3c6b61c2c3b86f1bfc74747f721aaf4530ce2c", kill_on_drop: false }`
[INFO] [stderr]     Finished test [unoptimized + debuginfo] target(s) in 0.01s
[INFO] [stderr]      Running unittests src/lib.rs (/opt/rustwide/target/debug/deps/tuple_unpack-c38655e6bac88d17)
[INFO] [stdout] 
[INFO] [stderr]      Running unittests src/bin/generate.rs (/opt/rustwide/target/debug/deps/generate-ac2a063e06ef0f5f)
[INFO] [stdout] running 0 tests
[INFO] [stderr]    Doc-tests tuple_unpack
[INFO] [stdout] 
[INFO] [stdout] test result: ok. 0 passed; 0 failed; 0 ignored; 0 measured; 0 filtered out; finished in 0.00s
[INFO] [stdout] 
[INFO] [stdout] 
[INFO] [stdout] running 0 tests
[INFO] [stdout] 
[INFO] [stdout] test result: ok. 0 passed; 0 failed; 0 ignored; 0 measured; 0 filtered out; finished in 0.00s
[INFO] [stdout] 
[INFO] [stdout] 
[INFO] [stdout] running 1 test
[INFO] [stdout] test src/lib.rs - (line 5) ... FAILED
[INFO] [stdout] 
[INFO] [stdout] failures:
[INFO] [stdout] 
[INFO] [stdout] ---- src/lib.rs - (line 5) stdout ----
[INFO] [stdout] error[E0433]: failed to resolve: use of undeclared type `TypeId`
[INFO] [stdout]  --> src/lib.rs:10:28
[INFO] [stdout]   |
[INFO] [stdout] 7 |     assert_eq!(types, vec![TypeId::of::<i32>; 3]);
[INFO] [stdout]   |                            ^^^^^^ use of undeclared type `TypeId`
[INFO] [stdout] 
[INFO] [stdout] error[E0599]: no method named `unpack_types` found for tuple `({integer}, {integer}, {integer})` in the current scope
[INFO] [stdout]  --> src/lib.rs:9:28
[INFO] [stdout]   |
[INFO] [stdout] 6 |     let types = some_tuple.unpack_types();
[INFO] [stdout]   |                 -----------^^^^^^^^^^^^--
[INFO] [stdout]   |                 |          |
[INFO] [stdout]   |                 |          this is an associated function, not a method
[INFO] [stdout]   |                 help: use associated function syntax instead: `({integer}, {integer}, {integer})::unpack_types()`
[INFO] [stdout]   |
[INFO] [stdout]   = note: found the following associated functions; to be used as methods, functions must have a `self` parameter
[INFO] [stdout] note: the candidate is defined in the trait `TupleUnpack`
[INFO] [stdout]  --> /opt/rustwide/workdir/src/lib.rs:6:5
[INFO] [stdout]   |
[INFO] [stdout] 6 |     fn unpack_types() -> Vec<TypeId>;
[INFO] [stdout]   |     ^^^^^^^^^^^^^^^^^^^^^^^^^^^^^^^^^
[INFO] [stdout] 
[INFO] [stdout] error[E0599]: no method named `unpack_values` found for tuple `({integer}, {integer}, {integer})` in the current scope
[INFO] [stdout]  --> src/lib.rs:11:29
[INFO] [stdout]   |
[INFO] [stdout] 8 |     let values = some_tuple.unpack_values();
[INFO] [stdout]   |                             ^^^^^^^^^^^^^ method not found in `({integer}, {integer}, {integer})`
[INFO] [stdout] 
[INFO] [stdout] error: aborting due to 3 previous errors
[INFO] [stdout] 
[INFO] [stdout] Some errors have detailed explanations: E0433, E0599.
[INFO] [stdout] For more information about an error, try `rustc --explain E0433`.
[INFO] [stdout] Couldn't compile the test.
[INFO] [stdout] 
[INFO] [stdout] failures:
[INFO] [stdout]     src/lib.rs - (line 5)
[INFO] [stdout] 
[INFO] [stdout] test result: FAILED. 0 passed; 1 failed; 0 ignored; 0 measured; 0 filtered out; finished in 0.08s
[INFO] [stdout] 
[INFO] [stderr] error: doctest failed, to rerun pass `--doc`
[INFO] running `Command { std: "docker" "inspect" "21fa920eb9b2873b77af4ff82e3c6b61c2c3b86f1bfc74747f721aaf4530ce2c", kill_on_drop: false }`
[INFO] running `Command { std: "docker" "rm" "-f" "21fa920eb9b2873b77af4ff82e3c6b61c2c3b86f1bfc74747f721aaf4530ce2c", kill_on_drop: false }`
[INFO] [stdout] 21fa920eb9b2873b77af4ff82e3c6b61c2c3b86f1bfc74747f721aaf4530ce2c
