[INFO] fetching crate tuf 0.3.0-beta11...
[INFO] testing tuf-0.3.0-beta11 against beta-2023-04-20 for beta-1.70-1
[INFO] extracting crate tuf 0.3.0-beta11 into /workspace/builds/worker-0-tc2/source
[INFO] validating manifest of crates.io crate tuf 0.3.0-beta11 on toolchain beta-2023-04-20
[INFO] running `Command { std: CARGO_HOME="/workspace/cargo-home" RUSTUP_HOME="/workspace/rustup-home" "/workspace/cargo-home/bin/cargo" "+beta-2023-04-20" "metadata" "--manifest-path" "Cargo.toml" "--no-deps", kill_on_drop: false }`
[INFO] started tweaking crates.io crate tuf 0.3.0-beta11
[INFO] finished tweaking crates.io crate tuf 0.3.0-beta11
[INFO] tweaked toml for crates.io crate tuf 0.3.0-beta11 written to /workspace/builds/worker-0-tc2/source/Cargo.toml
[INFO] running `Command { std: CARGO_HOME="/workspace/cargo-home" RUSTUP_HOME="/workspace/rustup-home" __CARGO_TEST_CHANNEL_OVERRIDE_DO_NOT_USE_THIS="nightly" "/workspace/cargo-home/bin/cargo" "+beta-2023-04-20" "generate-lockfile" "--manifest-path" "Cargo.toml" "-Zno-index-update", kill_on_drop: false }`
[INFO] running `Command { std: CARGO_HOME="/workspace/cargo-home" RUSTUP_HOME="/workspace/rustup-home" "/workspace/cargo-home/bin/cargo" "+beta-2023-04-20" "fetch" "--manifest-path" "Cargo.toml", kill_on_drop: false }`
[INFO] running `Command { std: "docker" "create" "-v" "/var/lib/crater-agent-workspace/builds/worker-0-tc2/target:/opt/rustwide/target:rw,Z" "-v" "/var/lib/crater-agent-workspace/builds/worker-0-tc2/source:/opt/rustwide/workdir:ro,Z" "-v" "/var/lib/crater-agent-workspace/cargo-home:/opt/rustwide/cargo-home:ro,Z" "-v" "/var/lib/crater-agent-workspace/rustup-home:/opt/rustwide/rustup-home:ro,Z" "-e" "SOURCE_DIR=/opt/rustwide/workdir" "-e" "CARGO_TARGET_DIR=/opt/rustwide/target" "-e" "CARGO_HOME=/opt/rustwide/cargo-home" "-e" "RUSTUP_HOME=/opt/rustwide/rustup-home" "-w" "/opt/rustwide/workdir" "-m" "1610612736" "--user" "0:0" "--network" "none" "ghcr.io/rust-lang/crates-build-env/linux@sha256:5ff2268d62e97bff2cde7d5815dd6ed5b47097566f13b8d0ca110b04b60e07ed" "/opt/rustwide/cargo-home/bin/cargo" "+beta-2023-04-20" "metadata" "--no-deps" "--format-version=1", kill_on_drop: false }`
[INFO] [stdout] 649b6a4d10e9a1ab0bcb7a9f9b1cc1677bad66b0ced3feff481ef6de2726395e
[INFO] running `Command { std: "docker" "start" "-a" "649b6a4d10e9a1ab0bcb7a9f9b1cc1677bad66b0ced3feff481ef6de2726395e", kill_on_drop: false }`
[INFO] running `Command { std: "docker" "inspect" "649b6a4d10e9a1ab0bcb7a9f9b1cc1677bad66b0ced3feff481ef6de2726395e", kill_on_drop: false }`
[INFO] running `Command { std: "docker" "rm" "-f" "649b6a4d10e9a1ab0bcb7a9f9b1cc1677bad66b0ced3feff481ef6de2726395e", kill_on_drop: false }`
[INFO] [stdout] 649b6a4d10e9a1ab0bcb7a9f9b1cc1677bad66b0ced3feff481ef6de2726395e
[INFO] running `Command { std: "docker" "create" "-v" "/var/lib/crater-agent-workspace/builds/worker-0-tc2/target:/opt/rustwide/target:rw,Z" "-v" "/var/lib/crater-agent-workspace/builds/worker-0-tc2/source:/opt/rustwide/workdir:ro,Z" "-v" "/var/lib/crater-agent-workspace/cargo-home:/opt/rustwide/cargo-home:ro,Z" "-v" "/var/lib/crater-agent-workspace/rustup-home:/opt/rustwide/rustup-home:ro,Z" "-e" "SOURCE_DIR=/opt/rustwide/workdir" "-e" "CARGO_TARGET_DIR=/opt/rustwide/target" "-e" "CARGO_INCREMENTAL=0" "-e" "RUST_BACKTRACE=full" "-e" "RUSTFLAGS=--cap-lints=warn" "-e" "RUSTDOCFLAGS=--cap-lints=warn" "-e" "CARGO_HOME=/opt/rustwide/cargo-home" "-e" "RUSTUP_HOME=/opt/rustwide/rustup-home" "-w" "/opt/rustwide/workdir" "-m" "1610612736" "--user" "0:0" "--network" "none" "ghcr.io/rust-lang/crates-build-env/linux@sha256:5ff2268d62e97bff2cde7d5815dd6ed5b47097566f13b8d0ca110b04b60e07ed" "/opt/rustwide/cargo-home/bin/cargo" "+beta-2023-04-20" "build" "--frozen" "--message-format=json", kill_on_drop: false }`
[INFO] [stdout] a0a38d33aaabc83d4149306fd1e52bfeab0b7cac5c9081b5fc2c502b916e99b2
[INFO] running `Command { std: "docker" "start" "-a" "a0a38d33aaabc83d4149306fd1e52bfeab0b7cac5c9081b5fc2c502b916e99b2", kill_on_drop: false }`
[INFO] [stderr]    Compiling proc-macro2 v1.0.56
[INFO] [stderr]    Compiling futures-core v0.3.28
[INFO] [stderr]    Compiling num-traits v0.2.15
[INFO] [stderr]    Compiling slab v0.4.8
[INFO] [stderr]    Compiling once_cell v1.17.1
[INFO] [stderr]    Compiling serde v1.0.160
[INFO] [stderr]    Compiling futures-task v0.3.28
[INFO] [stderr]    Compiling tinyvec_macros v0.1.1
[INFO] [stderr]    Compiling itoa v1.0.6
[INFO] [stderr]    Compiling num-integer v0.1.45
[INFO] [stderr]    Compiling tokio v1.28.0
[INFO] [stderr]    Compiling cc v1.0.79
[INFO] [stderr]    Compiling bytes v1.4.0
[INFO] [stderr]    Compiling httparse v1.8.0
[INFO] [stderr]    Compiling futures-channel v0.3.28
[INFO] [stderr]    Compiling futures-util v0.3.28
[INFO] [stderr]    Compiling tinyvec v1.6.0
[INFO] [stderr]    Compiling mio v0.8.6
[INFO] [stderr]    Compiling tracing-core v0.1.30
[INFO] [stderr]    Compiling socket2 v0.4.9
[INFO] [stderr]    Compiling untrusted v0.7.1
[INFO] [stderr]    Compiling percent-encoding v2.2.0
[INFO] [stderr]    Compiling http v0.2.9
[INFO] [stderr]    Compiling serde_json v1.0.96
[INFO] [stderr]    Compiling unicode-bidi v0.3.13
[INFO] [stderr]    Compiling try-lock v0.2.4
[INFO] [stderr]    Compiling futures-io v0.3.28
[INFO] [stderr]    Compiling thiserror v1.0.40
[INFO] [stderr]    Compiling want v0.3.0
[INFO] [stderr]    Compiling form_urlencoded v1.1.0
[INFO] [stderr]    Compiling tracing v0.1.37
[INFO] [stderr]    Compiling unicode-normalization v0.1.22
[INFO] [stderr]    Compiling time v0.1.45
[INFO] [stderr]    Compiling spin v0.5.2
[INFO] [stderr]    Compiling ryu v1.0.13
[INFO] [stderr]    Compiling iana-time-zone v0.1.56
[INFO] [stderr]    Compiling derp v0.0.14
[INFO] [stderr]    Compiling itoa v0.4.8
[INFO] [stderr]    Compiling quote v1.0.26
[INFO] [stderr]    Compiling data-encoding v2.3.3
[INFO] [stderr]    Compiling http-body v0.4.5
[INFO] [stderr]    Compiling ring v0.16.20
[INFO] [stderr]    Compiling syn v2.0.15
[INFO] [stderr]    Compiling idna v0.3.0
[INFO] [stderr]    Compiling url v2.3.1
[INFO] [stderr]    Compiling chrono v0.4.24
[INFO] [stderr]    Compiling futures-macro v0.3.28
[INFO] [stderr]    Compiling thiserror-impl v1.0.40
[INFO] [stderr]    Compiling serde_derive v1.0.160
[INFO] [stderr]    Compiling hyper v0.14.26
[INFO] [stderr]    Compiling tuf v0.3.0-beta11 (/opt/rustwide/workdir)
[INFO] [stderr]     Finished dev [unoptimized + debuginfo] target(s) in 11.10s
[INFO] running `Command { std: "docker" "inspect" "a0a38d33aaabc83d4149306fd1e52bfeab0b7cac5c9081b5fc2c502b916e99b2", kill_on_drop: false }`
[INFO] running `Command { std: "docker" "rm" "-f" "a0a38d33aaabc83d4149306fd1e52bfeab0b7cac5c9081b5fc2c502b916e99b2", kill_on_drop: false }`
[INFO] [stdout] a0a38d33aaabc83d4149306fd1e52bfeab0b7cac5c9081b5fc2c502b916e99b2
[INFO] running `Command { std: "docker" "create" "-v" "/var/lib/crater-agent-workspace/builds/worker-0-tc2/target:/opt/rustwide/target:rw,Z" "-v" "/var/lib/crater-agent-workspace/builds/worker-0-tc2/source:/opt/rustwide/workdir:ro,Z" "-v" "/var/lib/crater-agent-workspace/cargo-home:/opt/rustwide/cargo-home:ro,Z" "-v" "/var/lib/crater-agent-workspace/rustup-home:/opt/rustwide/rustup-home:ro,Z" "-e" "SOURCE_DIR=/opt/rustwide/workdir" "-e" "CARGO_TARGET_DIR=/opt/rustwide/target" "-e" "CARGO_INCREMENTAL=0" "-e" "RUST_BACKTRACE=full" "-e" "RUSTFLAGS=--cap-lints=warn" "-e" "RUSTDOCFLAGS=--cap-lints=warn" "-e" "CARGO_HOME=/opt/rustwide/cargo-home" "-e" "RUSTUP_HOME=/opt/rustwide/rustup-home" "-w" "/opt/rustwide/workdir" "-m" "1610612736" "--user" "0:0" "--network" "none" "ghcr.io/rust-lang/crates-build-env/linux@sha256:5ff2268d62e97bff2cde7d5815dd6ed5b47097566f13b8d0ca110b04b60e07ed" "/opt/rustwide/cargo-home/bin/cargo" "+beta-2023-04-20" "test" "--frozen" "--no-run" "--message-format=json", kill_on_drop: false }`
[INFO] [stdout] 9ae15ee6923f2118a9a66c1469021d6a3e67f5e2cc73bc0de71cb6cc8eac9b85
[INFO] running `Command { std: "docker" "start" "-a" "9ae15ee6923f2118a9a66c1469021d6a3e67f5e2cc73bc0de71cb6cc8eac9b85", kill_on_drop: false }`
[INFO] [stderr]    Compiling yansi v0.5.1
[INFO] [stderr]    Compiling diff v0.1.13
[INFO] [stderr]    Compiling maplit v1.0.2
[INFO] [stderr]    Compiling assert_matches v1.5.0
[INFO] [stderr]    Compiling futures-executor v0.3.28
[INFO] [stderr]    Compiling pretty_assertions v1.3.0
[INFO] [stderr]    Compiling tuf v0.3.0-beta11 (/opt/rustwide/workdir)
[INFO] [stdout] warning: use of deprecated method `chrono::TimeZone::timestamp`: use `timestamp_opt()` instead
[INFO] [stdout]     --> src/client.rs:1436:31
[INFO] [stdout]      |
[INFO] [stdout] 1436 |             .current_time(Utc.timestamp(0, 0))
[INFO] [stdout]      |                               ^^^^^^^^^
[INFO] [stdout]      |
[INFO] [stdout]      = note: `#[warn(deprecated)]` on by default
[INFO] [stdout] 
[INFO] [stdout] 
[INFO] [stdout] warning: use of deprecated method `chrono::TimeZone::ymd`: use `with_ymd_and_hms()` instead
[INFO] [stdout]     --> src/repo_builder.rs:1803:28
[INFO] [stdout]      |
[INFO] [stdout] 1803 |         let expires1 = Utc.ymd(2038, 1, 1).and_hms(0, 0, 0);
[INFO] [stdout]      |                            ^^^
[INFO] [stdout] 
[INFO] [stdout] 
[INFO] [stdout] warning: use of deprecated method `chrono::Date::<Tz>::and_hms`: Use and_hms_opt() instead
[INFO] [stdout]     --> src/repo_builder.rs:1803:44
[INFO] [stdout]      |
[INFO] [stdout] 1803 |         let expires1 = Utc.ymd(2038, 1, 1).and_hms(0, 0, 0);
[INFO] [stdout]      |                                            ^^^^^^^
[INFO] [stdout] 
[INFO] [stdout] 
[INFO] [stdout] warning: use of deprecated method `chrono::TimeZone::ymd`: use `with_ymd_and_hms()` instead
[INFO] [stdout]     --> src/repo_builder.rs:1921:28
[INFO] [stdout]      |
[INFO] [stdout] 1921 |         let expires2 = Utc.ymd(2038, 1, 2).and_hms(0, 0, 0);
[INFO] [stdout]      |                            ^^^
[INFO] [stdout] 
[INFO] [stdout] 
[INFO] [stdout] warning: use of deprecated method `chrono::Date::<Tz>::and_hms`: Use and_hms_opt() instead
[INFO] [stdout]     --> src/repo_builder.rs:1921:44
[INFO] [stdout]      |
[INFO] [stdout] 1921 |         let expires2 = Utc.ymd(2038, 1, 2).and_hms(0, 0, 0);
[INFO] [stdout]      |                                            ^^^^^^^
[INFO] [stdout] 
[INFO] [stdout] 
[INFO] [stdout] warning: use of deprecated method `chrono::TimeZone::timestamp`: use `timestamp_opt()` instead
[INFO] [stdout]     --> src/client.rs:1701:35
[INFO] [stdout]      |
[INFO] [stdout] 1701 |                 .current_time(Utc.timestamp(0, 0))
[INFO] [stdout]      |                                   ^^^^^^^^^
[INFO] [stdout] 
[INFO] [stdout] 
[INFO] [stdout] warning: use of deprecated method `chrono::TimeZone::timestamp`: use `timestamp_opt()` instead
[INFO] [stdout]     --> src/client.rs:1713:35
[INFO] [stdout]      |
[INFO] [stdout] 1713 |                 .current_time(Utc.timestamp(0, 0))
[INFO] [stdout]      |                                   ^^^^^^^^^
[INFO] [stdout] 
[INFO] [stdout] 
[INFO] [stdout] warning: use of deprecated method `chrono::TimeZone::ymd`: use `with_ymd_and_hms()` instead
[INFO] [stdout]     --> src/client.rs:1768:38
[INFO] [stdout]      |
[INFO] [stdout] 1768 |                         .expires(Utc.ymd(2038, 1, 1).and_hms(0, 0, 0))
[INFO] [stdout]      |                                      ^^^
[INFO] [stdout] 
[INFO] [stdout] 
[INFO] [stdout] warning: use of deprecated method `chrono::Date::<Tz>::and_hms`: Use and_hms_opt() instead
[INFO] [stdout]     --> src/client.rs:1768:54
[INFO] [stdout]      |
[INFO] [stdout] 1768 |                         .expires(Utc.ymd(2038, 1, 1).and_hms(0, 0, 0))
[INFO] [stdout]      |                                                      ^^^^^^^
[INFO] [stdout] 
[INFO] [stdout] 
[INFO] [stdout] warning: use of deprecated method `chrono::TimeZone::ymd`: use `with_ymd_and_hms()` instead
[INFO] [stdout]     --> src/metadata.rs:2473:26
[INFO] [stdout]      |
[INFO] [stdout] 2473 |             .expires(Utc.ymd(2017, 1, 1).and_hms(0, 0, 0))
[INFO] [stdout]      |                          ^^^
[INFO] [stdout] 
[INFO] [stdout] 
[INFO] [stdout] warning: use of deprecated method `chrono::Date::<Tz>::and_hms`: Use and_hms_opt() instead
[INFO] [stdout]     --> src/metadata.rs:2473:42
[INFO] [stdout]      |
[INFO] [stdout] 2473 |             .expires(Utc.ymd(2017, 1, 1).and_hms(0, 0, 0))
[INFO] [stdout]      |                                          ^^^^^^^
[INFO] [stdout] 
[INFO] [stdout] 
[INFO] [stdout] warning: use of deprecated method `chrono::TimeZone::ymd`: use `with_ymd_and_hms()` instead
[INFO] [stdout]     --> src/metadata.rs:2823:26
[INFO] [stdout]      |
[INFO] [stdout] 2823 |             .expires(Utc.ymd(2017, 1, 1).and_hms(0, 0, 0))
[INFO] [stdout]      |                          ^^^
[INFO] [stdout] 
[INFO] [stdout] 
[INFO] [stdout] warning: use of deprecated method `chrono::Date::<Tz>::and_hms`: Use and_hms_opt() instead
[INFO] [stdout]     --> src/metadata.rs:2823:42
[INFO] [stdout]      |
[INFO] [stdout] 2823 |             .expires(Utc.ymd(2017, 1, 1).and_hms(0, 0, 0))
[INFO] [stdout]      |                                          ^^^^^^^
[INFO] [stdout] 
[INFO] [stdout] 
[INFO] [stdout] warning: use of deprecated method `chrono::TimeZone::ymd`: use `with_ymd_and_hms()` instead
[INFO] [stdout]     --> src/metadata.rs:2855:26
[INFO] [stdout]      |
[INFO] [stdout] 2855 |             .expires(Utc.ymd(2017, 1, 1).and_hms(0, 0, 0))
[INFO] [stdout]      |                          ^^^
[INFO] [stdout] 
[INFO] [stdout] 
[INFO] [stdout] warning: use of deprecated method `chrono::Date::<Tz>::and_hms`: Use and_hms_opt() instead
[INFO] [stdout]     --> src/metadata.rs:2855:42
[INFO] [stdout]      |
[INFO] [stdout] 2855 |             .expires(Utc.ymd(2017, 1, 1).and_hms(0, 0, 0))
[INFO] [stdout]      |                                          ^^^^^^^
[INFO] [stdout] 
[INFO] [stdout] 
[INFO] [stdout] warning: use of deprecated method `chrono::TimeZone::ymd`: use `with_ymd_and_hms()` instead
[INFO] [stdout]     --> src/metadata.rs:2928:26
[INFO] [stdout]      |
[INFO] [stdout] 2928 |             .expires(Utc.ymd(2017, 1, 1).and_hms(0, 0, 0))
[INFO] [stdout]      |                          ^^^
[INFO] [stdout] 
[INFO] [stdout] 
[INFO] [stdout] warning: use of deprecated method `chrono::Date::<Tz>::and_hms`: Use and_hms_opt() instead
[INFO] [stdout]     --> src/metadata.rs:2928:42
[INFO] [stdout]      |
[INFO] [stdout] 2928 |             .expires(Utc.ymd(2017, 1, 1).and_hms(0, 0, 0))
[INFO] [stdout]      |                                          ^^^^^^^
[INFO] [stdout] 
[INFO] [stdout] 
[INFO] [stdout] warning: use of deprecated method `chrono::TimeZone::ymd`: use `with_ymd_and_hms()` instead
[INFO] [stdout]     --> src/metadata.rs:2967:26
[INFO] [stdout]      |
[INFO] [stdout] 2967 |             .expires(Utc.ymd(2017, 1, 1).and_hms(0, 0, 0))
[INFO] [stdout]      |                          ^^^
[INFO] [stdout] 
[INFO] [stdout] 
[INFO] [stdout] warning: use of deprecated method `chrono::Date::<Tz>::and_hms`: Use and_hms_opt() instead
[INFO] [stdout]     --> src/metadata.rs:2967:42
[INFO] [stdout]      |
[INFO] [stdout] 2967 |             .expires(Utc.ymd(2017, 1, 1).and_hms(0, 0, 0))
[INFO] [stdout]      |                                          ^^^^^^^
[INFO] [stdout] 
[INFO] [stdout] 
[INFO] [stdout] warning: use of deprecated method `chrono::TimeZone::ymd`: use `with_ymd_and_hms()` instead
[INFO] [stdout]     --> src/metadata.rs:2997:30
[INFO] [stdout]      |
[INFO] [stdout] 2997 |                 .expires(Utc.ymd(2017, 1, 1).and_hms(0, 0, 0))
[INFO] [stdout]      |                              ^^^
[INFO] [stdout] 
[INFO] [stdout] 
[INFO] [stdout] warning: use of deprecated method `chrono::Date::<Tz>::and_hms`: Use and_hms_opt() instead
[INFO] [stdout]     --> src/metadata.rs:2997:46
[INFO] [stdout]      |
[INFO] [stdout] 2997 |                 .expires(Utc.ymd(2017, 1, 1).and_hms(0, 0, 0))
[INFO] [stdout]      |                                              ^^^^^^^
[INFO] [stdout] 
[INFO] [stdout] 
[INFO] [stdout] warning: use of deprecated method `chrono::TimeZone::ymd`: use `with_ymd_and_hms()` instead
[INFO] [stdout]     --> src/metadata.rs:3101:26
[INFO] [stdout]      |
[INFO] [stdout] 3101 |             .expires(Utc.ymd(2017, 1, 1).and_hms(0, 0, 0))
[INFO] [stdout]      |                          ^^^
[INFO] [stdout] 
[INFO] [stdout] 
[INFO] [stdout] warning: use of deprecated method `chrono::Date::<Tz>::and_hms`: Use and_hms_opt() instead
[INFO] [stdout]     --> src/metadata.rs:3101:42
[INFO] [stdout]      |
[INFO] [stdout] 3101 |             .expires(Utc.ymd(2017, 1, 1).and_hms(0, 0, 0))
[INFO] [stdout]      |                                          ^^^^^^^
[INFO] [stdout] 
[INFO] [stdout] 
[INFO] [stdout] warning: use of deprecated method `chrono::TimeZone::ymd`: use `with_ymd_and_hms()` instead
[INFO] [stdout]     --> src/metadata.rs:3145:26
[INFO] [stdout]      |
[INFO] [stdout] 3145 |             .expires(Utc.ymd(2017, 1, 1).and_hms(0, 0, 0))
[INFO] [stdout]      |                          ^^^
[INFO] [stdout] 
[INFO] [stdout] 
[INFO] [stdout] warning: use of deprecated method `chrono::Date::<Tz>::and_hms`: Use and_hms_opt() instead
[INFO] [stdout]     --> src/metadata.rs:3145:42
[INFO] [stdout]      |
[INFO] [stdout] 3145 |             .expires(Utc.ymd(2017, 1, 1).and_hms(0, 0, 0))
[INFO] [stdout]      |                                          ^^^^^^^
[INFO] [stdout] 
[INFO] [stdout] 
[INFO] [stdout] warning: use of deprecated method `chrono::TimeZone::ymd`: use `with_ymd_and_hms()` instead
[INFO] [stdout]     --> src/metadata.rs:3225:26
[INFO] [stdout]      |
[INFO] [stdout] 3225 |             .expires(Utc.ymd(2038, 1, 1).and_hms(0, 0, 0))
[INFO] [stdout]      |                          ^^^
[INFO] [stdout] 
[INFO] [stdout] 
[INFO] [stdout] warning: use of deprecated method `chrono::Date::<Tz>::and_hms`: Use and_hms_opt() instead
[INFO] [stdout]     --> src/metadata.rs:3225:42
[INFO] [stdout]      |
[INFO] [stdout] 3225 |             .expires(Utc.ymd(2038, 1, 1).and_hms(0, 0, 0))
[INFO] [stdout]      |                                          ^^^^^^^
[INFO] [stdout] 
[INFO] [stdout] 
[INFO] [stdout] warning: use of deprecated method `chrono::TimeZone::ymd`: use `with_ymd_and_hms()` instead
[INFO] [stdout]     --> src/metadata.rs:3238:26
[INFO] [stdout]      |
[INFO] [stdout] 3238 |             .expires(Utc.ymd(2038, 1, 1).and_hms(0, 0, 0))
[INFO] [stdout]      |                          ^^^
[INFO] [stdout] 
[INFO] [stdout] 
[INFO] [stdout] warning: use of deprecated method `chrono::Date::<Tz>::and_hms`: Use and_hms_opt() instead
[INFO] [stdout]     --> src/metadata.rs:3238:42
[INFO] [stdout]      |
[INFO] [stdout] 3238 |             .expires(Utc.ymd(2038, 1, 1).and_hms(0, 0, 0))
[INFO] [stdout]      |                                          ^^^^^^^
[INFO] [stdout] 
[INFO] [stdout] 
[INFO] [stdout] warning: use of deprecated method `chrono::TimeZone::ymd`: use `with_ymd_and_hms()` instead
[INFO] [stdout]     --> src/metadata.rs:3250:26
[INFO] [stdout]      |
[INFO] [stdout] 3250 |             .expires(Utc.ymd(2017, 1, 1).and_hms(0, 0, 0))
[INFO] [stdout]      |                          ^^^
[INFO] [stdout] 
[INFO] [stdout] 
[INFO] [stdout] warning: use of deprecated method `chrono::Date::<Tz>::and_hms`: Use and_hms_opt() instead
[INFO] [stdout]     --> src/metadata.rs:3250:42
[INFO] [stdout]      |
[INFO] [stdout] 3250 |             .expires(Utc.ymd(2017, 1, 1).and_hms(0, 0, 0))
[INFO] [stdout]      |                                          ^^^^^^^
[INFO] [stdout] 
[INFO] [stdout] 
[INFO] [stdout] warning: use of deprecated method `chrono::TimeZone::ymd`: use `with_ymd_and_hms()` instead
[INFO] [stdout]     --> src/metadata.rs:3260:17
[INFO] [stdout]      |
[INFO] [stdout] 3260 |             Utc.ymd(2038, 1, 1).and_hms(0, 0, 0),
[INFO] [stdout]      |                 ^^^
[INFO] [stdout] 
[INFO] [stdout] 
[INFO] [stdout] warning: use of deprecated method `chrono::Date::<Tz>::and_hms`: Use and_hms_opt() instead
[INFO] [stdout]     --> src/metadata.rs:3260:33
[INFO] [stdout]      |
[INFO] [stdout] 3260 |             Utc.ymd(2038, 1, 1).and_hms(0, 0, 0),
[INFO] [stdout]      |                                 ^^^^^^^
[INFO] [stdout] 
[INFO] [stdout] 
[INFO] [stdout] warning: use of deprecated method `chrono::TimeZone::ymd`: use `with_ymd_and_hms()` instead
[INFO] [stdout]     --> src/repo_builder.rs:2421:32
[INFO] [stdout]      |
[INFO] [stdout] 2421 |             let expires1 = Utc.ymd(2038, 1, 1).and_hms(0, 0, 0);
[INFO] [stdout]      |                                ^^^
[INFO] [stdout] 
[INFO] [stdout] 
[INFO] [stdout] warning: use of deprecated method `chrono::Date::<Tz>::and_hms`: Use and_hms_opt() instead
[INFO] [stdout]     --> src/repo_builder.rs:2421:48
[INFO] [stdout]      |
[INFO] [stdout] 2421 |             let expires1 = Utc.ymd(2038, 1, 1).and_hms(0, 0, 0);
[INFO] [stdout]      |                                                ^^^^^^^
[INFO] [stdout] 
[INFO] [stdout] 
[INFO] [stdout] warning: use of deprecated method `chrono::TimeZone::ymd`: use `with_ymd_and_hms()` instead
[INFO] [stdout]     --> src/repo_builder.rs:2485:32
[INFO] [stdout]      |
[INFO] [stdout] 2485 |             let expires2 = Utc.ymd(2038, 1, 2).and_hms(0, 0, 0);
[INFO] [stdout]      |                                ^^^
[INFO] [stdout] 
[INFO] [stdout] 
[INFO] [stdout] warning: use of deprecated method `chrono::Date::<Tz>::and_hms`: Use and_hms_opt() instead
[INFO] [stdout]     --> src/repo_builder.rs:2485:48
[INFO] [stdout]      |
[INFO] [stdout] 2485 |             let expires2 = Utc.ymd(2038, 1, 2).and_hms(0, 0, 0);
[INFO] [stdout]      |                                                ^^^^^^^
[INFO] [stdout] 
[INFO] [stdout] 
[INFO] [stdout] warning: use of deprecated method `chrono::TimeZone::ymd`: use `with_ymd_and_hms()` instead
[INFO] [stdout]     --> src/repo_builder.rs:2537:32
[INFO] [stdout]      |
[INFO] [stdout] 2537 |             let expires3 = Utc.ymd(2038, 1, 3).and_hms(0, 0, 0);
[INFO] [stdout]      |                                ^^^
[INFO] [stdout] 
[INFO] [stdout] 
[INFO] [stdout] warning: use of deprecated method `chrono::Date::<Tz>::and_hms`: Use and_hms_opt() instead
[INFO] [stdout]     --> src/repo_builder.rs:2537:48
[INFO] [stdout]      |
[INFO] [stdout] 2537 |             let expires3 = Utc.ymd(2038, 1, 3).and_hms(0, 0, 0);
[INFO] [stdout]      |                                                ^^^^^^^
[INFO] [stdout] 
[INFO] [stdout] 
[INFO] [stdout] warning: use of deprecated method `chrono::TimeZone::ymd`: use `with_ymd_and_hms()` instead
[INFO] [stdout]     --> src/repo_builder.rs:2580:32
[INFO] [stdout]      |
[INFO] [stdout] 2580 |             let expires4 = Utc.ymd(2038, 1, 4).and_hms(0, 0, 0);
[INFO] [stdout]      |                                ^^^
[INFO] [stdout] 
[INFO] [stdout] 
[INFO] [stdout] warning: use of deprecated method `chrono::Date::<Tz>::and_hms`: Use and_hms_opt() instead
[INFO] [stdout]     --> src/repo_builder.rs:2580:48
[INFO] [stdout]      |
[INFO] [stdout] 2580 |             let expires4 = Utc.ymd(2038, 1, 4).and_hms(0, 0, 0);
[INFO] [stdout]      |                                                ^^^^^^^
[INFO] [stdout] 
[INFO] [stdout] 
[INFO] [stdout] warning: use of deprecated method `chrono::TimeZone::ymd`: use `with_ymd_and_hms()` instead
[INFO] [stdout]     --> src/repo_builder.rs:2617:31
[INFO] [stdout]      |
[INFO] [stdout] 2617 |             let expires = Utc.ymd(2038, 1, 4).and_hms(0, 0, 0);
[INFO] [stdout]      |                               ^^^
[INFO] [stdout] 
[INFO] [stdout] 
[INFO] [stdout] warning: use of deprecated method `chrono::Date::<Tz>::and_hms`: Use and_hms_opt() instead
[INFO] [stdout]     --> src/repo_builder.rs:2617:47
[INFO] [stdout]      |
[INFO] [stdout] 2617 |             let expires = Utc.ymd(2038, 1, 4).and_hms(0, 0, 0);
[INFO] [stdout]      |                                               ^^^^^^^
[INFO] [stdout] 
[INFO] [stdout] 
[INFO] [stdout] warning: use of deprecated method `chrono::TimeZone::timestamp`: use `timestamp_opt()` instead
[INFO] [stdout]     --> src/repo_builder.rs:2877:29
[INFO] [stdout]      |
[INFO] [stdout] 2877 |             let epoch = Utc.timestamp(0, 0);
[INFO] [stdout]      |                             ^^^^^^^^^
[INFO] [stdout] 
[INFO] [stdout] 
[INFO] [stdout] warning: use of deprecated method `chrono::TimeZone::timestamp`: use `timestamp_opt()` instead
[INFO] [stdout]     --> src/repo_builder.rs:3058:36
[INFO] [stdout]      |
[INFO] [stdout] 3058 |             let current_time = Utc.timestamp(5, 0);
[INFO] [stdout]      |                                    ^^^^^^^^^
[INFO] [stdout] 
[INFO] [stdout] 
[INFO] [stdout] warning: use of deprecated method `chrono::TimeZone::timestamp`: use `timestamp_opt()` instead
[INFO] [stdout]     --> src/repo_builder.rs:3104:36
[INFO] [stdout]      |
[INFO] [stdout] 3104 |             let current_time = Utc.timestamp(10, 0);
[INFO] [stdout]      |                                    ^^^^^^^^^
[INFO] [stdout] 
[INFO] [stdout] 
[INFO] [stdout] warning: use of deprecated method `chrono::TimeZone::timestamp`: use `timestamp_opt()` instead
[INFO] [stdout]     --> src/repo_builder.rs:3136:36
[INFO] [stdout]      |
[INFO] [stdout] 3136 |             let current_time = Utc.timestamp(0, 0);
[INFO] [stdout]      |                                    ^^^^^^^^^
[INFO] [stdout] 
[INFO] [stdout] 
[INFO] [stdout] warning: use of deprecated method `chrono::TimeZone::timestamp`: use `timestamp_opt()` instead
[INFO] [stdout]     --> src/repo_builder.rs:3157:36
[INFO] [stdout]      |
[INFO] [stdout] 3157 |             let current_time = Utc.timestamp(0, 3);
[INFO] [stdout]      |                                    ^^^^^^^^^
[INFO] [stdout] 
[INFO] [stdout] 
[INFO] [stdout] warning: 48 warnings emitted
[INFO] [stdout] 
[INFO] [stdout] 
[INFO] [stderr]     Finished test [unoptimized + debuginfo] target(s) in 12.00s
[INFO] running `Command { std: "docker" "inspect" "9ae15ee6923f2118a9a66c1469021d6a3e67f5e2cc73bc0de71cb6cc8eac9b85", kill_on_drop: false }`
[INFO] running `Command { std: "docker" "rm" "-f" "9ae15ee6923f2118a9a66c1469021d6a3e67f5e2cc73bc0de71cb6cc8eac9b85", kill_on_drop: false }`
[INFO] [stdout] 9ae15ee6923f2118a9a66c1469021d6a3e67f5e2cc73bc0de71cb6cc8eac9b85
[INFO] running `Command { std: "docker" "create" "-v" "/var/lib/crater-agent-workspace/builds/worker-0-tc2/target:/opt/rustwide/target:rw,Z" "-v" "/var/lib/crater-agent-workspace/builds/worker-0-tc2/source:/opt/rustwide/workdir:ro,Z" "-v" "/var/lib/crater-agent-workspace/cargo-home:/opt/rustwide/cargo-home:ro,Z" "-v" "/var/lib/crater-agent-workspace/rustup-home:/opt/rustwide/rustup-home:ro,Z" "-e" "SOURCE_DIR=/opt/rustwide/workdir" "-e" "CARGO_TARGET_DIR=/opt/rustwide/target" "-e" "CARGO_INCREMENTAL=0" "-e" "RUST_BACKTRACE=full" "-e" "RUSTFLAGS=--cap-lints=warn" "-e" "RUSTDOCFLAGS=--cap-lints=warn" "-e" "CARGO_HOME=/opt/rustwide/cargo-home" "-e" "RUSTUP_HOME=/opt/rustwide/rustup-home" "-w" "/opt/rustwide/workdir" "-m" "1610612736" "--user" "0:0" "--network" "none" "ghcr.io/rust-lang/crates-build-env/linux@sha256:5ff2268d62e97bff2cde7d5815dd6ed5b47097566f13b8d0ca110b04b60e07ed" "/opt/rustwide/cargo-home/bin/cargo" "+beta-2023-04-20" "test" "--frozen", kill_on_drop: false }`
[INFO] [stdout] e595c624af1921521a65f0c6d832f7dec4c4f802030a31ed07a838de981ce29e
[INFO] running `Command { std: "docker" "start" "-a" "e595c624af1921521a65f0c6d832f7dec4c4f802030a31ed07a838de981ce29e", kill_on_drop: false }`
[INFO] [stderr] warning: use of deprecated method `chrono::TimeZone::timestamp`: use `timestamp_opt()` instead
[INFO] [stderr]     --> src/client.rs:1436:31
[INFO] [stderr]      |
[INFO] [stderr] 1436 |             .current_time(Utc.timestamp(0, 0))
[INFO] [stderr]      |                               ^^^^^^^^^
[INFO] [stderr]      |
[INFO] [stderr]      = note: `#[warn(deprecated)]` on by default
[INFO] [stderr] 
[INFO] [stderr] warning: use of deprecated method `chrono::TimeZone::ymd`: use `with_ymd_and_hms()` instead
[INFO] [stderr]     --> src/repo_builder.rs:1803:28
[INFO] [stderr]      |
[INFO] [stderr] 1803 |         let expires1 = Utc.ymd(2038, 1, 1).and_hms(0, 0, 0);
[INFO] [stderr]      |                            ^^^
[INFO] [stderr] 
[INFO] [stderr] warning: use of deprecated method `chrono::Date::<Tz>::and_hms`: Use and_hms_opt() instead
[INFO] [stderr]     --> src/repo_builder.rs:1803:44
[INFO] [stderr]      |
[INFO] [stderr] 1803 |         let expires1 = Utc.ymd(2038, 1, 1).and_hms(0, 0, 0);
[INFO] [stderr]      |                                            ^^^^^^^
[INFO] [stderr] 
[INFO] [stderr] warning: use of deprecated method `chrono::TimeZone::ymd`: use `with_ymd_and_hms()` instead
[INFO] [stderr]     --> src/repo_builder.rs:1921:28
[INFO] [stderr]      |
[INFO] [stderr] 1921 |         let expires2 = Utc.ymd(2038, 1, 2).and_hms(0, 0, 0);
[INFO] [stderr]      |                            ^^^
[INFO] [stderr] 
[INFO] [stderr] warning: use of deprecated method `chrono::Date::<Tz>::and_hms`: Use and_hms_opt() instead
[INFO] [stderr]     --> src/repo_builder.rs:1921:44
[INFO] [stderr]      |
[INFO] [stderr] 1921 |         let expires2 = Utc.ymd(2038, 1, 2).and_hms(0, 0, 0);
[INFO] [stderr]      |                                            ^^^^^^^
[INFO] [stderr] 
[INFO] [stderr] warning: use of deprecated method `chrono::TimeZone::timestamp`: use `timestamp_opt()` instead
[INFO] [stderr]     --> src/client.rs:1701:35
[INFO] [stderr]      |
[INFO] [stderr] 1701 |                 .current_time(Utc.timestamp(0, 0))
[INFO] [stderr]      |                                   ^^^^^^^^^
[INFO] [stderr] 
[INFO] [stderr] warning: use of deprecated method `chrono::TimeZone::timestamp`: use `timestamp_opt()` instead
[INFO] [stderr]     --> src/client.rs:1713:35
[INFO] [stderr]      |
[INFO] [stderr] 1713 |                 .current_time(Utc.timestamp(0, 0))
[INFO] [stderr]      |                                   ^^^^^^^^^
[INFO] [stderr] 
[INFO] [stderr] warning: use of deprecated method `chrono::TimeZone::ymd`: use `with_ymd_and_hms()` instead
[INFO] [stderr]     --> src/client.rs:1768:38
[INFO] [stderr]      |
[INFO] [stderr] 1768 |                         .expires(Utc.ymd(2038, 1, 1).and_hms(0, 0, 0))
[INFO] [stderr]      |                                      ^^^
[INFO] [stderr] 
[INFO] [stderr] warning: use of deprecated method `chrono::Date::<Tz>::and_hms`: Use and_hms_opt() instead
[INFO] [stderr]     --> src/client.rs:1768:54
[INFO] [stderr]      |
[INFO] [stderr] 1768 |                         .expires(Utc.ymd(2038, 1, 1).and_hms(0, 0, 0))
[INFO] [stderr]      |                                                      ^^^^^^^
[INFO] [stderr] 
[INFO] [stderr] warning: use of deprecated method `chrono::TimeZone::ymd`: use `with_ymd_and_hms()` instead
[INFO] [stderr]     --> src/metadata.rs:2473:26
[INFO] [stderr]      |
[INFO] [stderr] 2473 |             .expires(Utc.ymd(2017, 1, 1).and_hms(0, 0, 0))
[INFO] [stderr]      |                          ^^^
[INFO] [stderr] 
[INFO] [stderr] warning: use of deprecated method `chrono::Date::<Tz>::and_hms`: Use and_hms_opt() instead
[INFO] [stderr]     --> src/metadata.rs:2473:42
[INFO] [stderr]      |
[INFO] [stderr] 2473 |             .expires(Utc.ymd(2017, 1, 1).and_hms(0, 0, 0))
[INFO] [stderr]      |                                          ^^^^^^^
[INFO] [stderr] 
[INFO] [stderr] warning: use of deprecated method `chrono::TimeZone::ymd`: use `with_ymd_and_hms()` instead
[INFO] [stderr]     --> src/metadata.rs:2823:26
[INFO] [stderr]      |
[INFO] [stderr] 2823 |             .expires(Utc.ymd(2017, 1, 1).and_hms(0, 0, 0))
[INFO] [stderr]      |                          ^^^
[INFO] [stderr] 
[INFO] [stderr] warning: use of deprecated method `chrono::Date::<Tz>::and_hms`: Use and_hms_opt() instead
[INFO] [stderr]     --> src/metadata.rs:2823:42
[INFO] [stderr]      |
[INFO] [stderr] 2823 |             .expires(Utc.ymd(2017, 1, 1).and_hms(0, 0, 0))
[INFO] [stderr]      |                                          ^^^^^^^
[INFO] [stderr] 
[INFO] [stderr] warning: use of deprecated method `chrono::TimeZone::ymd`: use `with_ymd_and_hms()` instead
[INFO] [stderr]     --> src/metadata.rs:2855:26
[INFO] [stderr]      |
[INFO] [stderr] 2855 |             .expires(Utc.ymd(2017, 1, 1).and_hms(0, 0, 0))
[INFO] [stderr]      |                          ^^^
[INFO] [stderr] 
[INFO] [stderr] warning: use of deprecated method `chrono::Date::<Tz>::and_hms`: Use and_hms_opt() instead
[INFO] [stderr]     --> src/metadata.rs:2855:42
[INFO] [stderr]      |
[INFO] [stderr] 2855 |             .expires(Utc.ymd(2017, 1, 1).and_hms(0, 0, 0))
[INFO] [stderr]      |                                          ^^^^^^^
[INFO] [stderr] 
[INFO] [stderr] warning: use of deprecated method `chrono::TimeZone::ymd`: use `with_ymd_and_hms()` instead
[INFO] [stderr]     --> src/metadata.rs:2928:26
[INFO] [stderr]      |
[INFO] [stderr] 2928 |             .expires(Utc.ymd(2017, 1, 1).and_hms(0, 0, 0))
[INFO] [stderr]      |                          ^^^
[INFO] [stderr] 
[INFO] [stderr] warning: use of deprecated method `chrono::Date::<Tz>::and_hms`: Use and_hms_opt() instead
[INFO] [stderr]     --> src/metadata.rs:2928:42
[INFO] [stderr]      |
[INFO] [stderr] 2928 |             .expires(Utc.ymd(2017, 1, 1).and_hms(0, 0, 0))
[INFO] [stderr]      |                                          ^^^^^^^
[INFO] [stderr] 
[INFO] [stderr] warning: use of deprecated method `chrono::TimeZone::ymd`: use `with_ymd_and_hms()` instead
[INFO] [stderr]     --> src/metadata.rs:2967:26
[INFO] [stderr]      |
[INFO] [stderr] 2967 |             .expires(Utc.ymd(2017, 1, 1).and_hms(0, 0, 0))
[INFO] [stderr]      |                          ^^^
[INFO] [stderr] 
[INFO] [stderr] warning: use of deprecated method `chrono::Date::<Tz>::and_hms`: Use and_hms_opt() instead
[INFO] [stderr]     --> src/metadata.rs:2967:42
[INFO] [stderr]      |
[INFO] [stderr] 2967 |             .expires(Utc.ymd(2017, 1, 1).and_hms(0, 0, 0))
[INFO] [stderr]      |                                          ^^^^^^^
[INFO] [stderr] 
[INFO] [stderr] warning: use of deprecated method `chrono::TimeZone::ymd`: use `with_ymd_and_hms()` instead
[INFO] [stderr]     --> src/metadata.rs:2997:30
[INFO] [stderr]      |
[INFO] [stderr] 2997 |                 .expires(Utc.ymd(2017, 1, 1).and_hms(0, 0, 0))
[INFO] [stderr]      |                              ^^^
[INFO] [stderr] 
[INFO] [stderr] warning: use of deprecated method `chrono::Date::<Tz>::and_hms`: Use and_hms_opt() instead
[INFO] [stderr]     --> src/metadata.rs:2997:46
[INFO] [stderr]      |
[INFO] [stderr] 2997 |                 .expires(Utc.ymd(2017, 1, 1).and_hms(0, 0, 0))
[INFO] [stderr]      |                                              ^^^^^^^
[INFO] [stderr] 
[INFO] [stderr] warning: use of deprecated method `chrono::TimeZone::ymd`: use `with_ymd_and_hms()` instead
[INFO] [stderr]     --> src/metadata.rs:3101:26
[INFO] [stderr]      |
[INFO] [stderr] 3101 |             .expires(Utc.ymd(2017, 1, 1).and_hms(0, 0, 0))
[INFO] [stderr]      |                          ^^^
[INFO] [stderr] 
[INFO] [stderr] warning: use of deprecated method `chrono::Date::<Tz>::and_hms`: Use and_hms_opt() instead
[INFO] [stderr]     --> src/metadata.rs:3101:42
[INFO] [stderr]      |
[INFO] [stderr] 3101 |             .expires(Utc.ymd(2017, 1, 1).and_hms(0, 0, 0))
[INFO] [stderr]      |                                          ^^^^^^^
[INFO] [stderr] 
[INFO] [stderr] warning: use of deprecated method `chrono::TimeZone::ymd`: use `with_ymd_and_hms()` instead
[INFO] [stderr]     --> src/metadata.rs:3145:26
[INFO] [stderr]      |
[INFO] [stderr] 3145 |             .expires(Utc.ymd(2017, 1, 1).and_hms(0, 0, 0))
[INFO] [stderr]      |                          ^^^
[INFO] [stderr] 
[INFO] [stderr] warning: use of deprecated method `chrono::Date::<Tz>::and_hms`: Use and_hms_opt() instead
[INFO] [stderr]     --> src/metadata.rs:3145:42
[INFO] [stderr]      |
[INFO] [stderr] 3145 |             .expires(Utc.ymd(2017, 1, 1).and_hms(0, 0, 0))
[INFO] [stderr]      |                                          ^^^^^^^
[INFO] [stderr] 
[INFO] [stderr] warning: use of deprecated method `chrono::TimeZone::ymd`: use `with_ymd_and_hms()` instead
[INFO] [stderr]     --> src/metadata.rs:3225:26
[INFO] [stderr]      |
[INFO] [stderr] 3225 |             .expires(Utc.ymd(2038, 1, 1).and_hms(0, 0, 0))
[INFO] [stderr]      |                          ^^^
[INFO] [stderr] 
[INFO] [stderr] warning: use of deprecated method `chrono::Date::<Tz>::and_hms`: Use and_hms_opt() instead
[INFO] [stderr]     --> src/metadata.rs:3225:42
[INFO] [stderr]      |
[INFO] [stderr] 3225 |             .expires(Utc.ymd(2038, 1, 1).and_hms(0, 0, 0))
[INFO] [stderr]      |                                          ^^^^^^^
[INFO] [stderr] 
[INFO] [stderr] warning: use of deprecated method `chrono::TimeZone::ymd`: use `with_ymd_and_hms()` instead
[INFO] [stderr]     --> src/metadata.rs:3238:26
[INFO] [stderr]      |
[INFO] [stderr] 3238 |             .expires(Utc.ymd(2038, 1, 1).and_hms(0, 0, 0))
[INFO] [stderr]      |                          ^^^
[INFO] [stderr] 
[INFO] [stderr] warning: use of deprecated method `chrono::Date::<Tz>::and_hms`: Use and_hms_opt() instead
[INFO] [stderr]     --> src/metadata.rs:3238:42
[INFO] [stderr]      |
[INFO] [stderr] 3238 |             .expires(Utc.ymd(2038, 1, 1).and_hms(0, 0, 0))
[INFO] [stderr]      |                                          ^^^^^^^
[INFO] [stderr] 
[INFO] [stderr] warning: use of deprecated method `chrono::TimeZone::ymd`: use `with_ymd_and_hms()` instead
[INFO] [stderr]     --> src/metadata.rs:3250:26
[INFO] [stderr]      |
[INFO] [stderr] 3250 |             .expires(Utc.ymd(2017, 1, 1).and_hms(0, 0, 0))
[INFO] [stderr]      |                          ^^^
[INFO] [stderr] 
[INFO] [stderr] warning: use of deprecated method `chrono::Date::<Tz>::and_hms`: Use and_hms_opt() instead
[INFO] [stderr]     --> src/metadata.rs:3250:42
[INFO] [stderr]      |
[INFO] [stderr] 3250 |             .expires(Utc.ymd(2017, 1, 1).and_hms(0, 0, 0))
[INFO] [stderr]      |                                          ^^^^^^^
[INFO] [stderr] 
[INFO] [stderr] warning: use of deprecated method `chrono::TimeZone::ymd`: use `with_ymd_and_hms()` instead
[INFO] [stderr]     --> src/metadata.rs:3260:17
[INFO] [stderr]      |
[INFO] [stderr] 3260 |             Utc.ymd(2038, 1, 1).and_hms(0, 0, 0),
[INFO] [stderr]      |                 ^^^
[INFO] [stderr] 
[INFO] [stderr] warning: use of deprecated method `chrono::Date::<Tz>::and_hms`: Use and_hms_opt() instead
[INFO] [stderr]     --> src/metadata.rs:3260:33
[INFO] [stderr]      |
[INFO] [stderr] 3260 |             Utc.ymd(2038, 1, 1).and_hms(0, 0, 0),
[INFO] [stderr]      |                                 ^^^^^^^
[INFO] [stderr] 
[INFO] [stderr] warning: use of deprecated method `chrono::TimeZone::ymd`: use `with_ymd_and_hms()` instead
[INFO] [stderr]     --> src/repo_builder.rs:2421:32
[INFO] [stderr]      |
[INFO] [stderr] 2421 |             let expires1 = Utc.ymd(2038, 1, 1).and_hms(0, 0, 0);
[INFO] [stderr]      |                                ^^^
[INFO] [stderr] 
[INFO] [stderr] warning: use of deprecated method `chrono::Date::<Tz>::and_hms`: Use and_hms_opt() instead
[INFO] [stderr]     --> src/repo_builder.rs:2421:48
[INFO] [stderr]      |
[INFO] [stderr] 2421 |             let expires1 = Utc.ymd(2038, 1, 1).and_hms(0, 0, 0);
[INFO] [stderr]      |                                                ^^^^^^^
[INFO] [stderr] 
[INFO] [stderr] warning: use of deprecated method `chrono::TimeZone::ymd`: use `with_ymd_and_hms()` instead
[INFO] [stderr]     --> src/repo_builder.rs:2485:32
[INFO] [stderr]      |
[INFO] [stderr] 2485 |             let expires2 = Utc.ymd(2038, 1, 2).and_hms(0, 0, 0);
[INFO] [stderr]      |                                ^^^
[INFO] [stderr] 
[INFO] [stderr] warning: use of deprecated method `chrono::Date::<Tz>::and_hms`: Use and_hms_opt() instead
[INFO] [stderr]     --> src/repo_builder.rs:2485:48
[INFO] [stderr]      |
[INFO] [stderr] 2485 |             let expires2 = Utc.ymd(2038, 1, 2).and_hms(0, 0, 0);
[INFO] [stderr]      |                                                ^^^^^^^
[INFO] [stderr] 
[INFO] [stderr] warning: use of deprecated method `chrono::TimeZone::ymd`: use `with_ymd_and_hms()` instead
[INFO] [stderr]     --> src/repo_builder.rs:2537:32
[INFO] [stderr]      |
[INFO] [stderr] 2537 |             let expires3 = Utc.ymd(2038, 1, 3).and_hms(0, 0, 0);
[INFO] [stderr]      |                                ^^^
[INFO] [stderr] 
[INFO] [stderr] warning: use of deprecated method `chrono::Date::<Tz>::and_hms`: Use and_hms_opt() instead
[INFO] [stderr]     --> src/repo_builder.rs:2537:48
[INFO] [stderr]      |
[INFO] [stderr] 2537 |             let expires3 = Utc.ymd(2038, 1, 3).and_hms(0, 0, 0);
[INFO] [stderr]      |                                                ^^^^^^^
[INFO] [stderr] 
[INFO] [stderr] warning: use of deprecated method `chrono::TimeZone::ymd`: use `with_ymd_and_hms()` instead
[INFO] [stderr]     --> src/repo_builder.rs:2580:32
[INFO] [stderr]      |
[INFO] [stderr] 2580 |             let expires4 = Utc.ymd(2038, 1, 4).and_hms(0, 0, 0);
[INFO] [stderr]      |                                ^^^
[INFO] [stderr] 
[INFO] [stderr] warning: use of deprecated method `chrono::Date::<Tz>::and_hms`: Use and_hms_opt() instead
[INFO] [stderr]     --> src/repo_builder.rs:2580:48
[INFO] [stderr]      |
[INFO] [stderr] 2580 |             let expires4 = Utc.ymd(2038, 1, 4).and_hms(0, 0, 0);
[INFO] [stderr]      |                                                ^^^^^^^
[INFO] [stderr] 
[INFO] [stderr] warning: use of deprecated method `chrono::TimeZone::ymd`: use `with_ymd_and_hms()` instead
[INFO] [stderr]     --> src/repo_builder.rs:2617:31
[INFO] [stderr]      |
[INFO] [stderr] 2617 |             let expires = Utc.ymd(2038, 1, 4).and_hms(0, 0, 0);
[INFO] [stderr]      |                               ^^^
[INFO] [stderr] 
[INFO] [stderr] warning: use of deprecated method `chrono::Date::<Tz>::and_hms`: Use and_hms_opt() instead
[INFO] [stderr]     --> src/repo_builder.rs:2617:47
[INFO] [stderr]      |
[INFO] [stderr] 2617 |             let expires = Utc.ymd(2038, 1, 4).and_hms(0, 0, 0);
[INFO] [stderr]      |                                               ^^^^^^^
[INFO] [stderr] 
[INFO] [stderr] warning: use of deprecated method `chrono::TimeZone::timestamp`: use `timestamp_opt()` instead
[INFO] [stderr]     --> src/repo_builder.rs:2877:29
[INFO] [stderr]      |
[INFO] [stderr] 2877 |             let epoch = Utc.timestamp(0, 0);
[INFO] [stderr]      |                             ^^^^^^^^^
[INFO] [stderr] 
[INFO] [stderr] warning: use of deprecated method `chrono::TimeZone::timestamp`: use `timestamp_opt()` instead
[INFO] [stderr]     --> src/repo_builder.rs:3058:36
[INFO] [stderr]      |
[INFO] [stderr] 3058 |             let current_time = Utc.timestamp(5, 0);
[INFO] [stderr]      |                                    ^^^^^^^^^
[INFO] [stderr] 
[INFO] [stderr] warning: use of deprecated method `chrono::TimeZone::timestamp`: use `timestamp_opt()` instead
[INFO] [stderr]     --> src/repo_builder.rs:3104:36
[INFO] [stderr]      |
[INFO] [stderr] 3104 |             let current_time = Utc.timestamp(10, 0);
[INFO] [stderr]      |                                    ^^^^^^^^^
[INFO] [stderr] 
[INFO] [stderr] warning: use of deprecated method `chrono::TimeZone::timestamp`: use `timestamp_opt()` instead
[INFO] [stderr]     --> src/repo_builder.rs:3136:36
[INFO] [stderr]      |
[INFO] [stderr] 3136 |             let current_time = Utc.timestamp(0, 0);
[INFO] [stderr]      |                                    ^^^^^^^^^
[INFO] [stderr] 
[INFO] [stderr] warning: use of deprecated method `chrono::TimeZone::timestamp`: use `timestamp_opt()` instead
[INFO] [stderr]     --> src/repo_builder.rs:3157:36
[INFO] [stderr]      |
[INFO] [stderr] 3157 |             let current_time = Utc.timestamp(0, 3);
[INFO] [stderr]      |                                    ^^^^^^^^^
[INFO] [stderr] 
[INFO] [stderr] warning: `tuf` (lib test) generated 48 warnings
[INFO] [stderr]     Finished test [unoptimized + debuginfo] target(s) in 0.11s
[INFO] [stderr]      Running unittests src/lib.rs (/opt/rustwide/target/debug/deps/tuf-0f1a1f2e6ef71c6b)
[INFO] [stdout] 
[INFO] [stdout] running 162 tests
[INFO] [stdout] test client::test::client_constructors_err_with_not_found ... ok
[INFO] [stdout] test client::test::client_can_update_with_unknown_len_and_hashes ... ok
[INFO] [stdout] test client::test::test_fetch_target_description_standard ... ok
[INFO] [stdout] test crypto::test::de_ser_ed25519_public_key_without_keyid_hash_algo ... ok
[INFO] [stdout] test crypto::test::ed25519_read_keypair_and_sign ... ok
[INFO] [stdout] test client::test::test_local_and_remote_repo_methods ... ok
[INFO] [stdout] test client::test::with_trusted_root_keys_loads_metadata_from_local_repo ... ok
[INFO] [stdout] test crypto::test::ed25519_read_keypair_and_sign_with_keyid_hash_algorithms ... ok
[INFO] [stdout] test crypto::test::de_ser_ed25519_public_key_with_keyid_hash_algo ... ok
[INFO] [stdout] test client::test::client_constructors_err_with_invalid_keys ... ok
[INFO] [stdout] test client::test::test_fetch_target_description_custom_empty ... ok
[INFO] [stdout] test crypto::test::new_ed25519_key ... ok
[INFO] [stdout] test crypto::test::parse_public_ed25519 ... ok
[INFO] [stdout] test client::test::constructor_succeeds_with_expired_metadata ... ok
[INFO] [stdout] test client::test::test_fetch_target_description_custom ... ok
[INFO] [stdout] test crypto::test::parse_public_ed25519_spki ... ok
[INFO] [stdout] test client::test::from_database_loads_metadata_from_local_repo ... ok
[INFO] [stdout] test client::test::constructor_succeeds_with_missing_metadata ... ok
[INFO] [stdout] test crypto::test::parse_public_ed25519_without_keyid_hash_algo ... ok
[INFO] [stdout] test crypto::test::serde_ed25519_public_key ... ok
[INFO] [stdout] test crypto::test::ed25519_read_pkcs8_and_sign ... ok
[INFO] [stdout] test crypto::test::parse_public_ed25519_with_keyid_hash_algo ... ok
[INFO] [stdout] test client::test::constructor_succeeds_with_malformed_metadata ... ok
[INFO] [stdout] test client::test::with_trusted_local_loads_metadata_from_local_repo ... ok
[INFO] [stdout] test crypto::test::serde_signature_scheme ... ok
[INFO] [stdout] test crypto::test::serde_key_id ... ok
[INFO] [stdout] test crypto::test::serde_signature ... ok
[INFO] [stdout] test crypto::test::serde_key_type ... ok
[INFO] [stdout] test crypto::test::serde_signature_value ... ok
[INFO] [stdout] test crypto::test::serde_unknown_keytype_and_signature_scheme_public_key ... ok
[INFO] [stdout] test crypto::test::serde_signature_without_keyid_hash_algo ... ok
[INFO] [stdout] test database::test::from_metadata_with_trusted_keys_failure ... ok
[INFO] [stdout] test database::test::from_trusted_metadata_failure ... ok
[INFO] [stdout] test crypto::test::test_ed25519_public_key_eq ... ok
[INFO] [stdout] test database::test::bad_timestamp_update_wrong_key ... ok
[INFO] [stdout] test crypto::test::unknown_keytype_cannot_verify ... ok
[INFO] [stdout] test database::test::bad_targets_update_wrong_version ... ok
[INFO] [stdout] test database::test::bad_snapshot_update_wrong_key ... ok
[INFO] [stdout] test database::test::from_trusted_metadata_success ... ok
[INFO] [stdout] test crypto::test::test_ed25519_public_key_hash ... ok
[INFO] [stdout] test database::test::bad_snapshot_update_wrong_version ... ok
[INFO] [stdout] test database::test::bad_targets_update_wrong_key ... ok
[INFO] [stdout] test client::test::update_eventually_succeeds_if_cannot_write_to_repo ... ok
[INFO] [stdout] test database::test::from_metadata_with_trusted_keys_success ... ok
[INFO] [stdout] test database::test::good_snapshot_update ... ok
[INFO] [stdout] test metadata::test::de_ser_root_metadata_without_keyid_hash_algorithms ... ok
[INFO] [stdout] test metadata::test::de_ser_root_metadata_wrong_key_id ... ok
[INFO] [stdout] test metadata::test::deserialize_json_delegation_duplicate_paths ... ok
[INFO] [stdout] test client::test::root_chain_update_consistent_snapshot_false ... ok
[INFO] [stdout] test metadata::test::deserialize_json_delegations_duplicated_roles ... ok
[INFO] [stdout] test database::test::good_timestamp_update ... ok
[INFO] [stdout] test metadata::test::deserialize_json_delegations_duplicate_keys ... ok
[INFO] [stdout] test metadata::test::deserialize_json_delegation_duplicate_key_ids ... ok
[INFO] [stdout] test metadata::test::deserialize_json_root_bad_spec_version ... ok
[INFO] [stdout] test metadata::test::deserialize_json_root_duplicate_keys ... ok
[INFO] [stdout] test database::test::test_update_metadata_fails_with_bad_metadata ... ok
[INFO] [stdout] test database::test::good_targets_update ... ok
[INFO] [stdout] test client::test::root_chain_update_consistent_snapshot_true ... ok
[INFO] [stdout] test database::test::root_trusted_keys_failure ... ok
[INFO] [stdout] test database::test::no_cross_sign_root_rotation ... ok
[INFO] [stdout] test database::test::test_update_metadata_succeeds_with_good_metadata ... ok
[INFO] [stdout] test metadata::test::allow_asterisk_in_target_path ... ok
[INFO] [stdout] test metadata::test::deserialize_json_role_definition_illegal_threshold ... ok
[INFO] [stdout] test metadata::test::deserialize_json_root_bad_type ... ok
[INFO] [stdout] test metadata::test::deserialize_json_root_illegal_version ... ok
[INFO] [stdout] test metadata::test::deserialize_json_role_definition_duplicate_key_ids ... ok
[INFO] [stdout] test database::test::root_trusted_keys_success ... ok
[INFO] [stdout] test metadata::test::deserialize_json_delegation_bad_threshold ... ok
[INFO] [stdout] test metadata::test::deserialize_json_snapshot_bad_type ... ok
[INFO] [stdout] test metadata::test::deserialize_json_timestamp_bad_spec_version ... ok
[INFO] [stdout] test metadata::test::deserialize_json_snapshot_duplicate_metadata ... ok
[INFO] [stdout] test metadata::test::deserialize_json_snapshot_illegal_version ... ok
[INFO] [stdout] test metadata::test::deserialize_json_snapshot_spec_version ... ok
[INFO] [stdout] test metadata::test::deserialize_json_targets_bad_type ... ok
[INFO] [stdout] test metadata::test::deserialize_json_targets_bad_spec_version ... ok
[INFO] [stdout] test metadata::test::deserialize_json_targets_illegal_version ... ok
[INFO] [stdout] test metadata::test::deserialize_json_timestamp_bad_type ... ok
[INFO] [stdout] test metadata::test::deserialize_json_timestamp_duplicate_metadata ... ok
[INFO] [stdout] test metadata::test::serde_invalid_role_definitions ... ok
[INFO] [stdout] test metadata::test::path_matches_chain ... ok
[INFO] [stdout] test metadata::test::serde_root_metadata ... ok
[INFO] [stdout] test metadata::test::serde_snapshot_optional_length_and_hashes ... ok
[INFO] [stdout] test metadata::test::serde_targets_with_delegations_metadata ... ok
[INFO] [stdout] test metadata::test::serde_target_path ... ok
[INFO] [stdout] test metadata::test::serde_metadata_path ... ok
[INFO] [stdout] test metadata::test::serde_role_definition ... ok
[INFO] [stdout] test metadata::test::serde_snapshot_metadata ... ok
[INFO] [stdout] test metadata::test::deserialize_json_timestamp_illegal_version ... ok
[INFO] [stdout] test metadata::test::serde_timestamp_metadata_extra_metadata ... ok
[INFO] [stdout] test metadata::test::serde_timestamp_metadata ... ok
[INFO] [stdout] test metadata::test::no_pardir_in_target_path ... ok
[INFO] [stdout] test metadata::test::serde_signed_metadata ... ok
[INFO] [stdout] test metadata::test::serde_target_description ... ok
[INFO] [stdout] test metadata::test::serde_timestamp_metadata_missing_snapshot ... ok
[INFO] [stdout] test metadata::test::sign_and_verify_root_metadata ... ok
[INFO] [stdout] test metadata::test::serde_targets_metadata ... ok
[INFO] [stdout] test database::test::good_root_rotation ... ok
[INFO] [stdout] test pouf::pouf1::shims::test::datetime_formats ... ok
[INFO] [stdout] test pouf::pouf1::test::write_arr ... ok
[INFO] [stdout] test metadata::test::serde_timestamp_metadata_without_length_and_hashes ... ok
[INFO] [stdout] test metadata::test::verify_signed_serialized_root_metadata ... ok
[INFO] [stdout] test metadata::test::verify_signed_serialized_root_metadata_with_duplicate_sig ... ok
[INFO] [stdout] test pouf::pouf1::shims::test::spec_version_validation ... ok
[INFO] [stdout] test pouf::pouf1::test::write_obj ... ok
[INFO] [stdout] test metadata::test::unknown_fields_included_in_targets_metadata_signature ... ok
[INFO] [stdout] test pouf::pouf1::test::write_str ... ok
[INFO] [stdout] test metadata::test::unknown_fields_included_in_timestamp_metadata_signature ... ok
[INFO] [stdout] test client::test::with_trusted_root_loads_metadata_from_local_repo ... ok
[INFO] [stdout] test metadata::test::unknown_fields_included_in_snapshot_metadata_signature ... ok
[INFO] [stdout] test metadata::test::unknown_fields_included_in_root_metadata_signature ... ok
[INFO] [stdout] test repo_builder::tests::test_builder_errs_if_no_keys ... ok
[INFO] [stdout] test repo_builder::tests::commit_does_nothing_if_nothing_changed_consistent_snapshot ... ok
[INFO] [stdout] test repo_builder::tests::test_do_not_require_all_keys_to_be_online ... ok
[INFO] [stdout] test repo_builder::tests::test_builder_inherits_from_trusted_targets ... ok
[INFO] [stdout] test repo_builder::tests::test_from_database_root_must_be_one_after_the_last ... ok
[INFO] [stdout] test repo_builder::tests::test_add_target_not_consistent_snapshot ... ok
[INFO] [stdout] test repository::ephemeral::test::ephemeral_repo_batch_commit_fails_with_target_conflicts ... ok
[INFO] [stdout] test repository::file_system::test::file_system_repo_batch_commit_fails_with_target_conflicts ... ok
[INFO] [stdout] test repo_builder::tests::test_add_target_consistent_snapshot ... ok
[INFO] [stdout] test repo_builder::tests::commit_does_nothing_if_nothing_changed_not_consistent_snapshot ... ok
[INFO] [stdout] test repository::file_system::test::file_system_repo_batch_update ... ok
[INFO] [stdout] test repository::ephemeral::test::ephemeral_repo_batch_update ... ok
[INFO] [stdout] test repository::ephemeral::test::ephemeral_repo_batch_commit_fails_with_metadata_conflicts ... ok
[INFO] [stdout] test repository::file_system::test::file_system_repo_batch_commit_fails_with_metadata_conflicts ... ok
[INFO] [stdout] test repository::ephemeral::test::ephemeral_repo_targets ... ok
[INFO] [stdout] test repo_builder::tests::test_time_versioning ... ok
[INFO] [stdout] test repo_builder::tests::test_adding_target_refreshes_metadata ... ok
[INFO] [stdout] test repo_builder::tests::root_chain_update_consistent ... ok
[INFO] [stdout] test repository::file_system::test::file_system_repo_metadata_not_found_error ... ok
[INFO] [stdout] test repository::file_system::test::file_system_repo_targets ... ok
[INFO] [stdout] test repo_builder::tests::root_chain_update_not_consistent ... ok
[INFO] [stdout] test repository::http::test::http_repository_uri_construction ... ok
[INFO] [stdout] test repository::http::test::http_repository_uri_construction_no_components ... ok
[INFO] [stdout] test repository::http::test::http_repository_uri_construction_no_prefix ... ok
[INFO] [stdout] test repository::http::test::http_repository_uri_construction_with_query ... ok
[INFO] [stdout] test repository::test::repository_dyn_impls_repository_traits ... ok
[INFO] [stdout] test repository::test::repository_forwards_not_found_error ... ok
[INFO] [stdout] test repository::test::repository_rejects_corrupt_metadata ... ok
[INFO] [stdout] test repository::http::test::http_repository_uri_construction_encoded ... ok
[INFO] [stdout] test repository::test::repository_rejects_corrupt_targets ... ok
[INFO] [stdout] test repository::http::test::http_repository_uri_construction_ipv6_zoneid ... ok
[INFO] [stdout] test repository::test::repository_takes_trait_objects ... ok
[INFO] [stdout] test util::test::valid_read ... ok
[INFO] [stdout] test util::test::invalid_read_above_max_size ... ok
[INFO] [stdout] test util::test::enforce_minimum_bitrate_is_identity_for_fast_transfers ... ok
[INFO] [stdout] test repo_builder::tests::test_time_versioning_falls_back_to_monotonic ... ok
[INFO] [stdout] test util::test::valid_read_below_max_size ... ok
[INFO] [stdout] test util::test::invalid_read_bad_hash ... ok
[INFO] [stdout] test repository::test::repository_verifies_metadata_hash ... ok
[INFO] [stdout] test util::test::invalid_read_bad_hash_large_data ... ok
[INFO] [stdout] test repository::test::repository_verifies_metadata_size ... ok
[INFO] [stdout] test repo_builder::tests::test_builder_rotating_keys_refreshes_metadata ... ok
[INFO] [stdout] test util::test::invalid_read_above_max_size_large_data ... ok
[INFO] [stdout] test util::test::valid_read_large_data ... ok
[INFO] [stdout] test util::test::valid_read_good_hash ... ok
[INFO] [stdout] test util::test::valid_read_good_hash_large_data ... ok
[INFO] [stdout] test repository::test::repository_rejects_mismatched_path ... ok
[INFO] [stdout] test repository::test::repository_rejects_oversized_metadata ... ok
[INFO] [stdout] test repo_builder::tests::test_builder_expired_metadata_refreshes_metadata ... ok
[INFO] [stdout] test repo_builder::tests::test_stage_and_update_repo_not_consistent_snapshot ... ok
[INFO] [stdout] test repo_builder::tests::test_stage_and_update_repo_consistent_snapshot ... ok
[INFO] [stdout] test util::test::enforce_minimum_bitrate_is_fails_when_reader_is_too_slow ... ok
[INFO] [stdout] 
[INFO] [stdout] test result: ok. 162 passed; 0 failed; 0 ignored; 0 measured; 0 filtered out; finished in 1.34s
[INFO] [stdout] 
[INFO] [stderr]      Running tests/integration.rs (/opt/rustwide/target/debug/deps/integration-dc7963ed3e529189)
[INFO] [stdout] 
[INFO] [stdout] running 4 tests
[INFO] [stdout] test nested_delegation ... ok
[INFO] [stdout] test rejects_bad_delegation_signatures ... ok
[INFO] [stdout] test simple_delegation ... ok
[INFO] [stderr]      Running tests/simple_example.rs (/opt/rustwide/target/debug/deps/simple_example-a571a152996f3698)
[INFO] [stdout] test diamond_delegation ... ok
[INFO] [stdout] 
[INFO] [stdout] test result: ok. 4 passed; 0 failed; 0 ignored; 0 measured; 0 filtered out; finished in 0.04s
[INFO] [stdout] 
[INFO] [stdout] 
[INFO] [stdout] running 2 tests
[INFO] [stdout] test consistent_snapshot_true ... ok
[INFO] [stderr]    Doc-tests tuf
[INFO] [stdout] test consistent_snapshot_false ... ok
[INFO] [stdout] 
[INFO] [stdout] test result: ok. 2 passed; 0 failed; 0 ignored; 0 measured; 0 filtered out; finished in 0.02s
[INFO] [stdout] 
[INFO] [stdout] 
[INFO] [stdout] running 28 tests
[INFO] [stdout] test src/crypto.rs - crypto::Ed25519PrivateKey::from_pkcs8 (line 533) - compile ... ok
[INFO] [stdout] test src/client.rs - client (line 5) - compile ... ok
[INFO] [stdout] test src/client.rs - client::Client<D,L,R>::with_trusted_root (line 164) ... FAILED
[INFO] [stdout] test src/client.rs - client::Client<D,L,R>::with_trusted_root_keys (line 226) ... FAILED
[INFO] [stdout] test src/client.rs - client::Client<D,L,R>::with_trusted_local (line 96) ... FAILED
[INFO] [stdout] test src/metadata.rs - metadata::TargetDescription::from_slice_with_custom (line 1676) ... FAILED
[INFO] [stdout] test src/metadata.rs - metadata::Role::fuzzy_matches_path (line 170) ... FAILED
[INFO] [stdout] test src/pouf/pouf1/mod.rs - pouf::pouf1::Pouf1::canonicalize (line 192) ... FAILED
[INFO] [stdout] test src/metadata.rs - metadata::MetadataPath (line 963) ... FAILED
[INFO] [stdout] test src/pouf/pouf1/mod.rs - pouf::pouf1::Pouf1::deserialize (line 204) ... FAILED
[INFO] [stdout] test src/metadata.rs - metadata::MetadataPath::new (line 998) ... FAILED
[INFO] [stdout] test src/repo_builder.rs - repo_builder::RepoBuilder<'a,D,R,Root>::create (line 381) ... FAILED
[INFO] [stdout] test src/client.rs - client::Config (line 1187) ... FAILED
[INFO] [stdout] test src/pouf/pouf1/mod.rs - pouf::pouf1::Pouf1::from_slice (line 252) ... FAILED
[INFO] [stdout] test src/metadata.rs - metadata::SignedMetadata<D,M>::new (line 459) ... FAILED
[INFO] [stdout] test src/metadata.rs - metadata::TargetDescription::from_reader (line 1721) ... FAILED
[INFO] [stdout] test src/repo_builder.rs - repo_builder::RepoBuilder<'a,D,R,Root>::from_database (line 445) ... FAILED
[INFO] [stdout] test src/verify.rs - verify::verify_signatures (line 36) ... FAILED
[INFO] [stdout] test src/metadata.rs - metadata::TargetDescription::from_reader_with_custom (line 1757) ... FAILED
[INFO] [stdout] test src/metadata.rs - metadata::TargetPath::components (line 1510) ... FAILED
[INFO] [stdout] test src/metadata.rs - metadata::TargetDescription::from_slice (line 1646) ... FAILED
[INFO] [stdout] test src/metadata.rs - metadata::MetadataPath::components (line 1026) ... ok
[INFO] [stdout] test src/pouf/pouf1/mod.rs - pouf::pouf1::Pouf1::extension (line 184) ... ok
[INFO] [stdout] test src/crypto.rs - crypto::retain_supported_hashes (line 71) ... ok
[INFO] [stdout] test src/metadata.rs - metadata::TargetPath::is_child (line 1521) ... ok
[INFO] [stdout] test src/pouf/pouf1/mod.rs - pouf::pouf1::Pouf1::serialize (line 228) ... ok
[INFO] [stdout] test src/metadata.rs - metadata::SignedMetadata<D,M>::add_signature (line 507) ... ok
[INFO] [stdout] test src/metadata.rs - metadata::TargetPath::new (line 1490) ... ok
[INFO] [stdout] 
[INFO] [stdout] failures:
[INFO] [stdout] 
[INFO] [stdout] ---- src/client.rs - client::Client<D,L,R>::with_trusted_root (line 164) stdout ----
[INFO] [stdout] warning: use of deprecated method `chrono::TimeZone::ymd`: use `with_ymd_and_hms()` instead
[INFO] [stdout]   --> src/client.rs:188:18
[INFO] [stdout]    |
[INFO] [stdout] 26 |     .expires(Utc.ymd(2038, 1, 1).and_hms(0, 0, 0))
[INFO] [stdout]    |                  ^^^
[INFO] [stdout]    |
[INFO] [stdout]    = note: `#[warn(deprecated)]` on by default
[INFO] [stdout] 
[INFO] [stdout] warning: use of deprecated method `chrono::Date::<Tz>::and_hms`: Use and_hms_opt() instead
[INFO] [stdout]   --> src/client.rs:188:34
[INFO] [stdout]    |
[INFO] [stdout] 26 |     .expires(Utc.ymd(2038, 1, 1).and_hms(0, 0, 0))
[INFO] [stdout]    |                                  ^^^^^^^
[INFO] [stdout] 
[INFO] [stdout] Couldn't compile the test.
[INFO] [stdout] ---- src/client.rs - client::Client<D,L,R>::with_trusted_root_keys (line 226) stdout ----
[INFO] [stdout] warning: use of deprecated method `chrono::TimeZone::ymd`: use `with_ymd_and_hms()` instead
[INFO] [stdout]   --> src/client.rs:251:18
[INFO] [stdout]    |
[INFO] [stdout] 27 |     .expires(Utc.ymd(2038, 1, 1).and_hms(0, 0, 0))
[INFO] [stdout]    |                  ^^^
[INFO] [stdout]    |
[INFO] [stdout]    = note: `#[warn(deprecated)]` on by default
[INFO] [stdout] 
[INFO] [stdout] warning: use of deprecated method `chrono::Date::<Tz>::and_hms`: Use and_hms_opt() instead
[INFO] [stdout]   --> src/client.rs:251:34
[INFO] [stdout]    |
[INFO] [stdout] 27 |     .expires(Utc.ymd(2038, 1, 1).and_hms(0, 0, 0))
[INFO] [stdout]    |                                  ^^^^^^^
[INFO] [stdout] 
[INFO] [stdout] Couldn't compile the test.
[INFO] [stdout] ---- src/client.rs - client::Client<D,L,R>::with_trusted_local (line 96) stdout ----
[INFO] [stdout] warning: use of deprecated method `chrono::TimeZone::ymd`: use `with_ymd_and_hms()` instead
[INFO] [stdout]   --> src/client.rs:119:18
[INFO] [stdout]    |
[INFO] [stdout] 25 |     .expires(Utc.ymd(2038, 1, 1).and_hms(0, 0, 0))
[INFO] [stdout]    |                  ^^^
[INFO] [stdout]    |
[INFO] [stdout]    = note: `#[warn(deprecated)]` on by default
[INFO] [stdout] 
[INFO] [stdout] warning: use of deprecated method `chrono::Date::<Tz>::and_hms`: Use and_hms_opt() instead
[INFO] [stdout]   --> src/client.rs:119:34
[INFO] [stdout]    |
[INFO] [stdout] 25 |     .expires(Utc.ymd(2038, 1, 1).and_hms(0, 0, 0))
[INFO] [stdout]    |                                  ^^^^^^^
[INFO] [stdout] 
[INFO] [stdout] Couldn't compile the test.
[INFO] [stdout] ---- src/metadata.rs - metadata::TargetDescription::from_slice_with_custom (line 1676) stdout ----
[INFO] [stdout] error: linking with `cc` failed: exit status: 1
[INFO] [stdout]   |
[INFO] [stdout]   = note: LC_ALL="C" PATH="/opt/rustwide/rustup-home/toolchains/beta-2023-04-20-x86_64-unknown-linux-gnu/lib/rustlib/x86_64-unknown-linux-gnu/bin:/opt/rustwide/cargo-home/bin:/usr/local/sbin:/usr/local/bin:/usr/sbin:/usr/bin:/sbin:/bin" VSLANG="1033" "cc" "-m64" "/tmp/rustccywqVY/symbols.o" "/tmp/rustdoctestqclK3D/rust_out.rust_out.c38b68ff-cgu.0.rcgu.o" "/tmp/rustdoctestqclK3D/rust_out.38a7fyhsvjn6z0qy.rcgu.o" "-Wl,--as-needed" "-L" "/opt/rustwide/target/debug/deps" "-L" "/opt/rustwide/target/debug/deps" "-L" "/opt/rustwide/target/debug/build/ring-c693d58b3ba93099/out" "-L" "/opt/rustwide/rustup-home/toolchains/beta-2023-04-20-x86_64-unknown-linux-gnu/lib/rustlib/x86_64-unknown-linux-gnu/lib" "-Wl,-Bstatic" "/opt/rustwide/target/debug/deps/libtuf-01ffffcda6797818.rlib" "/opt/rustwide/target/debug/deps/libitoa-d0264c8ce1ce890b.rlib" "/opt/rustwide/target/debug/deps/libserde_json-b5e71561e7b61e90.rlib" "/opt/rustwide/target/debug/deps/libryu-b5fa14faef1dcf3b.rlib" "/opt/rustwide/target/debug/deps/liburl-d94be37c9a9a891b.rlib" "/opt/rustwide/target/debug/deps/libidna-03b9880e1a6c6c5a.rlib" "/opt/rustwide/target/debug/deps/libunicode_normalization-b37b8c0875a4acb3.rlib" "/opt/rustwide/target/debug/deps/libtinyvec-7b8097d45487fe96.rlib" "/opt/rustwide/target/debug/deps/libtinyvec_macros-ece230c108b3ca46.rlib" "/opt/rustwide/target/debug/deps/libunicode_bidi-ea0067a9d9ceb7ae.rlib" "/opt/rustwide/target/debug/deps/libform_urlencoded-c6dce5f233f9dc81.rlib" "/opt/rustwide/target/debug/deps/libpercent_encoding-4a77b5e8a25d80c2.rlib" "/opt/rustwide/target/debug/deps/libhyper-00012bbaced94084.rlib" "/opt/rustwide/target/debug/deps/libwant-751c04441b3dc539.rlib" "/opt/rustwide/target/debug/deps/libtry_lock-bcd858d644546236.rlib" "/opt/rustwide/target/debug/deps/libhttparse-463bd4a7f2c72ba2.rlib" "/opt/rustwide/target/debug/deps/libtower_service-6e0b9a8ac2b0d4d0.rlib" "/opt/rustwide/target/debug/deps/libtracing-a41c580693de99d0.rlib" "/opt/rustwide/target/debug/deps/libtracing_core-420c8912b6569db3.rlib" "/opt/rustwide/target/debug/deps/libfutures_channel-acb98243b66235f2.rlib" "/opt/rustwide/target/debug/deps/libhttp_body-4061b89499f36d44.rlib" "/opt/rustwide/target/debug/deps/libtokio-6f208aaa5bd66d6a.rlib" "/opt/rustwide/target/debug/deps/libsocket2-39b1842383d42aa0.rlib" "/opt/rustwide/target/debug/deps/libmio-2907aacf1230e8aa.rlib" "/opt/rustwide/target/debug/deps/libhttp-df05c4d3a64fcb1b.rlib" "/opt/rustwide/target/debug/deps/libitoa-ef51536650fd4ae2.rlib" "/opt/rustwide/target/debug/deps/libbytes-ae855e71327d1b48.rlib" "/opt/rustwide/target/debug/deps/libfnv-bb690c336855f248.rlib" "/opt/rustwide/target/debug/deps/libtempfile-b06fb91602bd2a03.rlib" "/opt/rustwide/target/debug/deps/libfastrand-19bc70a04681f194.rlib" "/opt/rustwide/target/debug/deps/librustix-d3c8218548598281.rlib" "/opt/rustwide/target/debug/deps/libio_lifetimes-ec91b88ce4f71eb2.rlib" "/opt/rustwide/target/debug/deps/libbitflags-610a73087f46ba3b.rlib" "/opt/rustwide/target/debug/deps/liblinux_raw_sys-ae447dc89f521c6b.rlib" "/opt/rustwide/target/debug/deps/libthiserror-e817b96a5301fe18.rlib" "/opt/rustwide/target/debug/deps/libring-dcc6161ee43337dd.rlib" "/opt/rustwide/target/debug/deps/libspin-0ce7eed86e654be1.rlib" "/opt/rustwide/target/debug/deps/libonce_cell-4515fa40a5ce4b0c.rlib" "/opt/rustwide/target/debug/deps/libfutures_util-d3520791a7af5324.rlib" "/opt/rustwide/target/debug/deps/libmemchr-f4ebff342237ab92.rlib" "/opt/rustwide/target/debug/deps/libslab-7f8e952f3c0ab3c4.rlib" "/opt/rustwide/target/debug/deps/libpin_project_lite-3a747526c5b5aadd.rlib" "/opt/rustwide/target/debug/deps/libfutures_task-34a0ee1d6c1607f4.rlib" "/opt/rustwide/target/debug/deps/libpin_utils-501725f4e360d46d.rlib" "/opt/rustwide/target/debug/deps/libfutures_core-050353bf31b2de78.rlib" "/opt/rustwide/target/debug/deps/libderp-297a866cef89186d.rlib" "/opt/rustwide/target/debug/deps/libuntrusted-299fbcd347deffe0.rlib" "/opt/rustwide/target/debug/deps/libdata_encoding-90df24cfc1a721e9.rlib" "/opt/rustwide/target/debug/deps/liblog-6f3e788ba8b980aa.rlib" "/opt/rustwide/target/debug/deps/libcfg_if-97437e183f3ae6e4.rlib" "/opt/rustwide/target/debug/deps/libfutures_io-d85037e34bc73c7b.rlib" "/opt/rustwide/target/debug/deps/libchrono-6f2782cfc78aaad8.rlib" "/opt/rustwide/target/debug/deps/libiana_time_zone-29119b9b08c3b17e.rlib" "/opt/rustwide/target/debug/deps/libnum_integer-3ba3560339fcf9fe.rlib" "/opt/rustwide/target/debug/deps/libnum_traits-368984609aea6d60.rlib" "/opt/rustwide/target/debug/deps/libserde-b7cd1e3418b5c001.rlib" "/opt/rustwide/target/debug/deps/libtime-6740a0ff2cb80298.rlib" "/opt/rustwide/target/debug/deps/liblibc-e9a0eb2ed2cb9a0f.rlib" "/opt/rustwide/rustup-home/toolchains/beta-2023-04-20-x86_64-unknown-linux-gnu/lib/rustlib/x86_64-unknown-linux-gnu/lib/libstd-0e29cc23c5e02021.rlib" "/opt/rustwide/rustup-home/toolchains/beta-2023-04-20-x86_64-unknown-linux-gnu/lib/rustlib/x86_64-unknown-linux-gnu/lib/libpanic_unwind-d903621768a861d9.rlib" "/opt/rustwide/rustup-home/toolchains/beta-2023-04-20-x86_64-unknown-linux-gnu/lib/rustlib/x86_64-unknown-linux-gnu/lib/libobject-6d0225e655f31c13.rlib" "/opt/rustwide/rustup-home/toolchains/beta-2023-04-20-x86_64-unknown-linux-gnu/lib/rustlib/x86_64-unknown-linux-gnu/lib/libmemchr-9dbaf4eac7eaa079.rlib" "/opt/rustwide/rustup-home/toolchains/beta-2023-04-20-x86_64-unknown-linux-gnu/lib/rustlib/x86_64-unknown-linux-gnu/lib/libaddr2line-27f05b3d42a66dd0.rlib" "/opt/rustwide/rustup-home/toolchains/beta-2023-04-20-x86_64-unknown-linux-gnu/lib/rustlib/x86_64-unknown-linux-gnu/lib/libgimli-4d73f1030321c9a2.rlib" "/opt/rustwide/rustup-home/toolchains/beta-2023-04-20-x86_64-unknown-linux-gnu/lib/rustlib/x86_64-unknown-linux-gnu/lib/librustc_demangle-2846c9e58abd0acb.rlib" "/opt/rustwide/rustup-home/toolchains/beta-2023-04-20-x86_64-unknown-linux-gnu/lib/rustlib/x86_64-unknown-linux-gnu/lib/libstd_detect-a53d0f50415947be.rlib" "/opt/rustwide/rustup-home/toolchains/beta-2023-04-20-x86_64-unknown-linux-gnu/lib/rustlib/x86_64-unknown-linux-gnu/lib/libhashbrown-d48e4b6abc25b9dc.rlib" "/opt/rustwide/rustup-home/toolchains/beta-2023-04-20-x86_64-unknown-linux-gnu/lib/rustlib/x86_64-unknown-linux-gnu/lib/libminiz_oxide-2991859439ef1207.rlib" "/opt/rustwide/rustup-home/toolchains/beta-2023-04-20-x86_64-unknown-linux-gnu/lib/rustlib/x86_64-unknown-linux-gnu/lib/libadler-8a687517e4221bae.rlib" "/opt/rustwide/rustup-home/toolchains/beta-2023-04-20-x86_64-unknown-linux-gnu/lib/rustlib/x86_64-unknown-linux-gnu/lib/librustc_std_workspace_alloc-e07b554f6a67f5b3.rlib" "/opt/rustwide/rustup-home/toolchains/beta-2023-04-20-x86_64-unknown-linux-gnu/lib/rustlib/x86_64-unknown-linux-gnu/lib/libunwind-b68238b7c3c619dd.rlib" "/opt/rustwide/rustup-home/toolchains/beta-2023-04-20-x86_64-unknown-linux-gnu/lib/rustlib/x86_64-unknown-linux-gnu/lib/libcfg_if-d5e213e896c017e4.rlib" "/opt/rustwide/rustup-home/toolchains/beta-2023-04-20-x86_64-unknown-linux-gnu/lib/rustlib/x86_64-unknown-linux-gnu/lib/liblibc-0211a3b2e61d8689.rlib" "/opt/rustwide/rustup-home/toolchains/beta-2023-04-20-x86_64-unknown-linux-gnu/lib/rustlib/x86_64-unknown-linux-gnu/lib/liballoc-b371f055239ba51f.rlib" "/opt/rustwide/rustup-home/toolchains/beta-2023-04-20-x86_64-unknown-linux-gnu/lib/rustlib/x86_64-unknown-linux-gnu/lib/librustc_std_workspace_core-e60518d2760eb01e.rlib" "/opt/rustwide/rustup-home/toolchains/beta-2023-04-20-x86_64-unknown-linux-gnu/lib/rustlib/x86_64-unknown-linux-gnu/lib/libcore-1ad943f92a4b1081.rlib" "/opt/rustwide/rustup-home/toolchains/beta-2023-04-20-x86_64-unknown-linux-gnu/lib/rustlib/x86_64-unknown-linux-gnu/lib/libcompiler_builtins-f0d6e4d0fc1e80b4.rlib" "-Wl,-Bdynamic" "-lgcc_s" "-lutil" "-lrt" "-lpthread" "-lm" "-ldl" "-lc" "-Wl,--eh-frame-hdr" "-Wl,-z,noexecstack" "-L" "/opt/rustwide/rustup-home/toolchains/beta-2023-04-20-x86_64-unknown-linux-gnu/lib/rustlib/x86_64-unknown-linux-gnu/lib" "-o" "/tmp/rustdoctestqclK3D/rust_out" "-Wl,--gc-sections" "-pie" "-Wl,-z,relro,-z,now" "-nodefaultlibs"
[INFO] [stdout]   = note: collect2: fatal error: ld terminated with signal 9 [Killed]
[INFO] [stdout]           compilation terminated.
[INFO] [stdout]           
[INFO] [stdout] 
[INFO] [stdout] error: aborting due to previous error
[INFO] [stdout] 
[INFO] [stdout] Couldn't compile the test.
[INFO] [stdout] ---- src/metadata.rs - metadata::Role::fuzzy_matches_path (line 170) stdout ----
[INFO] [stdout] error: linking with `cc` failed: exit status: 1
[INFO] [stdout]   |
[INFO] [stdout]   = note: LC_ALL="C" PATH="/opt/rustwide/rustup-home/toolchains/beta-2023-04-20-x86_64-unknown-linux-gnu/lib/rustlib/x86_64-unknown-linux-gnu/bin:/opt/rustwide/cargo-home/bin:/usr/local/sbin:/usr/local/bin:/usr/sbin:/usr/bin:/sbin:/bin" VSLANG="1033" "cc" "-m64" "/tmp/rustcJdPv6Y/symbols.o" "/tmp/rustdoctestbrn7uU/rust_out.rust_out.c38b68ff-cgu.0.rcgu.o" "/tmp/rustdoctestbrn7uU/rust_out.38a7fyhsvjn6z0qy.rcgu.o" "-Wl,--as-needed" "-L" "/opt/rustwide/target/debug/deps" "-L" "/opt/rustwide/target/debug/deps" "-L" "/opt/rustwide/target/debug/build/ring-c693d58b3ba93099/out" "-L" "/opt/rustwide/rustup-home/toolchains/beta-2023-04-20-x86_64-unknown-linux-gnu/lib/rustlib/x86_64-unknown-linux-gnu/lib" "-Wl,-Bstatic" "/opt/rustwide/target/debug/deps/libtuf-01ffffcda6797818.rlib" "/opt/rustwide/target/debug/deps/libitoa-d0264c8ce1ce890b.rlib" "/opt/rustwide/target/debug/deps/libserde_json-b5e71561e7b61e90.rlib" "/opt/rustwide/target/debug/deps/libryu-b5fa14faef1dcf3b.rlib" "/opt/rustwide/target/debug/deps/liburl-d94be37c9a9a891b.rlib" "/opt/rustwide/target/debug/deps/libidna-03b9880e1a6c6c5a.rlib" "/opt/rustwide/target/debug/deps/libunicode_normalization-b37b8c0875a4acb3.rlib" "/opt/rustwide/target/debug/deps/libtinyvec-7b8097d45487fe96.rlib" "/opt/rustwide/target/debug/deps/libtinyvec_macros-ece230c108b3ca46.rlib" "/opt/rustwide/target/debug/deps/libunicode_bidi-ea0067a9d9ceb7ae.rlib" "/opt/rustwide/target/debug/deps/libform_urlencoded-c6dce5f233f9dc81.rlib" "/opt/rustwide/target/debug/deps/libpercent_encoding-4a77b5e8a25d80c2.rlib" "/opt/rustwide/target/debug/deps/libhyper-00012bbaced94084.rlib" "/opt/rustwide/target/debug/deps/libwant-751c04441b3dc539.rlib" "/opt/rustwide/target/debug/deps/libtry_lock-bcd858d644546236.rlib" "/opt/rustwide/target/debug/deps/libhttparse-463bd4a7f2c72ba2.rlib" "/opt/rustwide/target/debug/deps/libtower_service-6e0b9a8ac2b0d4d0.rlib" "/opt/rustwide/target/debug/deps/libtracing-a41c580693de99d0.rlib" "/opt/rustwide/target/debug/deps/libtracing_core-420c8912b6569db3.rlib" "/opt/rustwide/target/debug/deps/libfutures_channel-acb98243b66235f2.rlib" "/opt/rustwide/target/debug/deps/libhttp_body-4061b89499f36d44.rlib" "/opt/rustwide/target/debug/deps/libtokio-6f208aaa5bd66d6a.rlib" "/opt/rustwide/target/debug/deps/libsocket2-39b1842383d42aa0.rlib" "/opt/rustwide/target/debug/deps/libmio-2907aacf1230e8aa.rlib" "/opt/rustwide/target/debug/deps/libhttp-df05c4d3a64fcb1b.rlib" "/opt/rustwide/target/debug/deps/libitoa-ef51536650fd4ae2.rlib" "/opt/rustwide/target/debug/deps/libbytes-ae855e71327d1b48.rlib" "/opt/rustwide/target/debug/deps/libfnv-bb690c336855f248.rlib" "/opt/rustwide/target/debug/deps/libtempfile-b06fb91602bd2a03.rlib" "/opt/rustwide/target/debug/deps/libfastrand-19bc70a04681f194.rlib" "/opt/rustwide/target/debug/deps/librustix-d3c8218548598281.rlib" "/opt/rustwide/target/debug/deps/libio_lifetimes-ec91b88ce4f71eb2.rlib" "/opt/rustwide/target/debug/deps/libbitflags-610a73087f46ba3b.rlib" "/opt/rustwide/target/debug/deps/liblinux_raw_sys-ae447dc89f521c6b.rlib" "/opt/rustwide/target/debug/deps/libthiserror-e817b96a5301fe18.rlib" "/opt/rustwide/target/debug/deps/libring-dcc6161ee43337dd.rlib" "/opt/rustwide/target/debug/deps/libspin-0ce7eed86e654be1.rlib" "/opt/rustwide/target/debug/deps/libonce_cell-4515fa40a5ce4b0c.rlib" "/opt/rustwide/target/debug/deps/libfutures_util-d3520791a7af5324.rlib" "/opt/rustwide/target/debug/deps/libmemchr-f4ebff342237ab92.rlib" "/opt/rustwide/target/debug/deps/libslab-7f8e952f3c0ab3c4.rlib" "/opt/rustwide/target/debug/deps/libpin_project_lite-3a747526c5b5aadd.rlib" "/opt/rustwide/target/debug/deps/libfutures_task-34a0ee1d6c1607f4.rlib" "/opt/rustwide/target/debug/deps/libpin_utils-501725f4e360d46d.rlib" "/opt/rustwide/target/debug/deps/libfutures_core-050353bf31b2de78.rlib" "/opt/rustwide/target/debug/deps/libderp-297a866cef89186d.rlib" "/opt/rustwide/target/debug/deps/libuntrusted-299fbcd347deffe0.rlib" "/opt/rustwide/target/debug/deps/libdata_encoding-90df24cfc1a721e9.rlib" "/opt/rustwide/target/debug/deps/liblog-6f3e788ba8b980aa.rlib" "/opt/rustwide/target/debug/deps/libcfg_if-97437e183f3ae6e4.rlib" "/opt/rustwide/target/debug/deps/libfutures_io-d85037e34bc73c7b.rlib" "/opt/rustwide/target/debug/deps/libchrono-6f2782cfc78aaad8.rlib" "/opt/rustwide/target/debug/deps/libiana_time_zone-29119b9b08c3b17e.rlib" "/opt/rustwide/target/debug/deps/libnum_integer-3ba3560339fcf9fe.rlib" "/opt/rustwide/target/debug/deps/libnum_traits-368984609aea6d60.rlib" "/opt/rustwide/target/debug/deps/libserde-b7cd1e3418b5c001.rlib" "/opt/rustwide/target/debug/deps/libtime-6740a0ff2cb80298.rlib" "/opt/rustwide/target/debug/deps/liblibc-e9a0eb2ed2cb9a0f.rlib" "/opt/rustwide/rustup-home/toolchains/beta-2023-04-20-x86_64-unknown-linux-gnu/lib/rustlib/x86_64-unknown-linux-gnu/lib/libstd-0e29cc23c5e02021.rlib" "/opt/rustwide/rustup-home/toolchains/beta-2023-04-20-x86_64-unknown-linux-gnu/lib/rustlib/x86_64-unknown-linux-gnu/lib/libpanic_unwind-d903621768a861d9.rlib" "/opt/rustwide/rustup-home/toolchains/beta-2023-04-20-x86_64-unknown-linux-gnu/lib/rustlib/x86_64-unknown-linux-gnu/lib/libobject-6d0225e655f31c13.rlib" "/opt/rustwide/rustup-home/toolchains/beta-2023-04-20-x86_64-unknown-linux-gnu/lib/rustlib/x86_64-unknown-linux-gnu/lib/libmemchr-9dbaf4eac7eaa079.rlib" "/opt/rustwide/rustup-home/toolchains/beta-2023-04-20-x86_64-unknown-linux-gnu/lib/rustlib/x86_64-unknown-linux-gnu/lib/libaddr2line-27f05b3d42a66dd0.rlib" "/opt/rustwide/rustup-home/toolchains/beta-2023-04-20-x86_64-unknown-linux-gnu/lib/rustlib/x86_64-unknown-linux-gnu/lib/libgimli-4d73f1030321c9a2.rlib" "/opt/rustwide/rustup-home/toolchains/beta-2023-04-20-x86_64-unknown-linux-gnu/lib/rustlib/x86_64-unknown-linux-gnu/lib/librustc_demangle-2846c9e58abd0acb.rlib" "/opt/rustwide/rustup-home/toolchains/beta-2023-04-20-x86_64-unknown-linux-gnu/lib/rustlib/x86_64-unknown-linux-gnu/lib/libstd_detect-a53d0f50415947be.rlib" "/opt/rustwide/rustup-home/toolchains/beta-2023-04-20-x86_64-unknown-linux-gnu/lib/rustlib/x86_64-unknown-linux-gnu/lib/libhashbrown-d48e4b6abc25b9dc.rlib" "/opt/rustwide/rustup-home/toolchains/beta-2023-04-20-x86_64-unknown-linux-gnu/lib/rustlib/x86_64-unknown-linux-gnu/lib/libminiz_oxide-2991859439ef1207.rlib" "/opt/rustwide/rustup-home/toolchains/beta-2023-04-20-x86_64-unknown-linux-gnu/lib/rustlib/x86_64-unknown-linux-gnu/lib/libadler-8a687517e4221bae.rlib" "/opt/rustwide/rustup-home/toolchains/beta-2023-04-20-x86_64-unknown-linux-gnu/lib/rustlib/x86_64-unknown-linux-gnu/lib/librustc_std_workspace_alloc-e07b554f6a67f5b3.rlib" "/opt/rustwide/rustup-home/toolchains/beta-2023-04-20-x86_64-unknown-linux-gnu/lib/rustlib/x86_64-unknown-linux-gnu/lib/libunwind-b68238b7c3c619dd.rlib" "/opt/rustwide/rustup-home/toolchains/beta-2023-04-20-x86_64-unknown-linux-gnu/lib/rustlib/x86_64-unknown-linux-gnu/lib/libcfg_if-d5e213e896c017e4.rlib" "/opt/rustwide/rustup-home/toolchains/beta-2023-04-20-x86_64-unknown-linux-gnu/lib/rustlib/x86_64-unknown-linux-gnu/lib/liblibc-0211a3b2e61d8689.rlib" "/opt/rustwide/rustup-home/toolchains/beta-2023-04-20-x86_64-unknown-linux-gnu/lib/rustlib/x86_64-unknown-linux-gnu/lib/liballoc-b371f055239ba51f.rlib" "/opt/rustwide/rustup-home/toolchains/beta-2023-04-20-x86_64-unknown-linux-gnu/lib/rustlib/x86_64-unknown-linux-gnu/lib/librustc_std_workspace_core-e60518d2760eb01e.rlib" "/opt/rustwide/rustup-home/toolchains/beta-2023-04-20-x86_64-unknown-linux-gnu/lib/rustlib/x86_64-unknown-linux-gnu/lib/libcore-1ad943f92a4b1081.rlib" "/opt/rustwide/rustup-home/toolchains/beta-2023-04-20-x86_64-unknown-linux-gnu/lib/rustlib/x86_64-unknown-linux-gnu/lib/libcompiler_builtins-f0d6e4d0fc1e80b4.rlib" "-Wl,-Bdynamic" "-lgcc_s" "-lutil" "-lrt" "-lpthread" "-lm" "-ldl" "-lc" "-Wl,--eh-frame-hdr" "-Wl,-z,noexecstack" "-L" "/opt/rustwide/rustup-home/toolchains/beta-2023-04-20-x86_64-unknown-linux-gnu/lib/rustlib/x86_64-unknown-linux-gnu/lib" "-o" "/tmp/rustdoctestbrn7uU/rust_out" "-Wl,--gc-sections" "-pie" "-Wl,-z,relro,-z,now" "-nodefaultlibs"
[INFO] [stdout]   = note: collect2: fatal error: ld terminated with signal 9 [Killed]
[INFO] [stdout]           compilation terminated.
[INFO] [stdout]           
[INFO] [stdout] 
[INFO] [stdout] error: aborting due to previous error
[INFO] [stdout] 
[INFO] [stdout] Couldn't compile the test.
[INFO] [stdout] ---- src/pouf/pouf1/mod.rs - pouf::pouf1::Pouf1::canonicalize (line 192) stdout ----
[INFO] [stdout] Couldn't compile the test.
[INFO] [stdout] ---- src/metadata.rs - metadata::MetadataPath (line 963) stdout ----
[INFO] [stdout] error: linking with `cc` failed: exit status: 1
[INFO] [stdout]   |
[INFO] [stdout]   = note: LC_ALL="C" PATH="/opt/rustwide/rustup-home/toolchains/beta-2023-04-20-x86_64-unknown-linux-gnu/lib/rustlib/x86_64-unknown-linux-gnu/bin:/opt/rustwide/cargo-home/bin:/usr/local/sbin:/usr/local/bin:/usr/sbin:/usr/bin:/sbin:/bin" VSLANG="1033" "cc" "-m64" "/tmp/rustcBuCKDz/symbols.o" "/tmp/rustdoctestvKs758/rust_out.rust_out.c38b68ff-cgu.0.rcgu.o" "/tmp/rustdoctestvKs758/rust_out.38a7fyhsvjn6z0qy.rcgu.o" "-Wl,--as-needed" "-L" "/opt/rustwide/target/debug/deps" "-L" "/opt/rustwide/target/debug/deps" "-L" "/opt/rustwide/target/debug/build/ring-c693d58b3ba93099/out" "-L" "/opt/rustwide/rustup-home/toolchains/beta-2023-04-20-x86_64-unknown-linux-gnu/lib/rustlib/x86_64-unknown-linux-gnu/lib" "-Wl,-Bstatic" "/opt/rustwide/target/debug/deps/libtuf-01ffffcda6797818.rlib" "/opt/rustwide/target/debug/deps/libitoa-d0264c8ce1ce890b.rlib" "/opt/rustwide/target/debug/deps/libserde_json-b5e71561e7b61e90.rlib" "/opt/rustwide/target/debug/deps/libryu-b5fa14faef1dcf3b.rlib" "/opt/rustwide/target/debug/deps/liburl-d94be37c9a9a891b.rlib" "/opt/rustwide/target/debug/deps/libidna-03b9880e1a6c6c5a.rlib" "/opt/rustwide/target/debug/deps/libunicode_normalization-b37b8c0875a4acb3.rlib" "/opt/rustwide/target/debug/deps/libtinyvec-7b8097d45487fe96.rlib" "/opt/rustwide/target/debug/deps/libtinyvec_macros-ece230c108b3ca46.rlib" "/opt/rustwide/target/debug/deps/libunicode_bidi-ea0067a9d9ceb7ae.rlib" "/opt/rustwide/target/debug/deps/libform_urlencoded-c6dce5f233f9dc81.rlib" "/opt/rustwide/target/debug/deps/libpercent_encoding-4a77b5e8a25d80c2.rlib" "/opt/rustwide/target/debug/deps/libhyper-00012bbaced94084.rlib" "/opt/rustwide/target/debug/deps/libwant-751c04441b3dc539.rlib" "/opt/rustwide/target/debug/deps/libtry_lock-bcd858d644546236.rlib" "/opt/rustwide/target/debug/deps/libhttparse-463bd4a7f2c72ba2.rlib" "/opt/rustwide/target/debug/deps/libtower_service-6e0b9a8ac2b0d4d0.rlib" "/opt/rustwide/target/debug/deps/libtracing-a41c580693de99d0.rlib" "/opt/rustwide/target/debug/deps/libtracing_core-420c8912b6569db3.rlib" "/opt/rustwide/target/debug/deps/libfutures_channel-acb98243b66235f2.rlib" "/opt/rustwide/target/debug/deps/libhttp_body-4061b89499f36d44.rlib" "/opt/rustwide/target/debug/deps/libtokio-6f208aaa5bd66d6a.rlib" "/opt/rustwide/target/debug/deps/libsocket2-39b1842383d42aa0.rlib" "/opt/rustwide/target/debug/deps/libmio-2907aacf1230e8aa.rlib" "/opt/rustwide/target/debug/deps/libhttp-df05c4d3a64fcb1b.rlib" "/opt/rustwide/target/debug/deps/libitoa-ef51536650fd4ae2.rlib" "/opt/rustwide/target/debug/deps/libbytes-ae855e71327d1b48.rlib" "/opt/rustwide/target/debug/deps/libfnv-bb690c336855f248.rlib" "/opt/rustwide/target/debug/deps/libtempfile-b06fb91602bd2a03.rlib" "/opt/rustwide/target/debug/deps/libfastrand-19bc70a04681f194.rlib" "/opt/rustwide/target/debug/deps/librustix-d3c8218548598281.rlib" "/opt/rustwide/target/debug/deps/libio_lifetimes-ec91b88ce4f71eb2.rlib" "/opt/rustwide/target/debug/deps/libbitflags-610a73087f46ba3b.rlib" "/opt/rustwide/target/debug/deps/liblinux_raw_sys-ae447dc89f521c6b.rlib" "/opt/rustwide/target/debug/deps/libthiserror-e817b96a5301fe18.rlib" "/opt/rustwide/target/debug/deps/libring-dcc6161ee43337dd.rlib" "/opt/rustwide/target/debug/deps/libspin-0ce7eed86e654be1.rlib" "/opt/rustwide/target/debug/deps/libonce_cell-4515fa40a5ce4b0c.rlib" "/opt/rustwide/target/debug/deps/libfutures_util-d3520791a7af5324.rlib" "/opt/rustwide/target/debug/deps/libmemchr-f4ebff342237ab92.rlib" "/opt/rustwide/target/debug/deps/libslab-7f8e952f3c0ab3c4.rlib" "/opt/rustwide/target/debug/deps/libpin_project_lite-3a747526c5b5aadd.rlib" "/opt/rustwide/target/debug/deps/libfutures_task-34a0ee1d6c1607f4.rlib" "/opt/rustwide/target/debug/deps/libpin_utils-501725f4e360d46d.rlib" "/opt/rustwide/target/debug/deps/libfutures_core-050353bf31b2de78.rlib" "/opt/rustwide/target/debug/deps/libderp-297a866cef89186d.rlib" "/opt/rustwide/target/debug/deps/libuntrusted-299fbcd347deffe0.rlib" "/opt/rustwide/target/debug/deps/libdata_encoding-90df24cfc1a721e9.rlib" "/opt/rustwide/target/debug/deps/liblog-6f3e788ba8b980aa.rlib" "/opt/rustwide/target/debug/deps/libcfg_if-97437e183f3ae6e4.rlib" "/opt/rustwide/target/debug/deps/libfutures_io-d85037e34bc73c7b.rlib" "/opt/rustwide/target/debug/deps/libchrono-6f2782cfc78aaad8.rlib" "/opt/rustwide/target/debug/deps/libiana_time_zone-29119b9b08c3b17e.rlib" "/opt/rustwide/target/debug/deps/libnum_integer-3ba3560339fcf9fe.rlib" "/opt/rustwide/target/debug/deps/libnum_traits-368984609aea6d60.rlib" "/opt/rustwide/target/debug/deps/libserde-b7cd1e3418b5c001.rlib" "/opt/rustwide/target/debug/deps/libtime-6740a0ff2cb80298.rlib" "/opt/rustwide/target/debug/deps/liblibc-e9a0eb2ed2cb9a0f.rlib" "/opt/rustwide/rustup-home/toolchains/beta-2023-04-20-x86_64-unknown-linux-gnu/lib/rustlib/x86_64-unknown-linux-gnu/lib/libstd-0e29cc23c5e02021.rlib" "/opt/rustwide/rustup-home/toolchains/beta-2023-04-20-x86_64-unknown-linux-gnu/lib/rustlib/x86_64-unknown-linux-gnu/lib/libpanic_unwind-d903621768a861d9.rlib" "/opt/rustwide/rustup-home/toolchains/beta-2023-04-20-x86_64-unknown-linux-gnu/lib/rustlib/x86_64-unknown-linux-gnu/lib/libobject-6d0225e655f31c13.rlib" "/opt/rustwide/rustup-home/toolchains/beta-2023-04-20-x86_64-unknown-linux-gnu/lib/rustlib/x86_64-unknown-linux-gnu/lib/libmemchr-9dbaf4eac7eaa079.rlib" "/opt/rustwide/rustup-home/toolchains/beta-2023-04-20-x86_64-unknown-linux-gnu/lib/rustlib/x86_64-unknown-linux-gnu/lib/libaddr2line-27f05b3d42a66dd0.rlib" "/opt/rustwide/rustup-home/toolchains/beta-2023-04-20-x86_64-unknown-linux-gnu/lib/rustlib/x86_64-unknown-linux-gnu/lib/libgimli-4d73f1030321c9a2.rlib" "/opt/rustwide/rustup-home/toolchains/beta-2023-04-20-x86_64-unknown-linux-gnu/lib/rustlib/x86_64-unknown-linux-gnu/lib/librustc_demangle-2846c9e58abd0acb.rlib" "/opt/rustwide/rustup-home/toolchains/beta-2023-04-20-x86_64-unknown-linux-gnu/lib/rustlib/x86_64-unknown-linux-gnu/lib/libstd_detect-a53d0f50415947be.rlib" "/opt/rustwide/rustup-home/toolchains/beta-2023-04-20-x86_64-unknown-linux-gnu/lib/rustlib/x86_64-unknown-linux-gnu/lib/libhashbrown-d48e4b6abc25b9dc.rlib" "/opt/rustwide/rustup-home/toolchains/beta-2023-04-20-x86_64-unknown-linux-gnu/lib/rustlib/x86_64-unknown-linux-gnu/lib/libminiz_oxide-2991859439ef1207.rlib" "/opt/rustwide/rustup-home/toolchains/beta-2023-04-20-x86_64-unknown-linux-gnu/lib/rustlib/x86_64-unknown-linux-gnu/lib/libadler-8a687517e4221bae.rlib" "/opt/rustwide/rustup-home/toolchains/beta-2023-04-20-x86_64-unknown-linux-gnu/lib/rustlib/x86_64-unknown-linux-gnu/lib/librustc_std_workspace_alloc-e07b554f6a67f5b3.rlib" "/opt/rustwide/rustup-home/toolchains/beta-2023-04-20-x86_64-unknown-linux-gnu/lib/rustlib/x86_64-unknown-linux-gnu/lib/libunwind-b68238b7c3c619dd.rlib" "/opt/rustwide/rustup-home/toolchains/beta-2023-04-20-x86_64-unknown-linux-gnu/lib/rustlib/x86_64-unknown-linux-gnu/lib/libcfg_if-d5e213e896c017e4.rlib" "/opt/rustwide/rustup-home/toolchains/beta-2023-04-20-x86_64-unknown-linux-gnu/lib/rustlib/x86_64-unknown-linux-gnu/lib/liblibc-0211a3b2e61d8689.rlib" "/opt/rustwide/rustup-home/toolchains/beta-2023-04-20-x86_64-unknown-linux-gnu/lib/rustlib/x86_64-unknown-linux-gnu/lib/liballoc-b371f055239ba51f.rlib" "/opt/rustwide/rustup-home/toolchains/beta-2023-04-20-x86_64-unknown-linux-gnu/lib/rustlib/x86_64-unknown-linux-gnu/lib/librustc_std_workspace_core-e60518d2760eb01e.rlib" "/opt/rustwide/rustup-home/toolchains/beta-2023-04-20-x86_64-unknown-linux-gnu/lib/rustlib/x86_64-unknown-linux-gnu/lib/libcore-1ad943f92a4b1081.rlib" "/opt/rustwide/rustup-home/toolchains/beta-2023-04-20-x86_64-unknown-linux-gnu/lib/rustlib/x86_64-unknown-linux-gnu/lib/libcompiler_builtins-f0d6e4d0fc1e80b4.rlib" "-Wl,-Bdynamic" "-lgcc_s" "-lutil" "-lrt" "-lpthread" "-lm" "-ldl" "-lc" "-Wl,--eh-frame-hdr" "-Wl,-z,noexecstack" "-L" "/opt/rustwide/rustup-home/toolchains/beta-2023-04-20-x86_64-unknown-linux-gnu/lib/rustlib/x86_64-unknown-linux-gnu/lib" "-o" "/tmp/rustdoctestvKs758/rust_out" "-Wl,--gc-sections" "-pie" "-Wl,-z,relro,-z,now" "-nodefaultlibs"
[INFO] [stdout]   = note: collect2: fatal error: ld terminated with signal 9 [Killed]
[INFO] [stdout]           compilation terminated.
[INFO] [stdout]           
[INFO] [stdout] 
[INFO] [stdout] error: aborting due to previous error
[INFO] [stdout] 
[INFO] [stdout] Couldn't compile the test.
[INFO] [stdout] ---- src/pouf/pouf1/mod.rs - pouf::pouf1::Pouf1::deserialize (line 204) stdout ----
[INFO] [stdout] Couldn't compile the test.
[INFO] [stdout] ---- src/metadata.rs - metadata::MetadataPath::new (line 998) stdout ----
[INFO] [stdout] error: linking with `cc` failed: exit status: 1
[INFO] [stdout]   |
[INFO] [stdout]   = note: LC_ALL="C" PATH="/opt/rustwide/rustup-home/toolchains/beta-2023-04-20-x86_64-unknown-linux-gnu/lib/rustlib/x86_64-unknown-linux-gnu/bin:/opt/rustwide/cargo-home/bin:/usr/local/sbin:/usr/local/bin:/usr/sbin:/usr/bin:/sbin:/bin" VSLANG="1033" "cc" "-m64" "/tmp/rustcZl1Gkh/symbols.o" "/tmp/rustdoctestqEU3rf/rust_out.rust_out.c38b68ff-cgu.0.rcgu.o" "/tmp/rustdoctestqEU3rf/rust_out.38a7fyhsvjn6z0qy.rcgu.o" "-Wl,--as-needed" "-L" "/opt/rustwide/target/debug/deps" "-L" "/opt/rustwide/target/debug/deps" "-L" "/opt/rustwide/target/debug/build/ring-c693d58b3ba93099/out" "-L" "/opt/rustwide/rustup-home/toolchains/beta-2023-04-20-x86_64-unknown-linux-gnu/lib/rustlib/x86_64-unknown-linux-gnu/lib" "-Wl,-Bstatic" "/opt/rustwide/target/debug/deps/libtuf-01ffffcda6797818.rlib" "/opt/rustwide/target/debug/deps/libitoa-d0264c8ce1ce890b.rlib" "/opt/rustwide/target/debug/deps/libserde_json-b5e71561e7b61e90.rlib" "/opt/rustwide/target/debug/deps/libryu-b5fa14faef1dcf3b.rlib" "/opt/rustwide/target/debug/deps/liburl-d94be37c9a9a891b.rlib" "/opt/rustwide/target/debug/deps/libidna-03b9880e1a6c6c5a.rlib" "/opt/rustwide/target/debug/deps/libunicode_normalization-b37b8c0875a4acb3.rlib" "/opt/rustwide/target/debug/deps/libtinyvec-7b8097d45487fe96.rlib" "/opt/rustwide/target/debug/deps/libtinyvec_macros-ece230c108b3ca46.rlib" "/opt/rustwide/target/debug/deps/libunicode_bidi-ea0067a9d9ceb7ae.rlib" "/opt/rustwide/target/debug/deps/libform_urlencoded-c6dce5f233f9dc81.rlib" "/opt/rustwide/target/debug/deps/libpercent_encoding-4a77b5e8a25d80c2.rlib" "/opt/rustwide/target/debug/deps/libhyper-00012bbaced94084.rlib" "/opt/rustwide/target/debug/deps/libwant-751c04441b3dc539.rlib" "/opt/rustwide/target/debug/deps/libtry_lock-bcd858d644546236.rlib" "/opt/rustwide/target/debug/deps/libhttparse-463bd4a7f2c72ba2.rlib" "/opt/rustwide/target/debug/deps/libtower_service-6e0b9a8ac2b0d4d0.rlib" "/opt/rustwide/target/debug/deps/libtracing-a41c580693de99d0.rlib" "/opt/rustwide/target/debug/deps/libtracing_core-420c8912b6569db3.rlib" "/opt/rustwide/target/debug/deps/libfutures_channel-acb98243b66235f2.rlib" "/opt/rustwide/target/debug/deps/libhttp_body-4061b89499f36d44.rlib" "/opt/rustwide/target/debug/deps/libtokio-6f208aaa5bd66d6a.rlib" "/opt/rustwide/target/debug/deps/libsocket2-39b1842383d42aa0.rlib" "/opt/rustwide/target/debug/deps/libmio-2907aacf1230e8aa.rlib" "/opt/rustwide/target/debug/deps/libhttp-df05c4d3a64fcb1b.rlib" "/opt/rustwide/target/debug/deps/libitoa-ef51536650fd4ae2.rlib" "/opt/rustwide/target/debug/deps/libbytes-ae855e71327d1b48.rlib" "/opt/rustwide/target/debug/deps/libfnv-bb690c336855f248.rlib" "/opt/rustwide/target/debug/deps/libtempfile-b06fb91602bd2a03.rlib" "/opt/rustwide/target/debug/deps/libfastrand-19bc70a04681f194.rlib" "/opt/rustwide/target/debug/deps/librustix-d3c8218548598281.rlib" "/opt/rustwide/target/debug/deps/libio_lifetimes-ec91b88ce4f71eb2.rlib" "/opt/rustwide/target/debug/deps/libbitflags-610a73087f46ba3b.rlib" "/opt/rustwide/target/debug/deps/liblinux_raw_sys-ae447dc89f521c6b.rlib" "/opt/rustwide/target/debug/deps/libthiserror-e817b96a5301fe18.rlib" "/opt/rustwide/target/debug/deps/libring-dcc6161ee43337dd.rlib" "/opt/rustwide/target/debug/deps/libspin-0ce7eed86e654be1.rlib" "/opt/rustwide/target/debug/deps/libonce_cell-4515fa40a5ce4b0c.rlib" "/opt/rustwide/target/debug/deps/libfutures_util-d3520791a7af5324.rlib" "/opt/rustwide/target/debug/deps/libmemchr-f4ebff342237ab92.rlib" "/opt/rustwide/target/debug/deps/libslab-7f8e952f3c0ab3c4.rlib" "/opt/rustwide/target/debug/deps/libpin_project_lite-3a747526c5b5aadd.rlib" "/opt/rustwide/target/debug/deps/libfutures_task-34a0ee1d6c1607f4.rlib" "/opt/rustwide/target/debug/deps/libpin_utils-501725f4e360d46d.rlib" "/opt/rustwide/target/debug/deps/libfutures_core-050353bf31b2de78.rlib" "/opt/rustwide/target/debug/deps/libderp-297a866cef89186d.rlib" "/opt/rustwide/target/debug/deps/libuntrusted-299fbcd347deffe0.rlib" "/opt/rustwide/target/debug/deps/libdata_encoding-90df24cfc1a721e9.rlib" "/opt/rustwide/target/debug/deps/liblog-6f3e788ba8b980aa.rlib" "/opt/rustwide/target/debug/deps/libcfg_if-97437e183f3ae6e4.rlib" "/opt/rustwide/target/debug/deps/libfutures_io-d85037e34bc73c7b.rlib" "/opt/rustwide/target/debug/deps/libchrono-6f2782cfc78aaad8.rlib" "/opt/rustwide/target/debug/deps/libiana_time_zone-29119b9b08c3b17e.rlib" "/opt/rustwide/target/debug/deps/libnum_integer-3ba3560339fcf9fe.rlib" "/opt/rustwide/target/debug/deps/libnum_traits-368984609aea6d60.rlib" "/opt/rustwide/target/debug/deps/libserde-b7cd1e3418b5c001.rlib" "/opt/rustwide/target/debug/deps/libtime-6740a0ff2cb80298.rlib" "/opt/rustwide/target/debug/deps/liblibc-e9a0eb2ed2cb9a0f.rlib" "/opt/rustwide/rustup-home/toolchains/beta-2023-04-20-x86_64-unknown-linux-gnu/lib/rustlib/x86_64-unknown-linux-gnu/lib/libstd-0e29cc23c5e02021.rlib" "/opt/rustwide/rustup-home/toolchains/beta-2023-04-20-x86_64-unknown-linux-gnu/lib/rustlib/x86_64-unknown-linux-gnu/lib/libpanic_unwind-d903621768a861d9.rlib" "/opt/rustwide/rustup-home/toolchains/beta-2023-04-20-x86_64-unknown-linux-gnu/lib/rustlib/x86_64-unknown-linux-gnu/lib/libobject-6d0225e655f31c13.rlib" "/opt/rustwide/rustup-home/toolchains/beta-2023-04-20-x86_64-unknown-linux-gnu/lib/rustlib/x86_64-unknown-linux-gnu/lib/libmemchr-9dbaf4eac7eaa079.rlib" "/opt/rustwide/rustup-home/toolchains/beta-2023-04-20-x86_64-unknown-linux-gnu/lib/rustlib/x86_64-unknown-linux-gnu/lib/libaddr2line-27f05b3d42a66dd0.rlib" "/opt/rustwide/rustup-home/toolchains/beta-2023-04-20-x86_64-unknown-linux-gnu/lib/rustlib/x86_64-unknown-linux-gnu/lib/libgimli-4d73f1030321c9a2.rlib" "/opt/rustwide/rustup-home/toolchains/beta-2023-04-20-x86_64-unknown-linux-gnu/lib/rustlib/x86_64-unknown-linux-gnu/lib/librustc_demangle-2846c9e58abd0acb.rlib" "/opt/rustwide/rustup-home/toolchains/beta-2023-04-20-x86_64-unknown-linux-gnu/lib/rustlib/x86_64-unknown-linux-gnu/lib/libstd_detect-a53d0f50415947be.rlib" "/opt/rustwide/rustup-home/toolchains/beta-2023-04-20-x86_64-unknown-linux-gnu/lib/rustlib/x86_64-unknown-linux-gnu/lib/libhashbrown-d48e4b6abc25b9dc.rlib" "/opt/rustwide/rustup-home/toolchains/beta-2023-04-20-x86_64-unknown-linux-gnu/lib/rustlib/x86_64-unknown-linux-gnu/lib/libminiz_oxide-2991859439ef1207.rlib" "/opt/rustwide/rustup-home/toolchains/beta-2023-04-20-x86_64-unknown-linux-gnu/lib/rustlib/x86_64-unknown-linux-gnu/lib/libadler-8a687517e4221bae.rlib" "/opt/rustwide/rustup-home/toolchains/beta-2023-04-20-x86_64-unknown-linux-gnu/lib/rustlib/x86_64-unknown-linux-gnu/lib/librustc_std_workspace_alloc-e07b554f6a67f5b3.rlib" "/opt/rustwide/rustup-home/toolchains/beta-2023-04-20-x86_64-unknown-linux-gnu/lib/rustlib/x86_64-unknown-linux-gnu/lib/libunwind-b68238b7c3c619dd.rlib" "/opt/rustwide/rustup-home/toolchains/beta-2023-04-20-x86_64-unknown-linux-gnu/lib/rustlib/x86_64-unknown-linux-gnu/lib/libcfg_if-d5e213e896c017e4.rlib" "/opt/rustwide/rustup-home/toolchains/beta-2023-04-20-x86_64-unknown-linux-gnu/lib/rustlib/x86_64-unknown-linux-gnu/lib/liblibc-0211a3b2e61d8689.rlib" "/opt/rustwide/rustup-home/toolchains/beta-2023-04-20-x86_64-unknown-linux-gnu/lib/rustlib/x86_64-unknown-linux-gnu/lib/liballoc-b371f055239ba51f.rlib" "/opt/rustwide/rustup-home/toolchains/beta-2023-04-20-x86_64-unknown-linux-gnu/lib/rustlib/x86_64-unknown-linux-gnu/lib/librustc_std_workspace_core-e60518d2760eb01e.rlib" "/opt/rustwide/rustup-home/toolchains/beta-2023-04-20-x86_64-unknown-linux-gnu/lib/rustlib/x86_64-unknown-linux-gnu/lib/libcore-1ad943f92a4b1081.rlib" "/opt/rustwide/rustup-home/toolchains/beta-2023-04-20-x86_64-unknown-linux-gnu/lib/rustlib/x86_64-unknown-linux-gnu/lib/libcompiler_builtins-f0d6e4d0fc1e80b4.rlib" "-Wl,-Bdynamic" "-lgcc_s" "-lutil" "-lrt" "-lpthread" "-lm" "-ldl" "-lc" "-Wl,--eh-frame-hdr" "-Wl,-z,noexecstack" "-L" "/opt/rustwide/rustup-home/toolchains/beta-2023-04-20-x86_64-unknown-linux-gnu/lib/rustlib/x86_64-unknown-linux-gnu/lib" "-o" "/tmp/rustdoctestqEU3rf/rust_out" "-Wl,--gc-sections" "-pie" "-Wl,-z,relro,-z,now" "-nodefaultlibs"
[INFO] [stdout]   = note: collect2: fatal error: ld terminated with signal 9 [Killed]
[INFO] [stdout]           compilation terminated.
[INFO] [stdout]           
[INFO] [stdout] 
[INFO] [stdout] error: aborting due to previous error
[INFO] [stdout] 
[INFO] [stdout] Couldn't compile the test.
[INFO] [stdout] ---- src/repo_builder.rs - repo_builder::RepoBuilder<'a,D,R,Root>::create (line 381) stdout ----
[INFO] [stdout] Couldn't compile the test.
[INFO] [stdout] ---- src/client.rs - client::Config (line 1187) stdout ----
[INFO] [stdout] error: linking with `cc` failed: exit status: 1
[INFO] [stdout]   |
[INFO] [stdout]   = note: LC_ALL="C" PATH="/opt/rustwide/rustup-home/toolchains/beta-2023-04-20-x86_64-unknown-linux-gnu/lib/rustlib/x86_64-unknown-linux-gnu/bin:/opt/rustwide/cargo-home/bin:/usr/local/sbin:/usr/local/bin:/usr/sbin:/usr/bin:/sbin:/bin" VSLANG="1033" "cc" "-m64" "/tmp/rustcOEr3xt/symbols.o" "/tmp/rustdoctestikf54h/rust_out.rust_out.c38b68ff-cgu.0.rcgu.o" "/tmp/rustdoctestikf54h/rust_out.38a7fyhsvjn6z0qy.rcgu.o" "-Wl,--as-needed" "-L" "/opt/rustwide/target/debug/deps" "-L" "/opt/rustwide/target/debug/deps" "-L" "/opt/rustwide/target/debug/build/ring-c693d58b3ba93099/out" "-L" "/opt/rustwide/rustup-home/toolchains/beta-2023-04-20-x86_64-unknown-linux-gnu/lib/rustlib/x86_64-unknown-linux-gnu/lib" "-Wl,-Bstatic" "/opt/rustwide/target/debug/deps/libtuf-01ffffcda6797818.rlib" "/opt/rustwide/target/debug/deps/libitoa-d0264c8ce1ce890b.rlib" "/opt/rustwide/target/debug/deps/libserde_json-b5e71561e7b61e90.rlib" "/opt/rustwide/target/debug/deps/libryu-b5fa14faef1dcf3b.rlib" "/opt/rustwide/target/debug/deps/liburl-d94be37c9a9a891b.rlib" "/opt/rustwide/target/debug/deps/libidna-03b9880e1a6c6c5a.rlib" "/opt/rustwide/target/debug/deps/libunicode_normalization-b37b8c0875a4acb3.rlib" "/opt/rustwide/target/debug/deps/libtinyvec-7b8097d45487fe96.rlib" "/opt/rustwide/target/debug/deps/libtinyvec_macros-ece230c108b3ca46.rlib" "/opt/rustwide/target/debug/deps/libunicode_bidi-ea0067a9d9ceb7ae.rlib" "/opt/rustwide/target/debug/deps/libform_urlencoded-c6dce5f233f9dc81.rlib" "/opt/rustwide/target/debug/deps/libpercent_encoding-4a77b5e8a25d80c2.rlib" "/opt/rustwide/target/debug/deps/libhyper-00012bbaced94084.rlib" "/opt/rustwide/target/debug/deps/libwant-751c04441b3dc539.rlib" "/opt/rustwide/target/debug/deps/libtry_lock-bcd858d644546236.rlib" "/opt/rustwide/target/debug/deps/libhttparse-463bd4a7f2c72ba2.rlib" "/opt/rustwide/target/debug/deps/libtower_service-6e0b9a8ac2b0d4d0.rlib" "/opt/rustwide/target/debug/deps/libtracing-a41c580693de99d0.rlib" "/opt/rustwide/target/debug/deps/libtracing_core-420c8912b6569db3.rlib" "/opt/rustwide/target/debug/deps/libfutures_channel-acb98243b66235f2.rlib" "/opt/rustwide/target/debug/deps/libhttp_body-4061b89499f36d44.rlib" "/opt/rustwide/target/debug/deps/libtokio-6f208aaa5bd66d6a.rlib" "/opt/rustwide/target/debug/deps/libsocket2-39b1842383d42aa0.rlib" "/opt/rustwide/target/debug/deps/libmio-2907aacf1230e8aa.rlib" "/opt/rustwide/target/debug/deps/libhttp-df05c4d3a64fcb1b.rlib" "/opt/rustwide/target/debug/deps/libitoa-ef51536650fd4ae2.rlib" "/opt/rustwide/target/debug/deps/libbytes-ae855e71327d1b48.rlib" "/opt/rustwide/target/debug/deps/libfnv-bb690c336855f248.rlib" "/opt/rustwide/target/debug/deps/libtempfile-b06fb91602bd2a03.rlib" "/opt/rustwide/target/debug/deps/libfastrand-19bc70a04681f194.rlib" "/opt/rustwide/target/debug/deps/librustix-d3c8218548598281.rlib" "/opt/rustwide/target/debug/deps/libio_lifetimes-ec91b88ce4f71eb2.rlib" "/opt/rustwide/target/debug/deps/libbitflags-610a73087f46ba3b.rlib" "/opt/rustwide/target/debug/deps/liblinux_raw_sys-ae447dc89f521c6b.rlib" "/opt/rustwide/target/debug/deps/libthiserror-e817b96a5301fe18.rlib" "/opt/rustwide/target/debug/deps/libring-dcc6161ee43337dd.rlib" "/opt/rustwide/target/debug/deps/libspin-0ce7eed86e654be1.rlib" "/opt/rustwide/target/debug/deps/libonce_cell-4515fa40a5ce4b0c.rlib" "/opt/rustwide/target/debug/deps/libfutures_util-d3520791a7af5324.rlib" "/opt/rustwide/target/debug/deps/libmemchr-f4ebff342237ab92.rlib" "/opt/rustwide/target/debug/deps/libslab-7f8e952f3c0ab3c4.rlib" "/opt/rustwide/target/debug/deps/libpin_project_lite-3a747526c5b5aadd.rlib" "/opt/rustwide/target/debug/deps/libfutures_task-34a0ee1d6c1607f4.rlib" "/opt/rustwide/target/debug/deps/libpin_utils-501725f4e360d46d.rlib" "/opt/rustwide/target/debug/deps/libfutures_core-050353bf31b2de78.rlib" "/opt/rustwide/target/debug/deps/libderp-297a866cef89186d.rlib" "/opt/rustwide/target/debug/deps/libuntrusted-299fbcd347deffe0.rlib" "/opt/rustwide/target/debug/deps/libdata_encoding-90df24cfc1a721e9.rlib" "/opt/rustwide/target/debug/deps/liblog-6f3e788ba8b980aa.rlib" "/opt/rustwide/target/debug/deps/libcfg_if-97437e183f3ae6e4.rlib" "/opt/rustwide/target/debug/deps/libfutures_io-d85037e34bc73c7b.rlib" "/opt/rustwide/target/debug/deps/libchrono-6f2782cfc78aaad8.rlib" "/opt/rustwide/target/debug/deps/libiana_time_zone-29119b9b08c3b17e.rlib" "/opt/rustwide/target/debug/deps/libnum_integer-3ba3560339fcf9fe.rlib" "/opt/rustwide/target/debug/deps/libnum_traits-368984609aea6d60.rlib" "/opt/rustwide/target/debug/deps/libserde-b7cd1e3418b5c001.rlib" "/opt/rustwide/target/debug/deps/libtime-6740a0ff2cb80298.rlib" "/opt/rustwide/target/debug/deps/liblibc-e9a0eb2ed2cb9a0f.rlib" "/opt/rustwide/rustup-home/toolchains/beta-2023-04-20-x86_64-unknown-linux-gnu/lib/rustlib/x86_64-unknown-linux-gnu/lib/libstd-0e29cc23c5e02021.rlib" "/opt/rustwide/rustup-home/toolchains/beta-2023-04-20-x86_64-unknown-linux-gnu/lib/rustlib/x86_64-unknown-linux-gnu/lib/libpanic_unwind-d903621768a861d9.rlib" "/opt/rustwide/rustup-home/toolchains/beta-2023-04-20-x86_64-unknown-linux-gnu/lib/rustlib/x86_64-unknown-linux-gnu/lib/libobject-6d0225e655f31c13.rlib" "/opt/rustwide/rustup-home/toolchains/beta-2023-04-20-x86_64-unknown-linux-gnu/lib/rustlib/x86_64-unknown-linux-gnu/lib/libmemchr-9dbaf4eac7eaa079.rlib" "/opt/rustwide/rustup-home/toolchains/beta-2023-04-20-x86_64-unknown-linux-gnu/lib/rustlib/x86_64-unknown-linux-gnu/lib/libaddr2line-27f05b3d42a66dd0.rlib" "/opt/rustwide/rustup-home/toolchains/beta-2023-04-20-x86_64-unknown-linux-gnu/lib/rustlib/x86_64-unknown-linux-gnu/lib/libgimli-4d73f1030321c9a2.rlib" "/opt/rustwide/rustup-home/toolchains/beta-2023-04-20-x86_64-unknown-linux-gnu/lib/rustlib/x86_64-unknown-linux-gnu/lib/librustc_demangle-2846c9e58abd0acb.rlib" "/opt/rustwide/rustup-home/toolchains/beta-2023-04-20-x86_64-unknown-linux-gnu/lib/rustlib/x86_64-unknown-linux-gnu/lib/libstd_detect-a53d0f50415947be.rlib" "/opt/rustwide/rustup-home/toolchains/beta-2023-04-20-x86_64-unknown-linux-gnu/lib/rustlib/x86_64-unknown-linux-gnu/lib/libhashbrown-d48e4b6abc25b9dc.rlib" "/opt/rustwide/rustup-home/toolchains/beta-2023-04-20-x86_64-unknown-linux-gnu/lib/rustlib/x86_64-unknown-linux-gnu/lib/libminiz_oxide-2991859439ef1207.rlib" "/opt/rustwide/rustup-home/toolchains/beta-2023-04-20-x86_64-unknown-linux-gnu/lib/rustlib/x86_64-unknown-linux-gnu/lib/libadler-8a687517e4221bae.rlib" "/opt/rustwide/rustup-home/toolchains/beta-2023-04-20-x86_64-unknown-linux-gnu/lib/rustlib/x86_64-unknown-linux-gnu/lib/librustc_std_workspace_alloc-e07b554f6a67f5b3.rlib" "/opt/rustwide/rustup-home/toolchains/beta-2023-04-20-x86_64-unknown-linux-gnu/lib/rustlib/x86_64-unknown-linux-gnu/lib/libunwind-b68238b7c3c619dd.rlib" "/opt/rustwide/rustup-home/toolchains/beta-2023-04-20-x86_64-unknown-linux-gnu/lib/rustlib/x86_64-unknown-linux-gnu/lib/libcfg_if-d5e213e896c017e4.rlib" "/opt/rustwide/rustup-home/toolchains/beta-2023-04-20-x86_64-unknown-linux-gnu/lib/rustlib/x86_64-unknown-linux-gnu/lib/liblibc-0211a3b2e61d8689.rlib" "/opt/rustwide/rustup-home/toolchains/beta-2023-04-20-x86_64-unknown-linux-gnu/lib/rustlib/x86_64-unknown-linux-gnu/lib/liballoc-b371f055239ba51f.rlib" "/opt/rustwide/rustup-home/toolchains/beta-2023-04-20-x86_64-unknown-linux-gnu/lib/rustlib/x86_64-unknown-linux-gnu/lib/librustc_std_workspace_core-e60518d2760eb01e.rlib" "/opt/rustwide/rustup-home/toolchains/beta-2023-04-20-x86_64-unknown-linux-gnu/lib/rustlib/x86_64-unknown-linux-gnu/lib/libcore-1ad943f92a4b1081.rlib" "/opt/rustwide/rustup-home/toolchains/beta-2023-04-20-x86_64-unknown-linux-gnu/lib/rustlib/x86_64-unknown-linux-gnu/lib/libcompiler_builtins-f0d6e4d0fc1e80b4.rlib" "-Wl,-Bdynamic" "-lgcc_s" "-lutil" "-lrt" "-lpthread" "-lm" "-ldl" "-lc" "-Wl,--eh-frame-hdr" "-Wl,-z,noexecstack" "-L" "/opt/rustwide/rustup-home/toolchains/beta-2023-04-20-x86_64-unknown-linux-gnu/lib/rustlib/x86_64-unknown-linux-gnu/lib" "-o" "/tmp/rustdoctestikf54h/rust_out" "-Wl,--gc-sections" "-pie" "-Wl,-z,relro,-z,now" "-nodefaultlibs"
[INFO] [stdout]   = note: collect2: fatal error: ld terminated with signal 9 [Killed]
[INFO] [stdout]           compilation terminated.
[INFO] [stdout]           
[INFO] [stderr] error: doctest failed, to rerun pass `--doc`
[INFO] [stdout] 
[INFO] [stdout] error: aborting due to previous error
[INFO] [stdout] 
[INFO] [stdout] Couldn't compile the test.
[INFO] [stdout] ---- src/pouf/pouf1/mod.rs - pouf::pouf1::Pouf1::from_slice (line 252) stdout ----
[INFO] [stdout] Couldn't compile the test.
[INFO] [stdout] ---- src/metadata.rs - metadata::SignedMetadata<D,M>::new (line 459) stdout ----
[INFO] [stdout] error: linking with `cc` failed: exit status: 1
[INFO] [stdout]   |
[INFO] [stdout]   = note: LC_ALL="C" PATH="/opt/rustwide/rustup-home/toolchains/beta-2023-04-20-x86_64-unknown-linux-gnu/lib/rustlib/x86_64-unknown-linux-gnu/bin:/opt/rustwide/cargo-home/bin:/usr/local/sbin:/usr/local/bin:/usr/sbin:/usr/bin:/sbin:/bin" VSLANG="1033" "cc" "-m64" "/tmp/rustcZ19IRN/symbols.o" "/tmp/rustdoctestRg0403/rust_out.rust_out.c38b68ff-cgu.0.rcgu.o" "/tmp/rustdoctestRg0403/rust_out.38a7fyhsvjn6z0qy.rcgu.o" "-Wl,--as-needed" "-L" "/opt/rustwide/target/debug/deps" "-L" "/opt/rustwide/target/debug/deps" "-L" "/opt/rustwide/target/debug/build/ring-c693d58b3ba93099/out" "-L" "/opt/rustwide/rustup-home/toolchains/beta-2023-04-20-x86_64-unknown-linux-gnu/lib/rustlib/x86_64-unknown-linux-gnu/lib" "-Wl,-Bstatic" "/opt/rustwide/target/debug/deps/libtuf-01ffffcda6797818.rlib" "/opt/rustwide/target/debug/deps/libitoa-d0264c8ce1ce890b.rlib" "/opt/rustwide/target/debug/deps/libserde_json-b5e71561e7b61e90.rlib" "/opt/rustwide/target/debug/deps/libryu-b5fa14faef1dcf3b.rlib" "/opt/rustwide/target/debug/deps/liburl-d94be37c9a9a891b.rlib" "/opt/rustwide/target/debug/deps/libidna-03b9880e1a6c6c5a.rlib" "/opt/rustwide/target/debug/deps/libunicode_normalization-b37b8c0875a4acb3.rlib" "/opt/rustwide/target/debug/deps/libtinyvec-7b8097d45487fe96.rlib" "/opt/rustwide/target/debug/deps/libtinyvec_macros-ece230c108b3ca46.rlib" "/opt/rustwide/target/debug/deps/libunicode_bidi-ea0067a9d9ceb7ae.rlib" "/opt/rustwide/target/debug/deps/libform_urlencoded-c6dce5f233f9dc81.rlib" "/opt/rustwide/target/debug/deps/libpercent_encoding-4a77b5e8a25d80c2.rlib" "/opt/rustwide/target/debug/deps/libhyper-00012bbaced94084.rlib" "/opt/rustwide/target/debug/deps/libwant-751c04441b3dc539.rlib" "/opt/rustwide/target/debug/deps/libtry_lock-bcd858d644546236.rlib" "/opt/rustwide/target/debug/deps/libhttparse-463bd4a7f2c72ba2.rlib" "/opt/rustwide/target/debug/deps/libtower_service-6e0b9a8ac2b0d4d0.rlib" "/opt/rustwide/target/debug/deps/libtracing-a41c580693de99d0.rlib" "/opt/rustwide/target/debug/deps/libtracing_core-420c8912b6569db3.rlib" "/opt/rustwide/target/debug/deps/libfutures_channel-acb98243b66235f2.rlib" "/opt/rustwide/target/debug/deps/libhttp_body-4061b89499f36d44.rlib" "/opt/rustwide/target/debug/deps/libtokio-6f208aaa5bd66d6a.rlib" "/opt/rustwide/target/debug/deps/libsocket2-39b1842383d42aa0.rlib" "/opt/rustwide/target/debug/deps/libmio-2907aacf1230e8aa.rlib" "/opt/rustwide/target/debug/deps/libhttp-df05c4d3a64fcb1b.rlib" "/opt/rustwide/target/debug/deps/libitoa-ef51536650fd4ae2.rlib" "/opt/rustwide/target/debug/deps/libbytes-ae855e71327d1b48.rlib" "/opt/rustwide/target/debug/deps/libfnv-bb690c336855f248.rlib" "/opt/rustwide/target/debug/deps/libtempfile-b06fb91602bd2a03.rlib" "/opt/rustwide/target/debug/deps/libfastrand-19bc70a04681f194.rlib" "/opt/rustwide/target/debug/deps/librustix-d3c8218548598281.rlib" "/opt/rustwide/target/debug/deps/libio_lifetimes-ec91b88ce4f71eb2.rlib" "/opt/rustwide/target/debug/deps/libbitflags-610a73087f46ba3b.rlib" "/opt/rustwide/target/debug/deps/liblinux_raw_sys-ae447dc89f521c6b.rlib" "/opt/rustwide/target/debug/deps/libthiserror-e817b96a5301fe18.rlib" "/opt/rustwide/target/debug/deps/libring-dcc6161ee43337dd.rlib" "/opt/rustwide/target/debug/deps/libspin-0ce7eed86e654be1.rlib" "/opt/rustwide/target/debug/deps/libonce_cell-4515fa40a5ce4b0c.rlib" "/opt/rustwide/target/debug/deps/libfutures_util-d3520791a7af5324.rlib" "/opt/rustwide/target/debug/deps/libmemchr-f4ebff342237ab92.rlib" "/opt/rustwide/target/debug/deps/libslab-7f8e952f3c0ab3c4.rlib" "/opt/rustwide/target/debug/deps/libpin_project_lite-3a747526c5b5aadd.rlib" "/opt/rustwide/target/debug/deps/libfutures_task-34a0ee1d6c1607f4.rlib" "/opt/rustwide/target/debug/deps/libpin_utils-501725f4e360d46d.rlib" "/opt/rustwide/target/debug/deps/libfutures_core-050353bf31b2de78.rlib" "/opt/rustwide/target/debug/deps/libderp-297a866cef89186d.rlib" "/opt/rustwide/target/debug/deps/libuntrusted-299fbcd347deffe0.rlib" "/opt/rustwide/target/debug/deps/libdata_encoding-90df24cfc1a721e9.rlib" "/opt/rustwide/target/debug/deps/liblog-6f3e788ba8b980aa.rlib" "/opt/rustwide/target/debug/deps/libcfg_if-97437e183f3ae6e4.rlib" "/opt/rustwide/target/debug/deps/libfutures_io-d85037e34bc73c7b.rlib" "/opt/rustwide/target/debug/deps/libchrono-6f2782cfc78aaad8.rlib" "/opt/rustwide/target/debug/deps/libiana_time_zone-29119b9b08c3b17e.rlib" "/opt/rustwide/target/debug/deps/libnum_integer-3ba3560339fcf9fe.rlib" "/opt/rustwide/target/debug/deps/libnum_traits-368984609aea6d60.rlib" "/opt/rustwide/target/debug/deps/libserde-b7cd1e3418b5c001.rlib" "/opt/rustwide/target/debug/deps/libtime-6740a0ff2cb80298.rlib" "/opt/rustwide/target/debug/deps/liblibc-e9a0eb2ed2cb9a0f.rlib" "/opt/rustwide/rustup-home/toolchains/beta-2023-04-20-x86_64-unknown-linux-gnu/lib/rustlib/x86_64-unknown-linux-gnu/lib/libstd-0e29cc23c5e02021.rlib" "/opt/rustwide/rustup-home/toolchains/beta-2023-04-20-x86_64-unknown-linux-gnu/lib/rustlib/x86_64-unknown-linux-gnu/lib/libpanic_unwind-d903621768a861d9.rlib" "/opt/rustwide/rustup-home/toolchains/beta-2023-04-20-x86_64-unknown-linux-gnu/lib/rustlib/x86_64-unknown-linux-gnu/lib/libobject-6d0225e655f31c13.rlib" "/opt/rustwide/rustup-home/toolchains/beta-2023-04-20-x86_64-unknown-linux-gnu/lib/rustlib/x86_64-unknown-linux-gnu/lib/libmemchr-9dbaf4eac7eaa079.rlib" "/opt/rustwide/rustup-home/toolchains/beta-2023-04-20-x86_64-unknown-linux-gnu/lib/rustlib/x86_64-unknown-linux-gnu/lib/libaddr2line-27f05b3d42a66dd0.rlib" "/opt/rustwide/rustup-home/toolchains/beta-2023-04-20-x86_64-unknown-linux-gnu/lib/rustlib/x86_64-unknown-linux-gnu/lib/libgimli-4d73f1030321c9a2.rlib" "/opt/rustwide/rustup-home/toolchains/beta-2023-04-20-x86_64-unknown-linux-gnu/lib/rustlib/x86_64-unknown-linux-gnu/lib/librustc_demangle-2846c9e58abd0acb.rlib" "/opt/rustwide/rustup-home/toolchains/beta-2023-04-20-x86_64-unknown-linux-gnu/lib/rustlib/x86_64-unknown-linux-gnu/lib/libstd_detect-a53d0f50415947be.rlib" "/opt/rustwide/rustup-home/toolchains/beta-2023-04-20-x86_64-unknown-linux-gnu/lib/rustlib/x86_64-unknown-linux-gnu/lib/libhashbrown-d48e4b6abc25b9dc.rlib" "/opt/rustwide/rustup-home/toolchains/beta-2023-04-20-x86_64-unknown-linux-gnu/lib/rustlib/x86_64-unknown-linux-gnu/lib/libminiz_oxide-2991859439ef1207.rlib" "/opt/rustwide/rustup-home/toolchains/beta-2023-04-20-x86_64-unknown-linux-gnu/lib/rustlib/x86_64-unknown-linux-gnu/lib/libadler-8a687517e4221bae.rlib" "/opt/rustwide/rustup-home/toolchains/beta-2023-04-20-x86_64-unknown-linux-gnu/lib/rustlib/x86_64-unknown-linux-gnu/lib/librustc_std_workspace_alloc-e07b554f6a67f5b3.rlib" "/opt/rustwide/rustup-home/toolchains/beta-2023-04-20-x86_64-unknown-linux-gnu/lib/rustlib/x86_64-unknown-linux-gnu/lib/libunwind-b68238b7c3c619dd.rlib" "/opt/rustwide/rustup-home/toolchains/beta-2023-04-20-x86_64-unknown-linux-gnu/lib/rustlib/x86_64-unknown-linux-gnu/lib/libcfg_if-d5e213e896c017e4.rlib" "/opt/rustwide/rustup-home/toolchains/beta-2023-04-20-x86_64-unknown-linux-gnu/lib/rustlib/x86_64-unknown-linux-gnu/lib/liblibc-0211a3b2e61d8689.rlib" "/opt/rustwide/rustup-home/toolchains/beta-2023-04-20-x86_64-unknown-linux-gnu/lib/rustlib/x86_64-unknown-linux-gnu/lib/liballoc-b371f055239ba51f.rlib" "/opt/rustwide/rustup-home/toolchains/beta-2023-04-20-x86_64-unknown-linux-gnu/lib/rustlib/x86_64-unknown-linux-gnu/lib/librustc_std_workspace_core-e60518d2760eb01e.rlib" "/opt/rustwide/rustup-home/toolchains/beta-2023-04-20-x86_64-unknown-linux-gnu/lib/rustlib/x86_64-unknown-linux-gnu/lib/libcore-1ad943f92a4b1081.rlib" "/opt/rustwide/rustup-home/toolchains/beta-2023-04-20-x86_64-unknown-linux-gnu/lib/rustlib/x86_64-unknown-linux-gnu/lib/libcompiler_builtins-f0d6e4d0fc1e80b4.rlib" "-Wl,-Bdynamic" "-lgcc_s" "-lutil" "-lrt" "-lpthread" "-lm" "-ldl" "-lc" "-Wl,--eh-frame-hdr" "-Wl,-z,noexecstack" "-L" "/opt/rustwide/rustup-home/toolchains/beta-2023-04-20-x86_64-unknown-linux-gnu/lib/rustlib/x86_64-unknown-linux-gnu/lib" "-o" "/tmp/rustdoctestRg0403/rust_out" "-Wl,--gc-sections" "-pie" "-Wl,-z,relro,-z,now" "-nodefaultlibs"
[INFO] [stdout]   = note: collect2: fatal error: ld terminated with signal 9 [Killed]
[INFO] [stdout]           compilation terminated.
[INFO] [stdout]           
[INFO] [stdout] 
[INFO] [stdout] error: aborting due to previous error
[INFO] [stdout] 
[INFO] [stdout] Couldn't compile the test.
[INFO] [stdout] ---- src/metadata.rs - metadata::TargetDescription::from_reader (line 1721) stdout ----
[INFO] [stdout] error: linking with `cc` failed: exit status: 1
[INFO] [stdout]   |
[INFO] [stdout]   = note: LC_ALL="C" PATH="/opt/rustwide/rustup-home/toolchains/beta-2023-04-20-x86_64-unknown-linux-gnu/lib/rustlib/x86_64-unknown-linux-gnu/bin:/opt/rustwide/cargo-home/bin:/usr/local/sbin:/usr/local/bin:/usr/sbin:/usr/bin:/sbin:/bin" VSLANG="1033" "cc" "-m64" "/tmp/rustc3KP3jf/symbols.o" "/tmp/rustdoctestPuZZLW/rust_out.rust_out.c38b68ff-cgu.0.rcgu.o" "/tmp/rustdoctestPuZZLW/rust_out.38a7fyhsvjn6z0qy.rcgu.o" "-Wl,--as-needed" "-L" "/opt/rustwide/target/debug/deps" "-L" "/opt/rustwide/target/debug/deps" "-L" "/opt/rustwide/target/debug/build/ring-c693d58b3ba93099/out" "-L" "/opt/rustwide/rustup-home/toolchains/beta-2023-04-20-x86_64-unknown-linux-gnu/lib/rustlib/x86_64-unknown-linux-gnu/lib" "-Wl,-Bstatic" "/opt/rustwide/target/debug/deps/libfutures_executor-58aca94704f52e15.rlib" "/opt/rustwide/target/debug/deps/libtuf-01ffffcda6797818.rlib" "/opt/rustwide/target/debug/deps/libitoa-d0264c8ce1ce890b.rlib" "/opt/rustwide/target/debug/deps/libserde_json-b5e71561e7b61e90.rlib" "/opt/rustwide/target/debug/deps/libryu-b5fa14faef1dcf3b.rlib" "/opt/rustwide/target/debug/deps/liburl-d94be37c9a9a891b.rlib" "/opt/rustwide/target/debug/deps/libidna-03b9880e1a6c6c5a.rlib" "/opt/rustwide/target/debug/deps/libunicode_normalization-b37b8c0875a4acb3.rlib" "/opt/rustwide/target/debug/deps/libtinyvec-7b8097d45487fe96.rlib" "/opt/rustwide/target/debug/deps/libtinyvec_macros-ece230c108b3ca46.rlib" "/opt/rustwide/target/debug/deps/libunicode_bidi-ea0067a9d9ceb7ae.rlib" "/opt/rustwide/target/debug/deps/libform_urlencoded-c6dce5f233f9dc81.rlib" "/opt/rustwide/target/debug/deps/libpercent_encoding-4a77b5e8a25d80c2.rlib" "/opt/rustwide/target/debug/deps/libhyper-00012bbaced94084.rlib" "/opt/rustwide/target/debug/deps/libwant-751c04441b3dc539.rlib" "/opt/rustwide/target/debug/deps/libtry_lock-bcd858d644546236.rlib" "/opt/rustwide/target/debug/deps/libhttparse-463bd4a7f2c72ba2.rlib" "/opt/rustwide/target/debug/deps/libtower_service-6e0b9a8ac2b0d4d0.rlib" "/opt/rustwide/target/debug/deps/libtracing-a41c580693de99d0.rlib" "/opt/rustwide/target/debug/deps/libtracing_core-420c8912b6569db3.rlib" "/opt/rustwide/target/debug/deps/libfutures_channel-acb98243b66235f2.rlib" "/opt/rustwide/target/debug/deps/libhttp_body-4061b89499f36d44.rlib" "/opt/rustwide/target/debug/deps/libtokio-6f208aaa5bd66d6a.rlib" "/opt/rustwide/target/debug/deps/libsocket2-39b1842383d42aa0.rlib" "/opt/rustwide/target/debug/deps/libmio-2907aacf1230e8aa.rlib" "/opt/rustwide/target/debug/deps/libhttp-df05c4d3a64fcb1b.rlib" "/opt/rustwide/target/debug/deps/libitoa-ef51536650fd4ae2.rlib" "/opt/rustwide/target/debug/deps/libbytes-ae855e71327d1b48.rlib" "/opt/rustwide/target/debug/deps/libfnv-bb690c336855f248.rlib" "/opt/rustwide/target/debug/deps/libtempfile-b06fb91602bd2a03.rlib" "/opt/rustwide/target/debug/deps/libfastrand-19bc70a04681f194.rlib" "/opt/rustwide/target/debug/deps/librustix-d3c8218548598281.rlib" "/opt/rustwide/target/debug/deps/libio_lifetimes-ec91b88ce4f71eb2.rlib" "/opt/rustwide/target/debug/deps/libbitflags-610a73087f46ba3b.rlib" "/opt/rustwide/target/debug/deps/liblinux_raw_sys-ae447dc89f521c6b.rlib" "/opt/rustwide/target/debug/deps/libthiserror-e817b96a5301fe18.rlib" "/opt/rustwide/target/debug/deps/libring-dcc6161ee43337dd.rlib" "/opt/rustwide/target/debug/deps/libspin-0ce7eed86e654be1.rlib" "/opt/rustwide/target/debug/deps/libonce_cell-4515fa40a5ce4b0c.rlib" "/opt/rustwide/target/debug/deps/libfutures_util-d3520791a7af5324.rlib" "/opt/rustwide/target/debug/deps/libmemchr-f4ebff342237ab92.rlib" "/opt/rustwide/target/debug/deps/libslab-7f8e952f3c0ab3c4.rlib" "/opt/rustwide/target/debug/deps/libpin_project_lite-3a747526c5b5aadd.rlib" "/opt/rustwide/target/debug/deps/libfutures_task-34a0ee1d6c1607f4.rlib" "/opt/rustwide/target/debug/deps/libpin_utils-501725f4e360d46d.rlib" "/opt/rustwide/target/debug/deps/libfutures_core-050353bf31b2de78.rlib" "/opt/rustwide/target/debug/deps/libderp-297a866cef89186d.rlib" "/opt/rustwide/target/debug/deps/libuntrusted-299fbcd347deffe0.rlib" "/opt/rustwide/target/debug/deps/libdata_encoding-90df24cfc1a721e9.rlib" "/opt/rustwide/target/debug/deps/liblog-6f3e788ba8b980aa.rlib" "/opt/rustwide/target/debug/deps/libcfg_if-97437e183f3ae6e4.rlib" "/opt/rustwide/target/debug/deps/libfutures_io-d85037e34bc73c7b.rlib" "/opt/rustwide/target/debug/deps/libchrono-6f2782cfc78aaad8.rlib" "/opt/rustwide/target/debug/deps/libiana_time_zone-29119b9b08c3b17e.rlib" "/opt/rustwide/target/debug/deps/libnum_integer-3ba3560339fcf9fe.rlib" "/opt/rustwide/target/debug/deps/libnum_traits-368984609aea6d60.rlib" "/opt/rustwide/target/debug/deps/libserde-b7cd1e3418b5c001.rlib" "/opt/rustwide/target/debug/deps/libtime-6740a0ff2cb80298.rlib" "/opt/rustwide/target/debug/deps/liblibc-e9a0eb2ed2cb9a0f.rlib" "/opt/rustwide/rustup-home/toolchains/beta-2023-04-20-x86_64-unknown-linux-gnu/lib/rustlib/x86_64-unknown-linux-gnu/lib/libstd-0e29cc23c5e02021.rlib" "/opt/rustwide/rustup-home/toolchains/beta-2023-04-20-x86_64-unknown-linux-gnu/lib/rustlib/x86_64-unknown-linux-gnu/lib/libpanic_unwind-d903621768a861d9.rlib" "/opt/rustwide/rustup-home/toolchains/beta-2023-04-20-x86_64-unknown-linux-gnu/lib/rustlib/x86_64-unknown-linux-gnu/lib/libobject-6d0225e655f31c13.rlib" "/opt/rustwide/rustup-home/toolchains/beta-2023-04-20-x86_64-unknown-linux-gnu/lib/rustlib/x86_64-unknown-linux-gnu/lib/libmemchr-9dbaf4eac7eaa079.rlib" "/opt/rustwide/rustup-home/toolchains/beta-2023-04-20-x86_64-unknown-linux-gnu/lib/rustlib/x86_64-unknown-linux-gnu/lib/libaddr2line-27f05b3d42a66dd0.rlib" "/opt/rustwide/rustup-home/toolchains/beta-2023-04-20-x86_64-unknown-linux-gnu/lib/rustlib/x86_64-unknown-linux-gnu/lib/libgimli-4d73f1030321c9a2.rlib" "/opt/rustwide/rustup-home/toolchains/beta-2023-04-20-x86_64-unknown-linux-gnu/lib/rustlib/x86_64-unknown-linux-gnu/lib/librustc_demangle-2846c9e58abd0acb.rlib" "/opt/rustwide/rustup-home/toolchains/beta-2023-04-20-x86_64-unknown-linux-gnu/lib/rustlib/x86_64-unknown-linux-gnu/lib/libstd_detect-a53d0f50415947be.rlib" "/opt/rustwide/rustup-home/toolchains/beta-2023-04-20-x86_64-unknown-linux-gnu/lib/rustlib/x86_64-unknown-linux-gnu/lib/libhashbrown-d48e4b6abc25b9dc.rlib" "/opt/rustwide/rustup-home/toolchains/beta-2023-04-20-x86_64-unknown-linux-gnu/lib/rustlib/x86_64-unknown-linux-gnu/lib/libminiz_oxide-2991859439ef1207.rlib" "/opt/rustwide/rustup-home/toolchains/beta-2023-04-20-x86_64-unknown-linux-gnu/lib/rustlib/x86_64-unknown-linux-gnu/lib/libadler-8a687517e4221bae.rlib" "/opt/rustwide/rustup-home/toolchains/beta-2023-04-20-x86_64-unknown-linux-gnu/lib/rustlib/x86_64-unknown-linux-gnu/lib/librustc_std_workspace_alloc-e07b554f6a67f5b3.rlib" "/opt/rustwide/rustup-home/toolchains/beta-2023-04-20-x86_64-unknown-linux-gnu/lib/rustlib/x86_64-unknown-linux-gnu/lib/libunwind-b68238b7c3c619dd.rlib" "/opt/rustwide/rustup-home/toolchains/beta-2023-04-20-x86_64-unknown-linux-gnu/lib/rustlib/x86_64-unknown-linux-gnu/lib/libcfg_if-d5e213e896c017e4.rlib" "/opt/rustwide/rustup-home/toolchains/beta-2023-04-20-x86_64-unknown-linux-gnu/lib/rustlib/x86_64-unknown-linux-gnu/lib/liblibc-0211a3b2e61d8689.rlib" "/opt/rustwide/rustup-home/toolchains/beta-2023-04-20-x86_64-unknown-linux-gnu/lib/rustlib/x86_64-unknown-linux-gnu/lib/liballoc-b371f055239ba51f.rlib" "/opt/rustwide/rustup-home/toolchains/beta-2023-04-20-x86_64-unknown-linux-gnu/lib/rustlib/x86_64-unknown-linux-gnu/lib/librustc_std_workspace_core-e60518d2760eb01e.rlib" "/opt/rustwide/rustup-home/toolchains/beta-2023-04-20-x86_64-unknown-linux-gnu/lib/rustlib/x86_64-unknown-linux-gnu/lib/libcore-1ad943f92a4b1081.rlib" "/opt/rustwide/rustup-home/toolchains/beta-2023-04-20-x86_64-unknown-linux-gnu/lib/rustlib/x86_64-unknown-linux-gnu/lib/libcompiler_builtins-f0d6e4d0fc1e80b4.rlib" "-Wl,-Bdynamic" "-lgcc_s" "-lutil" "-lrt" "-lpthread" "-lm" "-ldl" "-lc" "-Wl,--eh-frame-hdr" "-Wl,-z,noexecstack" "-L" "/opt/rustwide/rustup-home/toolchains/beta-2023-04-20-x86_64-unknown-linux-gnu/lib/rustlib/x86_64-unknown-linux-gnu/lib" "-o" "/tmp/rustdoctestPuZZLW/rust_out" "-Wl,--gc-sections" "-pie" "-Wl,-z,relro,-z,now" "-nodefaultlibs"
[INFO] [stdout]   = note: collect2: fatal error: ld terminated with signal 9 [Killed]
[INFO] [stdout]           compilation terminated.
[INFO] [stdout]           
[INFO] [stdout] 
[INFO] [stdout] error: aborting due to previous error
[INFO] [stdout] 
[INFO] [stdout] Couldn't compile the test.
[INFO] [stdout] ---- src/repo_builder.rs - repo_builder::RepoBuilder<'a,D,R,Root>::from_database (line 445) stdout ----
[INFO] [stdout] Couldn't compile the test.
[INFO] [stdout] ---- src/verify.rs - verify::verify_signatures (line 36) stdout ----
[INFO] [stdout] Couldn't compile the test.
[INFO] [stdout] ---- src/metadata.rs - metadata::TargetDescription::from_reader_with_custom (line 1757) stdout ----
[INFO] [stdout] error: linking with `cc` failed: exit status: 1
[INFO] [stdout]   |
[INFO] [stdout]   = note: LC_ALL="C" PATH="/opt/rustwide/rustup-home/toolchains/beta-2023-04-20-x86_64-unknown-linux-gnu/lib/rustlib/x86_64-unknown-linux-gnu/bin:/opt/rustwide/cargo-home/bin:/usr/local/sbin:/usr/local/bin:/usr/sbin:/usr/bin:/sbin:/bin" VSLANG="1033" "cc" "-m64" "/tmp/rustcggQ9e1/symbols.o" "/tmp/rustdoctestb8d4JR/rust_out.rust_out.c38b68ff-cgu.0.rcgu.o" "/tmp/rustdoctestb8d4JR/rust_out.38a7fyhsvjn6z0qy.rcgu.o" "-Wl,--as-needed" "-L" "/opt/rustwide/target/debug/deps" "-L" "/opt/rustwide/target/debug/deps" "-L" "/opt/rustwide/target/debug/build/ring-c693d58b3ba93099/out" "-L" "/opt/rustwide/rustup-home/toolchains/beta-2023-04-20-x86_64-unknown-linux-gnu/lib/rustlib/x86_64-unknown-linux-gnu/lib" "-Wl,-Bstatic" "/opt/rustwide/target/debug/deps/libfutures_executor-58aca94704f52e15.rlib" "/opt/rustwide/target/debug/deps/libtuf-01ffffcda6797818.rlib" "/opt/rustwide/target/debug/deps/libitoa-d0264c8ce1ce890b.rlib" "/opt/rustwide/target/debug/deps/libserde_json-b5e71561e7b61e90.rlib" "/opt/rustwide/target/debug/deps/libryu-b5fa14faef1dcf3b.rlib" "/opt/rustwide/target/debug/deps/liburl-d94be37c9a9a891b.rlib" "/opt/rustwide/target/debug/deps/libidna-03b9880e1a6c6c5a.rlib" "/opt/rustwide/target/debug/deps/libunicode_normalization-b37b8c0875a4acb3.rlib" "/opt/rustwide/target/debug/deps/libtinyvec-7b8097d45487fe96.rlib" "/opt/rustwide/target/debug/deps/libtinyvec_macros-ece230c108b3ca46.rlib" "/opt/rustwide/target/debug/deps/libunicode_bidi-ea0067a9d9ceb7ae.rlib" "/opt/rustwide/target/debug/deps/libform_urlencoded-c6dce5f233f9dc81.rlib" "/opt/rustwide/target/debug/deps/libpercent_encoding-4a77b5e8a25d80c2.rlib" "/opt/rustwide/target/debug/deps/libhyper-00012bbaced94084.rlib" "/opt/rustwide/target/debug/deps/libwant-751c04441b3dc539.rlib" "/opt/rustwide/target/debug/deps/libtry_lock-bcd858d644546236.rlib" "/opt/rustwide/target/debug/deps/libhttparse-463bd4a7f2c72ba2.rlib" "/opt/rustwide/target/debug/deps/libtower_service-6e0b9a8ac2b0d4d0.rlib" "/opt/rustwide/target/debug/deps/libtracing-a41c580693de99d0.rlib" "/opt/rustwide/target/debug/deps/libtracing_core-420c8912b6569db3.rlib" "/opt/rustwide/target/debug/deps/libfutures_channel-acb98243b66235f2.rlib" "/opt/rustwide/target/debug/deps/libhttp_body-4061b89499f36d44.rlib" "/opt/rustwide/target/debug/deps/libtokio-6f208aaa5bd66d6a.rlib" "/opt/rustwide/target/debug/deps/libsocket2-39b1842383d42aa0.rlib" "/opt/rustwide/target/debug/deps/libmio-2907aacf1230e8aa.rlib" "/opt/rustwide/target/debug/deps/libhttp-df05c4d3a64fcb1b.rlib" "/opt/rustwide/target/debug/deps/libitoa-ef51536650fd4ae2.rlib" "/opt/rustwide/target/debug/deps/libbytes-ae855e71327d1b48.rlib" "/opt/rustwide/target/debug/deps/libfnv-bb690c336855f248.rlib" "/opt/rustwide/target/debug/deps/libtempfile-b06fb91602bd2a03.rlib" "/opt/rustwide/target/debug/deps/libfastrand-19bc70a04681f194.rlib" "/opt/rustwide/target/debug/deps/librustix-d3c8218548598281.rlib" "/opt/rustwide/target/debug/deps/libio_lifetimes-ec91b88ce4f71eb2.rlib" "/opt/rustwide/target/debug/deps/libbitflags-610a73087f46ba3b.rlib" "/opt/rustwide/target/debug/deps/liblinux_raw_sys-ae447dc89f521c6b.rlib" "/opt/rustwide/target/debug/deps/libthiserror-e817b96a5301fe18.rlib" "/opt/rustwide/target/debug/deps/libring-dcc6161ee43337dd.rlib" "/opt/rustwide/target/debug/deps/libspin-0ce7eed86e654be1.rlib" "/opt/rustwide/target/debug/deps/libonce_cell-4515fa40a5ce4b0c.rlib" "/opt/rustwide/target/debug/deps/libfutures_util-d3520791a7af5324.rlib" "/opt/rustwide/target/debug/deps/libmemchr-f4ebff342237ab92.rlib" "/opt/rustwide/target/debug/deps/libslab-7f8e952f3c0ab3c4.rlib" "/opt/rustwide/target/debug/deps/libpin_project_lite-3a747526c5b5aadd.rlib" "/opt/rustwide/target/debug/deps/libfutures_task-34a0ee1d6c1607f4.rlib" "/opt/rustwide/target/debug/deps/libpin_utils-501725f4e360d46d.rlib" "/opt/rustwide/target/debug/deps/libfutures_core-050353bf31b2de78.rlib" "/opt/rustwide/target/debug/deps/libderp-297a866cef89186d.rlib" "/opt/rustwide/target/debug/deps/libuntrusted-299fbcd347deffe0.rlib" "/opt/rustwide/target/debug/deps/libdata_encoding-90df24cfc1a721e9.rlib" "/opt/rustwide/target/debug/deps/liblog-6f3e788ba8b980aa.rlib" "/opt/rustwide/target/debug/deps/libcfg_if-97437e183f3ae6e4.rlib" "/opt/rustwide/target/debug/deps/libfutures_io-d85037e34bc73c7b.rlib" "/opt/rustwide/target/debug/deps/libchrono-6f2782cfc78aaad8.rlib" "/opt/rustwide/target/debug/deps/libiana_time_zone-29119b9b08c3b17e.rlib" "/opt/rustwide/target/debug/deps/libnum_integer-3ba3560339fcf9fe.rlib" "/opt/rustwide/target/debug/deps/libnum_traits-368984609aea6d60.rlib" "/opt/rustwide/target/debug/deps/libserde-b7cd1e3418b5c001.rlib" "/opt/rustwide/target/debug/deps/libtime-6740a0ff2cb80298.rlib" "/opt/rustwide/target/debug/deps/liblibc-e9a0eb2ed2cb9a0f.rlib" "/opt/rustwide/rustup-home/toolchains/beta-2023-04-20-x86_64-unknown-linux-gnu/lib/rustlib/x86_64-unknown-linux-gnu/lib/libstd-0e29cc23c5e02021.rlib" "/opt/rustwide/rustup-home/toolchains/beta-2023-04-20-x86_64-unknown-linux-gnu/lib/rustlib/x86_64-unknown-linux-gnu/lib/libpanic_unwind-d903621768a861d9.rlib" "/opt/rustwide/rustup-home/toolchains/beta-2023-04-20-x86_64-unknown-linux-gnu/lib/rustlib/x86_64-unknown-linux-gnu/lib/libobject-6d0225e655f31c13.rlib" "/opt/rustwide/rustup-home/toolchains/beta-2023-04-20-x86_64-unknown-linux-gnu/lib/rustlib/x86_64-unknown-linux-gnu/lib/libmemchr-9dbaf4eac7eaa079.rlib" "/opt/rustwide/rustup-home/toolchains/beta-2023-04-20-x86_64-unknown-linux-gnu/lib/rustlib/x86_64-unknown-linux-gnu/lib/libaddr2line-27f05b3d42a66dd0.rlib" "/opt/rustwide/rustup-home/toolchains/beta-2023-04-20-x86_64-unknown-linux-gnu/lib/rustlib/x86_64-unknown-linux-gnu/lib/libgimli-4d73f1030321c9a2.rlib" "/opt/rustwide/rustup-home/toolchains/beta-2023-04-20-x86_64-unknown-linux-gnu/lib/rustlib/x86_64-unknown-linux-gnu/lib/librustc_demangle-2846c9e58abd0acb.rlib" "/opt/rustwide/rustup-home/toolchains/beta-2023-04-20-x86_64-unknown-linux-gnu/lib/rustlib/x86_64-unknown-linux-gnu/lib/libstd_detect-a53d0f50415947be.rlib" "/opt/rustwide/rustup-home/toolchains/beta-2023-04-20-x86_64-unknown-linux-gnu/lib/rustlib/x86_64-unknown-linux-gnu/lib/libhashbrown-d48e4b6abc25b9dc.rlib" "/opt/rustwide/rustup-home/toolchains/beta-2023-04-20-x86_64-unknown-linux-gnu/lib/rustlib/x86_64-unknown-linux-gnu/lib/libminiz_oxide-2991859439ef1207.rlib" "/opt/rustwide/rustup-home/toolchains/beta-2023-04-20-x86_64-unknown-linux-gnu/lib/rustlib/x86_64-unknown-linux-gnu/lib/libadler-8a687517e4221bae.rlib" "/opt/rustwide/rustup-home/toolchains/beta-2023-04-20-x86_64-unknown-linux-gnu/lib/rustlib/x86_64-unknown-linux-gnu/lib/librustc_std_workspace_alloc-e07b554f6a67f5b3.rlib" "/opt/rustwide/rustup-home/toolchains/beta-2023-04-20-x86_64-unknown-linux-gnu/lib/rustlib/x86_64-unknown-linux-gnu/lib/libunwind-b68238b7c3c619dd.rlib" "/opt/rustwide/rustup-home/toolchains/beta-2023-04-20-x86_64-unknown-linux-gnu/lib/rustlib/x86_64-unknown-linux-gnu/lib/libcfg_if-d5e213e896c017e4.rlib" "/opt/rustwide/rustup-home/toolchains/beta-2023-04-20-x86_64-unknown-linux-gnu/lib/rustlib/x86_64-unknown-linux-gnu/lib/liblibc-0211a3b2e61d8689.rlib" "/opt/rustwide/rustup-home/toolchains/beta-2023-04-20-x86_64-unknown-linux-gnu/lib/rustlib/x86_64-unknown-linux-gnu/lib/liballoc-b371f055239ba51f.rlib" "/opt/rustwide/rustup-home/toolchains/beta-2023-04-20-x86_64-unknown-linux-gnu/lib/rustlib/x86_64-unknown-linux-gnu/lib/librustc_std_workspace_core-e60518d2760eb01e.rlib" "/opt/rustwide/rustup-home/toolchains/beta-2023-04-20-x86_64-unknown-linux-gnu/lib/rustlib/x86_64-unknown-linux-gnu/lib/libcore-1ad943f92a4b1081.rlib" "/opt/rustwide/rustup-home/toolchains/beta-2023-04-20-x86_64-unknown-linux-gnu/lib/rustlib/x86_64-unknown-linux-gnu/lib/libcompiler_builtins-f0d6e4d0fc1e80b4.rlib" "-Wl,-Bdynamic" "-lgcc_s" "-lutil" "-lrt" "-lpthread" "-lm" "-ldl" "-lc" "-Wl,--eh-frame-hdr" "-Wl,-z,noexecstack" "-L" "/opt/rustwide/rustup-home/toolchains/beta-2023-04-20-x86_64-unknown-linux-gnu/lib/rustlib/x86_64-unknown-linux-gnu/lib" "-o" "/tmp/rustdoctestb8d4JR/rust_out" "-Wl,--gc-sections" "-pie" "-Wl,-z,relro,-z,now" "-nodefaultlibs"
[INFO] [stdout]   = note: collect2: fatal error: ld terminated with signal 9 [Killed]
[INFO] [stdout]           compilation terminated.
[INFO] [stdout]           
[INFO] [stdout] 
[INFO] [stdout] error: aborting due to previous error
[INFO] [stdout] 
[INFO] [stdout] Couldn't compile the test.
[INFO] [stdout] ---- src/metadata.rs - metadata::TargetPath::components (line 1510) stdout ----
[INFO] [stdout] error: linking with `cc` failed: exit status: 1
[INFO] [stdout]   |
[INFO] [stdout]   = note: LC_ALL="C" PATH="/opt/rustwide/rustup-home/toolchains/beta-2023-04-20-x86_64-unknown-linux-gnu/lib/rustlib/x86_64-unknown-linux-gnu/bin:/opt/rustwide/cargo-home/bin:/usr/local/sbin:/usr/local/bin:/usr/sbin:/usr/bin:/sbin:/bin" VSLANG="1033" "cc" "-m64" "/tmp/rustc0UTjoN/symbols.o" "/tmp/rustdoctesti8y1FP/rust_out.rust_out.c38b68ff-cgu.0.rcgu.o" "/tmp/rustdoctesti8y1FP/rust_out.38a7fyhsvjn6z0qy.rcgu.o" "-Wl,--as-needed" "-L" "/opt/rustwide/target/debug/deps" "-L" "/opt/rustwide/target/debug/deps" "-L" "/opt/rustwide/target/debug/build/ring-c693d58b3ba93099/out" "-L" "/opt/rustwide/rustup-home/toolchains/beta-2023-04-20-x86_64-unknown-linux-gnu/lib/rustlib/x86_64-unknown-linux-gnu/lib" "-Wl,-Bstatic" "/opt/rustwide/target/debug/deps/libtuf-01ffffcda6797818.rlib" "/opt/rustwide/target/debug/deps/libitoa-d0264c8ce1ce890b.rlib" "/opt/rustwide/target/debug/deps/libserde_json-b5e71561e7b61e90.rlib" "/opt/rustwide/target/debug/deps/libryu-b5fa14faef1dcf3b.rlib" "/opt/rustwide/target/debug/deps/liburl-d94be37c9a9a891b.rlib" "/opt/rustwide/target/debug/deps/libidna-03b9880e1a6c6c5a.rlib" "/opt/rustwide/target/debug/deps/libunicode_normalization-b37b8c0875a4acb3.rlib" "/opt/rustwide/target/debug/deps/libtinyvec-7b8097d45487fe96.rlib" "/opt/rustwide/target/debug/deps/libtinyvec_macros-ece230c108b3ca46.rlib" "/opt/rustwide/target/debug/deps/libunicode_bidi-ea0067a9d9ceb7ae.rlib" "/opt/rustwide/target/debug/deps/libform_urlencoded-c6dce5f233f9dc81.rlib" "/opt/rustwide/target/debug/deps/libpercent_encoding-4a77b5e8a25d80c2.rlib" "/opt/rustwide/target/debug/deps/libhyper-00012bbaced94084.rlib" "/opt/rustwide/target/debug/deps/libwant-751c04441b3dc539.rlib" "/opt/rustwide/target/debug/deps/libtry_lock-bcd858d644546236.rlib" "/opt/rustwide/target/debug/deps/libhttparse-463bd4a7f2c72ba2.rlib" "/opt/rustwide/target/debug/deps/libtower_service-6e0b9a8ac2b0d4d0.rlib" "/opt/rustwide/target/debug/deps/libtracing-a41c580693de99d0.rlib" "/opt/rustwide/target/debug/deps/libtracing_core-420c8912b6569db3.rlib" "/opt/rustwide/target/debug/deps/libfutures_channel-acb98243b66235f2.rlib" "/opt/rustwide/target/debug/deps/libhttp_body-4061b89499f36d44.rlib" "/opt/rustwide/target/debug/deps/libtokio-6f208aaa5bd66d6a.rlib" "/opt/rustwide/target/debug/deps/libsocket2-39b1842383d42aa0.rlib" "/opt/rustwide/target/debug/deps/libmio-2907aacf1230e8aa.rlib" "/opt/rustwide/target/debug/deps/libhttp-df05c4d3a64fcb1b.rlib" "/opt/rustwide/target/debug/deps/libitoa-ef51536650fd4ae2.rlib" "/opt/rustwide/target/debug/deps/libbytes-ae855e71327d1b48.rlib" "/opt/rustwide/target/debug/deps/libfnv-bb690c336855f248.rlib" "/opt/rustwide/target/debug/deps/libtempfile-b06fb91602bd2a03.rlib" "/opt/rustwide/target/debug/deps/libfastrand-19bc70a04681f194.rlib" "/opt/rustwide/target/debug/deps/librustix-d3c8218548598281.rlib" "/opt/rustwide/target/debug/deps/libio_lifetimes-ec91b88ce4f71eb2.rlib" "/opt/rustwide/target/debug/deps/libbitflags-610a73087f46ba3b.rlib" "/opt/rustwide/target/debug/deps/liblinux_raw_sys-ae447dc89f521c6b.rlib" "/opt/rustwide/target/debug/deps/libthiserror-e817b96a5301fe18.rlib" "/opt/rustwide/target/debug/deps/libring-dcc6161ee43337dd.rlib" "/opt/rustwide/target/debug/deps/libspin-0ce7eed86e654be1.rlib" "/opt/rustwide/target/debug/deps/libonce_cell-4515fa40a5ce4b0c.rlib" "/opt/rustwide/target/debug/deps/libfutures_util-d3520791a7af5324.rlib" "/opt/rustwide/target/debug/deps/libmemchr-f4ebff342237ab92.rlib" "/opt/rustwide/target/debug/deps/libslab-7f8e952f3c0ab3c4.rlib" "/opt/rustwide/target/debug/deps/libpin_project_lite-3a747526c5b5aadd.rlib" "/opt/rustwide/target/debug/deps/libfutures_task-34a0ee1d6c1607f4.rlib" "/opt/rustwide/target/debug/deps/libpin_utils-501725f4e360d46d.rlib" "/opt/rustwide/target/debug/deps/libfutures_core-050353bf31b2de78.rlib" "/opt/rustwide/target/debug/deps/libderp-297a866cef89186d.rlib" "/opt/rustwide/target/debug/deps/libuntrusted-299fbcd347deffe0.rlib" "/opt/rustwide/target/debug/deps/libdata_encoding-90df24cfc1a721e9.rlib" "/opt/rustwide/target/debug/deps/liblog-6f3e788ba8b980aa.rlib" "/opt/rustwide/target/debug/deps/libcfg_if-97437e183f3ae6e4.rlib" "/opt/rustwide/target/debug/deps/libfutures_io-d85037e34bc73c7b.rlib" "/opt/rustwide/target/debug/deps/libchrono-6f2782cfc78aaad8.rlib" "/opt/rustwide/target/debug/deps/libiana_time_zone-29119b9b08c3b17e.rlib" "/opt/rustwide/target/debug/deps/libnum_integer-3ba3560339fcf9fe.rlib" "/opt/rustwide/target/debug/deps/libnum_traits-368984609aea6d60.rlib" "/opt/rustwide/target/debug/deps/libserde-b7cd1e3418b5c001.rlib" "/opt/rustwide/target/debug/deps/libtime-6740a0ff2cb80298.rlib" "/opt/rustwide/target/debug/deps/liblibc-e9a0eb2ed2cb9a0f.rlib" "/opt/rustwide/rustup-home/toolchains/beta-2023-04-20-x86_64-unknown-linux-gnu/lib/rustlib/x86_64-unknown-linux-gnu/lib/libstd-0e29cc23c5e02021.rlib" "/opt/rustwide/rustup-home/toolchains/beta-2023-04-20-x86_64-unknown-linux-gnu/lib/rustlib/x86_64-unknown-linux-gnu/lib/libpanic_unwind-d903621768a861d9.rlib" "/opt/rustwide/rustup-home/toolchains/beta-2023-04-20-x86_64-unknown-linux-gnu/lib/rustlib/x86_64-unknown-linux-gnu/lib/libobject-6d0225e655f31c13.rlib" "/opt/rustwide/rustup-home/toolchains/beta-2023-04-20-x86_64-unknown-linux-gnu/lib/rustlib/x86_64-unknown-linux-gnu/lib/libmemchr-9dbaf4eac7eaa079.rlib" "/opt/rustwide/rustup-home/toolchains/beta-2023-04-20-x86_64-unknown-linux-gnu/lib/rustlib/x86_64-unknown-linux-gnu/lib/libaddr2line-27f05b3d42a66dd0.rlib" "/opt/rustwide/rustup-home/toolchains/beta-2023-04-20-x86_64-unknown-linux-gnu/lib/rustlib/x86_64-unknown-linux-gnu/lib/libgimli-4d73f1030321c9a2.rlib" "/opt/rustwide/rustup-home/toolchains/beta-2023-04-20-x86_64-unknown-linux-gnu/lib/rustlib/x86_64-unknown-linux-gnu/lib/librustc_demangle-2846c9e58abd0acb.rlib" "/opt/rustwide/rustup-home/toolchains/beta-2023-04-20-x86_64-unknown-linux-gnu/lib/rustlib/x86_64-unknown-linux-gnu/lib/libstd_detect-a53d0f50415947be.rlib" "/opt/rustwide/rustup-home/toolchains/beta-2023-04-20-x86_64-unknown-linux-gnu/lib/rustlib/x86_64-unknown-linux-gnu/lib/libhashbrown-d48e4b6abc25b9dc.rlib" "/opt/rustwide/rustup-home/toolchains/beta-2023-04-20-x86_64-unknown-linux-gnu/lib/rustlib/x86_64-unknown-linux-gnu/lib/libminiz_oxide-2991859439ef1207.rlib" "/opt/rustwide/rustup-home/toolchains/beta-2023-04-20-x86_64-unknown-linux-gnu/lib/rustlib/x86_64-unknown-linux-gnu/lib/libadler-8a687517e4221bae.rlib" "/opt/rustwide/rustup-home/toolchains/beta-2023-04-20-x86_64-unknown-linux-gnu/lib/rustlib/x86_64-unknown-linux-gnu/lib/librustc_std_workspace_alloc-e07b554f6a67f5b3.rlib" "/opt/rustwide/rustup-home/toolchains/beta-2023-04-20-x86_64-unknown-linux-gnu/lib/rustlib/x86_64-unknown-linux-gnu/lib/libunwind-b68238b7c3c619dd.rlib" "/opt/rustwide/rustup-home/toolchains/beta-2023-04-20-x86_64-unknown-linux-gnu/lib/rustlib/x86_64-unknown-linux-gnu/lib/libcfg_if-d5e213e896c017e4.rlib" "/opt/rustwide/rustup-home/toolchains/beta-2023-04-20-x86_64-unknown-linux-gnu/lib/rustlib/x86_64-unknown-linux-gnu/lib/liblibc-0211a3b2e61d8689.rlib" "/opt/rustwide/rustup-home/toolchains/beta-2023-04-20-x86_64-unknown-linux-gnu/lib/rustlib/x86_64-unknown-linux-gnu/lib/liballoc-b371f055239ba51f.rlib" "/opt/rustwide/rustup-home/toolchains/beta-2023-04-20-x86_64-unknown-linux-gnu/lib/rustlib/x86_64-unknown-linux-gnu/lib/librustc_std_workspace_core-e60518d2760eb01e.rlib" "/opt/rustwide/rustup-home/toolchains/beta-2023-04-20-x86_64-unknown-linux-gnu/lib/rustlib/x86_64-unknown-linux-gnu/lib/libcore-1ad943f92a4b1081.rlib" "/opt/rustwide/rustup-home/toolchains/beta-2023-04-20-x86_64-unknown-linux-gnu/lib/rustlib/x86_64-unknown-linux-gnu/lib/libcompiler_builtins-f0d6e4d0fc1e80b4.rlib" "-Wl,-Bdynamic" "-lgcc_s" "-lutil" "-lrt" "-lpthread" "-lm" "-ldl" "-lc" "-Wl,--eh-frame-hdr" "-Wl,-z,noexecstack" "-L" "/opt/rustwide/rustup-home/toolchains/beta-2023-04-20-x86_64-unknown-linux-gnu/lib/rustlib/x86_64-unknown-linux-gnu/lib" "-o" "/tmp/rustdoctesti8y1FP/rust_out" "-Wl,--gc-sections" "-pie" "-Wl,-z,relro,-z,now" "-nodefaultlibs"
[INFO] [stdout]   = note: collect2: fatal error: ld terminated with signal 9 [Killed]
[INFO] [stdout]           compilation terminated.
[INFO] [stdout]           
[INFO] [stdout] 
[INFO] [stdout] error: aborting due to previous error
[INFO] [stdout] 
[INFO] [stdout] Couldn't compile the test.
[INFO] [stdout] ---- src/metadata.rs - metadata::TargetDescription::from_slice (line 1646) stdout ----
[INFO] [stdout] error: linking with `cc` failed: exit status: 1
[INFO] [stdout]   |
[INFO] [stdout]   = note: LC_ALL="C" PATH="/opt/rustwide/rustup-home/toolchains/beta-2023-04-20-x86_64-unknown-linux-gnu/lib/rustlib/x86_64-unknown-linux-gnu/bin:/opt/rustwide/cargo-home/bin:/usr/local/sbin:/usr/local/bin:/usr/sbin:/usr/bin:/sbin:/bin" VSLANG="1033" "cc" "-m64" "/tmp/rustcwUalXZ/symbols.o" "/tmp/rustdoctest3zrNGY/rust_out.rust_out.c38b68ff-cgu.0.rcgu.o" "/tmp/rustdoctest3zrNGY/rust_out.38a7fyhsvjn6z0qy.rcgu.o" "-Wl,--as-needed" "-L" "/opt/rustwide/target/debug/deps" "-L" "/opt/rustwide/target/debug/deps" "-L" "/opt/rustwide/target/debug/build/ring-c693d58b3ba93099/out" "-L" "/opt/rustwide/rustup-home/toolchains/beta-2023-04-20-x86_64-unknown-linux-gnu/lib/rustlib/x86_64-unknown-linux-gnu/lib" "-Wl,-Bstatic" "/opt/rustwide/target/debug/deps/libtuf-01ffffcda6797818.rlib" "/opt/rustwide/target/debug/deps/libitoa-d0264c8ce1ce890b.rlib" "/opt/rustwide/target/debug/deps/libserde_json-b5e71561e7b61e90.rlib" "/opt/rustwide/target/debug/deps/libryu-b5fa14faef1dcf3b.rlib" "/opt/rustwide/target/debug/deps/liburl-d94be37c9a9a891b.rlib" "/opt/rustwide/target/debug/deps/libidna-03b9880e1a6c6c5a.rlib" "/opt/rustwide/target/debug/deps/libunicode_normalization-b37b8c0875a4acb3.rlib" "/opt/rustwide/target/debug/deps/libtinyvec-7b8097d45487fe96.rlib" "/opt/rustwide/target/debug/deps/libtinyvec_macros-ece230c108b3ca46.rlib" "/opt/rustwide/target/debug/deps/libunicode_bidi-ea0067a9d9ceb7ae.rlib" "/opt/rustwide/target/debug/deps/libform_urlencoded-c6dce5f233f9dc81.rlib" "/opt/rustwide/target/debug/deps/libpercent_encoding-4a77b5e8a25d80c2.rlib" "/opt/rustwide/target/debug/deps/libhyper-00012bbaced94084.rlib" "/opt/rustwide/target/debug/deps/libwant-751c04441b3dc539.rlib" "/opt/rustwide/target/debug/deps/libtry_lock-bcd858d644546236.rlib" "/opt/rustwide/target/debug/deps/libhttparse-463bd4a7f2c72ba2.rlib" "/opt/rustwide/target/debug/deps/libtower_service-6e0b9a8ac2b0d4d0.rlib" "/opt/rustwide/target/debug/deps/libtracing-a41c580693de99d0.rlib" "/opt/rustwide/target/debug/deps/libtracing_core-420c8912b6569db3.rlib" "/opt/rustwide/target/debug/deps/libfutures_channel-acb98243b66235f2.rlib" "/opt/rustwide/target/debug/deps/libhttp_body-4061b89499f36d44.rlib" "/opt/rustwide/target/debug/deps/libtokio-6f208aaa5bd66d6a.rlib" "/opt/rustwide/target/debug/deps/libsocket2-39b1842383d42aa0.rlib" "/opt/rustwide/target/debug/deps/libmio-2907aacf1230e8aa.rlib" "/opt/rustwide/target/debug/deps/libhttp-df05c4d3a64fcb1b.rlib" "/opt/rustwide/target/debug/deps/libitoa-ef51536650fd4ae2.rlib" "/opt/rustwide/target/debug/deps/libbytes-ae855e71327d1b48.rlib" "/opt/rustwide/target/debug/deps/libfnv-bb690c336855f248.rlib" "/opt/rustwide/target/debug/deps/libtempfile-b06fb91602bd2a03.rlib" "/opt/rustwide/target/debug/deps/libfastrand-19bc70a04681f194.rlib" "/opt/rustwide/target/debug/deps/librustix-d3c8218548598281.rlib" "/opt/rustwide/target/debug/deps/libio_lifetimes-ec91b88ce4f71eb2.rlib" "/opt/rustwide/target/debug/deps/libbitflags-610a73087f46ba3b.rlib" "/opt/rustwide/target/debug/deps/liblinux_raw_sys-ae447dc89f521c6b.rlib" "/opt/rustwide/target/debug/deps/libthiserror-e817b96a5301fe18.rlib" "/opt/rustwide/target/debug/deps/libring-dcc6161ee43337dd.rlib" "/opt/rustwide/target/debug/deps/libspin-0ce7eed86e654be1.rlib" "/opt/rustwide/target/debug/deps/libonce_cell-4515fa40a5ce4b0c.rlib" "/opt/rustwide/target/debug/deps/libfutures_util-d3520791a7af5324.rlib" "/opt/rustwide/target/debug/deps/libmemchr-f4ebff342237ab92.rlib" "/opt/rustwide/target/debug/deps/libslab-7f8e952f3c0ab3c4.rlib" "/opt/rustwide/target/debug/deps/libpin_project_lite-3a747526c5b5aadd.rlib" "/opt/rustwide/target/debug/deps/libfutures_task-34a0ee1d6c1607f4.rlib" "/opt/rustwide/target/debug/deps/libpin_utils-501725f4e360d46d.rlib" "/opt/rustwide/target/debug/deps/libfutures_core-050353bf31b2de78.rlib" "/opt/rustwide/target/debug/deps/libderp-297a866cef89186d.rlib" "/opt/rustwide/target/debug/deps/libuntrusted-299fbcd347deffe0.rlib" "/opt/rustwide/target/debug/deps/libdata_encoding-90df24cfc1a721e9.rlib" "/opt/rustwide/target/debug/deps/liblog-6f3e788ba8b980aa.rlib" "/opt/rustwide/target/debug/deps/libcfg_if-97437e183f3ae6e4.rlib" "/opt/rustwide/target/debug/deps/libfutures_io-d85037e34bc73c7b.rlib" "/opt/rustwide/target/debug/deps/libchrono-6f2782cfc78aaad8.rlib" "/opt/rustwide/target/debug/deps/libiana_time_zone-29119b9b08c3b17e.rlib" "/opt/rustwide/target/debug/deps/libnum_integer-3ba3560339fcf9fe.rlib" "/opt/rustwide/target/debug/deps/libnum_traits-368984609aea6d60.rlib" "/opt/rustwide/target/debug/deps/libserde-b7cd1e3418b5c001.rlib" "/opt/rustwide/target/debug/deps/libtime-6740a0ff2cb80298.rlib" "/opt/rustwide/target/debug/deps/liblibc-e9a0eb2ed2cb9a0f.rlib" "/opt/rustwide/rustup-home/toolchains/beta-2023-04-20-x86_64-unknown-linux-gnu/lib/rustlib/x86_64-unknown-linux-gnu/lib/libstd-0e29cc23c5e02021.rlib" "/opt/rustwide/rustup-home/toolchains/beta-2023-04-20-x86_64-unknown-linux-gnu/lib/rustlib/x86_64-unknown-linux-gnu/lib/libpanic_unwind-d903621768a861d9.rlib" "/opt/rustwide/rustup-home/toolchains/beta-2023-04-20-x86_64-unknown-linux-gnu/lib/rustlib/x86_64-unknown-linux-gnu/lib/libobject-6d0225e655f31c13.rlib" "/opt/rustwide/rustup-home/toolchains/beta-2023-04-20-x86_64-unknown-linux-gnu/lib/rustlib/x86_64-unknown-linux-gnu/lib/libmemchr-9dbaf4eac7eaa079.rlib" "/opt/rustwide/rustup-home/toolchains/beta-2023-04-20-x86_64-unknown-linux-gnu/lib/rustlib/x86_64-unknown-linux-gnu/lib/libaddr2line-27f05b3d42a66dd0.rlib" "/opt/rustwide/rustup-home/toolchains/beta-2023-04-20-x86_64-unknown-linux-gnu/lib/rustlib/x86_64-unknown-linux-gnu/lib/libgimli-4d73f1030321c9a2.rlib" "/opt/rustwide/rustup-home/toolchains/beta-2023-04-20-x86_64-unknown-linux-gnu/lib/rustlib/x86_64-unknown-linux-gnu/lib/librustc_demangle-2846c9e58abd0acb.rlib" "/opt/rustwide/rustup-home/toolchains/beta-2023-04-20-x86_64-unknown-linux-gnu/lib/rustlib/x86_64-unknown-linux-gnu/lib/libstd_detect-a53d0f50415947be.rlib" "/opt/rustwide/rustup-home/toolchains/beta-2023-04-20-x86_64-unknown-linux-gnu/lib/rustlib/x86_64-unknown-linux-gnu/lib/libhashbrown-d48e4b6abc25b9dc.rlib" "/opt/rustwide/rustup-home/toolchains/beta-2023-04-20-x86_64-unknown-linux-gnu/lib/rustlib/x86_64-unknown-linux-gnu/lib/libminiz_oxide-2991859439ef1207.rlib" "/opt/rustwide/rustup-home/toolchains/beta-2023-04-20-x86_64-unknown-linux-gnu/lib/rustlib/x86_64-unknown-linux-gnu/lib/libadler-8a687517e4221bae.rlib" "/opt/rustwide/rustup-home/toolchains/beta-2023-04-20-x86_64-unknown-linux-gnu/lib/rustlib/x86_64-unknown-linux-gnu/lib/librustc_std_workspace_alloc-e07b554f6a67f5b3.rlib" "/opt/rustwide/rustup-home/toolchains/beta-2023-04-20-x86_64-unknown-linux-gnu/lib/rustlib/x86_64-unknown-linux-gnu/lib/libunwind-b68238b7c3c619dd.rlib" "/opt/rustwide/rustup-home/toolchains/beta-2023-04-20-x86_64-unknown-linux-gnu/lib/rustlib/x86_64-unknown-linux-gnu/lib/libcfg_if-d5e213e896c017e4.rlib" "/opt/rustwide/rustup-home/toolchains/beta-2023-04-20-x86_64-unknown-linux-gnu/lib/rustlib/x86_64-unknown-linux-gnu/lib/liblibc-0211a3b2e61d8689.rlib" "/opt/rustwide/rustup-home/toolchains/beta-2023-04-20-x86_64-unknown-linux-gnu/lib/rustlib/x86_64-unknown-linux-gnu/lib/liballoc-b371f055239ba51f.rlib" "/opt/rustwide/rustup-home/toolchains/beta-2023-04-20-x86_64-unknown-linux-gnu/lib/rustlib/x86_64-unknown-linux-gnu/lib/librustc_std_workspace_core-e60518d2760eb01e.rlib" "/opt/rustwide/rustup-home/toolchains/beta-2023-04-20-x86_64-unknown-linux-gnu/lib/rustlib/x86_64-unknown-linux-gnu/lib/libcore-1ad943f92a4b1081.rlib" "/opt/rustwide/rustup-home/toolchains/beta-2023-04-20-x86_64-unknown-linux-gnu/lib/rustlib/x86_64-unknown-linux-gnu/lib/libcompiler_builtins-f0d6e4d0fc1e80b4.rlib" "-Wl,-Bdynamic" "-lgcc_s" "-lutil" "-lrt" "-lpthread" "-lm" "-ldl" "-lc" "-Wl,--eh-frame-hdr" "-Wl,-z,noexecstack" "-L" "/opt/rustwide/rustup-home/toolchains/beta-2023-04-20-x86_64-unknown-linux-gnu/lib/rustlib/x86_64-unknown-linux-gnu/lib" "-o" "/tmp/rustdoctest3zrNGY/rust_out" "-Wl,--gc-sections" "-pie" "-Wl,-z,relro,-z,now" "-nodefaultlibs"
[INFO] [stdout]   = note: collect2: fatal error: ld terminated with signal 9 [Killed]
[INFO] [stdout]           compilation terminated.
[INFO] [stdout]           
[INFO] [stdout] 
[INFO] [stdout] error: aborting due to previous error
[INFO] [stdout] 
[INFO] [stdout] Couldn't compile the test.
[INFO] [stdout] 
[INFO] [stdout] failures:
[INFO] [stdout]     src/client.rs - client::Client<D,L,R>::with_trusted_local (line 96)
[INFO] [stdout]     src/client.rs - client::Client<D,L,R>::with_trusted_root (line 164)
[INFO] [stdout]     src/client.rs - client::Client<D,L,R>::with_trusted_root_keys (line 226)
[INFO] [stdout]     src/client.rs - client::Config (line 1187)
[INFO] [stdout]     src/metadata.rs - metadata::MetadataPath (line 963)
[INFO] [stdout]     src/metadata.rs - metadata::MetadataPath::new (line 998)
[INFO] [stdout]     src/metadata.rs - metadata::Role::fuzzy_matches_path (line 170)
[INFO] [stdout]     src/metadata.rs - metadata::SignedMetadata<D,M>::new (line 459)
[INFO] [stdout]     src/metadata.rs - metadata::TargetDescription::from_reader (line 1721)
[INFO] [stdout]     src/metadata.rs - metadata::TargetDescription::from_reader_with_custom (line 1757)
[INFO] [stdout]     src/metadata.rs - metadata::TargetDescription::from_slice (line 1646)
[INFO] [stdout]     src/metadata.rs - metadata::TargetDescription::from_slice_with_custom (line 1676)
[INFO] [stdout]     src/metadata.rs - metadata::TargetPath::components (line 1510)
[INFO] [stdout]     src/pouf/pouf1/mod.rs - pouf::pouf1::Pouf1::canonicalize (line 192)
[INFO] [stdout]     src/pouf/pouf1/mod.rs - pouf::pouf1::Pouf1::deserialize (line 204)
[INFO] [stdout]     src/pouf/pouf1/mod.rs - pouf::pouf1::Pouf1::from_slice (line 252)
[INFO] [stdout]     src/repo_builder.rs - repo_builder::RepoBuilder<'a,D,R,Root>::create (line 381)
[INFO] [stdout]     src/repo_builder.rs - repo_builder::RepoBuilder<'a,D,R,Root>::from_database (line 445)
[INFO] [stdout]     src/verify.rs - verify::verify_signatures (line 36)
[INFO] [stdout] 
[INFO] [stdout] test result: FAILED. 9 passed; 19 failed; 0 ignored; 0 measured; 0 filtered out; finished in 4.46s
[INFO] [stdout] 
[INFO] running `Command { std: "docker" "inspect" "e595c624af1921521a65f0c6d832f7dec4c4f802030a31ed07a838de981ce29e", kill_on_drop: false }`
[INFO] running `Command { std: "docker" "rm" "-f" "e595c624af1921521a65f0c6d832f7dec4c4f802030a31ed07a838de981ce29e", kill_on_drop: false }`
[INFO] [stdout] e595c624af1921521a65f0c6d832f7dec4c4f802030a31ed07a838de981ce29e
