[INFO] fetching crate try_wrap_ok 0.1.1...
[INFO] testing try_wrap_ok-0.1.1 against 1.69.0 for beta-1.70-1
[INFO] extracting crate try_wrap_ok 0.1.1 into /workspace/builds/worker-6-tc1/source
[INFO] validating manifest of crates.io crate try_wrap_ok 0.1.1 on toolchain 1.69.0
[INFO] running `Command { std: CARGO_HOME="/workspace/cargo-home" RUSTUP_HOME="/workspace/rustup-home" "/workspace/cargo-home/bin/cargo" "+1.69.0" "metadata" "--manifest-path" "Cargo.toml" "--no-deps", kill_on_drop: false }`
[INFO] started tweaking crates.io crate try_wrap_ok 0.1.1
[INFO] finished tweaking crates.io crate try_wrap_ok 0.1.1
[INFO] tweaked toml for crates.io crate try_wrap_ok 0.1.1 written to /workspace/builds/worker-6-tc1/source/Cargo.toml
[INFO] running `Command { std: CARGO_HOME="/workspace/cargo-home" RUSTUP_HOME="/workspace/rustup-home" __CARGO_TEST_CHANNEL_OVERRIDE_DO_NOT_USE_THIS="nightly" "/workspace/cargo-home/bin/cargo" "+1.69.0" "generate-lockfile" "--manifest-path" "Cargo.toml" "-Zno-index-update", kill_on_drop: false }`
[INFO] running `Command { std: CARGO_HOME="/workspace/cargo-home" RUSTUP_HOME="/workspace/rustup-home" "/workspace/cargo-home/bin/cargo" "+1.69.0" "fetch" "--manifest-path" "Cargo.toml", kill_on_drop: false }`
[INFO] running `Command { std: "docker" "create" "-v" "/var/lib/crater-agent-workspace/builds/worker-6-tc1/target:/opt/rustwide/target:rw,Z" "-v" "/var/lib/crater-agent-workspace/builds/worker-6-tc1/source:/opt/rustwide/workdir:ro,Z" "-v" "/var/lib/crater-agent-workspace/cargo-home:/opt/rustwide/cargo-home:ro,Z" "-v" "/var/lib/crater-agent-workspace/rustup-home:/opt/rustwide/rustup-home:ro,Z" "-e" "SOURCE_DIR=/opt/rustwide/workdir" "-e" "CARGO_TARGET_DIR=/opt/rustwide/target" "-e" "CARGO_HOME=/opt/rustwide/cargo-home" "-e" "RUSTUP_HOME=/opt/rustwide/rustup-home" "-w" "/opt/rustwide/workdir" "-m" "1610612736" "--user" "0:0" "--network" "none" "ghcr.io/rust-lang/crates-build-env/linux@sha256:5ff2268d62e97bff2cde7d5815dd6ed5b47097566f13b8d0ca110b04b60e07ed" "/opt/rustwide/cargo-home/bin/cargo" "+1.69.0" "metadata" "--no-deps" "--format-version=1", kill_on_drop: false }`
[INFO] [stdout] bcc7494f87f5d73fa9887956981bd1a8d107aa239253f15cdf1ede8e9501ee81
[INFO] running `Command { std: "docker" "start" "-a" "bcc7494f87f5d73fa9887956981bd1a8d107aa239253f15cdf1ede8e9501ee81", kill_on_drop: false }`
[INFO] running `Command { std: "docker" "inspect" "bcc7494f87f5d73fa9887956981bd1a8d107aa239253f15cdf1ede8e9501ee81", kill_on_drop: false }`
[INFO] running `Command { std: "docker" "rm" "-f" "bcc7494f87f5d73fa9887956981bd1a8d107aa239253f15cdf1ede8e9501ee81", kill_on_drop: false }`
[INFO] [stdout] bcc7494f87f5d73fa9887956981bd1a8d107aa239253f15cdf1ede8e9501ee81
[INFO] running `Command { std: "docker" "create" "-v" "/var/lib/crater-agent-workspace/builds/worker-6-tc1/target:/opt/rustwide/target:rw,Z" "-v" "/var/lib/crater-agent-workspace/builds/worker-6-tc1/source:/opt/rustwide/workdir:ro,Z" "-v" "/var/lib/crater-agent-workspace/cargo-home:/opt/rustwide/cargo-home:ro,Z" "-v" "/var/lib/crater-agent-workspace/rustup-home:/opt/rustwide/rustup-home:ro,Z" "-e" "SOURCE_DIR=/opt/rustwide/workdir" "-e" "CARGO_TARGET_DIR=/opt/rustwide/target" "-e" "CARGO_INCREMENTAL=0" "-e" "RUST_BACKTRACE=full" "-e" "RUSTFLAGS=--cap-lints=warn" "-e" "RUSTDOCFLAGS=--cap-lints=warn" "-e" "CARGO_HOME=/opt/rustwide/cargo-home" "-e" "RUSTUP_HOME=/opt/rustwide/rustup-home" "-w" "/opt/rustwide/workdir" "-m" "1610612736" "--user" "0:0" "--network" "none" "ghcr.io/rust-lang/crates-build-env/linux@sha256:5ff2268d62e97bff2cde7d5815dd6ed5b47097566f13b8d0ca110b04b60e07ed" "/opt/rustwide/cargo-home/bin/cargo" "+1.69.0" "build" "--frozen" "--message-format=json", kill_on_drop: false }`
[INFO] [stdout] 473add7d856b30ddfbf0c0b3e44e7ef4ff0d995bbf676b95a400588340fc4122
[INFO] running `Command { std: "docker" "start" "-a" "473add7d856b30ddfbf0c0b3e44e7ef4ff0d995bbf676b95a400588340fc4122", kill_on_drop: false }`
[INFO] [stderr]    Compiling try_wrap_ok v0.1.1 (/opt/rustwide/workdir)
[INFO] [stderr]     Finished dev [unoptimized + debuginfo] target(s) in 0.12s
[INFO] running `Command { std: "docker" "inspect" "473add7d856b30ddfbf0c0b3e44e7ef4ff0d995bbf676b95a400588340fc4122", kill_on_drop: false }`
[INFO] running `Command { std: "docker" "rm" "-f" "473add7d856b30ddfbf0c0b3e44e7ef4ff0d995bbf676b95a400588340fc4122", kill_on_drop: false }`
[INFO] [stdout] 473add7d856b30ddfbf0c0b3e44e7ef4ff0d995bbf676b95a400588340fc4122
[INFO] running `Command { std: "docker" "create" "-v" "/var/lib/crater-agent-workspace/builds/worker-6-tc1/target:/opt/rustwide/target:rw,Z" "-v" "/var/lib/crater-agent-workspace/builds/worker-6-tc1/source:/opt/rustwide/workdir:ro,Z" "-v" "/var/lib/crater-agent-workspace/cargo-home:/opt/rustwide/cargo-home:ro,Z" "-v" "/var/lib/crater-agent-workspace/rustup-home:/opt/rustwide/rustup-home:ro,Z" "-e" "SOURCE_DIR=/opt/rustwide/workdir" "-e" "CARGO_TARGET_DIR=/opt/rustwide/target" "-e" "CARGO_INCREMENTAL=0" "-e" "RUST_BACKTRACE=full" "-e" "RUSTFLAGS=--cap-lints=warn" "-e" "RUSTDOCFLAGS=--cap-lints=warn" "-e" "CARGO_HOME=/opt/rustwide/cargo-home" "-e" "RUSTUP_HOME=/opt/rustwide/rustup-home" "-w" "/opt/rustwide/workdir" "-m" "1610612736" "--user" "0:0" "--network" "none" "ghcr.io/rust-lang/crates-build-env/linux@sha256:5ff2268d62e97bff2cde7d5815dd6ed5b47097566f13b8d0ca110b04b60e07ed" "/opt/rustwide/cargo-home/bin/cargo" "+1.69.0" "test" "--frozen" "--no-run" "--message-format=json", kill_on_drop: false }`
[INFO] [stdout] 0a2269b4eca0a64d590f489df46ffe42603966565499903f851ebd6bb627678e
[INFO] running `Command { std: "docker" "start" "-a" "0a2269b4eca0a64d590f489df46ffe42603966565499903f851ebd6bb627678e", kill_on_drop: false }`
[INFO] [stderr]    Compiling try_wrap_ok v0.1.1 (/opt/rustwide/workdir)
[INFO] [stderr]     Finished test [unoptimized + debuginfo] target(s) in 0.35s
[INFO] running `Command { std: "docker" "inspect" "0a2269b4eca0a64d590f489df46ffe42603966565499903f851ebd6bb627678e", kill_on_drop: false }`
[INFO] running `Command { std: "docker" "rm" "-f" "0a2269b4eca0a64d590f489df46ffe42603966565499903f851ebd6bb627678e", kill_on_drop: false }`
[INFO] [stdout] 0a2269b4eca0a64d590f489df46ffe42603966565499903f851ebd6bb627678e
[INFO] running `Command { std: "docker" "create" "-v" "/var/lib/crater-agent-workspace/builds/worker-6-tc1/target:/opt/rustwide/target:rw,Z" "-v" "/var/lib/crater-agent-workspace/builds/worker-6-tc1/source:/opt/rustwide/workdir:ro,Z" "-v" "/var/lib/crater-agent-workspace/cargo-home:/opt/rustwide/cargo-home:ro,Z" "-v" "/var/lib/crater-agent-workspace/rustup-home:/opt/rustwide/rustup-home:ro,Z" "-e" "SOURCE_DIR=/opt/rustwide/workdir" "-e" "CARGO_TARGET_DIR=/opt/rustwide/target" "-e" "CARGO_INCREMENTAL=0" "-e" "RUST_BACKTRACE=full" "-e" "RUSTFLAGS=--cap-lints=warn" "-e" "RUSTDOCFLAGS=--cap-lints=warn" "-e" "CARGO_HOME=/opt/rustwide/cargo-home" "-e" "RUSTUP_HOME=/opt/rustwide/rustup-home" "-w" "/opt/rustwide/workdir" "-m" "1610612736" "--user" "0:0" "--network" "none" "ghcr.io/rust-lang/crates-build-env/linux@sha256:5ff2268d62e97bff2cde7d5815dd6ed5b47097566f13b8d0ca110b04b60e07ed" "/opt/rustwide/cargo-home/bin/cargo" "+1.69.0" "test" "--frozen", kill_on_drop: false }`
[INFO] [stdout] 005d38e3fab0908323305106c35228a4d0b8a9ae59c8a792667369d69507985a
[INFO] running `Command { std: "docker" "start" "-a" "005d38e3fab0908323305106c35228a4d0b8a9ae59c8a792667369d69507985a", kill_on_drop: false }`
[INFO] [stderr]     Finished test [unoptimized + debuginfo] target(s) in 0.01s
[INFO] [stdout] 
[INFO] [stderr]      Running unittests src/lib.rs (/opt/rustwide/target/debug/deps/try_wrap_ok-0064b2910edb77f9)
[INFO] [stdout] running 0 tests
[INFO] [stdout] 
[INFO] [stdout] test result: ok. 0 passed; 0 failed; 0 ignored; 0 measured; 0 filtered out; finished in 0.00s
[INFO] [stdout] 
[INFO] [stderr]    Doc-tests try_wrap_ok
[INFO] [stdout] 
[INFO] [stdout] running 2 tests
[INFO] [stdout] test src/lib.rs - (line 9) ... FAILED
[INFO] [stdout] test src/lib.rs - try_wrap_ok (line 22) ... FAILED
[INFO] [stdout] 
[INFO] [stdout] failures:
[INFO] [stdout] 
[INFO] [stdout] ---- src/lib.rs - (line 9) stdout ----
[INFO] [stdout] error: free function without a body
[INFO] [stdout]  --> src/lib.rs:15:1
[INFO] [stdout]   |
[INFO] [stdout] 9 | fn validate_input_with_database(input: Input) -> Result<Result<ValidatedInput, InvalidInputError>, DatabaseError>;
[INFO] [stdout]   | ^^^^^^^^^^^^^^^^^^^^^^^^^^^^^^^^^^^^^^^^^^^^^^^^^^^^^^^^^^^^^^^^^^^^^^^^^^^^^^^^^^^^^^^^^^^^^^^^^^^^^^^^^^^^^^^^^-
[INFO] [stdout]   |                                                                                                                  |
[INFO] [stdout]   |                                                                                                                  help: provide a definition for the function: `{ <body> }`
[INFO] [stdout] 
[INFO] [stdout] error: cannot find macro `try_wrap_ok` in this scope
[INFO] [stdout]  --> src/lib.rs:11:43
[INFO] [stdout]   |
[INFO] [stdout] 5 |     let validated_input: ValidatedInput = try_wrap_ok!(validate_input_with_database(input)?);
[INFO] [stdout]   |                                           ^^^^^^^^^^^
[INFO] [stdout]   |
[INFO] [stdout]   = help: consider importing this macro:
[INFO] [stdout]           try_wrap_ok::try_wrap_ok
[INFO] [stdout] note: `try_wrap_ok` is imported here, but it is a crate, not a macro
[INFO] [stdout]  --> src/lib.rs:8:1
[INFO] [stdout]   |
[INFO] [stdout] 2 | extern crate r#try_wrap_ok;
[INFO] [stdout]   | ^^^^^^^^^^^^^^^^^^^^^^^^^^^
[INFO] [stdout] 
[INFO] [stdout] error[E0412]: cannot find type `Input` in this scope
[INFO] [stdout]  --> src/lib.rs:10:15
[INFO] [stdout]   |
[INFO] [stdout] 4 | fn foo(input: Input) -> Result<Result<FinalOutput, InvalidInputError>, DatabaseError> {
[INFO] [stdout]   |               ^^^^^ not found in this scope
[INFO] [stdout] 
[INFO] [stdout] error[E0412]: cannot find type `FinalOutput` in this scope
[INFO] [stdout]  --> src/lib.rs:10:39
[INFO] [stdout]   |
[INFO] [stdout] 4 | fn foo(input: Input) -> Result<Result<FinalOutput, InvalidInputError>, DatabaseError> {
[INFO] [stdout]   |                                       ^^^^^^^^^^^ not found in this scope
[INFO] [stdout]   |
[INFO] [stdout] help: you might be missing a type parameter
[INFO] [stdout]   |
[INFO] [stdout] 4 | fn foo<FinalOutput>(input: Input) -> Result<Result<FinalOutput, InvalidInputError>, DatabaseError> {
[INFO] [stdout]   |       +++++++++++++
[INFO] [stdout] 
[INFO] [stdout] error[E0412]: cannot find type `InvalidInputError` in this scope
[INFO] [stdout]  --> src/lib.rs:10:52
[INFO] [stdout]   |
[INFO] [stdout] 4 | fn foo(input: Input) -> Result<Result<FinalOutput, InvalidInputError>, DatabaseError> {
[INFO] [stdout]   |                                                    ^^^^^^^^^^^^^^^^^ not found in this scope
[INFO] [stdout]   |
[INFO] [stdout] help: you might be missing a type parameter
[INFO] [stdout]   |
[INFO] [stdout] 4 | fn foo<InvalidInputError>(input: Input) -> Result<Result<FinalOutput, InvalidInputError>, DatabaseError> {
[INFO] [stdout]   |       +++++++++++++++++++
[INFO] [stdout] 
[INFO] [stdout] error[E0412]: cannot find type `DatabaseError` in this scope
[INFO] [stdout]  --> src/lib.rs:10:72
[INFO] [stdout]   |
[INFO] [stdout] 4 | fn foo(input: Input) -> Result<Result<FinalOutput, InvalidInputError>, DatabaseError> {
[INFO] [stdout]   |                                                                        ^^^^^^^^^^^^^ not found in this scope
[INFO] [stdout]   |
[INFO] [stdout] help: you might be missing a type parameter
[INFO] [stdout]   |
[INFO] [stdout] 4 | fn foo<DatabaseError>(input: Input) -> Result<Result<FinalOutput, InvalidInputError>, DatabaseError> {
[INFO] [stdout]   |       +++++++++++++++
[INFO] [stdout] 
[INFO] [stdout] error[E0412]: cannot find type `ValidatedInput` in this scope
[INFO] [stdout]  --> src/lib.rs:11:26
[INFO] [stdout]   |
[INFO] [stdout] 5 |     let validated_input: ValidatedInput = try_wrap_ok!(validate_input_with_database(input)?);
[INFO] [stdout]   |                          ^^^^^^^^^^^^^^ not found in this scope
[INFO] [stdout] 
[INFO] [stdout] error[E0412]: cannot find type `Input` in this scope
[INFO] [stdout]  --> src/lib.rs:15:40
[INFO] [stdout]   |
[INFO] [stdout] 9 | fn validate_input_with_database(input: Input) -> Result<Result<ValidatedInput, InvalidInputError>, DatabaseError>;
[INFO] [stdout]   |                                        ^^^^^ not found in this scope
[INFO] [stdout] 
[INFO] [stdout] error[E0412]: cannot find type `ValidatedInput` in this scope
[INFO] [stdout]  --> src/lib.rs:15:64
[INFO] [stdout]   |
[INFO] [stdout] 9 | fn validate_input_with_database(input: Input) -> Result<Result<ValidatedInput, InvalidInputError>, DatabaseError>;
[INFO] [stdout]   |                                                                ^^^^^^^^^^^^^^ not found in this scope
[INFO] [stdout]   |
[INFO] [stdout] help: you might be missing a type parameter
[INFO] [stdout]   |
[INFO] [stdout] 9 | fn validate_input_with_database<ValidatedInput>(input: Input) -> Result<Result<ValidatedInput, InvalidInputError>, DatabaseError>;
[INFO] [stdout]   |                                ++++++++++++++++
[INFO] [stdout] 
[INFO] [stdout] error[E0412]: cannot find type `InvalidInputError` in this scope
[INFO] [stdout]  --> src/lib.rs:15:80
[INFO] [stdout]   |
[INFO] [stdout] 9 | fn validate_input_with_database(input: Input) -> Result<Result<ValidatedInput, InvalidInputError>, DatabaseError>;
[INFO] [stdout]   |                                                                                ^^^^^^^^^^^^^^^^^ not found in this scope
[INFO] [stdout]   |
[INFO] [stdout] help: you might be missing a type parameter
[INFO] [stdout]   |
[INFO] [stdout] 9 | fn validate_input_with_database<InvalidInputError>(input: Input) -> Result<Result<ValidatedInput, InvalidInputError>, DatabaseError>;
[INFO] [stdout]   |                                +++++++++++++++++++
[INFO] [stdout] 
[INFO] [stdout] error[E0412]: cannot find type `DatabaseError` in this scope
[INFO] [stdout]  --> src/lib.rs:15:100
[INFO] [stdout]   |
[INFO] [stdout] 9 | fn validate_input_with_database(input: Input) -> Result<Result<ValidatedInput, InvalidInputError>, DatabaseError>;
[INFO] [stdout]   |                                                                                                    ^^^^^^^^^^^^^ not found in this scope
[INFO] [stdout]   |
[INFO] [stdout] help: you might be missing a type parameter
[INFO] [stdout]   |
[INFO] [stdout] 9 | fn validate_input_with_database<DatabaseError>(input: Input) -> Result<Result<ValidatedInput, InvalidInputError>, DatabaseError>;
[INFO] [stdout]   |                                +++++++++++++++
[INFO] [stdout] 
[INFO] [stdout] error[E0425]: cannot find function `do_stuff_with_validated_input` in this scope
[INFO] [stdout]  --> src/lib.rs:12:11
[INFO] [stdout]   |
[INFO] [stdout] 6 |     Ok(Ok(do_stuff_with_validated_input(validated_input)?))
[INFO] [stdout]   |           ^^^^^^^^^^^^^^^^^^^^^^^^^^^^^ not found in this scope
[INFO] [stdout] 
[INFO] [stdout] error: aborting due to 12 previous errors
[INFO] [stdout] 
[INFO] [stdout] Some errors have detailed explanations: E0412, E0425.
[INFO] [stdout] For more information about an error, try `rustc --explain E0412`.
[INFO] [stdout] Couldn't compile the test.
[INFO] [stdout] ---- src/lib.rs - try_wrap_ok (line 22) stdout ----
[INFO] [stdout] error: free function without a body
[INFO] [stdout]  --> src/lib.rs:28:1
[INFO] [stdout]   |
[INFO] [stdout] 9 | fn validate_input_with_database(input: Input) -> Result<Result<ValidatedInput, InvalidInputError>, DatabaseError>;
[INFO] [stdout]   | ^^^^^^^^^^^^^^^^^^^^^^^^^^^^^^^^^^^^^^^^^^^^^^^^^^^^^^^^^^^^^^^^^^^^^^^^^^^^^^^^^^^^^^^^^^^^^^^^^^^^^^^^^^^^^^^^^-
[INFO] [stdout]   |                                                                                                                  |
[INFO] [stdout]   |                                                                                                                  help: provide a definition for the function: `{ <body> }`
[INFO] [stdout] 
[INFO] [stdout] error: cannot find macro `try_wrap_ok` in this scope
[INFO] [stdout]  --> src/lib.rs:24:43
[INFO] [stdout]   |
[INFO] [stdout] 5 |     let validated_input: ValidatedInput = try_wrap_ok!(validate_input_with_database(input)?);
[INFO] [stdout]   |                                           ^^^^^^^^^^^
[INFO] [stdout]   |
[INFO] [stdout]   = help: consider importing this macro:
[INFO] [stdout]           try_wrap_ok::try_wrap_ok
[INFO] [stdout] note: `try_wrap_ok` is imported here, but it is a crate, not a macro
[INFO] [stdout]  --> src/lib.rs:21:1
[INFO] [stdout]   |
[INFO] [stdout] 2 | extern crate r#try_wrap_ok;
[INFO] [stdout]   | ^^^^^^^^^^^^^^^^^^^^^^^^^^^
[INFO] [stdout] 
[INFO] [stdout] error[E0412]: cannot find type `Input` in this scope
[INFO] [stdout]  --> src/lib.rs:23:15
[INFO] [stdout]   |
[INFO] [stdout] 4 | fn foo(input: Input) -> Result<Result<FinalOutput, InvalidInputError>, DatabaseError> {
[INFO] [stdout]   |               ^^^^^ not found in this scope
[INFO] [stdout] 
[INFO] [stdout] error[E0412]: cannot find type `FinalOutput` in this scope
[INFO] [stdout]  --> src/lib.rs:23:39
[INFO] [stdout]   |
[INFO] [stdout] 4 | fn foo(input: Input) -> Result<Result<FinalOutput, InvalidInputError>, DatabaseError> {
[INFO] [stdout]   |                                       ^^^^^^^^^^^ not found in this scope
[INFO] [stdout]   |
[INFO] [stdout] help: you might be missing a type parameter
[INFO] [stdout]   |
[INFO] [stdout] 4 | fn foo<FinalOutput>(input: Input) -> Result<Result<FinalOutput, InvalidInputError>, DatabaseError> {
[INFO] [stdout]   |       +++++++++++++
[INFO] [stdout] 
[INFO] [stdout] error[E0412]: cannot find type `InvalidInputError` in this scope
[INFO] [stdout]  --> src/lib.rs:23:52
[INFO] [stdout]   |
[INFO] [stdout] 4 | fn foo(input: Input) -> Result<Result<FinalOutput, InvalidInputError>, DatabaseError> {
[INFO] [stdout]   |                                                    ^^^^^^^^^^^^^^^^^ not found in this scope
[INFO] [stdout]   |
[INFO] [stdout] help: you might be missing a type parameter
[INFO] [stdout]   |
[INFO] [stdout] 4 | fn foo<InvalidInputError>(input: Input) -> Result<Result<FinalOutput, InvalidInputError>, DatabaseError> {
[INFO] [stdout]   |       +++++++++++++++++++
[INFO] [stdout] 
[INFO] [stdout] error[E0412]: cannot find type `DatabaseError` in this scope
[INFO] [stdout]  --> src/lib.rs:23:72
[INFO] [stdout]   |
[INFO] [stdout] 4 | fn foo(input: Input) -> Result<Result<FinalOutput, InvalidInputError>, DatabaseError> {
[INFO] [stdout]   |                                                                        ^^^^^^^^^^^^^ not found in this scope
[INFO] [stdout]   |
[INFO] [stdout] help: you might be missing a type parameter
[INFO] [stdout]   |
[INFO] [stdout] 4 | fn foo<DatabaseError>(input: Input) -> Result<Result<FinalOutput, InvalidInputError>, DatabaseError> {
[INFO] [stdout]   |       +++++++++++++++
[INFO] [stdout] 
[INFO] [stdout] error[E0412]: cannot find type `ValidatedInput` in this scope
[INFO] [stdout]  --> src/lib.rs:24:26
[INFO] [stdout]   |
[INFO] [stdout] 5 |     let validated_input: ValidatedInput = try_wrap_ok!(validate_input_with_database(input)?);
[INFO] [stdout]   |                          ^^^^^^^^^^^^^^ not found in this scope
[INFO] [stdout] 
[INFO] [stdout] error[E0412]: cannot find type `Input` in this scope
[INFO] [stdout]  --> src/lib.rs:28:40
[INFO] [stdout]   |
[INFO] [stdout] 9 | fn validate_input_with_database(input: Input) -> Result<Result<ValidatedInput, InvalidInputError>, DatabaseError>;
[INFO] [stdout]   |                                        ^^^^^ not found in this scope
[INFO] [stdout] 
[INFO] [stdout] error[E0412]: cannot find type `ValidatedInput` in this scope
[INFO] [stdout]  --> src/lib.rs:28:64
[INFO] [stdout]   |
[INFO] [stdout] 9 | fn validate_input_with_database(input: Input) -> Result<Result<ValidatedInput, InvalidInputError>, DatabaseError>;
[INFO] [stdout]   |                                                                ^^^^^^^^^^^^^^ not found in this scope
[INFO] [stdout]   |
[INFO] [stdout] help: you might be missing a type parameter
[INFO] [stdout]   |
[INFO] [stdout] 9 | fn validate_input_with_database<ValidatedInput>(input: Input) -> Result<Result<ValidatedInput, InvalidInputError>, DatabaseError>;
[INFO] [stdout]   |                                ++++++++++++++++
[INFO] [stdout] 
[INFO] [stdout] error[E0412]: cannot find type `InvalidInputError` in this scope
[INFO] [stdout]  --> src/lib.rs:28:80
[INFO] [stdout]   |
[INFO] [stdout] 9 | fn validate_input_with_database(input: Input) -> Result<Result<ValidatedInput, InvalidInputError>, DatabaseError>;
[INFO] [stdout]   |                                                                                ^^^^^^^^^^^^^^^^^ not found in this scope
[INFO] [stdout]   |
[INFO] [stdout] help: you might be missing a type parameter
[INFO] [stdout]   |
[INFO] [stdout] 9 | fn validate_input_with_database<InvalidInputError>(input: Input) -> Result<Result<ValidatedInput, InvalidInputError>, DatabaseError>;
[INFO] [stdout]   |                                +++++++++++++++++++
[INFO] [stdout] 
[INFO] [stdout] error[E0412]: cannot find type `DatabaseError` in this scope
[INFO] [stdout]  --> src/lib.rs:28:100
[INFO] [stdout]   |
[INFO] [stdout] 9 | fn validate_input_with_database(input: Input) -> Result<Result<ValidatedInput, InvalidInputError>, DatabaseError>;
[INFO] [stdout]   |                                                                                                    ^^^^^^^^^^^^^ not found in this scope
[INFO] [stdout]   |
[INFO] [stdout] help: you might be missing a type parameter
[INFO] [stdout]   |
[INFO] [stdout] 9 | fn validate_input_with_database<DatabaseError>(input: Input) -> Result<Result<ValidatedInput, InvalidInputError>, DatabaseError>;
[INFO] [stdout]   |                                +++++++++++++++
[INFO] [stdout] 
[INFO] [stdout] error[E0425]: cannot find function `do_stuff_with_validated_input` in this scope
[INFO] [stdout]  --> src/lib.rs:25:11
[INFO] [stdout]   |
[INFO] [stdout] 6 |     Ok(Ok(do_stuff_with_validated_input(validated_input)?))
[INFO] [stdout]   |           ^^^^^^^^^^^^^^^^^^^^^^^^^^^^^ not found in this scope
[INFO] [stdout] 
[INFO] [stdout] error: aborting due to 12 previous errors
[INFO] [stdout] 
[INFO] [stdout] Some errors have detailed explanations: E0412, E0425.
[INFO] [stdout] For more information about an error, try `rustc --explain E0412`.
[INFO] [stdout] Couldn't compile the test.
[INFO] [stdout] 
[INFO] [stdout] failures:
[INFO] [stdout]     src/lib.rs - (line 9)
[INFO] [stdout]     src/lib.rs - try_wrap_ok (line 22)
[INFO] [stdout] 
[INFO] [stdout] test result: FAILED. 0 passed; 2 failed; 0 ignored; 0 measured; 0 filtered out; finished in 0.13s
[INFO] [stdout] 
[INFO] [stderr] error: doctest failed, to rerun pass `--doc`
[INFO] running `Command { std: "docker" "inspect" "005d38e3fab0908323305106c35228a4d0b8a9ae59c8a792667369d69507985a", kill_on_drop: false }`
[INFO] running `Command { std: "docker" "rm" "-f" "005d38e3fab0908323305106c35228a4d0b8a9ae59c8a792667369d69507985a", kill_on_drop: false }`
[INFO] [stdout] 005d38e3fab0908323305106c35228a4d0b8a9ae59c8a792667369d69507985a
