[INFO] fetching crate try-block 0.1.0...
[INFO] testing try-block-0.1.0 against 1.69.0 for beta-1.70-1
[INFO] extracting crate try-block 0.1.0 into /workspace/builds/worker-3-tc1/source
[INFO] validating manifest of crates.io crate try-block 0.1.0 on toolchain 1.69.0
[INFO] running `Command { std: CARGO_HOME="/workspace/cargo-home" RUSTUP_HOME="/workspace/rustup-home" "/workspace/cargo-home/bin/cargo" "+1.69.0" "metadata" "--manifest-path" "Cargo.toml" "--no-deps", kill_on_drop: false }`
[INFO] started tweaking crates.io crate try-block 0.1.0
[INFO] finished tweaking crates.io crate try-block 0.1.0
[INFO] tweaked toml for crates.io crate try-block 0.1.0 written to /workspace/builds/worker-3-tc1/source/Cargo.toml
[INFO] running `Command { std: CARGO_HOME="/workspace/cargo-home" RUSTUP_HOME="/workspace/rustup-home" __CARGO_TEST_CHANNEL_OVERRIDE_DO_NOT_USE_THIS="nightly" "/workspace/cargo-home/bin/cargo" "+1.69.0" "generate-lockfile" "--manifest-path" "Cargo.toml" "-Zno-index-update", kill_on_drop: false }`
[INFO] running `Command { std: CARGO_HOME="/workspace/cargo-home" RUSTUP_HOME="/workspace/rustup-home" "/workspace/cargo-home/bin/cargo" "+1.69.0" "fetch" "--manifest-path" "Cargo.toml", kill_on_drop: false }`
[INFO] running `Command { std: "docker" "create" "-v" "/var/lib/crater-agent-workspace/builds/worker-3-tc1/target:/opt/rustwide/target:rw,Z" "-v" "/var/lib/crater-agent-workspace/builds/worker-3-tc1/source:/opt/rustwide/workdir:ro,Z" "-v" "/var/lib/crater-agent-workspace/cargo-home:/opt/rustwide/cargo-home:ro,Z" "-v" "/var/lib/crater-agent-workspace/rustup-home:/opt/rustwide/rustup-home:ro,Z" "-e" "SOURCE_DIR=/opt/rustwide/workdir" "-e" "CARGO_TARGET_DIR=/opt/rustwide/target" "-e" "CARGO_HOME=/opt/rustwide/cargo-home" "-e" "RUSTUP_HOME=/opt/rustwide/rustup-home" "-w" "/opt/rustwide/workdir" "-m" "1610612736" "--user" "0:0" "--network" "none" "ghcr.io/rust-lang/crates-build-env/linux@sha256:5ff2268d62e97bff2cde7d5815dd6ed5b47097566f13b8d0ca110b04b60e07ed" "/opt/rustwide/cargo-home/bin/cargo" "+1.69.0" "metadata" "--no-deps" "--format-version=1", kill_on_drop: false }`
[INFO] [stdout] c2d0e48beea07a40b6d3fa46cab6f837433eab58bf470e45609185950c5ffe0c
[INFO] running `Command { std: "docker" "start" "-a" "c2d0e48beea07a40b6d3fa46cab6f837433eab58bf470e45609185950c5ffe0c", kill_on_drop: false }`
[INFO] running `Command { std: "docker" "inspect" "c2d0e48beea07a40b6d3fa46cab6f837433eab58bf470e45609185950c5ffe0c", kill_on_drop: false }`
[INFO] running `Command { std: "docker" "rm" "-f" "c2d0e48beea07a40b6d3fa46cab6f837433eab58bf470e45609185950c5ffe0c", kill_on_drop: false }`
[INFO] [stdout] c2d0e48beea07a40b6d3fa46cab6f837433eab58bf470e45609185950c5ffe0c
[INFO] running `Command { std: "docker" "create" "-v" "/var/lib/crater-agent-workspace/builds/worker-3-tc1/target:/opt/rustwide/target:rw,Z" "-v" "/var/lib/crater-agent-workspace/builds/worker-3-tc1/source:/opt/rustwide/workdir:ro,Z" "-v" "/var/lib/crater-agent-workspace/cargo-home:/opt/rustwide/cargo-home:ro,Z" "-v" "/var/lib/crater-agent-workspace/rustup-home:/opt/rustwide/rustup-home:ro,Z" "-e" "SOURCE_DIR=/opt/rustwide/workdir" "-e" "CARGO_TARGET_DIR=/opt/rustwide/target" "-e" "CARGO_INCREMENTAL=0" "-e" "RUST_BACKTRACE=full" "-e" "RUSTFLAGS=--cap-lints=warn" "-e" "RUSTDOCFLAGS=--cap-lints=warn" "-e" "CARGO_HOME=/opt/rustwide/cargo-home" "-e" "RUSTUP_HOME=/opt/rustwide/rustup-home" "-w" "/opt/rustwide/workdir" "-m" "1610612736" "--user" "0:0" "--network" "none" "ghcr.io/rust-lang/crates-build-env/linux@sha256:5ff2268d62e97bff2cde7d5815dd6ed5b47097566f13b8d0ca110b04b60e07ed" "/opt/rustwide/cargo-home/bin/cargo" "+1.69.0" "build" "--frozen" "--message-format=json", kill_on_drop: false }`
[INFO] [stdout] 7a89c6f1d847c11a6d854cb45a802feaa72a8674f680b983c024b3cb0cbe7613
[INFO] running `Command { std: "docker" "start" "-a" "7a89c6f1d847c11a6d854cb45a802feaa72a8674f680b983c024b3cb0cbe7613", kill_on_drop: false }`
[INFO] [stderr]    Compiling try-block v0.1.0 (/opt/rustwide/workdir)
[INFO] [stderr]     Finished dev [unoptimized + debuginfo] target(s) in 0.07s
[INFO] running `Command { std: "docker" "inspect" "7a89c6f1d847c11a6d854cb45a802feaa72a8674f680b983c024b3cb0cbe7613", kill_on_drop: false }`
[INFO] running `Command { std: "docker" "rm" "-f" "7a89c6f1d847c11a6d854cb45a802feaa72a8674f680b983c024b3cb0cbe7613", kill_on_drop: false }`
[INFO] [stdout] 7a89c6f1d847c11a6d854cb45a802feaa72a8674f680b983c024b3cb0cbe7613
[INFO] running `Command { std: "docker" "create" "-v" "/var/lib/crater-agent-workspace/builds/worker-3-tc1/target:/opt/rustwide/target:rw,Z" "-v" "/var/lib/crater-agent-workspace/builds/worker-3-tc1/source:/opt/rustwide/workdir:ro,Z" "-v" "/var/lib/crater-agent-workspace/cargo-home:/opt/rustwide/cargo-home:ro,Z" "-v" "/var/lib/crater-agent-workspace/rustup-home:/opt/rustwide/rustup-home:ro,Z" "-e" "SOURCE_DIR=/opt/rustwide/workdir" "-e" "CARGO_TARGET_DIR=/opt/rustwide/target" "-e" "CARGO_INCREMENTAL=0" "-e" "RUST_BACKTRACE=full" "-e" "RUSTFLAGS=--cap-lints=warn" "-e" "RUSTDOCFLAGS=--cap-lints=warn" "-e" "CARGO_HOME=/opt/rustwide/cargo-home" "-e" "RUSTUP_HOME=/opt/rustwide/rustup-home" "-w" "/opt/rustwide/workdir" "-m" "1610612736" "--user" "0:0" "--network" "none" "ghcr.io/rust-lang/crates-build-env/linux@sha256:5ff2268d62e97bff2cde7d5815dd6ed5b47097566f13b8d0ca110b04b60e07ed" "/opt/rustwide/cargo-home/bin/cargo" "+1.69.0" "test" "--frozen" "--no-run" "--message-format=json", kill_on_drop: false }`
[INFO] [stdout] 1b53914060ad0120e4aa9460e58842f8bd9e827f8545a5eb1669aa5c290831cd
[INFO] running `Command { std: "docker" "start" "-a" "1b53914060ad0120e4aa9460e58842f8bd9e827f8545a5eb1669aa5c290831cd", kill_on_drop: false }`
[INFO] [stderr]    Compiling try-block v0.1.0 (/opt/rustwide/workdir)
[INFO] [stderr]     Finished test [unoptimized + debuginfo] target(s) in 0.22s
[INFO] running `Command { std: "docker" "inspect" "1b53914060ad0120e4aa9460e58842f8bd9e827f8545a5eb1669aa5c290831cd", kill_on_drop: false }`
[INFO] running `Command { std: "docker" "rm" "-f" "1b53914060ad0120e4aa9460e58842f8bd9e827f8545a5eb1669aa5c290831cd", kill_on_drop: false }`
[INFO] [stdout] 1b53914060ad0120e4aa9460e58842f8bd9e827f8545a5eb1669aa5c290831cd
[INFO] running `Command { std: "docker" "create" "-v" "/var/lib/crater-agent-workspace/builds/worker-3-tc1/target:/opt/rustwide/target:rw,Z" "-v" "/var/lib/crater-agent-workspace/builds/worker-3-tc1/source:/opt/rustwide/workdir:ro,Z" "-v" "/var/lib/crater-agent-workspace/cargo-home:/opt/rustwide/cargo-home:ro,Z" "-v" "/var/lib/crater-agent-workspace/rustup-home:/opt/rustwide/rustup-home:ro,Z" "-e" "SOURCE_DIR=/opt/rustwide/workdir" "-e" "CARGO_TARGET_DIR=/opt/rustwide/target" "-e" "CARGO_INCREMENTAL=0" "-e" "RUST_BACKTRACE=full" "-e" "RUSTFLAGS=--cap-lints=warn" "-e" "RUSTDOCFLAGS=--cap-lints=warn" "-e" "CARGO_HOME=/opt/rustwide/cargo-home" "-e" "RUSTUP_HOME=/opt/rustwide/rustup-home" "-w" "/opt/rustwide/workdir" "-m" "1610612736" "--user" "0:0" "--network" "none" "ghcr.io/rust-lang/crates-build-env/linux@sha256:5ff2268d62e97bff2cde7d5815dd6ed5b47097566f13b8d0ca110b04b60e07ed" "/opt/rustwide/cargo-home/bin/cargo" "+1.69.0" "test" "--frozen", kill_on_drop: false }`
[INFO] [stdout] 950bb2852e19ddfd4e206648c7505d59b01a978b396a9d280b4e86003ea5c60e
[INFO] running `Command { std: "docker" "start" "-a" "950bb2852e19ddfd4e206648c7505d59b01a978b396a9d280b4e86003ea5c60e", kill_on_drop: false }`
[INFO] [stderr]     Finished test [unoptimized + debuginfo] target(s) in 0.00s
[INFO] [stderr]      Running unittests src/lib.rs (/opt/rustwide/target/debug/deps/try_block-8612051b78683e5d)
[INFO] [stdout] 
[INFO] [stdout] running 0 tests
[INFO] [stdout] 
[INFO] [stdout] test result: ok. 0 passed; 0 failed; 0 ignored; 0 measured; 0 filtered out; finished in 0.00s
[INFO] [stdout] 
[INFO] [stderr]    Doc-tests try-block
[INFO] [stdout] 
[INFO] [stdout] running 2 tests
[INFO] [stdout] test src/lib.rs - try_block (line 13) ... FAILED
[INFO] [stdout] test src/lib.rs - try_block (line 4) ... FAILED
[INFO] [stdout] 
[INFO] [stdout] failures:
[INFO] [stdout] 
[INFO] [stdout] ---- src/lib.rs - try_block (line 13) stdout ----
[INFO] [stdout] error: cannot find macro `try_block` in this scope
[INFO] [stdout]  --> src/lib.rs:14:28
[INFO] [stdout]   |
[INFO] [stdout] 4 | let result: Result<T, E> = try_block! {
[INFO] [stdout]   |                            ^^^^^^^^^
[INFO] [stdout]   |
[INFO] [stdout]   = help: consider importing this macro:
[INFO] [stdout]           try_block::try_block
[INFO] [stdout] note: `try_block` is imported here, but it is a crate, not a macro
[INFO] [stdout]  --> src/lib.rs:12:1
[INFO] [stdout]   |
[INFO] [stdout] 2 | extern crate r#try_block;
[INFO] [stdout]   | ^^^^^^^^^^^^^^^^^^^^^^^^^
[INFO] [stdout] 
[INFO] [stdout] error[E0412]: cannot find type `T` in this scope
[INFO] [stdout]  --> src/lib.rs:14:20
[INFO] [stdout]   |
[INFO] [stdout] 4 | let result: Result<T, E> = try_block! {
[INFO] [stdout]   |                    ^ not found in this scope
[INFO] [stdout]   |
[INFO] [stdout] help: you might be missing a type parameter
[INFO] [stdout]   |
[INFO] [stdout] 3 | fn main() { #[allow(non_snake_case)] fn _doctest_main_src_lib_rs_13_0<T>() {
[INFO] [stdout]   |                                                                      +++
[INFO] [stdout] 
[INFO] [stdout] error[E0412]: cannot find type `E` in this scope
[INFO] [stdout]  --> src/lib.rs:14:23
[INFO] [stdout]   |
[INFO] [stdout] 4 | let result: Result<T, E> = try_block! {
[INFO] [stdout]   |                       ^
[INFO] [stdout]  --> /rustc/84c898d65adf2f39a5a98507f1fe0ce10a2b8dbc/library/core/src/cmp.rs:285:1
[INFO] [stdout]   |
[INFO] [stdout]   = note: similarly named trait `Eq` defined here
[INFO] [stdout]   |
[INFO] [stdout] help: a trait with a similar name exists
[INFO] [stdout]   |
[INFO] [stdout] 4 | let result: Result<T, Eq> = try_block! {
[INFO] [stdout]   |                       ~~
[INFO] [stdout] help: you might be missing a type parameter
[INFO] [stdout]   |
[INFO] [stdout] 3 | fn main() { #[allow(non_snake_case)] fn _doctest_main_src_lib_rs_13_0<E>() {
[INFO] [stdout]   |                                                                      +++
[INFO] [stdout] 
[INFO] [stdout] error: aborting due to 3 previous errors
[INFO] [stdout] 
[INFO] [stdout] For more information about this error, try `rustc --explain E0412`.
[INFO] [stdout] Couldn't compile the test.
[INFO] [stdout] ---- src/lib.rs - try_block (line 4) stdout ----
[INFO] [stdout] error[E0412]: cannot find type `T` in this scope
[INFO] [stdout]  --> src/lib.rs:5:20
[INFO] [stdout]   |
[INFO] [stdout] 3 | let result: Result<T, E> = || {
[INFO] [stdout]   |                    ^ not found in this scope
[INFO] [stdout]   |
[INFO] [stdout] help: you might be missing a type parameter
[INFO] [stdout]   |
[INFO] [stdout] 2 | fn main() { #[allow(non_snake_case)] fn _doctest_main_src_lib_rs_4_0<T>() {
[INFO] [stdout]   |                                                                     +++
[INFO] [stdout] 
[INFO] [stdout] error[E0412]: cannot find type `E` in this scope
[INFO] [stdout]  --> src/lib.rs:5:23
[INFO] [stdout]   |
[INFO] [stdout] 3 | let result: Result<T, E> = || {
[INFO] [stdout]   |                       ^
[INFO] [stdout]  --> /rustc/84c898d65adf2f39a5a98507f1fe0ce10a2b8dbc/library/core/src/cmp.rs:285:1
[INFO] [stdout]   |
[INFO] [stdout]   = note: similarly named trait `Eq` defined here
[INFO] [stdout]   |
[INFO] [stdout] help: a trait with a similar name exists
[INFO] [stdout]   |
[INFO] [stdout] 3 | let result: Result<T, Eq> = || {
[INFO] [stdout]   |                       ~~
[INFO] [stdout] help: you might be missing a type parameter
[INFO] [stdout]   |
[INFO] [stdout] 2 | fn main() { #[allow(non_snake_case)] fn _doctest_main_src_lib_rs_4_0<E>() {
[INFO] [stdout]   |                                                                     +++
[INFO] [stdout] 
[INFO] [stdout] error[E0425]: cannot find value `x` in this scope
[INFO] [stdout]  --> src/lib.rs:6:19
[INFO] [stdout]   |
[INFO] [stdout] 4 |    let a = do_one(x)?;
[INFO] [stdout]   |                   ^ not found in this scope
[INFO] [stdout] 
[INFO] [stdout] error[E0425]: cannot find function `do_one` in this scope
[INFO] [stdout]  --> src/lib.rs:6:12
[INFO] [stdout]   |
[INFO] [stdout] 4 |    let a = do_one(x)?;
[INFO] [stdout]   |            ^^^^^^ not found in this scope
[INFO] [stdout] 
[INFO] [stdout] error[E0425]: cannot find function `do_two` in this scope
[INFO] [stdout]  --> src/lib.rs:7:12
[INFO] [stdout]   |
[INFO] [stdout] 5 |    let b = do_two(a)?;
[INFO] [stdout]   |            ^^^^^^ not found in this scope
[INFO] [stdout] 
[INFO] [stdout] error: aborting due to 5 previous errors
[INFO] [stdout] 
[INFO] [stdout] Some errors have detailed explanations: E0412, E0425.
[INFO] [stdout] For more information about an error, try `rustc --explain E0412`.
[INFO] [stdout] Couldn't compile the test.
[INFO] [stdout] 
[INFO] [stdout] failures:
[INFO] [stdout]     src/lib.rs - try_block (line 13)
[INFO] [stdout]     src/lib.rs - try_block (line 4)
[INFO] [stdout] 
[INFO] [stdout] test result: FAILED. 0 passed; 2 failed; 0 ignored; 0 measured; 0 filtered out; finished in 0.04s
[INFO] [stdout] 
[INFO] [stderr] error: doctest failed, to rerun pass `--doc`
[INFO] running `Command { std: "docker" "inspect" "950bb2852e19ddfd4e206648c7505d59b01a978b396a9d280b4e86003ea5c60e", kill_on_drop: false }`
[INFO] running `Command { std: "docker" "rm" "-f" "950bb2852e19ddfd4e206648c7505d59b01a978b396a9d280b4e86003ea5c60e", kill_on_drop: false }`
[INFO] [stdout] 950bb2852e19ddfd4e206648c7505d59b01a978b396a9d280b4e86003ea5c60e
