[INFO] fetching crate truchet 0.1.1...
[INFO] testing truchet-0.1.1 against 1.69.0 for beta-1.70-1
[INFO] extracting crate truchet 0.1.1 into /workspace/builds/worker-6-tc1/source
[INFO] validating manifest of crates.io crate truchet 0.1.1 on toolchain 1.69.0
[INFO] running `Command { std: CARGO_HOME="/workspace/cargo-home" RUSTUP_HOME="/workspace/rustup-home" "/workspace/cargo-home/bin/cargo" "+1.69.0" "metadata" "--manifest-path" "Cargo.toml" "--no-deps", kill_on_drop: false }`
[INFO] started tweaking crates.io crate truchet 0.1.1
[INFO] finished tweaking crates.io crate truchet 0.1.1
[INFO] tweaked toml for crates.io crate truchet 0.1.1 written to /workspace/builds/worker-6-tc1/source/Cargo.toml
[INFO] crate crates.io crate truchet 0.1.1 already has a lockfile, it will not be regenerated
[INFO] running `Command { std: CARGO_HOME="/workspace/cargo-home" RUSTUP_HOME="/workspace/rustup-home" "/workspace/cargo-home/bin/cargo" "+1.69.0" "fetch" "--manifest-path" "Cargo.toml", kill_on_drop: false }`
[INFO] [stderr]  Downloading crates ...
[INFO] [stderr]   Downloaded simd-adler32 v0.3.4
[INFO] [stderr]   Downloaded zune-inflate v0.2.50
[INFO] [stderr]   Downloaded svg v0.13.0
[INFO] [stderr]   Downloaded exr v1.5.3
[INFO] running `Command { std: "docker" "create" "-v" "/var/lib/crater-agent-workspace/builds/worker-6-tc1/target:/opt/rustwide/target:rw,Z" "-v" "/var/lib/crater-agent-workspace/builds/worker-6-tc1/source:/opt/rustwide/workdir:ro,Z" "-v" "/var/lib/crater-agent-workspace/cargo-home:/opt/rustwide/cargo-home:ro,Z" "-v" "/var/lib/crater-agent-workspace/rustup-home:/opt/rustwide/rustup-home:ro,Z" "-e" "SOURCE_DIR=/opt/rustwide/workdir" "-e" "CARGO_TARGET_DIR=/opt/rustwide/target" "-e" "CARGO_HOME=/opt/rustwide/cargo-home" "-e" "RUSTUP_HOME=/opt/rustwide/rustup-home" "-w" "/opt/rustwide/workdir" "-m" "1610612736" "--user" "0:0" "--network" "none" "ghcr.io/rust-lang/crates-build-env/linux@sha256:5ff2268d62e97bff2cde7d5815dd6ed5b47097566f13b8d0ca110b04b60e07ed" "/opt/rustwide/cargo-home/bin/cargo" "+1.69.0" "metadata" "--no-deps" "--format-version=1", kill_on_drop: false }`
[INFO] [stdout] e3e94f05df8ae6e9c3f98c0b88f8ee4089a10cedef7780c9d9ce949584ebdf60
[INFO] running `Command { std: "docker" "start" "-a" "e3e94f05df8ae6e9c3f98c0b88f8ee4089a10cedef7780c9d9ce949584ebdf60", kill_on_drop: false }`
[INFO] running `Command { std: "docker" "inspect" "e3e94f05df8ae6e9c3f98c0b88f8ee4089a10cedef7780c9d9ce949584ebdf60", kill_on_drop: false }`
[INFO] running `Command { std: "docker" "rm" "-f" "e3e94f05df8ae6e9c3f98c0b88f8ee4089a10cedef7780c9d9ce949584ebdf60", kill_on_drop: false }`
[INFO] [stdout] e3e94f05df8ae6e9c3f98c0b88f8ee4089a10cedef7780c9d9ce949584ebdf60
[INFO] running `Command { std: "docker" "create" "-v" "/var/lib/crater-agent-workspace/builds/worker-6-tc1/target:/opt/rustwide/target:rw,Z" "-v" "/var/lib/crater-agent-workspace/builds/worker-6-tc1/source:/opt/rustwide/workdir:ro,Z" "-v" "/var/lib/crater-agent-workspace/cargo-home:/opt/rustwide/cargo-home:ro,Z" "-v" "/var/lib/crater-agent-workspace/rustup-home:/opt/rustwide/rustup-home:ro,Z" "-e" "SOURCE_DIR=/opt/rustwide/workdir" "-e" "CARGO_TARGET_DIR=/opt/rustwide/target" "-e" "CARGO_INCREMENTAL=0" "-e" "RUST_BACKTRACE=full" "-e" "RUSTFLAGS=--cap-lints=warn" "-e" "RUSTDOCFLAGS=--cap-lints=warn" "-e" "CARGO_HOME=/opt/rustwide/cargo-home" "-e" "RUSTUP_HOME=/opt/rustwide/rustup-home" "-w" "/opt/rustwide/workdir" "-m" "1610612736" "--user" "0:0" "--network" "none" "ghcr.io/rust-lang/crates-build-env/linux@sha256:5ff2268d62e97bff2cde7d5815dd6ed5b47097566f13b8d0ca110b04b60e07ed" "/opt/rustwide/cargo-home/bin/cargo" "+1.69.0" "build" "--frozen" "--message-format=json", kill_on_drop: false }`
[INFO] [stdout] 40d9bd514786a19dd7a3147f21b6fb3d8c115522130c6f7c83bc896fb32bee73
[INFO] running `Command { std: "docker" "start" "-a" "40d9bd514786a19dd7a3147f21b6fb3d8c115522130c6f7c83bc896fb32bee73", kill_on_drop: false }`
[INFO] [stderr]    Compiling libc v0.2.139
[INFO] [stderr]    Compiling ppv-lite86 v0.2.17
[INFO] [stderr]    Compiling svg v0.13.0
[INFO] [stderr]    Compiling getrandom v0.2.8
[INFO] [stderr]    Compiling rand_core v0.6.4
[INFO] [stderr]    Compiling rand_chacha v0.3.1
[INFO] [stderr]    Compiling rand v0.8.5
[INFO] [stderr]    Compiling truchet v0.1.1 (/opt/rustwide/workdir)
[INFO] [stderr]     Finished dev [unoptimized + debuginfo] target(s) in 2.32s
[INFO] running `Command { std: "docker" "inspect" "40d9bd514786a19dd7a3147f21b6fb3d8c115522130c6f7c83bc896fb32bee73", kill_on_drop: false }`
[INFO] running `Command { std: "docker" "rm" "-f" "40d9bd514786a19dd7a3147f21b6fb3d8c115522130c6f7c83bc896fb32bee73", kill_on_drop: false }`
[INFO] [stdout] 40d9bd514786a19dd7a3147f21b6fb3d8c115522130c6f7c83bc896fb32bee73
[INFO] running `Command { std: "docker" "create" "-v" "/var/lib/crater-agent-workspace/builds/worker-6-tc1/target:/opt/rustwide/target:rw,Z" "-v" "/var/lib/crater-agent-workspace/builds/worker-6-tc1/source:/opt/rustwide/workdir:ro,Z" "-v" "/var/lib/crater-agent-workspace/cargo-home:/opt/rustwide/cargo-home:ro,Z" "-v" "/var/lib/crater-agent-workspace/rustup-home:/opt/rustwide/rustup-home:ro,Z" "-e" "SOURCE_DIR=/opt/rustwide/workdir" "-e" "CARGO_TARGET_DIR=/opt/rustwide/target" "-e" "CARGO_INCREMENTAL=0" "-e" "RUST_BACKTRACE=full" "-e" "RUSTFLAGS=--cap-lints=warn" "-e" "RUSTDOCFLAGS=--cap-lints=warn" "-e" "CARGO_HOME=/opt/rustwide/cargo-home" "-e" "RUSTUP_HOME=/opt/rustwide/rustup-home" "-w" "/opt/rustwide/workdir" "-m" "1610612736" "--user" "0:0" "--network" "none" "ghcr.io/rust-lang/crates-build-env/linux@sha256:5ff2268d62e97bff2cde7d5815dd6ed5b47097566f13b8d0ca110b04b60e07ed" "/opt/rustwide/cargo-home/bin/cargo" "+1.69.0" "test" "--frozen" "--no-run" "--message-format=json", kill_on_drop: false }`
[INFO] [stdout] 05d2bf7b5e6a6f8a20fcc5b69869932a66e06c8aa01423be65ae00e9dc63c5a7
[INFO] running `Command { std: "docker" "start" "-a" "05d2bf7b5e6a6f8a20fcc5b69869932a66e06c8aa01423be65ae00e9dc63c5a7", kill_on_drop: false }`
[INFO] [stderr]    Compiling libc v0.2.139
[INFO] [stderr]    Compiling crossbeam-utils v0.8.14
[INFO] [stderr]    Compiling memoffset v0.7.1
[INFO] [stderr]    Compiling proc-macro2 v1.0.51
[INFO] [stderr]    Compiling crossbeam-epoch v0.9.13
[INFO] [stderr]    Compiling unicode-ident v1.0.6
[INFO] [stderr]    Compiling quote v1.0.23
[INFO] [stderr]    Compiling syn v1.0.107
[INFO] [stderr]    Compiling crc32fast v1.3.2
[INFO] [stderr]    Compiling rayon-core v1.10.2
[INFO] [stderr]    Compiling adler v1.0.2
[INFO] [stderr]    Compiling num-traits v0.2.15
[INFO] [stderr]    Compiling futures-core v0.3.26
[INFO] [stderr]    Compiling num-integer v0.1.45
[INFO] [stderr]    Compiling either v1.8.1
[INFO] [stderr]    Compiling spin v0.9.5
[INFO] [stderr]    Compiling miniz_oxide v0.6.2
[INFO] [stderr]    Compiling num-rational v0.4.1
[INFO] [stderr]    Compiling simd-adler32 v0.3.4
[INFO] [stderr]    Compiling futures-sink v0.3.26
[INFO] [stderr]    Compiling weezl v0.1.7
[INFO] [stderr]    Compiling bit_field v0.10.1
[INFO] [stderr]    Compiling color_quant v1.1.0
[INFO] [stderr]    Compiling zune-inflate v0.2.50
[INFO] [stderr]    Compiling half v2.2.1
[INFO] [stderr]    Compiling lebe v0.5.2
[INFO] [stderr]    Compiling scoped_threadpool v0.1.9
[INFO] [stderr]    Compiling bytemuck v1.13.0
[INFO] [stderr]    Compiling gif v0.11.4
[INFO] [stderr]    Compiling crossbeam-channel v0.5.6
[INFO] [stderr]    Compiling flate2 v1.0.25
[INFO] [stderr]    Compiling getrandom v0.2.8
[INFO] [stderr]    Compiling num_cpus v1.15.0
[INFO] [stderr]    Compiling crossbeam-deque v0.8.2
[INFO] [stderr]    Compiling nanorand v0.7.0
[INFO] [stderr]    Compiling rand_core v0.6.4
[INFO] [stderr]    Compiling threadpool v1.8.1
[INFO] [stderr]    Compiling png v0.17.7
[INFO] [stderr]    Compiling rand_chacha v0.3.1
[INFO] [stderr]    Compiling rand v0.8.5
[INFO] [stderr]    Compiling rayon v1.6.1
[INFO] [stderr]    Compiling truchet v0.1.1 (/opt/rustwide/workdir)
[INFO] [stderr]    Compiling jpeg-decoder v0.3.0
[INFO] [stderr]    Compiling tiff v0.8.1
[INFO] [stderr]    Compiling pin-project-internal v1.0.12
[INFO] [stderr]    Compiling pin-project v1.0.12
[INFO] [stderr]    Compiling flume v0.10.14
[INFO] [stderr]    Compiling exr v1.5.3
[INFO] [stderr]    Compiling image v0.24.5
[INFO] [stderr]     Finished test [unoptimized + debuginfo] target(s) in 18.43s
[INFO] running `Command { std: "docker" "inspect" "05d2bf7b5e6a6f8a20fcc5b69869932a66e06c8aa01423be65ae00e9dc63c5a7", kill_on_drop: false }`
[INFO] running `Command { std: "docker" "rm" "-f" "05d2bf7b5e6a6f8a20fcc5b69869932a66e06c8aa01423be65ae00e9dc63c5a7", kill_on_drop: false }`
[INFO] [stdout] 05d2bf7b5e6a6f8a20fcc5b69869932a66e06c8aa01423be65ae00e9dc63c5a7
[INFO] running `Command { std: "docker" "create" "-v" "/var/lib/crater-agent-workspace/builds/worker-6-tc1/target:/opt/rustwide/target:rw,Z" "-v" "/var/lib/crater-agent-workspace/builds/worker-6-tc1/source:/opt/rustwide/workdir:ro,Z" "-v" "/var/lib/crater-agent-workspace/cargo-home:/opt/rustwide/cargo-home:ro,Z" "-v" "/var/lib/crater-agent-workspace/rustup-home:/opt/rustwide/rustup-home:ro,Z" "-e" "SOURCE_DIR=/opt/rustwide/workdir" "-e" "CARGO_TARGET_DIR=/opt/rustwide/target" "-e" "CARGO_INCREMENTAL=0" "-e" "RUST_BACKTRACE=full" "-e" "RUSTFLAGS=--cap-lints=warn" "-e" "RUSTDOCFLAGS=--cap-lints=warn" "-e" "CARGO_HOME=/opt/rustwide/cargo-home" "-e" "RUSTUP_HOME=/opt/rustwide/rustup-home" "-w" "/opt/rustwide/workdir" "-m" "1610612736" "--user" "0:0" "--network" "none" "ghcr.io/rust-lang/crates-build-env/linux@sha256:5ff2268d62e97bff2cde7d5815dd6ed5b47097566f13b8d0ca110b04b60e07ed" "/opt/rustwide/cargo-home/bin/cargo" "+1.69.0" "test" "--frozen", kill_on_drop: false }`
[INFO] [stdout] f2a58b024d02ba765c6be69bcb428c945530023e27bcfd2cb2d5c80955097a4a
[INFO] running `Command { std: "docker" "start" "-a" "f2a58b024d02ba765c6be69bcb428c945530023e27bcfd2cb2d5c80955097a4a", kill_on_drop: false }`
[INFO] [stderr]     Finished test [unoptimized + debuginfo] target(s) in 0.04s
[INFO] [stderr]      Running unittests src/lib.rs (/opt/rustwide/target/debug/deps/truchet-630e02dae0915b70)
[INFO] [stdout] 
[INFO] [stdout] running 0 tests
[INFO] [stdout] 
[INFO] [stdout] test result: ok. 0 passed; 0 failed; 0 ignored; 0 measured; 0 filtered out; finished in 0.00s
[INFO] [stdout] 
[INFO] [stderr]    Doc-tests truchet
[INFO] [stdout] 
[INFO] [stdout] running 4 tests
[INFO] [stdout] test src/tile/triangle.rs - tile::triangle::ElasticTileType::A (line 11) ... FAILED
[INFO] [stdout] test src/tile/triangle.rs - tile::triangle::ElasticTileType::D (line 35) ... FAILED
[INFO] [stdout] test src/tile/triangle.rs - tile::triangle::ElasticTileType::B (line 19) ... FAILED
[INFO] [stdout] test src/tile/triangle.rs - tile::triangle::ElasticTileType::C (line 27) ... FAILED
[INFO] [stdout] 
[INFO] [stdout] failures:
[INFO] [stdout] 
[INFO] [stdout] ---- src/tile/triangle.rs - tile::triangle::ElasticTileType::A (line 11) stdout ----
[INFO] [stdout] error: expected parameter name, found `*`
[INFO] [stdout]  --> src/tile/triangle.rs:12:2
[INFO] [stdout]   |
[INFO] [stdout] 3 | |*       |
[INFO] [stdout]   |  ^ expected parameter name
[INFO] [stdout] 
[INFO] [stdout] error: aborting due to previous error
[INFO] [stdout] 
[INFO] [stdout] Couldn't compile the test.
[INFO] [stdout] ---- src/tile/triangle.rs - tile::triangle::ElasticTileType::D (line 35) stdout ----
[INFO] [stdout] error: expected parameter name, found `*`
[INFO] [stdout]  --> src/tile/triangle.rs:36:9
[INFO] [stdout]   |
[INFO] [stdout] 3 | |       *|
[INFO] [stdout]   |         ^ expected parameter name
[INFO] [stdout] 
[INFO] [stdout] error: aborting due to previous error
[INFO] [stdout] 
[INFO] [stdout] Couldn't compile the test.
[INFO] [stdout] ---- src/tile/triangle.rs - tile::triangle::ElasticTileType::B (line 19) stdout ----
[INFO] [stdout] error: expected parameter name, found `*`
[INFO] [stdout]  --> src/tile/triangle.rs:20:2
[INFO] [stdout]   |
[INFO] [stdout] 3 | |********|
[INFO] [stdout]   |  ^ expected parameter name
[INFO] [stdout] 
[INFO] [stdout] error: aborting due to previous error
[INFO] [stdout] 
[INFO] [stdout] Couldn't compile the test.
[INFO] [stdout] ---- src/tile/triangle.rs - tile::triangle::ElasticTileType::C (line 27) stdout ----
[INFO] [stdout] error: expected parameter name, found `*`
[INFO] [stdout]  --> src/tile/triangle.rs:28:2
[INFO] [stdout]   |
[INFO] [stdout] 3 | |********|
[INFO] [stdout]   |  ^ expected parameter name
[INFO] [stdout] 
[INFO] [stdout] error: aborting due to previous error
[INFO] [stdout] 
[INFO] [stdout] Couldn't compile the test.
[INFO] [stdout] 
[INFO] [stdout] failures:
[INFO] [stdout]     src/tile/triangle.rs - tile::triangle::ElasticTileType::A (line 11)
[INFO] [stdout]     src/tile/triangle.rs - tile::triangle::ElasticTileType::B (line 19)
[INFO] [stdout]     src/tile/triangle.rs - tile::triangle::ElasticTileType::C (line 27)
[INFO] [stdout]     src/tile/triangle.rs - tile::triangle::ElasticTileType::D (line 35)
[INFO] [stdout] 
[INFO] [stdout] test result: FAILED. 0 passed; 4 failed; 0 ignored; 0 measured; 0 filtered out; finished in 0.03s
[INFO] [stdout] 
[INFO] [stderr] error: doctest failed, to rerun pass `--doc`
[INFO] running `Command { std: "docker" "inspect" "f2a58b024d02ba765c6be69bcb428c945530023e27bcfd2cb2d5c80955097a4a", kill_on_drop: false }`
[INFO] running `Command { std: "docker" "rm" "-f" "f2a58b024d02ba765c6be69bcb428c945530023e27bcfd2cb2d5c80955097a4a", kill_on_drop: false }`
[INFO] [stdout] f2a58b024d02ba765c6be69bcb428c945530023e27bcfd2cb2d5c80955097a4a
