[INFO] fetching crate trout 0.4.0...
[INFO] testing trout-0.4.0 against beta-2023-04-20 for beta-1.70-1
[INFO] extracting crate trout 0.4.0 into /workspace/builds/worker-1-tc2/source
[INFO] validating manifest of crates.io crate trout 0.4.0 on toolchain beta-2023-04-20
[INFO] running `Command { std: CARGO_HOME="/workspace/cargo-home" RUSTUP_HOME="/workspace/rustup-home" "/workspace/cargo-home/bin/cargo" "+beta-2023-04-20" "metadata" "--manifest-path" "Cargo.toml" "--no-deps", kill_on_drop: false }`
[INFO] started tweaking crates.io crate trout 0.4.0
[INFO] finished tweaking crates.io crate trout 0.4.0
[INFO] tweaked toml for crates.io crate trout 0.4.0 written to /workspace/builds/worker-1-tc2/source/Cargo.toml
[INFO] crate crates.io crate trout 0.4.0 already has a lockfile, it will not be regenerated
[INFO] running `Command { std: CARGO_HOME="/workspace/cargo-home" RUSTUP_HOME="/workspace/rustup-home" "/workspace/cargo-home/bin/cargo" "+beta-2023-04-20" "fetch" "--manifest-path" "Cargo.toml", kill_on_drop: false }`
[INFO] running `Command { std: "docker" "create" "-v" "/var/lib/crater-agent-workspace/builds/worker-1-tc2/target:/opt/rustwide/target:rw,Z" "-v" "/var/lib/crater-agent-workspace/builds/worker-1-tc2/source:/opt/rustwide/workdir:ro,Z" "-v" "/var/lib/crater-agent-workspace/cargo-home:/opt/rustwide/cargo-home:ro,Z" "-v" "/var/lib/crater-agent-workspace/rustup-home:/opt/rustwide/rustup-home:ro,Z" "-e" "SOURCE_DIR=/opt/rustwide/workdir" "-e" "CARGO_TARGET_DIR=/opt/rustwide/target" "-e" "CARGO_HOME=/opt/rustwide/cargo-home" "-e" "RUSTUP_HOME=/opt/rustwide/rustup-home" "-w" "/opt/rustwide/workdir" "-m" "1610612736" "--user" "0:0" "--network" "none" "ghcr.io/rust-lang/crates-build-env/linux@sha256:5ff2268d62e97bff2cde7d5815dd6ed5b47097566f13b8d0ca110b04b60e07ed" "/opt/rustwide/cargo-home/bin/cargo" "+beta-2023-04-20" "metadata" "--no-deps" "--format-version=1", kill_on_drop: false }`
[INFO] [stdout] b066def53d76860a50cc026b69a9439872dd4510a6f049bbe289499ebda6443f
[INFO] running `Command { std: "docker" "start" "-a" "b066def53d76860a50cc026b69a9439872dd4510a6f049bbe289499ebda6443f", kill_on_drop: false }`
[INFO] running `Command { std: "docker" "inspect" "b066def53d76860a50cc026b69a9439872dd4510a6f049bbe289499ebda6443f", kill_on_drop: false }`
[INFO] running `Command { std: "docker" "rm" "-f" "b066def53d76860a50cc026b69a9439872dd4510a6f049bbe289499ebda6443f", kill_on_drop: false }`
[INFO] [stdout] b066def53d76860a50cc026b69a9439872dd4510a6f049bbe289499ebda6443f
[INFO] running `Command { std: "docker" "create" "-v" "/var/lib/crater-agent-workspace/builds/worker-1-tc2/target:/opt/rustwide/target:rw,Z" "-v" "/var/lib/crater-agent-workspace/builds/worker-1-tc2/source:/opt/rustwide/workdir:ro,Z" "-v" "/var/lib/crater-agent-workspace/cargo-home:/opt/rustwide/cargo-home:ro,Z" "-v" "/var/lib/crater-agent-workspace/rustup-home:/opt/rustwide/rustup-home:ro,Z" "-e" "SOURCE_DIR=/opt/rustwide/workdir" "-e" "CARGO_TARGET_DIR=/opt/rustwide/target" "-e" "CARGO_INCREMENTAL=0" "-e" "RUST_BACKTRACE=full" "-e" "RUSTFLAGS=--cap-lints=warn" "-e" "RUSTDOCFLAGS=--cap-lints=warn" "-e" "CARGO_HOME=/opt/rustwide/cargo-home" "-e" "RUSTUP_HOME=/opt/rustwide/rustup-home" "-w" "/opt/rustwide/workdir" "-m" "1610612736" "--user" "0:0" "--network" "none" "ghcr.io/rust-lang/crates-build-env/linux@sha256:5ff2268d62e97bff2cde7d5815dd6ed5b47097566f13b8d0ca110b04b60e07ed" "/opt/rustwide/cargo-home/bin/cargo" "+beta-2023-04-20" "build" "--frozen" "--message-format=json", kill_on_drop: false }`
[INFO] [stdout] e13833dd3541f3713c80202d51592601e8b3df1caa54179fd1d60e68e4787667
[INFO] running `Command { std: "docker" "start" "-a" "e13833dd3541f3713c80202d51592601e8b3df1caa54179fd1d60e68e4787667", kill_on_drop: false }`
[INFO] [stderr]     Blocking waiting for file lock on package cache
[INFO] [stderr]    Compiling fnv v1.0.7
[INFO] [stderr]    Compiling itoa v1.0.1
[INFO] [stderr]    Compiling bytes v1.1.0
[INFO] [stderr]    Compiling percent-encoding v2.1.0
[INFO] [stderr]    Compiling http v0.2.6
[INFO] [stderr]    Compiling trout v0.4.0 (/opt/rustwide/workdir)
[INFO] [stderr]     Finished dev [unoptimized + debuginfo] target(s) in 2.92s
[INFO] running `Command { std: "docker" "inspect" "e13833dd3541f3713c80202d51592601e8b3df1caa54179fd1d60e68e4787667", kill_on_drop: false }`
[INFO] running `Command { std: "docker" "rm" "-f" "e13833dd3541f3713c80202d51592601e8b3df1caa54179fd1d60e68e4787667", kill_on_drop: false }`
[INFO] [stdout] e13833dd3541f3713c80202d51592601e8b3df1caa54179fd1d60e68e4787667
[INFO] running `Command { std: "docker" "create" "-v" "/var/lib/crater-agent-workspace/builds/worker-1-tc2/target:/opt/rustwide/target:rw,Z" "-v" "/var/lib/crater-agent-workspace/builds/worker-1-tc2/source:/opt/rustwide/workdir:ro,Z" "-v" "/var/lib/crater-agent-workspace/cargo-home:/opt/rustwide/cargo-home:ro,Z" "-v" "/var/lib/crater-agent-workspace/rustup-home:/opt/rustwide/rustup-home:ro,Z" "-e" "SOURCE_DIR=/opt/rustwide/workdir" "-e" "CARGO_TARGET_DIR=/opt/rustwide/target" "-e" "CARGO_INCREMENTAL=0" "-e" "RUST_BACKTRACE=full" "-e" "RUSTFLAGS=--cap-lints=warn" "-e" "RUSTDOCFLAGS=--cap-lints=warn" "-e" "CARGO_HOME=/opt/rustwide/cargo-home" "-e" "RUSTUP_HOME=/opt/rustwide/rustup-home" "-w" "/opt/rustwide/workdir" "-m" "1610612736" "--user" "0:0" "--network" "none" "ghcr.io/rust-lang/crates-build-env/linux@sha256:5ff2268d62e97bff2cde7d5815dd6ed5b47097566f13b8d0ca110b04b60e07ed" "/opt/rustwide/cargo-home/bin/cargo" "+beta-2023-04-20" "test" "--frozen" "--no-run" "--message-format=json", kill_on_drop: false }`
[INFO] [stdout] 0840df111bf48c2ff024f85a4d2fc16391977eda78e2005c97fdd88920ead5c5
[INFO] running `Command { std: "docker" "start" "-a" "0840df111bf48c2ff024f85a4d2fc16391977eda78e2005c97fdd88920ead5c5", kill_on_drop: false }`
[INFO] [stderr]    Compiling proc-macro2 v1.0.36
[INFO] [stderr]    Compiling libc v0.2.112
[INFO] [stderr]    Compiling log v0.4.14
[INFO] [stderr]    Compiling unicode-xid v0.2.2
[INFO] [stderr]    Compiling syn v1.0.85
[INFO] [stderr]    Compiling pin-project-lite v0.2.8
[INFO] [stderr]    Compiling futures-core v0.3.19
[INFO] [stderr]    Compiling futures-task v0.3.19
[INFO] [stderr]    Compiling futures-util v0.3.19
[INFO] [stderr]    Compiling futures-channel v0.3.19
[INFO] [stderr]    Compiling httparse v1.5.1
[INFO] [stderr]    Compiling tracing-core v0.1.21
[INFO] [stderr]    Compiling pin-utils v0.1.0
[INFO] [stderr]    Compiling try-lock v0.2.3
[INFO] [stderr]    Compiling tower-service v0.3.1
[INFO] [stderr]    Compiling itoa v0.4.8
[INFO] [stderr]    Compiling http-body v0.4.4
[INFO] [stderr]    Compiling httpdate v1.0.2
[INFO] [stderr]    Compiling tracing v0.1.29
[INFO] [stderr]    Compiling want v0.3.0
[INFO] [stderr]    Compiling quote v1.0.14
[INFO] [stderr]    Compiling mio v0.7.14
[INFO] [stderr]    Compiling num_cpus v1.13.1
[INFO] [stderr]    Compiling socket2 v0.4.2
[INFO] [stderr]    Compiling tokio-macros v1.7.0
[INFO] [stderr]    Compiling tokio v1.15.0
[INFO] [stderr]    Compiling hyper v0.14.16
[INFO] [stderr]    Compiling trout v0.4.0 (/opt/rustwide/workdir)
[INFO] [stderr]     Finished test [unoptimized + debuginfo] target(s) in 9.48s
[INFO] running `Command { std: "docker" "inspect" "0840df111bf48c2ff024f85a4d2fc16391977eda78e2005c97fdd88920ead5c5", kill_on_drop: false }`
[INFO] running `Command { std: "docker" "rm" "-f" "0840df111bf48c2ff024f85a4d2fc16391977eda78e2005c97fdd88920ead5c5", kill_on_drop: false }`
[INFO] [stdout] 0840df111bf48c2ff024f85a4d2fc16391977eda78e2005c97fdd88920ead5c5
[INFO] running `Command { std: "docker" "create" "-v" "/var/lib/crater-agent-workspace/builds/worker-1-tc2/target:/opt/rustwide/target:rw,Z" "-v" "/var/lib/crater-agent-workspace/builds/worker-1-tc2/source:/opt/rustwide/workdir:ro,Z" "-v" "/var/lib/crater-agent-workspace/cargo-home:/opt/rustwide/cargo-home:ro,Z" "-v" "/var/lib/crater-agent-workspace/rustup-home:/opt/rustwide/rustup-home:ro,Z" "-e" "SOURCE_DIR=/opt/rustwide/workdir" "-e" "CARGO_TARGET_DIR=/opt/rustwide/target" "-e" "CARGO_INCREMENTAL=0" "-e" "RUST_BACKTRACE=full" "-e" "RUSTFLAGS=--cap-lints=warn" "-e" "RUSTDOCFLAGS=--cap-lints=warn" "-e" "CARGO_HOME=/opt/rustwide/cargo-home" "-e" "RUSTUP_HOME=/opt/rustwide/rustup-home" "-w" "/opt/rustwide/workdir" "-m" "1610612736" "--user" "0:0" "--network" "none" "ghcr.io/rust-lang/crates-build-env/linux@sha256:5ff2268d62e97bff2cde7d5815dd6ed5b47097566f13b8d0ca110b04b60e07ed" "/opt/rustwide/cargo-home/bin/cargo" "+beta-2023-04-20" "test" "--frozen", kill_on_drop: false }`
[INFO] [stdout] 1cb6edad3165c9db1853fcaa516bdbd3b6167dd24d48d0c63a1260ed5d3fdaad
[INFO] running `Command { std: "docker" "start" "-a" "1cb6edad3165c9db1853fcaa516bdbd3b6167dd24d48d0c63a1260ed5d3fdaad", kill_on_drop: false }`
[INFO] [stderr]     Finished test [unoptimized + debuginfo] target(s) in 0.02s
[INFO] [stderr]      Running unittests src/lib.rs (/opt/rustwide/target/debug/deps/trout-af77eb126b2c825f)
[INFO] [stdout] 
[INFO] [stdout] running 0 tests
[INFO] [stdout] 
[INFO] [stdout] test result: ok. 0 passed; 0 failed; 0 ignored; 0 measured; 0 filtered out; finished in 0.00s
[INFO] [stdout] 
[INFO] [stderr]    Doc-tests trout
[INFO] [stdout] 
[INFO] [stdout] running 3 tests
[INFO] [stdout] test src/node.rs - node::Node<P,R,T,C>::with_child (line 157) ... FAILED
[INFO] [stdout] test src/node.rs - node::Node<P,R,T,C>::with_child_parse (line 187) ... FAILED
[INFO] [stdout] test src/node.rs - node::Node<P,R,T,C>::with_child_str (line 170) ... FAILED
[INFO] [stdout] 
[INFO] [stdout] failures:
[INFO] [stdout] 
[INFO] [stdout] ---- src/node.rs - node::Node<P,R,T,C>::with_child (line 157) stdout ----
[INFO] [stdout] error[E0282]: type annotations needed for `Node<P, R, T, C>`
[INFO] [stdout]  --> src/node.rs:158:5
[INFO] [stdout]   |
[INFO] [stdout] 4 | let other_node = trout::Node::new();
[INFO] [stdout]   |     ^^^^^^^^^^
[INFO] [stdout]   |
[INFO] [stdout] help: consider giving `other_node` an explicit type, where the type for type parameter `P` is specified
[INFO] [stdout]   |
[INFO] [stdout] 4 | let other_node: Node<P, R, T, C> = trout::Node::new();
[INFO] [stdout]   |               ++++++++++++++++++
[INFO] [stdout] 
[INFO] [stdout] error: aborting due to previous error
[INFO] [stdout] 
[INFO] [stdout] For more information about this error, try `rustc --explain E0282`.
[INFO] [stdout] Couldn't compile the test.
[INFO] [stdout] ---- src/node.rs - node::Node<P,R,T,C>::with_child_parse (line 187) stdout ----
[INFO] [stdout] error[E0308]: mismatched types
[INFO] [stdout]  --> src/node.rs:189:1
[INFO] [stdout]   |
[INFO] [stdout] 5 | / trout::Node::new()
[INFO] [stdout] 6 | |     .with_child_parse::<i32, _>(other_node)
[INFO] [stdout]   | |___________________________________________^ expected `()`, found `Node<_, _, _, _>`
[INFO] [stdout]   |
[INFO] [stdout]   = note: expected unit type `()`
[INFO] [stdout]                 found struct `Node<_, _, _, _>`
[INFO] [stdout] help: consider using a semicolon here
[INFO] [stdout]   |
[INFO] [stdout] 6 |     .with_child_parse::<i32, _>(other_node);
[INFO] [stdout]   |                                            +
[INFO] [stdout] help: a return type might be missing here
[INFO] [stdout]   |
[INFO] [stdout] 3 | fn main() { #[allow(non_snake_case)] fn _doctest_main_src_node_rs_187_0() -> _ {
[INFO] [stdout]   |                                                                           ++++
[INFO] [stdout] 
[INFO] [stdout] error: aborting due to previous error
[INFO] [stdout] 
[INFO] [stdout] For more information about this error, try `rustc --explain E0308`.
[INFO] [stdout] Couldn't compile the test.
[INFO] [stdout] ---- src/node.rs - node::Node<P,R,T,C>::with_child_str (line 170) stdout ----
[INFO] [stdout] error[E0308]: mismatched types
[INFO] [stdout]  --> src/node.rs:172:1
[INFO] [stdout]   |
[INFO] [stdout] 5 | / trout::Node::new()
[INFO] [stdout] 6 | |     .with_child_str(other_node)
[INFO] [stdout]   | |_______________________________^ expected `()`, found `Node<_, _, _, _>`
[INFO] [stdout]   |
[INFO] [stdout]   = note: expected unit type `()`
[INFO] [stdout]                 found struct `Node<_, _, _, _>`
[INFO] [stdout] help: consider using a semicolon here
[INFO] [stdout]   |
[INFO] [stdout] 6 |     .with_child_str(other_node);
[INFO] [stdout]   |                                +
[INFO] [stdout] help: a return type might be missing here
[INFO] [stdout]   |
[INFO] [stdout] 3 | fn main() { #[allow(non_snake_case)] fn _doctest_main_src_node_rs_170_0() -> _ {
[INFO] [stdout]   |                                                                           ++++
[INFO] [stdout] 
[INFO] [stdout] error: aborting due to previous error
[INFO] [stdout] 
[INFO] [stdout] For more information about this error, try `rustc --explain E0308`.
[INFO] [stdout] Couldn't compile the test.
[INFO] [stdout] 
[INFO] [stdout] failures:
[INFO] [stdout]     src/node.rs - node::Node<P,R,T,C>::with_child (line 157)
[INFO] [stdout]     src/node.rs - node::Node<P,R,T,C>::with_child_parse (line 187)
[INFO] [stdout]     src/node.rs - node::Node<P,R,T,C>::with_child_str (line 170)
[INFO] [stdout] 
[INFO] [stdout] test result: FAILED. 0 passed; 3 failed; 0 ignored; 0 measured; 0 filtered out; finished in 0.06s
[INFO] [stdout] 
[INFO] [stderr] error: doctest failed, to rerun pass `--doc`
[INFO] running `Command { std: "docker" "inspect" "1cb6edad3165c9db1853fcaa516bdbd3b6167dd24d48d0c63a1260ed5d3fdaad", kill_on_drop: false }`
[INFO] running `Command { std: "docker" "rm" "-f" "1cb6edad3165c9db1853fcaa516bdbd3b6167dd24d48d0c63a1260ed5d3fdaad", kill_on_drop: false }`
[INFO] [stdout] 1cb6edad3165c9db1853fcaa516bdbd3b6167dd24d48d0c63a1260ed5d3fdaad
