[INFO] fetching crate trk 0.2.0...
[INFO] testing trk-0.2.0 against 1.69.0 for beta-1.70-1
[INFO] extracting crate trk 0.2.0 into /workspace/builds/worker-6-tc1/source
[INFO] validating manifest of crates.io crate trk 0.2.0 on toolchain 1.69.0
[INFO] running `Command { std: CARGO_HOME="/workspace/cargo-home" RUSTUP_HOME="/workspace/rustup-home" "/workspace/cargo-home/bin/cargo" "+1.69.0" "metadata" "--manifest-path" "Cargo.toml" "--no-deps", kill_on_drop: false }`
[INFO] started tweaking crates.io crate trk 0.2.0
[INFO] finished tweaking crates.io crate trk 0.2.0
[INFO] tweaked toml for crates.io crate trk 0.2.0 written to /workspace/builds/worker-6-tc1/source/Cargo.toml
[INFO] running `Command { std: CARGO_HOME="/workspace/cargo-home" RUSTUP_HOME="/workspace/rustup-home" __CARGO_TEST_CHANNEL_OVERRIDE_DO_NOT_USE_THIS="nightly" "/workspace/cargo-home/bin/cargo" "+1.69.0" "generate-lockfile" "--manifest-path" "Cargo.toml" "-Zno-index-update", kill_on_drop: false }`
[INFO] running `Command { std: CARGO_HOME="/workspace/cargo-home" RUSTUP_HOME="/workspace/rustup-home" "/workspace/cargo-home/bin/cargo" "+1.69.0" "fetch" "--manifest-path" "Cargo.toml", kill_on_drop: false }`
[INFO] [stderr]  Downloading crates ...
[INFO] [stderr]   Downloaded read_input v0.5.4
[INFO] running `Command { std: "docker" "create" "-v" "/var/lib/crater-agent-workspace/builds/worker-6-tc1/target:/opt/rustwide/target:rw,Z" "-v" "/var/lib/crater-agent-workspace/builds/worker-6-tc1/source:/opt/rustwide/workdir:ro,Z" "-v" "/var/lib/crater-agent-workspace/cargo-home:/opt/rustwide/cargo-home:ro,Z" "-v" "/var/lib/crater-agent-workspace/rustup-home:/opt/rustwide/rustup-home:ro,Z" "-e" "SOURCE_DIR=/opt/rustwide/workdir" "-e" "CARGO_TARGET_DIR=/opt/rustwide/target" "-e" "CARGO_HOME=/opt/rustwide/cargo-home" "-e" "RUSTUP_HOME=/opt/rustwide/rustup-home" "-w" "/opt/rustwide/workdir" "-m" "1610612736" "--user" "0:0" "--network" "none" "ghcr.io/rust-lang/crates-build-env/linux@sha256:5ff2268d62e97bff2cde7d5815dd6ed5b47097566f13b8d0ca110b04b60e07ed" "/opt/rustwide/cargo-home/bin/cargo" "+1.69.0" "metadata" "--no-deps" "--format-version=1", kill_on_drop: false }`
[INFO] [stdout] 918abb7ab37dcbe095e350d2875ec1572114218cbe2e37c256c3295bc58a29ed
[INFO] running `Command { std: "docker" "start" "-a" "918abb7ab37dcbe095e350d2875ec1572114218cbe2e37c256c3295bc58a29ed", kill_on_drop: false }`
[INFO] running `Command { std: "docker" "inspect" "918abb7ab37dcbe095e350d2875ec1572114218cbe2e37c256c3295bc58a29ed", kill_on_drop: false }`
[INFO] running `Command { std: "docker" "rm" "-f" "918abb7ab37dcbe095e350d2875ec1572114218cbe2e37c256c3295bc58a29ed", kill_on_drop: false }`
[INFO] [stdout] 918abb7ab37dcbe095e350d2875ec1572114218cbe2e37c256c3295bc58a29ed
[INFO] running `Command { std: "docker" "create" "-v" "/var/lib/crater-agent-workspace/builds/worker-6-tc1/target:/opt/rustwide/target:rw,Z" "-v" "/var/lib/crater-agent-workspace/builds/worker-6-tc1/source:/opt/rustwide/workdir:ro,Z" "-v" "/var/lib/crater-agent-workspace/cargo-home:/opt/rustwide/cargo-home:ro,Z" "-v" "/var/lib/crater-agent-workspace/rustup-home:/opt/rustwide/rustup-home:ro,Z" "-e" "SOURCE_DIR=/opt/rustwide/workdir" "-e" "CARGO_TARGET_DIR=/opt/rustwide/target" "-e" "CARGO_INCREMENTAL=0" "-e" "RUST_BACKTRACE=full" "-e" "RUSTFLAGS=--cap-lints=warn" "-e" "RUSTDOCFLAGS=--cap-lints=warn" "-e" "CARGO_HOME=/opt/rustwide/cargo-home" "-e" "RUSTUP_HOME=/opt/rustwide/rustup-home" "-w" "/opt/rustwide/workdir" "-m" "1610612736" "--user" "0:0" "--network" "none" "ghcr.io/rust-lang/crates-build-env/linux@sha256:5ff2268d62e97bff2cde7d5815dd6ed5b47097566f13b8d0ca110b04b60e07ed" "/opt/rustwide/cargo-home/bin/cargo" "+1.69.0" "build" "--frozen" "--message-format=json", kill_on_drop: false }`
[INFO] [stdout] e3793703a0676d6ea577d744e9d470e4b2012796f97c96ca1a461a72f3ebd158
[INFO] running `Command { std: "docker" "start" "-a" "e3793703a0676d6ea577d744e9d470e4b2012796f97c96ca1a461a72f3ebd158", kill_on_drop: false }`
[INFO] [stderr]    Compiling libc v0.2.142
[INFO] [stderr]    Compiling autocfg v1.1.0
[INFO] [stderr]    Compiling proc-macro2 v0.4.30
[INFO] [stderr]    Compiling unicode-xid v0.1.0
[INFO] [stderr]    Compiling memchr v2.5.0
[INFO] [stderr]    Compiling unicode-width v0.1.10
[INFO] [stderr]    Compiling serde v1.0.160
[INFO] [stderr]    Compiling pkg-config v0.3.26
[INFO] [stderr]    Compiling syn v0.15.44
[INFO] [stderr]    Compiling unicode-segmentation v1.10.1
[INFO] [stderr]    Compiling bitflags v1.3.2
[INFO] [stderr]    Compiling log v0.4.17
[INFO] [stderr]    Compiling itoa v1.0.6
[INFO] [stderr]    Compiling ryu v1.0.13
[INFO] [stderr]    Compiling strsim v0.8.0
[INFO] [stderr]    Compiling linked-hash-map v0.5.6
[INFO] [stderr]    Compiling textwrap v0.11.0
[INFO] [stderr]    Compiling byteorder v1.4.3
[INFO] [stderr]    Compiling vec_map v0.8.2
[INFO] [stderr]    Compiling iana-time-zone v0.1.56
[INFO] [stderr]    Compiling ansi_term v0.12.1
[INFO] [stderr]    Compiling lru-cache v0.1.2
[INFO] [stderr]    Compiling encode_unicode v0.3.6
[INFO] [stderr]    Compiling numtoa v0.1.0
[INFO] [stderr]    Compiling num-traits v0.2.15
[INFO] [stderr]    Compiling num-integer v0.1.45
[INFO] [stderr]    Compiling read_input v0.5.4
[INFO] [stderr]    Compiling heck v0.3.3
[INFO] [stderr]    Compiling drawille v0.2.3
[INFO] [stderr]    Compiling libsqlite3-sys v0.10.0
[INFO] [stderr]    Compiling csv-core v0.1.10
[INFO] [stderr]    Compiling quote v0.6.13
[INFO] [stderr]    Compiling time v0.1.45
[INFO] [stderr]    Compiling atty v0.2.14
[INFO] [stderr]    Compiling dirs v1.0.5
[INFO] [stderr]    Compiling termion v1.5.6
[INFO] [stderr]    Compiling term v0.5.2
[INFO] [stderr]    Compiling clap v2.34.0
[INFO] [stderr]    Compiling rusqlite v0.15.0
[INFO] [stderr]    Compiling chrono v0.4.24
[INFO] [stderr]    Compiling structopt-derive v0.2.18
[INFO] [stderr]    Compiling fern v0.5.9
[INFO] [stderr]    Compiling structopt v0.2.18
[INFO] [stderr]    Compiling csv v1.2.1
[INFO] [stderr]    Compiling prettytable-rs v0.8.0
[INFO] [stderr]    Compiling trk v0.2.0 (/opt/rustwide/workdir)
[INFO] [stdout] warning: trait objects without an explicit `dyn` are deprecated
[INFO] [stdout]   --> src/data.rs:66:30
[INFO] [stdout]    |
[INFO] [stdout] 66 |             &[&series.id as &ToSql, &points],
[INFO] [stdout]    |                              ^^^^^
[INFO] [stdout]    |
[INFO] [stdout]    = warning: this is accepted in the current edition (Rust 2015) but is a hard error in Rust 2021!
[INFO] [stdout]    = note: for more information, see <https://doc.rust-lang.org/nightly/edition-guide/rust-2021/warnings-promoted-to-error.html>
[INFO] [stdout]    = note: `#[warn(bare_trait_objects)]` on by default
[INFO] [stdout] help: use `dyn`
[INFO] [stdout]    |
[INFO] [stdout] 66 |             &[&series.id as &dyn ToSql, &points],
[INFO] [stdout]    |                              +++
[INFO] [stdout] 
[INFO] [stdout] 
[INFO] [stdout] warning: trait objects without an explicit `dyn` are deprecated
[INFO] [stdout]   --> src/data.rs:99:30
[INFO] [stdout]    |
[INFO] [stdout] 99 |             &[&series.id as &ToSql, &series.id, &value]
[INFO] [stdout]    |                              ^^^^^
[INFO] [stdout]    |
[INFO] [stdout]    = warning: this is accepted in the current edition (Rust 2015) but is a hard error in Rust 2021!
[INFO] [stdout]    = note: for more information, see <https://doc.rust-lang.org/nightly/edition-guide/rust-2021/warnings-promoted-to-error.html>
[INFO] [stdout] help: use `dyn`
[INFO] [stdout]    |
[INFO] [stdout] 99 |             &[&series.id as &dyn ToSql, &series.id, &value]
[INFO] [stdout]    |                              +++
[INFO] [stdout] 
[INFO] [stdout] 
[INFO] [stdout] warning: trait objects without an explicit `dyn` are deprecated
[INFO] [stdout]    --> src/data.rs:105:48
[INFO] [stdout]     |
[INFO] [stdout] 105 |         let series_id = ins.insert(&[&name as &ToSql, &unit])?;
[INFO] [stdout]     |                                                ^^^^^
[INFO] [stdout]     |
[INFO] [stdout]     = warning: this is accepted in the current edition (Rust 2015) but is a hard error in Rust 2021!
[INFO] [stdout]     = note: for more information, see <https://doc.rust-lang.org/nightly/edition-guide/rust-2021/warnings-promoted-to-error.html>
[INFO] [stdout] help: use `dyn`
[INFO] [stdout]     |
[INFO] [stdout] 105 |         let series_id = ins.insert(&[&name as &dyn ToSql, &unit])?;
[INFO] [stdout]     |                                                +++
[INFO] [stdout] 
[INFO] [stdout] 
[INFO] [stdout] warning: trait objects without an explicit `dyn` are deprecated
[INFO] [stdout]    --> src/data.rs:111:30
[INFO] [stdout]     |
[INFO] [stdout] 111 |             &[&series_id as &ToSql],
[INFO] [stdout]     |                              ^^^^^
[INFO] [stdout]     |
[INFO] [stdout]     = warning: this is accepted in the current edition (Rust 2015) but is a hard error in Rust 2021!
[INFO] [stdout]     = note: for more information, see <https://doc.rust-lang.org/nightly/edition-guide/rust-2021/warnings-promoted-to-error.html>
[INFO] [stdout] help: use `dyn`
[INFO] [stdout]     |
[INFO] [stdout] 111 |             &[&series_id as &dyn ToSql],
[INFO] [stdout]     |                              +++
[INFO] [stdout] 
[INFO] [stdout] 
[INFO] [stdout] warning: trait objects without an explicit `dyn` are deprecated
[INFO] [stdout]    --> src/data.rs:134:30
[INFO] [stdout]     |
[INFO] [stdout] 134 |             &[&series.id as &ToSql]
[INFO] [stdout]     |                              ^^^^^
[INFO] [stdout]     |
[INFO] [stdout]     = warning: this is accepted in the current edition (Rust 2015) but is a hard error in Rust 2021!
[INFO] [stdout]     = note: for more information, see <https://doc.rust-lang.org/nightly/edition-guide/rust-2021/warnings-promoted-to-error.html>
[INFO] [stdout] help: use `dyn`
[INFO] [stdout]     |
[INFO] [stdout] 134 |             &[&series.id as &dyn ToSql]
[INFO] [stdout]     |                              +++
[INFO] [stdout] 
[INFO] [stdout] 
[INFO] [stdout] warning: trait objects without an explicit `dyn` are deprecated
[INFO] [stdout]    --> src/data.rs:139:30
[INFO] [stdout]     |
[INFO] [stdout] 139 |             &[&series.id as &ToSql]
[INFO] [stdout]     |                              ^^^^^
[INFO] [stdout]     |
[INFO] [stdout]     = warning: this is accepted in the current edition (Rust 2015) but is a hard error in Rust 2021!
[INFO] [stdout]     = note: for more information, see <https://doc.rust-lang.org/nightly/edition-guide/rust-2021/warnings-promoted-to-error.html>
[INFO] [stdout] help: use `dyn`
[INFO] [stdout]     |
[INFO] [stdout] 139 |             &[&series.id as &dyn ToSql]
[INFO] [stdout]     |                              +++
[INFO] [stdout] 
[INFO] [stdout] 
[INFO] [stdout] warning: trait objects without an explicit `dyn` are deprecated
[INFO] [stdout]    --> src/data.rs:170:27
[INFO] [stdout]     |
[INFO] [stdout] 170 |             &[&series as &ToSql],
[INFO] [stdout]     |                           ^^^^^
[INFO] [stdout]     |
[INFO] [stdout]     = warning: this is accepted in the current edition (Rust 2015) but is a hard error in Rust 2021!
[INFO] [stdout]     = note: for more information, see <https://doc.rust-lang.org/nightly/edition-guide/rust-2021/warnings-promoted-to-error.html>
[INFO] [stdout] help: use `dyn`
[INFO] [stdout]     |
[INFO] [stdout] 170 |             &[&series as &dyn ToSql],
[INFO] [stdout]     |                           +++
[INFO] [stdout] 
[INFO] [stdout] 
[INFO] [stdout] warning: use of deprecated method `chrono::TimeZone::timestamp`: use `timestamp_opt()` instead
[INFO] [stdout]    --> src/lib.rs:137:48
[INFO] [stdout]     |
[INFO] [stdout] 137 | ...                   let ts = Local.timestamp(p.timestamp.into(), 0);
[INFO] [stdout]     |                                      ^^^^^^^^^
[INFO] [stdout]     |
[INFO] [stdout]     = note: `#[warn(deprecated)]` on by default
[INFO] [stdout] 
[INFO] [stdout] 
[INFO] [stdout] warning: 8 warnings emitted
[INFO] [stdout] 
[INFO] [stdout] 
[INFO] [stderr]     Finished dev [unoptimized + debuginfo] target(s) in 9.97s
[INFO] running `Command { std: "docker" "inspect" "e3793703a0676d6ea577d744e9d470e4b2012796f97c96ca1a461a72f3ebd158", kill_on_drop: false }`
[INFO] running `Command { std: "docker" "rm" "-f" "e3793703a0676d6ea577d744e9d470e4b2012796f97c96ca1a461a72f3ebd158", kill_on_drop: false }`
[INFO] [stdout] e3793703a0676d6ea577d744e9d470e4b2012796f97c96ca1a461a72f3ebd158
[INFO] running `Command { std: "docker" "create" "-v" "/var/lib/crater-agent-workspace/builds/worker-6-tc1/target:/opt/rustwide/target:rw,Z" "-v" "/var/lib/crater-agent-workspace/builds/worker-6-tc1/source:/opt/rustwide/workdir:ro,Z" "-v" "/var/lib/crater-agent-workspace/cargo-home:/opt/rustwide/cargo-home:ro,Z" "-v" "/var/lib/crater-agent-workspace/rustup-home:/opt/rustwide/rustup-home:ro,Z" "-e" "SOURCE_DIR=/opt/rustwide/workdir" "-e" "CARGO_TARGET_DIR=/opt/rustwide/target" "-e" "CARGO_INCREMENTAL=0" "-e" "RUST_BACKTRACE=full" "-e" "RUSTFLAGS=--cap-lints=warn" "-e" "RUSTDOCFLAGS=--cap-lints=warn" "-e" "CARGO_HOME=/opt/rustwide/cargo-home" "-e" "RUSTUP_HOME=/opt/rustwide/rustup-home" "-w" "/opt/rustwide/workdir" "-m" "1610612736" "--user" "0:0" "--network" "none" "ghcr.io/rust-lang/crates-build-env/linux@sha256:5ff2268d62e97bff2cde7d5815dd6ed5b47097566f13b8d0ca110b04b60e07ed" "/opt/rustwide/cargo-home/bin/cargo" "+1.69.0" "test" "--frozen" "--no-run" "--message-format=json", kill_on_drop: false }`
[INFO] [stdout] 6b75eda508ecb83e2a44966bfd164b46b43d66163e408f61fa49a2c2cf2d2de4
[INFO] running `Command { std: "docker" "start" "-a" "6b75eda508ecb83e2a44966bfd164b46b43d66163e408f61fa49a2c2cf2d2de4", kill_on_drop: false }`
[INFO] [stdout] warning: trait objects without an explicit `dyn` are deprecated
[INFO] [stdout]   --> src/data.rs:66:30
[INFO] [stdout]    |
[INFO] [stdout] 66 |             &[&series.id as &ToSql, &points],
[INFO] [stdout]    |                              ^^^^^
[INFO] [stdout]    |
[INFO] [stdout]    = warning: this is accepted in the current edition (Rust 2015) but is a hard error in Rust 2021!
[INFO] [stdout]    = note: for more information, see <https://doc.rust-lang.org/nightly/edition-guide/rust-2021/warnings-promoted-to-error.html>
[INFO] [stdout]    = note: `#[warn(bare_trait_objects)]` on by default
[INFO] [stdout] help: use `dyn`
[INFO] [stdout]    |
[INFO] [stdout] 66 |             &[&series.id as &dyn ToSql, &points],
[INFO] [stdout]    |                              +++
[INFO] [stdout] 
[INFO] [stdout] 
[INFO] [stdout] warning: trait objects without an explicit `dyn` are deprecated
[INFO] [stdout]   --> src/data.rs:99:30
[INFO] [stdout]    |
[INFO] [stdout] 99 |             &[&series.id as &ToSql, &series.id, &value]
[INFO] [stdout]    |                              ^^^^^
[INFO] [stdout]    |
[INFO] [stdout]    = warning: this is accepted in the current edition (Rust 2015) but is a hard error in Rust 2021!
[INFO] [stdout]    = note: for more information, see <https://doc.rust-lang.org/nightly/edition-guide/rust-2021/warnings-promoted-to-error.html>
[INFO] [stdout] help: use `dyn`
[INFO] [stdout]    |
[INFO] [stdout] 99 |             &[&series.id as &dyn ToSql, &series.id, &value]
[INFO] [stdout]    |                              +++
[INFO] [stdout] 
[INFO] [stdout] 
[INFO] [stdout] warning: trait objects without an explicit `dyn` are deprecated
[INFO] [stdout]    --> src/data.rs:105:48
[INFO] [stdout]     |
[INFO] [stdout] 105 |         let series_id = ins.insert(&[&name as &ToSql, &unit])?;
[INFO] [stdout]     |                                                ^^^^^
[INFO] [stdout]     |
[INFO] [stdout]     = warning: this is accepted in the current edition (Rust 2015) but is a hard error in Rust 2021!
[INFO] [stdout]     = note: for more information, see <https://doc.rust-lang.org/nightly/edition-guide/rust-2021/warnings-promoted-to-error.html>
[INFO] [stdout] help: use `dyn`
[INFO] [stdout]     |
[INFO] [stdout] 105 |         let series_id = ins.insert(&[&name as &dyn ToSql, &unit])?;
[INFO] [stdout]     |                                                +++
[INFO] [stdout] 
[INFO] [stdout] 
[INFO] [stdout] warning: trait objects without an explicit `dyn` are deprecated
[INFO] [stdout]    --> src/data.rs:111:30
[INFO] [stdout]     |
[INFO] [stdout] 111 |             &[&series_id as &ToSql],
[INFO] [stdout]     |                              ^^^^^
[INFO] [stdout]     |
[INFO] [stdout]     = warning: this is accepted in the current edition (Rust 2015) but is a hard error in Rust 2021!
[INFO] [stdout]     = note: for more information, see <https://doc.rust-lang.org/nightly/edition-guide/rust-2021/warnings-promoted-to-error.html>
[INFO] [stdout] help: use `dyn`
[INFO] [stdout]     |
[INFO] [stdout] 111 |             &[&series_id as &dyn ToSql],
[INFO] [stdout]     |                              +++
[INFO] [stdout] 
[INFO] [stdout] 
[INFO] [stdout] warning: trait objects without an explicit `dyn` are deprecated
[INFO] [stdout]    --> src/data.rs:134:30
[INFO] [stdout]     |
[INFO] [stdout] 134 |             &[&series.id as &ToSql]
[INFO] [stdout]     |                              ^^^^^
[INFO] [stdout]     |
[INFO] [stdout]     = warning: this is accepted in the current edition (Rust 2015) but is a hard error in Rust 2021!
[INFO] [stdout]     = note: for more information, see <https://doc.rust-lang.org/nightly/edition-guide/rust-2021/warnings-promoted-to-error.html>
[INFO] [stdout] help: use `dyn`
[INFO] [stdout]     |
[INFO] [stdout] 134 |             &[&series.id as &dyn ToSql]
[INFO] [stdout]     |                              +++
[INFO] [stdout] 
[INFO] [stdout] 
[INFO] [stderr]    Compiling trk v0.2.0 (/opt/rustwide/workdir)
[INFO] [stdout] warning: trait objects without an explicit `dyn` are deprecated
[INFO] [stdout]    --> src/data.rs:139:30
[INFO] [stdout]     |
[INFO] [stdout] 139 |             &[&series.id as &ToSql]
[INFO] [stdout]     |                              ^^^^^
[INFO] [stdout]     |
[INFO] [stdout]     = warning: this is accepted in the current edition (Rust 2015) but is a hard error in Rust 2021!
[INFO] [stdout]     = note: for more information, see <https://doc.rust-lang.org/nightly/edition-guide/rust-2021/warnings-promoted-to-error.html>
[INFO] [stdout] help: use `dyn`
[INFO] [stdout]     |
[INFO] [stdout] 139 |             &[&series.id as &dyn ToSql]
[INFO] [stdout]     |                              +++
[INFO] [stdout] 
[INFO] [stdout] 
[INFO] [stdout] warning: trait objects without an explicit `dyn` are deprecated
[INFO] [stdout]    --> src/data.rs:170:27
[INFO] [stdout]     |
[INFO] [stdout] 170 |             &[&series as &ToSql],
[INFO] [stdout]     |                           ^^^^^
[INFO] [stdout]     |
[INFO] [stdout]     = warning: this is accepted in the current edition (Rust 2015) but is a hard error in Rust 2021!
[INFO] [stdout]     = note: for more information, see <https://doc.rust-lang.org/nightly/edition-guide/rust-2021/warnings-promoted-to-error.html>
[INFO] [stdout] help: use `dyn`
[INFO] [stdout]     |
[INFO] [stdout] 170 |             &[&series as &dyn ToSql],
[INFO] [stdout]     |                           +++
[INFO] [stdout] 
[INFO] [stdout] 
[INFO] [stdout] warning: use of deprecated method `chrono::TimeZone::timestamp`: use `timestamp_opt()` instead
[INFO] [stdout]    --> src/lib.rs:137:48
[INFO] [stdout]     |
[INFO] [stdout] 137 | ...                   let ts = Local.timestamp(p.timestamp.into(), 0);
[INFO] [stdout]     |                                      ^^^^^^^^^
[INFO] [stdout]     |
[INFO] [stdout]     = note: `#[warn(deprecated)]` on by default
[INFO] [stdout] 
[INFO] [stdout] 
[INFO] [stdout] warning: 8 warnings emitted
[INFO] [stdout] 
[INFO] [stdout] 
[INFO] [stdout] warning: trait objects without an explicit `dyn` are deprecated
[INFO] [stdout]   --> src/data.rs:66:30
[INFO] [stdout]    |
[INFO] [stdout] 66 |             &[&series.id as &ToSql, &points],
[INFO] [stdout]    |                              ^^^^^
[INFO] [stdout]    |
[INFO] [stdout]    = warning: this is accepted in the current edition (Rust 2015) but is a hard error in Rust 2021!
[INFO] [stdout]    = note: for more information, see <https://doc.rust-lang.org/nightly/edition-guide/rust-2021/warnings-promoted-to-error.html>
[INFO] [stdout]    = note: `#[warn(bare_trait_objects)]` on by default
[INFO] [stdout] help: use `dyn`
[INFO] [stdout]    |
[INFO] [stdout] 66 |             &[&series.id as &dyn ToSql, &points],
[INFO] [stdout]    |                              +++
[INFO] [stdout] 
[INFO] [stdout] 
[INFO] [stdout] warning: trait objects without an explicit `dyn` are deprecated
[INFO] [stdout]   --> src/data.rs:99:30
[INFO] [stdout]    |
[INFO] [stdout] 99 |             &[&series.id as &ToSql, &series.id, &value]
[INFO] [stdout]    |                              ^^^^^
[INFO] [stdout]    |
[INFO] [stdout]    = warning: this is accepted in the current edition (Rust 2015) but is a hard error in Rust 2021!
[INFO] [stdout]    = note: for more information, see <https://doc.rust-lang.org/nightly/edition-guide/rust-2021/warnings-promoted-to-error.html>
[INFO] [stdout] help: use `dyn`
[INFO] [stdout]    |
[INFO] [stdout] 99 |             &[&series.id as &dyn ToSql, &series.id, &value]
[INFO] [stdout]    |                              +++
[INFO] [stdout] 
[INFO] [stdout] 
[INFO] [stdout] warning: trait objects without an explicit `dyn` are deprecated
[INFO] [stdout]    --> src/data.rs:105:48
[INFO] [stdout]     |
[INFO] [stdout] 105 |         let series_id = ins.insert(&[&name as &ToSql, &unit])?;
[INFO] [stdout]     |                                                ^^^^^
[INFO] [stdout]     |
[INFO] [stdout]     = warning: this is accepted in the current edition (Rust 2015) but is a hard error in Rust 2021!
[INFO] [stdout]     = note: for more information, see <https://doc.rust-lang.org/nightly/edition-guide/rust-2021/warnings-promoted-to-error.html>
[INFO] [stdout] help: use `dyn`
[INFO] [stdout]     |
[INFO] [stdout] 105 |         let series_id = ins.insert(&[&name as &dyn ToSql, &unit])?;
[INFO] [stdout]     |                                                +++
[INFO] [stdout] 
[INFO] [stdout] 
[INFO] [stdout] warning: trait objects without an explicit `dyn` are deprecated
[INFO] [stdout]    --> src/data.rs:111:30
[INFO] [stdout]     |
[INFO] [stdout] 111 |             &[&series_id as &ToSql],
[INFO] [stdout]     |                              ^^^^^
[INFO] [stdout]     |
[INFO] [stdout]     = warning: this is accepted in the current edition (Rust 2015) but is a hard error in Rust 2021!
[INFO] [stdout]     = note: for more information, see <https://doc.rust-lang.org/nightly/edition-guide/rust-2021/warnings-promoted-to-error.html>
[INFO] [stdout] help: use `dyn`
[INFO] [stdout]     |
[INFO] [stdout] 111 |             &[&series_id as &dyn ToSql],
[INFO] [stdout]     |                              +++
[INFO] [stdout] 
[INFO] [stdout] 
[INFO] [stdout] warning: trait objects without an explicit `dyn` are deprecated
[INFO] [stdout]    --> src/data.rs:134:30
[INFO] [stdout]     |
[INFO] [stdout] 134 |             &[&series.id as &ToSql]
[INFO] [stdout]     |                              ^^^^^
[INFO] [stdout]     |
[INFO] [stdout]     = warning: this is accepted in the current edition (Rust 2015) but is a hard error in Rust 2021!
[INFO] [stdout]     = note: for more information, see <https://doc.rust-lang.org/nightly/edition-guide/rust-2021/warnings-promoted-to-error.html>
[INFO] [stdout] help: use `dyn`
[INFO] [stdout]     |
[INFO] [stdout] 134 |             &[&series.id as &dyn ToSql]
[INFO] [stdout]     |                              +++
[INFO] [stdout] 
[INFO] [stdout] 
[INFO] [stdout] warning: trait objects without an explicit `dyn` are deprecated
[INFO] [stdout]    --> src/data.rs:139:30
[INFO] [stdout]     |
[INFO] [stdout] 139 |             &[&series.id as &ToSql]
[INFO] [stdout]     |                              ^^^^^
[INFO] [stdout]     |
[INFO] [stdout]     = warning: this is accepted in the current edition (Rust 2015) but is a hard error in Rust 2021!
[INFO] [stdout]     = note: for more information, see <https://doc.rust-lang.org/nightly/edition-guide/rust-2021/warnings-promoted-to-error.html>
[INFO] [stdout] help: use `dyn`
[INFO] [stdout]     |
[INFO] [stdout] 139 |             &[&series.id as &dyn ToSql]
[INFO] [stdout]     |                              +++
[INFO] [stdout] 
[INFO] [stdout] 
[INFO] [stdout] warning: trait objects without an explicit `dyn` are deprecated
[INFO] [stdout]    --> src/data.rs:170:27
[INFO] [stdout]     |
[INFO] [stdout] 170 |             &[&series as &ToSql],
[INFO] [stdout]     |                           ^^^^^
[INFO] [stdout]     |
[INFO] [stdout]     = warning: this is accepted in the current edition (Rust 2015) but is a hard error in Rust 2021!
[INFO] [stdout]     = note: for more information, see <https://doc.rust-lang.org/nightly/edition-guide/rust-2021/warnings-promoted-to-error.html>
[INFO] [stdout] help: use `dyn`
[INFO] [stdout]     |
[INFO] [stdout] 170 |             &[&series as &dyn ToSql],
[INFO] [stdout]     |                           +++
[INFO] [stdout] 
[INFO] [stdout] 
[INFO] [stdout] warning: use of deprecated method `chrono::TimeZone::timestamp`: use `timestamp_opt()` instead
[INFO] [stdout]    --> src/lib.rs:137:48
[INFO] [stdout]     |
[INFO] [stdout] 137 | ...                   let ts = Local.timestamp(p.timestamp.into(), 0);
[INFO] [stdout]     |                                      ^^^^^^^^^
[INFO] [stdout]     |
[INFO] [stdout]     = note: `#[warn(deprecated)]` on by default
[INFO] [stdout] 
[INFO] [stdout] 
[INFO] [stdout] warning: 8 warnings emitted
[INFO] [stdout] 
[INFO] [stdout] 
[INFO] [stderr]     Finished test [unoptimized + debuginfo] target(s) in 0.58s
[INFO] running `Command { std: "docker" "inspect" "6b75eda508ecb83e2a44966bfd164b46b43d66163e408f61fa49a2c2cf2d2de4", kill_on_drop: false }`
[INFO] running `Command { std: "docker" "rm" "-f" "6b75eda508ecb83e2a44966bfd164b46b43d66163e408f61fa49a2c2cf2d2de4", kill_on_drop: false }`
[INFO] [stdout] 6b75eda508ecb83e2a44966bfd164b46b43d66163e408f61fa49a2c2cf2d2de4
[INFO] running `Command { std: "docker" "create" "-v" "/var/lib/crater-agent-workspace/builds/worker-6-tc1/target:/opt/rustwide/target:rw,Z" "-v" "/var/lib/crater-agent-workspace/builds/worker-6-tc1/source:/opt/rustwide/workdir:ro,Z" "-v" "/var/lib/crater-agent-workspace/cargo-home:/opt/rustwide/cargo-home:ro,Z" "-v" "/var/lib/crater-agent-workspace/rustup-home:/opt/rustwide/rustup-home:ro,Z" "-e" "SOURCE_DIR=/opt/rustwide/workdir" "-e" "CARGO_TARGET_DIR=/opt/rustwide/target" "-e" "CARGO_INCREMENTAL=0" "-e" "RUST_BACKTRACE=full" "-e" "RUSTFLAGS=--cap-lints=warn" "-e" "RUSTDOCFLAGS=--cap-lints=warn" "-e" "CARGO_HOME=/opt/rustwide/cargo-home" "-e" "RUSTUP_HOME=/opt/rustwide/rustup-home" "-w" "/opt/rustwide/workdir" "-m" "1610612736" "--user" "0:0" "--network" "none" "ghcr.io/rust-lang/crates-build-env/linux@sha256:5ff2268d62e97bff2cde7d5815dd6ed5b47097566f13b8d0ca110b04b60e07ed" "/opt/rustwide/cargo-home/bin/cargo" "+1.69.0" "test" "--frozen", kill_on_drop: false }`
[INFO] [stdout] 135aa110a5812cf85a6f7dc1eebe19ef35b65b0a0fa8aad06962fd965c28e682
[INFO] running `Command { std: "docker" "start" "-a" "135aa110a5812cf85a6f7dc1eebe19ef35b65b0a0fa8aad06962fd965c28e682", kill_on_drop: false }`
[INFO] [stderr] warning: trait objects without an explicit `dyn` are deprecated
[INFO] [stderr]   --> src/data.rs:66:30
[INFO] [stderr]    |
[INFO] [stderr] 66 |             &[&series.id as &ToSql, &points],
[INFO] [stderr]    |                              ^^^^^
[INFO] [stderr]    |
[INFO] [stderr]    = warning: this is accepted in the current edition (Rust 2015) but is a hard error in Rust 2021!
[INFO] [stderr]    = note: for more information, see <https://doc.rust-lang.org/nightly/edition-guide/rust-2021/warnings-promoted-to-error.html>
[INFO] [stderr]    = note: `#[warn(bare_trait_objects)]` on by default
[INFO] [stderr] help: use `dyn`
[INFO] [stderr]    |
[INFO] [stderr] 66 |             &[&series.id as &dyn ToSql, &points],
[INFO] [stderr]    |                              +++
[INFO] [stderr] 
[INFO] [stderr] warning: trait objects without an explicit `dyn` are deprecated
[INFO] [stderr]   --> src/data.rs:99:30
[INFO] [stderr]    |
[INFO] [stderr] 99 |             &[&series.id as &ToSql, &series.id, &value]
[INFO] [stderr]    |                              ^^^^^
[INFO] [stderr]    |
[INFO] [stderr]    = warning: this is accepted in the current edition (Rust 2015) but is a hard error in Rust 2021!
[INFO] [stderr]    = note: for more information, see <https://doc.rust-lang.org/nightly/edition-guide/rust-2021/warnings-promoted-to-error.html>
[INFO] [stderr] help: use `dyn`
[INFO] [stderr]    |
[INFO] [stderr] 99 |             &[&series.id as &dyn ToSql, &series.id, &value]
[INFO] [stderr]    |                              +++
[INFO] [stderr] 
[INFO] [stderr] warning: trait objects without an explicit `dyn` are deprecated
[INFO] [stderr]    --> src/data.rs:105:48
[INFO] [stderr]     |
[INFO] [stderr] 105 |         let series_id = ins.insert(&[&name as &ToSql, &unit])?;
[INFO] [stderr]     |                                                ^^^^^
[INFO] [stderr]     |
[INFO] [stderr]     = warning: this is accepted in the current edition (Rust 2015) but is a hard error in Rust 2021!
[INFO] [stderr]     = note: for more information, see <https://doc.rust-lang.org/nightly/edition-guide/rust-2021/warnings-promoted-to-error.html>
[INFO] [stderr] help: use `dyn`
[INFO] [stderr]     |
[INFO] [stderr] 105 |         let series_id = ins.insert(&[&name as &dyn ToSql, &unit])?;
[INFO] [stderr]     |                                                +++
[INFO] [stderr] 
[INFO] [stderr] warning: trait objects without an explicit `dyn` are deprecated
[INFO] [stderr]    --> src/data.rs:111:30
[INFO] [stderr]     |
[INFO] [stderr] 111 |             &[&series_id as &ToSql],
[INFO] [stderr]     |                              ^^^^^
[INFO] [stderr]     |
[INFO] [stderr]     = warning: this is accepted in the current edition (Rust 2015) but is a hard error in Rust 2021!
[INFO] [stderr]     = note: for more information, see <https://doc.rust-lang.org/nightly/edition-guide/rust-2021/warnings-promoted-to-error.html>
[INFO] [stderr] help: use `dyn`
[INFO] [stderr]     |
[INFO] [stderr] 111 |             &[&series_id as &dyn ToSql],
[INFO] [stderr]     |                              +++
[INFO] [stderr] 
[INFO] [stderr] warning: trait objects without an explicit `dyn` are deprecated
[INFO] [stderr]    --> src/data.rs:134:30
[INFO] [stderr]     |
[INFO] [stderr] 134 |             &[&series.id as &ToSql]
[INFO] [stderr]     |                              ^^^^^
[INFO] [stderr]     |
[INFO] [stderr]     = warning: this is accepted in the current edition (Rust 2015) but is a hard error in Rust 2021!
[INFO] [stderr]     = note: for more information, see <https://doc.rust-lang.org/nightly/edition-guide/rust-2021/warnings-promoted-to-error.html>
[INFO] [stderr] help: use `dyn`
[INFO] [stderr]     |
[INFO] [stderr] 134 |             &[&series.id as &dyn ToSql]
[INFO] [stderr]     |                              +++
[INFO] [stderr] 
[INFO] [stderr] warning: trait objects without an explicit `dyn` are deprecated
[INFO] [stderr]    --> src/data.rs:139:30
[INFO] [stderr]     |
[INFO] [stderr] 139 |             &[&series.id as &ToSql]
[INFO] [stderr]     |                              ^^^^^
[INFO] [stderr]     |
[INFO] [stderr]     = warning: this is accepted in the current edition (Rust 2015) but is a hard error in Rust 2021!
[INFO] [stderr]     = note: for more information, see <https://doc.rust-lang.org/nightly/edition-guide/rust-2021/warnings-promoted-to-error.html>
[INFO] [stderr] help: use `dyn`
[INFO] [stderr]     |
[INFO] [stderr] 139 |             &[&series.id as &dyn ToSql]
[INFO] [stderr]     |                              +++
[INFO] [stderr] 
[INFO] [stderr] warning: trait objects without an explicit `dyn` are deprecated
[INFO] [stderr]    --> src/data.rs:170:27
[INFO] [stderr]     |
[INFO] [stderr] 170 |             &[&series as &ToSql],
[INFO] [stderr]     |                           ^^^^^
[INFO] [stderr]     |
[INFO] [stderr]     = warning: this is accepted in the current edition (Rust 2015) but is a hard error in Rust 2021!
[INFO] [stderr]     = note: for more information, see <https://doc.rust-lang.org/nightly/edition-guide/rust-2021/warnings-promoted-to-error.html>
[INFO] [stderr] help: use `dyn`
[INFO] [stderr]     |
[INFO] [stderr] 170 |             &[&series as &dyn ToSql],
[INFO] [stderr]     |                           +++
[INFO] [stderr] 
[INFO] [stderr] warning: use of deprecated method `chrono::TimeZone::timestamp`: use `timestamp_opt()` instead
[INFO] [stderr]    --> src/lib.rs:137:48
[INFO] [stderr]     |
[INFO] [stderr] 137 | ...                   let ts = Local.timestamp(p.timestamp.into(), 0);
[INFO] [stderr]     |                                      ^^^^^^^^^
[INFO] [stderr]     |
[INFO] [stderr]     = note: `#[warn(deprecated)]` on by default
[INFO] [stderr] 
[INFO] [stderr] warning: `trk` (lib) generated 8 warnings (run `cargo fix --lib -p trk` to apply 7 suggestions)
[INFO] [stderr] warning: `trk` (lib test) generated 8 warnings (8 duplicates)
[INFO] [stderr]     Finished test [unoptimized + debuginfo] target(s) in 0.04s
[INFO] [stderr]      Running unittests src/lib.rs (/opt/rustwide/target/debug/deps/trk-9ab784861a22db0b)
[INFO] [stdout] 
[INFO] [stdout] running 0 tests
[INFO] [stdout] 
[INFO] [stdout] test result: ok. 0 passed; 0 failed; 0 ignored; 0 measured; 0 filtered out; finished in 0.00s
[INFO] [stdout] 
[INFO] [stderr]      Running unittests src/main.rs (/opt/rustwide/target/debug/deps/trk-2480cc3e7d6fea25)
[INFO] [stdout] 
[INFO] [stdout] running 0 tests
[INFO] [stdout] 
[INFO] [stdout] test result: ok. 0 passed; 0 failed; 0 ignored; 0 measured; 0 filtered out; finished in 0.00s
[INFO] [stdout] 
[INFO] [stderr]    Doc-tests trk
[INFO] [stdout] 
[INFO] [stdout] running 5 tests
[INFO] [stdout] test src/textplots/mod.rs - textplots (line 22) ... FAILED
[INFO] [stdout] test src/textplots/scale.rs - textplots::scale::Scale::inv_linear (line 27) ... FAILED
[INFO] [stdout] test src/textplots/scale.rs - textplots::scale::Scale::linear (line 13) ... FAILED
[INFO] [stdout] test src/textplots/utils.rs - textplots::utils::histogram (line 6) ... FAILED
[INFO] [stdout] test src/textplots/mod.rs - textplots (line 39) ... FAILED
[INFO] [stdout] 
[INFO] [stdout] failures:
[INFO] [stdout] 
[INFO] [stdout] ---- src/textplots/mod.rs - textplots (line 22) stdout ----
[INFO] [stdout] error[E0463]: can't find crate for `textplots`
[INFO] [stdout]  --> src/textplots/mod.rs:23:1
[INFO] [stdout]   |
[INFO] [stdout] 2 | extern crate textplots;
[INFO] [stdout]   | ^^^^^^^^^^^^^^^^^^^^^^^ can't find crate
[INFO] [stdout] 
[INFO] [stdout] error: aborting due to previous error
[INFO] [stdout] 
[INFO] [stdout] For more information about this error, try `rustc --explain E0463`.
[INFO] [stdout] Couldn't compile the test.
[INFO] [stdout] ---- src/textplots/scale.rs - textplots::scale::Scale::inv_linear (line 27) stdout ----
[INFO] [stdout] error[E0463]: can't find crate for `textplots`
[INFO] [stdout]  --> src/textplots/scale.rs:27:1
[INFO] [stdout]   |
[INFO] [stdout] 2 | extern crate textplots;
[INFO] [stdout]   | ^^^^^^^^^^^^^^^^^^^^^^^ can't find crate
[INFO] [stdout] 
[INFO] [stdout] error: aborting due to previous error
[INFO] [stdout] 
[INFO] [stdout] For more information about this error, try `rustc --explain E0463`.
[INFO] [stdout] Couldn't compile the test.
[INFO] [stdout] ---- src/textplots/scale.rs - textplots::scale::Scale::linear (line 13) stdout ----
[INFO] [stdout] error[E0463]: can't find crate for `textplots`
[INFO] [stdout]  --> src/textplots/scale.rs:13:1
[INFO] [stdout]   |
[INFO] [stdout] 2 | extern crate textplots;
[INFO] [stdout]   | ^^^^^^^^^^^^^^^^^^^^^^^ can't find crate
[INFO] [stdout] 
[INFO] [stdout] error: aborting due to previous error
[INFO] [stdout] 
[INFO] [stdout] For more information about this error, try `rustc --explain E0463`.
[INFO] [stdout] Couldn't compile the test.
[INFO] [stdout] ---- src/textplots/utils.rs - textplots::utils::histogram (line 6) stdout ----
[INFO] [stdout] error[E0463]: can't find crate for `textplots`
[INFO] [stdout]  --> src/textplots/utils.rs:6:1
[INFO] [stdout]   |
[INFO] [stdout] 2 | extern crate textplots;
[INFO] [stdout]   | ^^^^^^^^^^^^^^^^^^^^^^^ can't find crate
[INFO] [stdout] 
[INFO] [stdout] error: aborting due to previous error
[INFO] [stdout] 
[INFO] [stdout] For more information about this error, try `rustc --explain E0463`.
[INFO] [stdout] Couldn't compile the test.
[INFO] [stdout] ---- src/textplots/mod.rs - textplots (line 39) stdout ----
[INFO] [stdout] error[E0432]: unresolved import `textplots`
[INFO] [stdout]  --> src/textplots/mod.rs:40:5
[INFO] [stdout]   |
[INFO] [stdout] 3 | use textplots::{Chart, Plot, Shape};
[INFO] [stdout]   |     ^^^^^^^^^ maybe a missing crate `textplots`?
[INFO] [stdout]   |
[INFO] [stdout]   = help: consider adding `extern crate textplots` to use the `textplots` crate
[INFO] [stdout] 
[INFO] [stdout] error: aborting due to previous error
[INFO] [stdout] 
[INFO] [stdout] For more information about this error, try `rustc --explain E0432`.
[INFO] [stdout] Couldn't compile the test.
[INFO] [stdout] 
[INFO] [stdout] failures:
[INFO] [stdout]     src/textplots/mod.rs - textplots (line 22)
[INFO] [stdout]     src/textplots/mod.rs - textplots (line 39)
[INFO] [stdout]     src/textplots/scale.rs - textplots::scale::Scale::inv_linear (line 27)
[INFO] [stdout]     src/textplots/scale.rs - textplots::scale::Scale::linear (line 13)
[INFO] [stdout]     src/textplots/utils.rs - textplots::utils::histogram (line 6)
[INFO] [stdout] 
[INFO] [stdout] test result: FAILED. 0 passed; 5 failed; 0 ignored; 0 measured; 0 filtered out; finished in 0.04s
[INFO] [stdout] 
[INFO] [stderr] error: doctest failed, to rerun pass `--doc`
[INFO] running `Command { std: "docker" "inspect" "135aa110a5812cf85a6f7dc1eebe19ef35b65b0a0fa8aad06962fd965c28e682", kill_on_drop: false }`
[INFO] running `Command { std: "docker" "rm" "-f" "135aa110a5812cf85a6f7dc1eebe19ef35b65b0a0fa8aad06962fd965c28e682", kill_on_drop: false }`
[INFO] [stdout] 135aa110a5812cf85a6f7dc1eebe19ef35b65b0a0fa8aad06962fd965c28e682
