[INFO] fetching crate tree-sitter-strings 0.1.0...
[INFO] testing tree-sitter-strings-0.1.0 against beta-2023-04-20 for beta-1.70-1
[INFO] extracting crate tree-sitter-strings 0.1.0 into /workspace/builds/worker-7-tc2/source
[INFO] validating manifest of crates.io crate tree-sitter-strings 0.1.0 on toolchain beta-2023-04-20
[INFO] running `Command { std: CARGO_HOME="/workspace/cargo-home" RUSTUP_HOME="/workspace/rustup-home" "/workspace/cargo-home/bin/cargo" "+beta-2023-04-20" "metadata" "--manifest-path" "Cargo.toml" "--no-deps", kill_on_drop: false }`
[INFO] started tweaking crates.io crate tree-sitter-strings 0.1.0
[INFO] finished tweaking crates.io crate tree-sitter-strings 0.1.0
[INFO] tweaked toml for crates.io crate tree-sitter-strings 0.1.0 written to /workspace/builds/worker-7-tc2/source/Cargo.toml
[INFO] running `Command { std: CARGO_HOME="/workspace/cargo-home" RUSTUP_HOME="/workspace/rustup-home" __CARGO_TEST_CHANNEL_OVERRIDE_DO_NOT_USE_THIS="nightly" "/workspace/cargo-home/bin/cargo" "+beta-2023-04-20" "generate-lockfile" "--manifest-path" "Cargo.toml" "-Zno-index-update", kill_on_drop: false }`
[INFO] running `Command { std: CARGO_HOME="/workspace/cargo-home" RUSTUP_HOME="/workspace/rustup-home" "/workspace/cargo-home/bin/cargo" "+beta-2023-04-20" "fetch" "--manifest-path" "Cargo.toml", kill_on_drop: false }`
[INFO] running `Command { std: "docker" "create" "-v" "/var/lib/crater-agent-workspace/builds/worker-7-tc2/target:/opt/rustwide/target:rw,Z" "-v" "/var/lib/crater-agent-workspace/builds/worker-7-tc2/source:/opt/rustwide/workdir:ro,Z" "-v" "/var/lib/crater-agent-workspace/cargo-home:/opt/rustwide/cargo-home:ro,Z" "-v" "/var/lib/crater-agent-workspace/rustup-home:/opt/rustwide/rustup-home:ro,Z" "-e" "SOURCE_DIR=/opt/rustwide/workdir" "-e" "CARGO_TARGET_DIR=/opt/rustwide/target" "-e" "CARGO_HOME=/opt/rustwide/cargo-home" "-e" "RUSTUP_HOME=/opt/rustwide/rustup-home" "-w" "/opt/rustwide/workdir" "-m" "1610612736" "--user" "0:0" "--network" "none" "ghcr.io/rust-lang/crates-build-env/linux@sha256:5ff2268d62e97bff2cde7d5815dd6ed5b47097566f13b8d0ca110b04b60e07ed" "/opt/rustwide/cargo-home/bin/cargo" "+beta-2023-04-20" "metadata" "--no-deps" "--format-version=1", kill_on_drop: false }`
[INFO] [stdout] f0fa4a4fe1cc2ed0e161e7dac2ed31d5d00df555281637f4e57dc9c71a3f2b1e
[INFO] running `Command { std: "docker" "start" "-a" "f0fa4a4fe1cc2ed0e161e7dac2ed31d5d00df555281637f4e57dc9c71a3f2b1e", kill_on_drop: false }`
[INFO] running `Command { std: "docker" "inspect" "f0fa4a4fe1cc2ed0e161e7dac2ed31d5d00df555281637f4e57dc9c71a3f2b1e", kill_on_drop: false }`
[INFO] running `Command { std: "docker" "rm" "-f" "f0fa4a4fe1cc2ed0e161e7dac2ed31d5d00df555281637f4e57dc9c71a3f2b1e", kill_on_drop: false }`
[INFO] [stdout] f0fa4a4fe1cc2ed0e161e7dac2ed31d5d00df555281637f4e57dc9c71a3f2b1e
[INFO] running `Command { std: "docker" "create" "-v" "/var/lib/crater-agent-workspace/builds/worker-7-tc2/target:/opt/rustwide/target:rw,Z" "-v" "/var/lib/crater-agent-workspace/builds/worker-7-tc2/source:/opt/rustwide/workdir:ro,Z" "-v" "/var/lib/crater-agent-workspace/cargo-home:/opt/rustwide/cargo-home:ro,Z" "-v" "/var/lib/crater-agent-workspace/rustup-home:/opt/rustwide/rustup-home:ro,Z" "-e" "SOURCE_DIR=/opt/rustwide/workdir" "-e" "CARGO_TARGET_DIR=/opt/rustwide/target" "-e" "CARGO_INCREMENTAL=0" "-e" "RUST_BACKTRACE=full" "-e" "RUSTFLAGS=--cap-lints=warn" "-e" "RUSTDOCFLAGS=--cap-lints=warn" "-e" "CARGO_HOME=/opt/rustwide/cargo-home" "-e" "RUSTUP_HOME=/opt/rustwide/rustup-home" "-w" "/opt/rustwide/workdir" "-m" "1610612736" "--user" "0:0" "--network" "none" "ghcr.io/rust-lang/crates-build-env/linux@sha256:5ff2268d62e97bff2cde7d5815dd6ed5b47097566f13b8d0ca110b04b60e07ed" "/opt/rustwide/cargo-home/bin/cargo" "+beta-2023-04-20" "build" "--frozen" "--message-format=json", kill_on_drop: false }`
[INFO] [stdout] 0b359263a81f8e6d42fde72b9f6d5775a978efaf082c1f21d70f20057a3a8d53
[INFO] running `Command { std: "docker" "start" "-a" "0b359263a81f8e6d42fde72b9f6d5775a978efaf082c1f21d70f20057a3a8d53", kill_on_drop: false }`
[INFO] [stderr]    Compiling regex-syntax v0.7.1
[INFO] [stderr]    Compiling tree-sitter v0.20.10
[INFO] [stderr]    Compiling tree-sitter-strings v0.1.0 (/opt/rustwide/workdir)
[INFO] [stderr]    Compiling aho-corasick v1.0.1
[INFO] [stderr] warning: In file included from src/parser.c:1:
[INFO] [stderr] warning: src/parser.c: In function 'ts_lex_keywords':
[INFO] [stderr] warning: src/tree_sitter/parser.h:139:3: warning: label 'next_state' defined but not used [-Wunused-label]
[INFO] [stderr] warning:   139 |   next_state:                   \
[INFO] [stderr] warning:       |   ^~~~~~~~~~
[INFO] [stderr] warning: src/parser.c:1249:3: note: in expansion of macro 'START_LEXER'
[INFO] [stderr] warning:  1249 |   START_LEXER();
[INFO] [stderr] warning:       |   ^~~~~~~~~~~
[INFO] [stderr]    Compiling regex v1.8.1
[INFO] [stderr]     Finished dev [unoptimized + debuginfo] target(s) in 3.04s
[INFO] running `Command { std: "docker" "inspect" "0b359263a81f8e6d42fde72b9f6d5775a978efaf082c1f21d70f20057a3a8d53", kill_on_drop: false }`
[INFO] running `Command { std: "docker" "rm" "-f" "0b359263a81f8e6d42fde72b9f6d5775a978efaf082c1f21d70f20057a3a8d53", kill_on_drop: false }`
[INFO] [stdout] 0b359263a81f8e6d42fde72b9f6d5775a978efaf082c1f21d70f20057a3a8d53
[INFO] running `Command { std: "docker" "create" "-v" "/var/lib/crater-agent-workspace/builds/worker-7-tc2/target:/opt/rustwide/target:rw,Z" "-v" "/var/lib/crater-agent-workspace/builds/worker-7-tc2/source:/opt/rustwide/workdir:ro,Z" "-v" "/var/lib/crater-agent-workspace/cargo-home:/opt/rustwide/cargo-home:ro,Z" "-v" "/var/lib/crater-agent-workspace/rustup-home:/opt/rustwide/rustup-home:ro,Z" "-e" "SOURCE_DIR=/opt/rustwide/workdir" "-e" "CARGO_TARGET_DIR=/opt/rustwide/target" "-e" "CARGO_INCREMENTAL=0" "-e" "RUST_BACKTRACE=full" "-e" "RUSTFLAGS=--cap-lints=warn" "-e" "RUSTDOCFLAGS=--cap-lints=warn" "-e" "CARGO_HOME=/opt/rustwide/cargo-home" "-e" "RUSTUP_HOME=/opt/rustwide/rustup-home" "-w" "/opt/rustwide/workdir" "-m" "1610612736" "--user" "0:0" "--network" "none" "ghcr.io/rust-lang/crates-build-env/linux@sha256:5ff2268d62e97bff2cde7d5815dd6ed5b47097566f13b8d0ca110b04b60e07ed" "/opt/rustwide/cargo-home/bin/cargo" "+beta-2023-04-20" "test" "--frozen" "--no-run" "--message-format=json", kill_on_drop: false }`
[INFO] [stdout] b14a1d87d2ee89c00cc2910bcae63d353adb28e2581aaec2f2f6067c029bc3ed
[INFO] running `Command { std: "docker" "start" "-a" "b14a1d87d2ee89c00cc2910bcae63d353adb28e2581aaec2f2f6067c029bc3ed", kill_on_drop: false }`
[INFO] [stderr] warning: In file included from src/parser.c:1:
[INFO] [stderr] warning: src/parser.c: In function 'ts_lex_keywords':
[INFO] [stderr] warning: src/tree_sitter/parser.h:139:3: warning: label 'next_state' defined but not used [-Wunused-label]
[INFO] [stderr] warning:   139 |   next_state:                   \
[INFO] [stderr] warning:       |   ^~~~~~~~~~
[INFO] [stderr] warning: src/parser.c:1249:3: note: in expansion of macro 'START_LEXER'
[INFO] [stderr] warning:  1249 |   START_LEXER();
[INFO] [stderr] warning:       |   ^~~~~~~~~~~
[INFO] [stderr]    Compiling tree-sitter-strings v0.1.0 (/opt/rustwide/workdir)
[INFO] [stderr]     Finished test [unoptimized + debuginfo] target(s) in 0.37s
[INFO] running `Command { std: "docker" "inspect" "b14a1d87d2ee89c00cc2910bcae63d353adb28e2581aaec2f2f6067c029bc3ed", kill_on_drop: false }`
[INFO] running `Command { std: "docker" "rm" "-f" "b14a1d87d2ee89c00cc2910bcae63d353adb28e2581aaec2f2f6067c029bc3ed", kill_on_drop: false }`
[INFO] [stdout] b14a1d87d2ee89c00cc2910bcae63d353adb28e2581aaec2f2f6067c029bc3ed
[INFO] running `Command { std: "docker" "create" "-v" "/var/lib/crater-agent-workspace/builds/worker-7-tc2/target:/opt/rustwide/target:rw,Z" "-v" "/var/lib/crater-agent-workspace/builds/worker-7-tc2/source:/opt/rustwide/workdir:ro,Z" "-v" "/var/lib/crater-agent-workspace/cargo-home:/opt/rustwide/cargo-home:ro,Z" "-v" "/var/lib/crater-agent-workspace/rustup-home:/opt/rustwide/rustup-home:ro,Z" "-e" "SOURCE_DIR=/opt/rustwide/workdir" "-e" "CARGO_TARGET_DIR=/opt/rustwide/target" "-e" "CARGO_INCREMENTAL=0" "-e" "RUST_BACKTRACE=full" "-e" "RUSTFLAGS=--cap-lints=warn" "-e" "RUSTDOCFLAGS=--cap-lints=warn" "-e" "CARGO_HOME=/opt/rustwide/cargo-home" "-e" "RUSTUP_HOME=/opt/rustwide/rustup-home" "-w" "/opt/rustwide/workdir" "-m" "1610612736" "--user" "0:0" "--network" "none" "ghcr.io/rust-lang/crates-build-env/linux@sha256:5ff2268d62e97bff2cde7d5815dd6ed5b47097566f13b8d0ca110b04b60e07ed" "/opt/rustwide/cargo-home/bin/cargo" "+beta-2023-04-20" "test" "--frozen", kill_on_drop: false }`
[INFO] [stdout] 41f0ea08ba1396e1785b8184eb58eeda1ed9cb632c850a2ed496c05446301971
[INFO] running `Command { std: "docker" "start" "-a" "41f0ea08ba1396e1785b8184eb58eeda1ed9cb632c850a2ed496c05446301971", kill_on_drop: false }`
[INFO] [stderr] warning: In file included from src/parser.c:1:
[INFO] [stderr] warning: src/parser.c: In function 'ts_lex_keywords':
[INFO] [stderr] warning: src/tree_sitter/parser.h:139:3: warning: label 'next_state' defined but not used [-Wunused-label]
[INFO] [stderr] warning:   139 |   next_state:                   \
[INFO] [stderr] warning:       |   ^~~~~~~~~~
[INFO] [stderr] warning: src/parser.c:1249:3: note: in expansion of macro 'START_LEXER'
[INFO] [stderr] warning:  1249 |   START_LEXER();
[INFO] [stderr] warning:       |   ^~~~~~~~~~~
[INFO] [stderr]     Finished test [unoptimized + debuginfo] target(s) in 0.00s
[INFO] [stderr]      Running unittests bindings/rust/lib.rs (/opt/rustwide/target/debug/deps/tree_sitter_strings-bccc2338c5cfedd2)
[INFO] [stdout] 
[INFO] [stdout] running 1 test
[INFO] [stdout] test tests::can_load_grammar ... ok
[INFO] [stdout] 
[INFO] [stdout] test result: ok. 1 passed; 0 failed; 0 ignored; 0 measured; 0 filtered out; finished in 0.00s
[INFO] [stdout] 
[INFO] [stderr]    Doc-tests tree-sitter-strings
[INFO] [stdout] 
[INFO] [stdout] running 1 test
[INFO] [stdout] test bindings/rust/lib.rs - (line 12) ... FAILED
[INFO] [stdout] 
[INFO] [stdout] failures:
[INFO] [stdout] 
[INFO] [stdout] ---- bindings/rust/lib.rs - (line 12) stdout ----
[INFO] [stdout] Test executable failed (exit status: 101).
[INFO] [stdout] 
[INFO] [stdout] stderr:
[INFO] [stdout] thread 'main' panicked at 'assertion failed: !root.has_error()', bindings/rust/lib.rs:18:1
[INFO] [stdout] stack backtrace:
[INFO] [stdout]    0:     0x55a6c5872cba - std::backtrace_rs::backtrace::libunwind::trace::h2f05d0192276a8f6
[INFO] [stdout]                                at /rustc/1b7dd2252b99671ce5d1cb9664c5f8636329436d/library/std/src/../../backtrace/src/backtrace/libunwind.rs:93:5
[INFO] [stdout]    1:     0x55a6c5872cba - std::backtrace_rs::backtrace::trace_unsynchronized::hedc23dff7a1af150
[INFO] [stdout]                                at /rustc/1b7dd2252b99671ce5d1cb9664c5f8636329436d/library/std/src/../../backtrace/src/backtrace/mod.rs:66:5
[INFO] [stdout]    2:     0x55a6c5872cba - std::sys_common::backtrace::_print_fmt::h17541ef7592f3ce2
[INFO] [stdout]                                at /rustc/1b7dd2252b99671ce5d1cb9664c5f8636329436d/library/std/src/sys_common/backtrace.rs:65:5
[INFO] [stdout]    3:     0x55a6c5872cba - <std::sys_common::backtrace::_print::DisplayBacktrace as core::fmt::Display>::fmt::h20f75df5ab0c0792
[INFO] [stdout]                                at /rustc/1b7dd2252b99671ce5d1cb9664c5f8636329436d/library/std/src/sys_common/backtrace.rs:44:22
[INFO] [stdout]    4:     0x55a6c588ce2f - core::fmt::write::h78109e6f466b3af6
[INFO] [stdout]                                at /rustc/1b7dd2252b99671ce5d1cb9664c5f8636329436d/library/core/src/fmt/mod.rs:1254:17
[INFO] [stdout]    5:     0x55a6c5870b15 - std::io::Write::write_fmt::hc59e1b02dd273c8a
[INFO] [stdout]                                at /rustc/1b7dd2252b99671ce5d1cb9664c5f8636329436d/library/std/src/io/mod.rs:1698:15
[INFO] [stdout]    6:     0x55a6c5872a85 - std::sys_common::backtrace::_print::h8dac57a9f8fbf9a5
[INFO] [stdout]                                at /rustc/1b7dd2252b99671ce5d1cb9664c5f8636329436d/library/std/src/sys_common/backtrace.rs:47:5
[INFO] [stdout]    7:     0x55a6c5872a85 - std::sys_common::backtrace::print::hf9ecbf41d1aa712f
[INFO] [stdout]                                at /rustc/1b7dd2252b99671ce5d1cb9664c5f8636329436d/library/std/src/sys_common/backtrace.rs:34:9
[INFO] [stdout]    8:     0x55a6c587400e - std::panicking::default_hook::{{closure}}::h04c07acfc84ca028
[INFO] [stdout]                                at /rustc/1b7dd2252b99671ce5d1cb9664c5f8636329436d/library/std/src/panicking.rs:269:22
[INFO] [stdout]    9:     0x55a6c5873db5 - std::panicking::default_hook::h01f6bb23e1eceb2c
[INFO] [stdout]                                at /rustc/1b7dd2252b99671ce5d1cb9664c5f8636329436d/library/std/src/panicking.rs:288:9
[INFO] [stdout]   10:     0x55a6c587456e - std::panicking::rust_panic_with_hook::h2bb3722bbaf2f6df
[INFO] [stdout]                                at /rustc/1b7dd2252b99671ce5d1cb9664c5f8636329436d/library/std/src/panicking.rs:691:13
[INFO] [stdout]   11:     0x55a6c5874422 - std::panicking::begin_panic_handler::{{closure}}::h91bc7f36a4be011b
[INFO] [stdout]                                at /rustc/1b7dd2252b99671ce5d1cb9664c5f8636329436d/library/std/src/panicking.rs:580:13
[INFO] [stdout]   12:     0x55a6c5873126 - std::sys_common::backtrace::__rust_end_short_backtrace::h8b3d3717114f9e59
[INFO] [stdout]                                at /rustc/1b7dd2252b99671ce5d1cb9664c5f8636329436d/library/std/src/sys_common/backtrace.rs:150:18
[INFO] [stdout]   13:     0x55a6c58741c2 - rust_begin_unwind
[INFO] [stdout]                                at /rustc/1b7dd2252b99671ce5d1cb9664c5f8636329436d/library/std/src/panicking.rs:578:5
[INFO] [stdout]   14:     0x55a6c5841013 - core::panicking::panic_fmt::hfd368e3fbdabea26
[INFO] [stdout]                                at /rustc/1b7dd2252b99671ce5d1cb9664c5f8636329436d/library/core/src/panicking.rs:67:14
[INFO] [stdout]   15:     0x55a6c58410ad - core::panicking::panic::h3f9042d09bd0bf2e
[INFO] [stdout]                                at /rustc/1b7dd2252b99671ce5d1cb9664c5f8636329436d/library/core/src/panicking.rs:117:5
[INFO] [stdout]   16:     0x55a6c58420dd - rust_out::main::_doctest_main_bindings_rust_lib_rs_12_0::h8a50e1ff159e75df
[INFO] [stdout]   17:     0x55a6c5841f86 - rust_out::main::h2731449a68dfa004
[INFO] [stdout]   18:     0x55a6c5841bc3 - core::ops::function::FnOnce::call_once::hd1715aa1b26fc35c
[INFO] [stdout]   19:     0x55a6c5841ac6 - std::sys_common::backtrace::__rust_begin_short_backtrace::h8d2b4d09ce515535
[INFO] [stdout]   20:     0x55a6c5841b19 - std::rt::lang_start::{{closure}}::hc9a918c63b0dc835
[INFO] [stdout]   21:     0x55a6c586f11e - core::ops::function::impls::<impl core::ops::function::FnOnce<A> for &F>::call_once::h2eb19b8ce4148df4
[INFO] [stdout]                                at /rustc/1b7dd2252b99671ce5d1cb9664c5f8636329436d/library/core/src/ops/function.rs:287:13
[INFO] [stdout]   22:     0x55a6c586f11e - std::panicking::try::do_call::h2e900feff5d504c5
[INFO] [stdout]                                at /rustc/1b7dd2252b99671ce5d1cb9664c5f8636329436d/library/std/src/panicking.rs:485:40
[INFO] [stdout]   23:     0x55a6c586f11e - std::panicking::try::h8854836cb85aa9f2
[INFO] [stdout]                                at /rustc/1b7dd2252b99671ce5d1cb9664c5f8636329436d/library/std/src/panicking.rs:449:19
[INFO] [stdout]   24:     0x55a6c586f11e - std::panic::catch_unwind::h706025dd4c48f64b
[INFO] [stdout]                                at /rustc/1b7dd2252b99671ce5d1cb9664c5f8636329436d/library/std/src/panic.rs:140:14
[INFO] [stdout]   25:     0x55a6c586f11e - std::rt::lang_start_internal::{{closure}}::h7be5b97f4a07a91a
[INFO] [stdout]                                at /rustc/1b7dd2252b99671ce5d1cb9664c5f8636329436d/library/std/src/rt.rs:148:48
[INFO] [stdout]   26:     0x55a6c586f11e - std::panicking::try::do_call::h59847e9d0a176965
[INFO] [stdout]                                at /rustc/1b7dd2252b99671ce5d1cb9664c5f8636329436d/library/std/src/panicking.rs:485:40
[INFO] [stdout]   27:     0x55a6c586f11e - std::panicking::try::h399a918ba8522823
[INFO] [stdout]                                at /rustc/1b7dd2252b99671ce5d1cb9664c5f8636329436d/library/std/src/panicking.rs:449:19
[INFO] [stdout]   28:     0x55a6c586f11e - std::panic::catch_unwind::hca7ca6c55b2a2e26
[INFO] [stdout]                                at /rustc/1b7dd2252b99671ce5d1cb9664c5f8636329436d/library/std/src/panic.rs:140:14
[INFO] [stdout]   29:     0x55a6c586f11e - std::rt::lang_start_internal::h2c807a81560459eb
[INFO] [stdout]                                at /rustc/1b7dd2252b99671ce5d1cb9664c5f8636329436d/library/std/src/rt.rs:148:20
[INFO] [stdout]   30:     0x55a6c5841af7 - std::rt::lang_start::hc4bd3329ce767e23
[INFO] [stdout]   31:     0x55a6c5842125 - main
[INFO] [stdout]   32:     0x7f4306a77d90 - <unknown>
[INFO] [stdout]   33:     0x7f4306a77e40 - __libc_start_main
[INFO] [stdout]   34:     0x55a6c5841635 - _start
[INFO] [stdout]   35:                0x0 - <unknown>
[INFO] [stdout] 
[INFO] [stdout] 
[INFO] [stdout] 
[INFO] [stdout] failures:
[INFO] [stdout]     bindings/rust/lib.rs - (line 12)
[INFO] [stdout] 
[INFO] [stdout] test result: FAILED. 0 passed; 1 failed; 0 ignored; 0 measured; 0 filtered out; finished in 0.31s
[INFO] [stdout] 
[INFO] [stderr] error: doctest failed, to rerun pass `--doc`
[INFO] running `Command { std: "docker" "inspect" "41f0ea08ba1396e1785b8184eb58eeda1ed9cb632c850a2ed496c05446301971", kill_on_drop: false }`
[INFO] running `Command { std: "docker" "rm" "-f" "41f0ea08ba1396e1785b8184eb58eeda1ed9cb632c850a2ed496c05446301971", kill_on_drop: false }`
[INFO] [stdout] 41f0ea08ba1396e1785b8184eb58eeda1ed9cb632c850a2ed496c05446301971
