[INFO] fetching crate tre-command 0.4.0...
[INFO] testing tre-command-0.4.0 against beta-2023-04-20 for beta-1.70-1
[INFO] extracting crate tre-command 0.4.0 into /workspace/builds/worker-0-tc2/source
[INFO] validating manifest of crates.io crate tre-command 0.4.0 on toolchain beta-2023-04-20
[INFO] running `Command { std: CARGO_HOME="/workspace/cargo-home" RUSTUP_HOME="/workspace/rustup-home" "/workspace/cargo-home/bin/cargo" "+beta-2023-04-20" "metadata" "--manifest-path" "Cargo.toml" "--no-deps", kill_on_drop: false }`
[INFO] started tweaking crates.io crate tre-command 0.4.0
[INFO] finished tweaking crates.io crate tre-command 0.4.0
[INFO] tweaked toml for crates.io crate tre-command 0.4.0 written to /workspace/builds/worker-0-tc2/source/Cargo.toml
[INFO] crate crates.io crate tre-command 0.4.0 already has a lockfile, it will not be regenerated
[INFO] running `Command { std: CARGO_HOME="/workspace/cargo-home" RUSTUP_HOME="/workspace/rustup-home" "/workspace/cargo-home/bin/cargo" "+beta-2023-04-20" "fetch" "--manifest-path" "Cargo.toml", kill_on_drop: false }`
[INFO] [stderr]     Updating crates.io index
[INFO] [stderr]  Downloading crates ...
[INFO] [stderr]   Downloaded clap_complete v3.1.4
[INFO] [stderr]   Downloaded os_str_bytes v6.0.1
[INFO] [stderr]   Downloaded predicates-core v1.0.3
[INFO] [stderr]   Downloaded termtree v0.2.4
[INFO] [stderr]   Downloaded predicates-tree v1.0.5
[INFO] [stderr]   Downloaded assert_cmd v2.0.4
[INFO] [stderr]   Downloaded syn v1.0.93
[INFO] [stderr]   Downloaded predicates v2.1.1
[INFO] [stderr]   Downloaded indexmap v1.9.0
[INFO] [stderr]   Downloaded lscolors v0.7.1
[INFO] running `Command { std: "docker" "create" "-v" "/var/lib/crater-agent-workspace/builds/worker-0-tc2/target:/opt/rustwide/target:rw,Z" "-v" "/var/lib/crater-agent-workspace/builds/worker-0-tc2/source:/opt/rustwide/workdir:ro,Z" "-v" "/var/lib/crater-agent-workspace/cargo-home:/opt/rustwide/cargo-home:ro,Z" "-v" "/var/lib/crater-agent-workspace/rustup-home:/opt/rustwide/rustup-home:ro,Z" "-e" "SOURCE_DIR=/opt/rustwide/workdir" "-e" "CARGO_TARGET_DIR=/opt/rustwide/target" "-e" "CARGO_HOME=/opt/rustwide/cargo-home" "-e" "RUSTUP_HOME=/opt/rustwide/rustup-home" "-w" "/opt/rustwide/workdir" "-m" "1610612736" "--user" "0:0" "--network" "none" "ghcr.io/rust-lang/crates-build-env/linux@sha256:5ff2268d62e97bff2cde7d5815dd6ed5b47097566f13b8d0ca110b04b60e07ed" "/opt/rustwide/cargo-home/bin/cargo" "+beta-2023-04-20" "metadata" "--no-deps" "--format-version=1", kill_on_drop: false }`
[INFO] [stdout] b5a61a8c5766e0bb7a15ea630500cd689bf4df4d4291478147d216fcfc2734fb
[INFO] running `Command { std: "docker" "start" "-a" "b5a61a8c5766e0bb7a15ea630500cd689bf4df4d4291478147d216fcfc2734fb", kill_on_drop: false }`
[INFO] running `Command { std: "docker" "inspect" "b5a61a8c5766e0bb7a15ea630500cd689bf4df4d4291478147d216fcfc2734fb", kill_on_drop: false }`
[INFO] running `Command { std: "docker" "rm" "-f" "b5a61a8c5766e0bb7a15ea630500cd689bf4df4d4291478147d216fcfc2734fb", kill_on_drop: false }`
[INFO] [stdout] b5a61a8c5766e0bb7a15ea630500cd689bf4df4d4291478147d216fcfc2734fb
[INFO] running `Command { std: "docker" "create" "-v" "/var/lib/crater-agent-workspace/builds/worker-0-tc2/target:/opt/rustwide/target:rw,Z" "-v" "/var/lib/crater-agent-workspace/builds/worker-0-tc2/source:/opt/rustwide/workdir:ro,Z" "-v" "/var/lib/crater-agent-workspace/cargo-home:/opt/rustwide/cargo-home:ro,Z" "-v" "/var/lib/crater-agent-workspace/rustup-home:/opt/rustwide/rustup-home:ro,Z" "-e" "SOURCE_DIR=/opt/rustwide/workdir" "-e" "CARGO_TARGET_DIR=/opt/rustwide/target" "-e" "CARGO_INCREMENTAL=0" "-e" "RUST_BACKTRACE=full" "-e" "RUSTFLAGS=--cap-lints=warn" "-e" "RUSTDOCFLAGS=--cap-lints=warn" "-e" "CARGO_HOME=/opt/rustwide/cargo-home" "-e" "RUSTUP_HOME=/opt/rustwide/rustup-home" "-w" "/opt/rustwide/workdir" "-m" "1610612736" "--user" "0:0" "--network" "none" "ghcr.io/rust-lang/crates-build-env/linux@sha256:5ff2268d62e97bff2cde7d5815dd6ed5b47097566f13b8d0ca110b04b60e07ed" "/opt/rustwide/cargo-home/bin/cargo" "+beta-2023-04-20" "build" "--frozen" "--message-format=json", kill_on_drop: false }`
[INFO] [stdout] 985e7a97c969576f4aac1334f5f2f5f0e8b71ff7dd1c7309b5731d1c4c2cacb8
[INFO] running `Command { std: "docker" "start" "-a" "985e7a97c969576f4aac1334f5f2f5f0e8b71ff7dd1c7309b5731d1c4c2cacb8", kill_on_drop: false }`
[INFO] [stderr]     Blocking waiting for file lock on package cache
[INFO] [stderr]    Compiling proc-macro2 v1.0.38
[INFO] [stderr]    Compiling unicode-xid v0.2.3
[INFO] [stderr]    Compiling syn v1.0.93
[INFO] [stderr]    Compiling libc v0.2.125
[INFO] [stderr]    Compiling os_str_bytes v6.0.1
[INFO] [stderr]    Compiling indexmap v1.9.0
[INFO] [stderr]    Compiling hashbrown v0.12.1
[INFO] [stderr]    Compiling serde_derive v1.0.137
[INFO] [stderr]    Compiling textwrap v0.15.0
[INFO] [stderr]    Compiling clap_lex v0.2.0
[INFO] [stderr]    Compiling termcolor v1.1.3
[INFO] [stderr]    Compiling serde v1.0.137
[INFO] [stderr]    Compiling serde_json v1.0.81
[INFO] [stderr]    Compiling aho-corasick v0.7.18
[INFO] [stderr]    Compiling quote v1.0.18
[INFO] [stderr]    Compiling ryu v1.0.9
[INFO] [stderr]    Compiling regex-syntax v0.6.25
[INFO] [stderr]    Compiling itoa v1.0.1
[INFO] [stderr]    Compiling unicode-width v0.1.9
[INFO] [stderr]    Compiling proc-macro-error-attr v1.0.4
[INFO] [stderr]    Compiling same-file v1.0.6
[INFO] [stderr]    Compiling ansi_term v0.12.1
[INFO] [stderr]    Compiling getopts v0.2.21
[INFO] [stderr]    Compiling atty v0.2.14
[INFO] [stderr]    Compiling walkdir v2.3.2
[INFO] [stderr]    Compiling slab v0.4.6
[INFO] [stderr]    Compiling lscolors v0.7.1
[INFO] [stderr]    Compiling regex v1.5.5
[INFO] [stderr]    Compiling proc-macro-error v1.0.4
[INFO] [stderr]    Compiling clap_derive v3.1.18
[INFO] [stderr]    Compiling clap v3.1.18
[INFO] [stderr]    Compiling clap_complete v3.1.4
[INFO] [stderr]    Compiling tre-command v0.4.0 (/opt/rustwide/workdir)
[INFO] [stderr]     Finished dev [unoptimized + debuginfo] target(s) in 20.80s
[INFO] running `Command { std: "docker" "inspect" "985e7a97c969576f4aac1334f5f2f5f0e8b71ff7dd1c7309b5731d1c4c2cacb8", kill_on_drop: false }`
[INFO] running `Command { std: "docker" "rm" "-f" "985e7a97c969576f4aac1334f5f2f5f0e8b71ff7dd1c7309b5731d1c4c2cacb8", kill_on_drop: false }`
[INFO] [stdout] 985e7a97c969576f4aac1334f5f2f5f0e8b71ff7dd1c7309b5731d1c4c2cacb8
[INFO] running `Command { std: "docker" "create" "-v" "/var/lib/crater-agent-workspace/builds/worker-0-tc2/target:/opt/rustwide/target:rw,Z" "-v" "/var/lib/crater-agent-workspace/builds/worker-0-tc2/source:/opt/rustwide/workdir:ro,Z" "-v" "/var/lib/crater-agent-workspace/cargo-home:/opt/rustwide/cargo-home:ro,Z" "-v" "/var/lib/crater-agent-workspace/rustup-home:/opt/rustwide/rustup-home:ro,Z" "-e" "SOURCE_DIR=/opt/rustwide/workdir" "-e" "CARGO_TARGET_DIR=/opt/rustwide/target" "-e" "CARGO_INCREMENTAL=0" "-e" "RUST_BACKTRACE=full" "-e" "RUSTFLAGS=--cap-lints=warn" "-e" "RUSTDOCFLAGS=--cap-lints=warn" "-e" "CARGO_HOME=/opt/rustwide/cargo-home" "-e" "RUSTUP_HOME=/opt/rustwide/rustup-home" "-w" "/opt/rustwide/workdir" "-m" "1610612736" "--user" "0:0" "--network" "none" "ghcr.io/rust-lang/crates-build-env/linux@sha256:5ff2268d62e97bff2cde7d5815dd6ed5b47097566f13b8d0ca110b04b60e07ed" "/opt/rustwide/cargo-home/bin/cargo" "+beta-2023-04-20" "test" "--frozen" "--no-run" "--message-format=json", kill_on_drop: false }`
[INFO] [stdout] 1c42227589e7c86b8cbfb453cdd4b90ca22dcf737b26fed7e78e49a3047b404f
[INFO] running `Command { std: "docker" "start" "-a" "1c42227589e7c86b8cbfb453cdd4b90ca22dcf737b26fed7e78e49a3047b404f", kill_on_drop: false }`
[INFO] [stderr]    Compiling either v1.6.1
[INFO] [stderr]    Compiling predicates-core v1.0.3
[INFO] [stderr]    Compiling termtree v0.2.4
[INFO] [stderr]    Compiling bstr v0.2.17
[INFO] [stderr]    Compiling wait-timeout v0.2.0
[INFO] [stderr]    Compiling predicates-tree v1.0.5
[INFO] [stderr]    Compiling itertools v0.10.3
[INFO] [stderr]    Compiling predicates v2.1.1
[INFO] [stderr]    Compiling assert_cmd v2.0.4
[INFO] [stderr]    Compiling tre-command v0.4.0 (/opt/rustwide/workdir)
[INFO] [stderr]     Finished test [unoptimized + debuginfo] target(s) in 4.74s
[INFO] running `Command { std: "docker" "inspect" "1c42227589e7c86b8cbfb453cdd4b90ca22dcf737b26fed7e78e49a3047b404f", kill_on_drop: false }`
[INFO] running `Command { std: "docker" "rm" "-f" "1c42227589e7c86b8cbfb453cdd4b90ca22dcf737b26fed7e78e49a3047b404f", kill_on_drop: false }`
[INFO] [stdout] 1c42227589e7c86b8cbfb453cdd4b90ca22dcf737b26fed7e78e49a3047b404f
[INFO] running `Command { std: "docker" "create" "-v" "/var/lib/crater-agent-workspace/builds/worker-0-tc2/target:/opt/rustwide/target:rw,Z" "-v" "/var/lib/crater-agent-workspace/builds/worker-0-tc2/source:/opt/rustwide/workdir:ro,Z" "-v" "/var/lib/crater-agent-workspace/cargo-home:/opt/rustwide/cargo-home:ro,Z" "-v" "/var/lib/crater-agent-workspace/rustup-home:/opt/rustwide/rustup-home:ro,Z" "-e" "SOURCE_DIR=/opt/rustwide/workdir" "-e" "CARGO_TARGET_DIR=/opt/rustwide/target" "-e" "CARGO_INCREMENTAL=0" "-e" "RUST_BACKTRACE=full" "-e" "RUSTFLAGS=--cap-lints=warn" "-e" "RUSTDOCFLAGS=--cap-lints=warn" "-e" "CARGO_HOME=/opt/rustwide/cargo-home" "-e" "RUSTUP_HOME=/opt/rustwide/rustup-home" "-w" "/opt/rustwide/workdir" "-m" "1610612736" "--user" "0:0" "--network" "none" "ghcr.io/rust-lang/crates-build-env/linux@sha256:5ff2268d62e97bff2cde7d5815dd6ed5b47097566f13b8d0ca110b04b60e07ed" "/opt/rustwide/cargo-home/bin/cargo" "+beta-2023-04-20" "test" "--frozen", kill_on_drop: false }`
[INFO] [stdout] 38a7bfab2a80569a2c906bd2acede9a2938740dbfa61754d1b1fe2b7f1633594
[INFO] running `Command { std: "docker" "start" "-a" "38a7bfab2a80569a2c906bd2acede9a2938740dbfa61754d1b1fe2b7f1633594", kill_on_drop: false }`
[INFO] [stderr]     Finished test [unoptimized + debuginfo] target(s) in 0.05s
[INFO] [stderr]      Running unittests src/main.rs (/opt/rustwide/target/debug/deps/tre-6cc8cead6aedc45d)
[INFO] [stdout] 
[INFO] [stdout] running 4 tests
[INFO] [stdout] test file_tree::test::tree_construction ... ok
[INFO] [stdout] test diagram_formatting::test::formatting_works ... ok
[INFO] [stdout] test file_tree::test::tree_construction_with_root_dir ... ok
[INFO] [stdout] test cli::test::coloring_parsing ... ok
[INFO] [stdout] 
[INFO] [stdout] test result: ok. 4 passed; 0 failed; 0 ignored; 0 measured; 0 filtered out; finished in 0.00s
[INFO] [stdout] 
[INFO] [stderr]      Running tests/integration_tests.rs (/opt/rustwide/target/debug/deps/integration_tests-79c52796f76ad651)
[INFO] [stdout] 
[INFO] [stdout] running 3 tests
[INFO] [stdout] test ignore_hidden ... FAILED
[INFO] [stdout] test all_files ... FAILED
[INFO] [stdout] test respect_git_ignore ... FAILED
[INFO] [stdout] 
[INFO] [stdout] failures:
[INFO] [stdout] 
[INFO] [stdout] ---- ignore_hidden stdout ----
[INFO] [stdout] Error: Os { code: 2, kind: NotFound, message: "No such file or directory" }
[INFO] [stdout] 
[INFO] [stdout] ---- all_files stdout ----
[INFO] [stdout] Error: Os { code: 2, kind: NotFound, message: "No such file or directory" }
[INFO] [stdout] 
[INFO] [stdout] ---- respect_git_ignore stdout ----
[INFO] [stdout] Error: Os { code: 2, kind: NotFound, message: "No such file or directory" }
[INFO] [stdout] 
[INFO] [stdout] 
[INFO] [stdout] failures:
[INFO] [stdout]     all_files
[INFO] [stdout]     ignore_hidden
[INFO] [stdout]     respect_git_ignore
[INFO] [stdout] 
[INFO] [stdout] test result: FAILED. 0 passed; 3 failed; 0 ignored; 0 measured; 0 filtered out; finished in 0.00s
[INFO] [stdout] 
[INFO] [stderr] error: test failed, to rerun pass `--test integration_tests`
[INFO] running `Command { std: "docker" "inspect" "38a7bfab2a80569a2c906bd2acede9a2938740dbfa61754d1b1fe2b7f1633594", kill_on_drop: false }`
[INFO] running `Command { std: "docker" "rm" "-f" "38a7bfab2a80569a2c906bd2acede9a2938740dbfa61754d1b1fe2b7f1633594", kill_on_drop: false }`
[INFO] [stdout] 38a7bfab2a80569a2c906bd2acede9a2938740dbfa61754d1b1fe2b7f1633594
