[INFO] fetching crate traq-ws-bot 0.1.2...
[INFO] testing traq-ws-bot-0.1.2 against 1.69.0 for beta-1.70-1
[INFO] extracting crate traq-ws-bot 0.1.2 into /workspace/builds/worker-7-tc1/source
[INFO] validating manifest of crates.io crate traq-ws-bot 0.1.2 on toolchain 1.69.0
[INFO] running `Command { std: CARGO_HOME="/workspace/cargo-home" RUSTUP_HOME="/workspace/rustup-home" "/workspace/cargo-home/bin/cargo" "+1.69.0" "metadata" "--manifest-path" "Cargo.toml" "--no-deps", kill_on_drop: false }`
[INFO] started tweaking crates.io crate traq-ws-bot 0.1.2
[INFO] finished tweaking crates.io crate traq-ws-bot 0.1.2
[INFO] tweaked toml for crates.io crate traq-ws-bot 0.1.2 written to /workspace/builds/worker-7-tc1/source/Cargo.toml
[INFO] running `Command { std: CARGO_HOME="/workspace/cargo-home" RUSTUP_HOME="/workspace/rustup-home" __CARGO_TEST_CHANNEL_OVERRIDE_DO_NOT_USE_THIS="nightly" "/workspace/cargo-home/bin/cargo" "+1.69.0" "generate-lockfile" "--manifest-path" "Cargo.toml" "-Zno-index-update", kill_on_drop: false }`
[INFO] running `Command { std: CARGO_HOME="/workspace/cargo-home" RUSTUP_HOME="/workspace/rustup-home" "/workspace/cargo-home/bin/cargo" "+1.69.0" "fetch" "--manifest-path" "Cargo.toml", kill_on_drop: false }`
[INFO] running `Command { std: "docker" "create" "-v" "/var/lib/crater-agent-workspace/builds/worker-7-tc1/target:/opt/rustwide/target:rw,Z" "-v" "/var/lib/crater-agent-workspace/builds/worker-7-tc1/source:/opt/rustwide/workdir:ro,Z" "-v" "/var/lib/crater-agent-workspace/cargo-home:/opt/rustwide/cargo-home:ro,Z" "-v" "/var/lib/crater-agent-workspace/rustup-home:/opt/rustwide/rustup-home:ro,Z" "-e" "SOURCE_DIR=/opt/rustwide/workdir" "-e" "CARGO_TARGET_DIR=/opt/rustwide/target" "-e" "CARGO_HOME=/opt/rustwide/cargo-home" "-e" "RUSTUP_HOME=/opt/rustwide/rustup-home" "-w" "/opt/rustwide/workdir" "-m" "1610612736" "--user" "0:0" "--network" "none" "ghcr.io/rust-lang/crates-build-env/linux@sha256:5ff2268d62e97bff2cde7d5815dd6ed5b47097566f13b8d0ca110b04b60e07ed" "/opt/rustwide/cargo-home/bin/cargo" "+1.69.0" "metadata" "--no-deps" "--format-version=1", kill_on_drop: false }`
[INFO] [stdout] 11852a62e0b9a3af54e2c24b403f837ed62522b4e32bff34e1a17c994f8536d3
[INFO] running `Command { std: "docker" "start" "-a" "11852a62e0b9a3af54e2c24b403f837ed62522b4e32bff34e1a17c994f8536d3", kill_on_drop: false }`
[INFO] running `Command { std: "docker" "inspect" "11852a62e0b9a3af54e2c24b403f837ed62522b4e32bff34e1a17c994f8536d3", kill_on_drop: false }`
[INFO] running `Command { std: "docker" "rm" "-f" "11852a62e0b9a3af54e2c24b403f837ed62522b4e32bff34e1a17c994f8536d3", kill_on_drop: false }`
[INFO] [stdout] 11852a62e0b9a3af54e2c24b403f837ed62522b4e32bff34e1a17c994f8536d3
[INFO] running `Command { std: "docker" "create" "-v" "/var/lib/crater-agent-workspace/builds/worker-7-tc1/target:/opt/rustwide/target:rw,Z" "-v" "/var/lib/crater-agent-workspace/builds/worker-7-tc1/source:/opt/rustwide/workdir:ro,Z" "-v" "/var/lib/crater-agent-workspace/cargo-home:/opt/rustwide/cargo-home:ro,Z" "-v" "/var/lib/crater-agent-workspace/rustup-home:/opt/rustwide/rustup-home:ro,Z" "-e" "SOURCE_DIR=/opt/rustwide/workdir" "-e" "CARGO_TARGET_DIR=/opt/rustwide/target" "-e" "CARGO_INCREMENTAL=0" "-e" "RUST_BACKTRACE=full" "-e" "RUSTFLAGS=--cap-lints=warn" "-e" "RUSTDOCFLAGS=--cap-lints=warn" "-e" "CARGO_HOME=/opt/rustwide/cargo-home" "-e" "RUSTUP_HOME=/opt/rustwide/rustup-home" "-w" "/opt/rustwide/workdir" "-m" "1610612736" "--user" "0:0" "--network" "none" "ghcr.io/rust-lang/crates-build-env/linux@sha256:5ff2268d62e97bff2cde7d5815dd6ed5b47097566f13b8d0ca110b04b60e07ed" "/opt/rustwide/cargo-home/bin/cargo" "+1.69.0" "build" "--frozen" "--message-format=json", kill_on_drop: false }`
[INFO] [stdout] dffccf0bf9cc35f2d7f50dcbeeae8d3e74b7a4a79904fcbb2533ae87b429628a
[INFO] running `Command { std: "docker" "start" "-a" "dffccf0bf9cc35f2d7f50dcbeeae8d3e74b7a4a79904fcbb2533ae87b429628a", kill_on_drop: false }`
[INFO] [stderr]    Compiling proc-macro2 v1.0.56
[INFO] [stderr]    Compiling cc v1.0.79
[INFO] [stderr]    Compiling lock_api v0.4.9
[INFO] [stderr]    Compiling parking_lot_core v0.9.7
[INFO] [stderr]    Compiling spin v0.5.2
[INFO] [stderr]    Compiling untrusted v0.7.1
[INFO] [stderr]    Compiling smallvec v1.10.0
[INFO] [stderr]    Compiling futures-channel v0.3.28
[INFO] [stderr]    Compiling tokio v1.28.0
[INFO] [stderr]    Compiling futures-util v0.3.28
[INFO] [stderr]    Compiling mio v0.8.6
[INFO] [stderr]    Compiling signal-hook-registry v1.4.1
[INFO] [stderr]    Compiling socket2 v0.4.9
[INFO] [stderr]    Compiling rustls v0.20.8
[INFO] [stderr]    Compiling serde v1.0.160
[INFO] [stderr]    Compiling getrandom v0.2.9
[INFO] [stderr]    Compiling rand_core v0.6.4
[INFO] [stderr]    Compiling rustls-pemfile v1.0.2
[INFO] [stderr]    Compiling digest v0.10.6
[INFO] [stderr]    Compiling cpufeatures v0.2.7
[INFO] [stderr]    Compiling base64 v0.13.1
[INFO] [stderr]    Compiling rand_chacha v0.3.1
[INFO] [stderr]    Compiling async-trait v0.1.68
[INFO] [stderr]    Compiling utf-8 v0.7.6
[INFO] [stderr]    Compiling rustls-native-certs v0.6.2
[INFO] [stderr]    Compiling anyhow v1.0.71
[INFO] [stderr]    Compiling sha-1 v0.10.1
[INFO] [stderr]    Compiling time v0.1.45
[INFO] [stderr]    Compiling iana-time-zone v0.1.56
[INFO] [stderr]    Compiling parking_lot v0.12.1
[INFO] [stderr]    Compiling paste v1.0.12
[INFO] [stderr]    Compiling rand v0.8.5
[INFO] [stderr]    Compiling quote v1.0.26
[INFO] [stderr]    Compiling ring v0.16.20
[INFO] [stderr]    Compiling syn v2.0.15
[INFO] [stderr]    Compiling webpki v0.22.0
[INFO] [stderr]    Compiling sct v0.7.0
[INFO] [stderr]    Compiling tokio-macros v2.1.0
[INFO] [stderr]    Compiling futures-macro v0.3.28
[INFO] [stderr]    Compiling serde_derive v1.0.160
[INFO] [stderr]    Compiling thiserror-impl v1.0.40
[INFO] [stderr]    Compiling webpki-roots v0.22.6
[INFO] [stderr]    Compiling thiserror v1.0.40
[INFO] [stderr]    Compiling tungstenite v0.17.3
[INFO] [stderr]    Compiling futures-executor v0.3.28
[INFO] [stderr]    Compiling futures v0.3.28
[INFO] [stderr]    Compiling tokio-util v0.7.8
[INFO] [stderr]    Compiling tokio-rustls v0.23.4
[INFO] [stderr]    Compiling tokio-tungstenite v0.17.2
[INFO] [stderr]    Compiling h2 v0.3.18
[INFO] [stderr]    Compiling serde_urlencoded v0.7.1
[INFO] [stderr]    Compiling serde_json v1.0.96
[INFO] [stderr]    Compiling chrono v0.4.24
[INFO] [stderr]    Compiling hyper v0.14.26
[INFO] [stderr]    Compiling hyper-rustls v0.23.2
[INFO] [stderr]    Compiling reqwest v0.11.17
[INFO] [stderr]    Compiling traq-ws-bot v0.1.2 (/opt/rustwide/workdir)
[INFO] [stderr]     Finished dev [unoptimized + debuginfo] target(s) in 21.59s
[INFO] running `Command { std: "docker" "inspect" "dffccf0bf9cc35f2d7f50dcbeeae8d3e74b7a4a79904fcbb2533ae87b429628a", kill_on_drop: false }`
[INFO] running `Command { std: "docker" "rm" "-f" "dffccf0bf9cc35f2d7f50dcbeeae8d3e74b7a4a79904fcbb2533ae87b429628a", kill_on_drop: false }`
[INFO] [stdout] dffccf0bf9cc35f2d7f50dcbeeae8d3e74b7a4a79904fcbb2533ae87b429628a
[INFO] running `Command { std: "docker" "create" "-v" "/var/lib/crater-agent-workspace/builds/worker-7-tc1/target:/opt/rustwide/target:rw,Z" "-v" "/var/lib/crater-agent-workspace/builds/worker-7-tc1/source:/opt/rustwide/workdir:ro,Z" "-v" "/var/lib/crater-agent-workspace/cargo-home:/opt/rustwide/cargo-home:ro,Z" "-v" "/var/lib/crater-agent-workspace/rustup-home:/opt/rustwide/rustup-home:ro,Z" "-e" "SOURCE_DIR=/opt/rustwide/workdir" "-e" "CARGO_TARGET_DIR=/opt/rustwide/target" "-e" "CARGO_INCREMENTAL=0" "-e" "RUST_BACKTRACE=full" "-e" "RUSTFLAGS=--cap-lints=warn" "-e" "RUSTDOCFLAGS=--cap-lints=warn" "-e" "CARGO_HOME=/opt/rustwide/cargo-home" "-e" "RUSTUP_HOME=/opt/rustwide/rustup-home" "-w" "/opt/rustwide/workdir" "-m" "1610612736" "--user" "0:0" "--network" "none" "ghcr.io/rust-lang/crates-build-env/linux@sha256:5ff2268d62e97bff2cde7d5815dd6ed5b47097566f13b8d0ca110b04b60e07ed" "/opt/rustwide/cargo-home/bin/cargo" "+1.69.0" "test" "--frozen" "--no-run" "--message-format=json", kill_on_drop: false }`
[INFO] [stdout] b6932a69a1df69dd96606ac362f65b3c85dce7a34aaaab220f73bfc4ff37fecd
[INFO] running `Command { std: "docker" "start" "-a" "b6932a69a1df69dd96606ac362f65b3c85dce7a34aaaab220f73bfc4ff37fecd", kill_on_drop: false }`
[INFO] [stderr]    Compiling traq-ws-bot v0.1.2 (/opt/rustwide/workdir)
[INFO] [stderr]     Finished test [unoptimized + debuginfo] target(s) in 1.40s
[INFO] running `Command { std: "docker" "inspect" "b6932a69a1df69dd96606ac362f65b3c85dce7a34aaaab220f73bfc4ff37fecd", kill_on_drop: false }`
[INFO] running `Command { std: "docker" "rm" "-f" "b6932a69a1df69dd96606ac362f65b3c85dce7a34aaaab220f73bfc4ff37fecd", kill_on_drop: false }`
[INFO] [stdout] b6932a69a1df69dd96606ac362f65b3c85dce7a34aaaab220f73bfc4ff37fecd
[INFO] running `Command { std: "docker" "create" "-v" "/var/lib/crater-agent-workspace/builds/worker-7-tc1/target:/opt/rustwide/target:rw,Z" "-v" "/var/lib/crater-agent-workspace/builds/worker-7-tc1/source:/opt/rustwide/workdir:ro,Z" "-v" "/var/lib/crater-agent-workspace/cargo-home:/opt/rustwide/cargo-home:ro,Z" "-v" "/var/lib/crater-agent-workspace/rustup-home:/opt/rustwide/rustup-home:ro,Z" "-e" "SOURCE_DIR=/opt/rustwide/workdir" "-e" "CARGO_TARGET_DIR=/opt/rustwide/target" "-e" "CARGO_INCREMENTAL=0" "-e" "RUST_BACKTRACE=full" "-e" "RUSTFLAGS=--cap-lints=warn" "-e" "RUSTDOCFLAGS=--cap-lints=warn" "-e" "CARGO_HOME=/opt/rustwide/cargo-home" "-e" "RUSTUP_HOME=/opt/rustwide/rustup-home" "-w" "/opt/rustwide/workdir" "-m" "1610612736" "--user" "0:0" "--network" "none" "ghcr.io/rust-lang/crates-build-env/linux@sha256:5ff2268d62e97bff2cde7d5815dd6ed5b47097566f13b8d0ca110b04b60e07ed" "/opt/rustwide/cargo-home/bin/cargo" "+1.69.0" "test" "--frozen", kill_on_drop: false }`
[INFO] [stdout] 8635ff56d5116ef53ddfd4caed3c396709900c6e960bdd655fd02be1d6e2b881
[INFO] running `Command { std: "docker" "start" "-a" "8635ff56d5116ef53ddfd4caed3c396709900c6e960bdd655fd02be1d6e2b881", kill_on_drop: false }`
[INFO] [stderr]     Finished test [unoptimized + debuginfo] target(s) in 0.09s
[INFO] [stderr]      Running unittests src/lib.rs (/opt/rustwide/target/debug/deps/traq_ws_bot-e562cf6ad603189a)
[INFO] [stdout] 
[INFO] [stdout] running 0 tests
[INFO] [stdout] 
[INFO] [stdout] test result: ok. 0 passed; 0 failed; 0 ignored; 0 measured; 0 filtered out; finished in 0.00s
[INFO] [stdout] 
[INFO] [stderr]    Doc-tests traq-ws-bot
[INFO] [stdout] 
[INFO] [stdout] running 42 tests
[INFO] [stdout] test src/bot/mod.rs - bot::TraqBot<T>::start (line 117) ... FAILED
[INFO] [stdout] test src/bot/mod.rs - bot::TraqBotBuilder<T>::on_channel_topic_changed (line 464) ... FAILED
[INFO] [stdout] test src/bot/mod.rs - bot::TraqBotBuilder<T>::on_channel_created (line 464) ... FAILED
[INFO] [stdout] test src/bot/mod.rs - bot::TraqBotBuilder<T>::build (line 350) ... FAILED
[INFO] [stdout] test src/bot/mod.rs - bot::TraqBotBuilder<T>::on_bot_message_stamps_updated_with_resource (line 465) ... FAILED
[INFO] [stdout] test src/bot/mod.rs - bot::TraqBotBuilder<T>::on_direct_message_created (line 464) ... FAILED
[INFO] [stdout] test src/bot/mod.rs - bot::TraqBotBuilder<T>::on_error (line 483) ... FAILED
[INFO] [stdout] test src/bot/mod.rs - bot::TraqBotBuilder<T>::on_direct_message_updated (line 464) ... FAILED
[INFO] [stdout] test src/bot/mod.rs - bot::TraqBotBuilder<T>::on_direct_message_updated_with_resource (line 465) ... FAILED
[INFO] [stdout] test src/bot/mod.rs - bot::TraqBotBuilder<T>::on_direct_message_deleted (line 464) ... FAILED
[INFO] [stdout] test src/bot/mod.rs - bot::TraqBotBuilder<T>::on_channel_created_with_resource (line 465) ... FAILED
[INFO] [stdout] test src/bot/mod.rs - bot::TraqBotBuilder<T>::on_direct_message_deleted_with_resource (line 465) ... FAILED
[INFO] [stdout] test src/bot/mod.rs - bot::TraqBotBuilder<T>::on_direct_message_created_with_resource (line 465) ... FAILED
[INFO] [stdout] test src/bot/mod.rs - bot::TraqBotBuilder<T>::on_left (line 464) ... FAILED
[INFO] [stdout] test src/bot/mod.rs - bot::TraqBotBuilder<T>::on_joined (line 464) ... FAILED
[INFO] [stdout] test src/bot/mod.rs - bot::TraqBotBuilder<T>::on_event (line 423) ... FAILED
[INFO] [stdout] test src/bot/mod.rs - bot::TraqBotBuilder<T>::on_error_with_resource (line 503) ... FAILED
[INFO] [stdout] test src/bot/mod.rs - bot::TraqBotBuilder<T>::on_message_updated (line 464) ... FAILED
[INFO] [stdout] test src/bot/mod.rs - bot::TraqBotBuilder<T>::on_joined_with_resource (line 465) ... FAILED
[INFO] [stdout] test src/bot/mod.rs - bot::TraqBotBuilder<T>::on_left_with_resource (line 465) ... FAILED
[INFO] [stdout] test src/bot/mod.rs - bot::TraqBotBuilder<T>::on_event (line 435) ... FAILED
[INFO] [stdout] test src/bot/mod.rs - bot::TraqBotBuilder<T>::on_message_created_with_resource (line 465) ... FAILED
[INFO] [stdout] test src/bot/mod.rs - bot::TraqBotBuilder<T>::on_message_created (line 464) ... FAILED
[INFO] [stdout] test src/bot/mod.rs - bot::TraqBotBuilder<T>::on_message_updated_with_resource (line 465) ... FAILED
[INFO] [stdout] test src/bot/mod.rs - bot::TraqBotBuilder<T>::on_stamp_created (line 464) ... FAILED
[INFO] [stdout] test src/bot/mod.rs - bot::TraqBotBuilder<T>::on_ping (line 464) ... FAILED
[INFO] [stdout] test src/bot/mod.rs - bot::TraqBotBuilder<T>::on_tag_added (line 464) ... FAILED
[INFO] [stdout] test src/bot/mod.rs - bot::TraqBotBuilder<T>::on_stamp_created_with_resource (line 465) ... FAILED
[INFO] [stdout] test src/bot/mod.rs - bot::TraqBotBuilder<T>::on_tag_added_with_resource (line 465) ... FAILED
[INFO] [stdout] test src/bot/mod.rs - bot::TraqBotBuilder<T>::on_message_deleted (line 464) ... FAILED
[INFO] [stdout] test src/bot/mod.rs - bot::TraqBotBuilder<T>::on_message_deleted_with_resource (line 465) ... FAILED
[INFO] [stdout] test src/bot/mod.rs - bot::TraqBotBuilder<T>::on_tag_removed_with_resource (line 465) ... FAILED
[INFO] [stdout] test src/bot/mod.rs - bot::TraqBotBuilder<T>::on_tag_removed (line 464) ... FAILED
[INFO] [stdout] test src/utils.rs - utils::RateLimiter::acquire (line 73) ... FAILED
[INFO] [stdout] test src/bot/mod.rs - bot::TraqBotBuilder<T>::on_ping_with_resource (line 465) ... FAILED
[INFO] [stdout] test src/bot/mod.rs - bot::TraqBotBuilder<T>::on_user_created (line 464) ... FAILED
[INFO] [stdout] test src/bot/mod.rs - bot::TraqBotBuilder<T>::on_user_created_with_resource (line 465) ... FAILED
[INFO] [stdout] test src/bot/mod.rs - bot::TraqBotBuilder<T>::on_bot_message_stamps_updated (line 464) ... FAILED
[INFO] [stdout] test src/bot/mod.rs - bot::TraqBotBuilder<T>::on_channel_topic_changed_with_resource (line 465) ... FAILED
[INFO] [stdout] test src/bot/mod.rs - bot::TraqBotBuilder<T>::insert_resource (line 525) ... ok
[INFO] [stdout] test src/utils.rs - utils::RateLimiter (line 45) ... FAILED
[INFO] [stdout] test src/utils.rs - utils::RateLimiter::try_acquire (line 97) ... FAILED
[INFO] [stdout] 
[INFO] [stdout] failures:
[INFO] [stdout] 
[INFO] [stdout] ---- src/bot/mod.rs - bot::TraqBot<T>::start (line 117) stdout ----
[INFO] [stdout] Couldn't compile the test.
[INFO] [stdout] ---- src/bot/mod.rs - bot::TraqBotBuilder<T>::on_channel_topic_changed (line 464) stdout ----
[INFO] [stdout] Couldn't compile the test.
[INFO] [stdout] ---- src/bot/mod.rs - bot::TraqBotBuilder<T>::on_channel_created (line 464) stdout ----
[INFO] [stdout] Couldn't compile the test.
[INFO] [stdout] ---- src/bot/mod.rs - bot::TraqBotBuilder<T>::build (line 350) stdout ----
[INFO] [stdout] Couldn't compile the test.
[INFO] [stdout] ---- src/bot/mod.rs - bot::TraqBotBuilder<T>::on_bot_message_stamps_updated_with_resource (line 465) stdout ----
[INFO] [stdout] Couldn't compile the test.
[INFO] [stdout] ---- src/bot/mod.rs - bot::TraqBotBuilder<T>::on_direct_message_created (line 464) stdout ----
[INFO] [stdout] Couldn't compile the test.
[INFO] [stdout] ---- src/bot/mod.rs - bot::TraqBotBuilder<T>::on_error (line 483) stdout ----
[INFO] [stdout] Couldn't compile the test.
[INFO] [stdout] ---- src/bot/mod.rs - bot::TraqBotBuilder<T>::on_direct_message_updated (line 464) stdout ----
[INFO] [stdout] Couldn't compile the test.
[INFO] [stdout] ---- src/bot/mod.rs - bot::TraqBotBuilder<T>::on_direct_message_updated_with_resource (line 465) stdout ----
[INFO] [stdout] Couldn't compile the test.
[INFO] [stdout] ---- src/bot/mod.rs - bot::TraqBotBuilder<T>::on_direct_message_deleted (line 464) stdout ----
[INFO] [stdout] Couldn't compile the test.
[INFO] [stdout] ---- src/bot/mod.rs - bot::TraqBotBuilder<T>::on_channel_created_with_resource (line 465) stdout ----
[INFO] [stdout] Couldn't compile the test.
[INFO] [stdout] ---- src/bot/mod.rs - bot::TraqBotBuilder<T>::on_direct_message_deleted_with_resource (line 465) stdout ----
[INFO] [stdout] Couldn't compile the test.
[INFO] [stdout] ---- src/bot/mod.rs - bot::TraqBotBuilder<T>::on_direct_message_created_with_resource (line 465) stdout ----
[INFO] [stdout] Couldn't compile the test.
[INFO] [stdout] ---- src/bot/mod.rs - bot::TraqBotBuilder<T>::on_left (line 464) stdout ----
[INFO] [stdout] Couldn't compile the test.
[INFO] [stdout] ---- src/bot/mod.rs - bot::TraqBotBuilder<T>::on_joined (line 464) stdout ----
[INFO] [stdout] Couldn't compile the test.
[INFO] [stdout] ---- src/bot/mod.rs - bot::TraqBotBuilder<T>::on_event (line 423) stdout ----
[INFO] [stdout] Couldn't compile the test.
[INFO] [stdout] ---- src/bot/mod.rs - bot::TraqBotBuilder<T>::on_error_with_resource (line 503) stdout ----
[INFO] [stdout] Couldn't compile the test.
[INFO] [stdout] ---- src/bot/mod.rs - bot::TraqBotBuilder<T>::on_message_updated (line 464) stdout ----
[INFO] [stdout] Couldn't compile the test.
[INFO] [stdout] ---- src/bot/mod.rs - bot::TraqBotBuilder<T>::on_joined_with_resource (line 465) stdout ----
[INFO] [stdout] Couldn't compile the test.
[INFO] [stdout] ---- src/bot/mod.rs - bot::TraqBotBuilder<T>::on_left_with_resource (line 465) stdout ----
[INFO] [stdout] Couldn't compile the test.
[INFO] [stdout] ---- src/bot/mod.rs - bot::TraqBotBuilder<T>::on_event (line 435) stdout ----
[INFO] [stdout] Couldn't compile the test.
[INFO] [stdout] ---- src/bot/mod.rs - bot::TraqBotBuilder<T>::on_message_created_with_resource (line 465) stdout ----
[INFO] [stdout] Couldn't compile the test.
[INFO] [stdout] ---- src/bot/mod.rs - bot::TraqBotBuilder<T>::on_message_created (line 464) stdout ----
[INFO] [stdout] Couldn't compile the test.
[INFO] [stdout] ---- src/bot/mod.rs - bot::TraqBotBuilder<T>::on_message_updated_with_resource (line 465) stdout ----
[INFO] [stdout] Couldn't compile the test.
[INFO] [stdout] ---- src/bot/mod.rs - bot::TraqBotBuilder<T>::on_stamp_created (line 464) stdout ----
[INFO] [stdout] Couldn't compile the test.
[INFO] [stdout] ---- src/bot/mod.rs - bot::TraqBotBuilder<T>::on_ping (line 464) stdout ----
[INFO] [stdout] Couldn't compile the test.
[INFO] [stdout] ---- src/bot/mod.rs - bot::TraqBotBuilder<T>::on_tag_added (line 464) stdout ----
[INFO] [stdout] Couldn't compile the test.
[INFO] [stdout] ---- src/bot/mod.rs - bot::TraqBotBuilder<T>::on_stamp_created_with_resource (line 465) stdout ----
[INFO] [stdout] Couldn't compile the test.
[INFO] [stdout] ---- src/bot/mod.rs - bot::TraqBotBuilder<T>::on_tag_added_with_resource (line 465) stdout ----
[INFO] [stdout] Couldn't compile the test.
[INFO] [stdout] ---- src/bot/mod.rs - bot::TraqBotBuilder<T>::on_message_deleted (line 464) stdout ----
[INFO] [stdout] Couldn't compile the test.
[INFO] [stdout] ---- src/bot/mod.rs - bot::TraqBotBuilder<T>::on_message_deleted_with_resource (line 465) stdout ----
[INFO] [stdout] Couldn't compile the test.
[INFO] [stdout] ---- src/bot/mod.rs - bot::TraqBotBuilder<T>::on_tag_removed_with_resource (line 465) stdout ----
[INFO] [stdout] Couldn't compile the test.
[INFO] [stdout] ---- src/bot/mod.rs - bot::TraqBotBuilder<T>::on_tag_removed (line 464) stdout ----
[INFO] [stdout] Couldn't compile the test.
[INFO] [stdout] ---- src/utils.rs - utils::RateLimiter::acquire (line 73) stdout ----
[INFO] [stdout] error: incorrect use of `await`
[INFO] [stdout]  --> src/utils.rs:79:5
[INFO] [stdout]   |
[INFO] [stdout] 9 |     await limiter.acquire();
[INFO] [stdout]   |     ^^^^^^^^^^^^^^^^^^^^^^^ help: `await` is a postfix operation: `limiter.acquire().await`
[INFO] [stdout] 
[INFO] [stdout] error[E0728]: `await` is only allowed inside `async` functions and blocks
[INFO] [stdout]  --> src/utils.rs:79:5
[INFO] [stdout]   |
[INFO] [stdout] 3 | fn main() { #[allow(non_snake_case)] fn _doctest_main_src_utils_rs_73_0() {
[INFO] [stdout]   |                                         ------------------------------- this is not `async`
[INFO] [stdout] ...
[INFO] [stdout] 9 |     await limiter.acquire();
[INFO] [stdout]   |     ^^^^^^^^^^^^^^^^^^^^^^^ only allowed inside `async` functions and blocks
[INFO] [stdout] 
[INFO] [stdout] error: aborting due to 2 previous errors
[INFO] [stdout] 
[INFO] [stdout] For more information about this error, try `rustc --explain E0728`.
[INFO] [stdout] Couldn't compile the test.
[INFO] [stdout] ---- src/bot/mod.rs - bot::TraqBotBuilder<T>::on_ping_with_resource (line 465) stdout ----
[INFO] [stdout] Couldn't compile the test.
[INFO] [stdout] ---- src/bot/mod.rs - bot::TraqBotBuilder<T>::on_user_created (line 464) stdout ----
[INFO] [stdout] Couldn't compile the test.
[INFO] [stdout] ---- src/bot/mod.rs - bot::TraqBotBuilder<T>::on_user_created_with_resource (line 465) stdout ----
[INFO] [stdout] Couldn't compile the test.
[INFO] [stdout] ---- src/bot/mod.rs - bot::TraqBotBuilder<T>::on_bot_message_stamps_updated (line 464) stdout ----
[INFO] [stdout] error: linking with `cc` failed: exit status: 1
[INFO] [stdout]   |
[INFO] [stdout]   = note: LC_ALL="C" PATH="/opt/rustwide/rustup-home/toolchains/1.69.0-x86_64-unknown-linux-gnu/lib/rustlib/x86_64-unknown-linux-gnu/bin:/opt/rustwide/cargo-home/bin:/usr/local/sbin:/usr/local/bin:/usr/sbin:/usr/bin:/sbin:/bin" VSLANG="1033" "cc" "-m64" "/tmp/rustcaiEWrn/symbols.o" "/tmp/rustdoctestmpuiqo/rust_out.rust_out.5bfee551-cgu.0.rcgu.o" "/tmp/rustdoctestmpuiqo/rust_out.j00p4ncf7xg64kg.rcgu.o" "-Wl,--as-needed" "-L" "/opt/rustwide/target/debug/deps" "-L" "/opt/rustwide/target/debug/deps" "-L" "/opt/rustwide/target/debug/build/ring-3d31b0bbaa3a7a2d/out" "-L" "/opt/rustwide/rustup-home/toolchains/1.69.0-x86_64-unknown-linux-gnu/lib/rustlib/x86_64-unknown-linux-gnu/lib" "-Wl,-Bstatic" "/opt/rustwide/target/debug/deps/libtraq_ws_bot-89ee7f437e1ea342.rlib" "/opt/rustwide/target/debug/deps/libanyhow-2a8b4879abb5c883.rlib" "/opt/rustwide/target/debug/deps/libchrono-1ffa4c46f8376522.rlib" "/opt/rustwide/target/debug/deps/libiana_time_zone-bf2c4c30343f4ef7.rlib" "/opt/rustwide/target/debug/deps/libnum_integer-8056a34aec203bba.rlib" "/opt/rustwide/target/debug/deps/libnum_traits-11c9b029deaf19dd.rlib" "/opt/rustwide/target/debug/deps/libtime-ea810185b4b5b814.rlib" "/opt/rustwide/target/debug/deps/libtokio_tungstenite-62d90f4d882b19df.rlib" "/opt/rustwide/target/debug/deps/librustls_native_certs-22e6c30967813f92.rlib" "/opt/rustwide/target/debug/deps/libopenssl_probe-2d1cd15c290ad1de.rlib" "/opt/rustwide/target/debug/deps/libtungstenite-de81e5a2cf415307.rlib" "/opt/rustwide/target/debug/deps/libbase64-58bd2041a3052460.rlib" "/opt/rustwide/target/debug/deps/librand-fbc1e23b2a61e55e.rlib" "/opt/rustwide/target/debug/deps/librand_chacha-1011df681e4d15da.rlib" "/opt/rustwide/target/debug/deps/libppv_lite86-c3ad053967cc551c.rlib" "/opt/rustwide/target/debug/deps/librand_core-e5a8f0f991f76bbb.rlib" "/opt/rustwide/target/debug/deps/libgetrandom-5d46253a319b81ee.rlib" "/opt/rustwide/target/debug/deps/libutf8-5e3ec65d321d5e7c.rlib" "/opt/rustwide/target/debug/deps/libbyteorder-50c19e9bd62c942c.rlib" "/opt/rustwide/target/debug/deps/libsha1-63fe57284fb3ecd2.rlib" "/opt/rustwide/target/debug/deps/libcpufeatures-e143b41ca3b14af5.rlib" "/opt/rustwide/target/debug/deps/libdigest-6c582ead3dd6abff.rlib" "/opt/rustwide/target/debug/deps/libblock_buffer-0933e09cece281a1.rlib" "/opt/rustwide/target/debug/deps/libcrypto_common-5a97f1b230e1e099.rlib" "/opt/rustwide/target/debug/deps/libgeneric_array-f03e3e3fb3ca464f.rlib" "/opt/rustwide/target/debug/deps/libtypenum-d40a559dcc4c7492.rlib" "/opt/rustwide/target/debug/deps/libthiserror-3889a7668e83daee.rlib" "/opt/rustwide/target/debug/deps/libreqwest-373065f228aaec65.rlib" "/opt/rustwide/target/debug/deps/librustls_pemfile-b8d8488d078135e6.rlib" "/opt/rustwide/target/debug/deps/libhyper_rustls-1ca1ce8c1a9d4d1e.rlib" "/opt/rustwide/target/debug/deps/libserde_urlencoded-ae90305a464bcf58.rlib" "/opt/rustwide/target/debug/deps/libwebpki_roots-0fd5e53082733afe.rlib" "/opt/rustwide/target/debug/deps/libbase64-8062ff4772a66de9.rlib" "/opt/rustwide/target/debug/deps/libipnet-c7c4785b48ce73f5.rlib" "/opt/rustwide/target/debug/deps/libtokio_rustls-70b679ab271d1f2f.rlib" "/opt/rustwide/target/debug/deps/libmime-a79fe19129dcd0fb.rlib" "/opt/rustwide/target/debug/deps/libencoding_rs-73122f64baa7d749.rlib" "/opt/rustwide/target/debug/deps/libserde_json-7b9ba36a0c219127.rlib" "/opt/rustwide/target/debug/deps/libryu-87a43729435ac998.rlib" "/opt/rustwide/target/debug/deps/libserde-718ce5580c8fc8a9.rlib" "/opt/rustwide/target/debug/deps/librustls-65929bb056442283.rlib" "/opt/rustwide/target/debug/deps/libsct-9b2c1c8e1dae6788.rlib" "/opt/rustwide/target/debug/deps/libwebpki-358b4846c5047348.rlib" "/opt/rustwide/target/debug/deps/libring-b8198050cf4afdad.rlib" "/opt/rustwide/target/debug/deps/libspin-ba7f384cfb4b159f.rlib" "/opt/rustwide/target/debug/deps/libuntrusted-ec41ab00ed225515.rlib" "/opt/rustwide/target/debug/deps/libhyper-5dadfd54ed03e558.rlib" "/opt/rustwide/target/debug/deps/libwant-ac7922456ffd1225.rlib" "/opt/rustwide/target/debug/deps/libtry_lock-ec51eacf97b087e9.rlib" "/opt/rustwide/target/debug/deps/libhttparse-30fefae29fd53c2e.rlib" "/opt/rustwide/target/debug/deps/libh2-550b90d12ce98002.rlib" "/opt/rustwide/target/debug/deps/libindexmap-4a7e2da62b4b6cd1.rlib" "/opt/rustwide/target/debug/deps/libhashbrown-f669da50cece7aa5.rlib" "/opt/rustwide/target/debug/deps/libtokio_util-5150fa1f35276cd5.rlib" "/opt/rustwide/target/debug/deps/libtower_service-a82a463fea06a00e.rlib" "/opt/rustwide/target/debug/deps/libtracing-5e45c18f98c454bb.rlib" "/opt/rustwide/target/debug/deps/libtracing_core-259db95f475fb2a8.rlib" "/opt/rustwide/target/debug/deps/libonce_cell-7d2ec3fb6b6c5a4d.rlib" "/opt/rustwide/target/debug/deps/libtokio-eea07c5a968a8b4c.rlib" "/opt/rustwide/target/debug/deps/libsignal_hook_registry-0519d59f93b4969e.rlib" "/opt/rustwide/target/debug/deps/libnum_cpus-955db27608b22469.rlib" "/opt/rustwide/target/debug/deps/libsocket2-809776a880009f42.rlib" "/opt/rustwide/target/debug/deps/libmio-a2d88e767ecbe46c.rlib" "/opt/rustwide/target/debug/deps/libparking_lot-0c8f9524b562c19b.rlib" "/opt/rustwide/target/debug/deps/libparking_lot_core-4c61bf1d0fb1d4ae.rlib" "/opt/rustwide/target/debug/deps/liblibc-b7b14a0fe316ec96.rlib" "/opt/rustwide/target/debug/deps/libsmallvec-22f2447eab0ca59b.rlib" "/opt/rustwide/target/debug/deps/liblock_api-68f9f4627da435ce.rlib" "/opt/rustwide/target/debug/deps/libscopeguard-f471875f675163b5.rlib" "/opt/rustwide/target/debug/deps/libhttp_body-1af96f59fded0cc1.rlib" "/opt/rustwide/target/debug/deps/liblog-b7002f1ab15c8d8b.rlib" "/opt/rustwide/target/debug/deps/libcfg_if-e5e118dd7d121aaa.rlib" "/opt/rustwide/target/debug/deps/liburl-25a81f6654f7c1c7.rlib" "/opt/rustwide/target/debug/deps/libidna-b865ee86652f4dd4.rlib" "/opt/rustwide/target/debug/deps/libunicode_normalization-65834209e2c3efa0.rlib" "/opt/rustwide/target/debug/deps/libtinyvec-4aa74f8a972e3d9d.rlib" "/opt/rustwide/target/debug/deps/libtinyvec_macros-8eb663675e81bb18.rlib" "/opt/rustwide/target/debug/deps/libunicode_bidi-df88d89b87cd1c3f.rlib" "/opt/rustwide/target/debug/deps/libform_urlencoded-4406ed733a551179.rlib" "/opt/rustwide/target/debug/deps/libpercent_encoding-5b4f3c280783d946.rlib" "/opt/rustwide/target/debug/deps/libhttp-1912e0b438bd2fae.rlib" "/opt/rustwide/target/debug/deps/libitoa-12e0c769e046c1b6.rlib" "/opt/rustwide/target/debug/deps/libbytes-e760d6ac9a2f6963.rlib" "/opt/rustwide/target/debug/deps/libfnv-41a559218f992797.rlib" "/opt/rustwide/target/debug/deps/libfutures-cb3e49d51adf8743.rlib" "/opt/rustwide/target/debug/deps/libfutures_executor-5f5cc114cdd12756.rlib" "/opt/rustwide/target/debug/deps/libfutures_util-905e430310dc457a.rlib" "/opt/rustwide/target/debug/deps/libmemchr-b18e4aa3c7a38625.rlib" "/opt/rustwide/target/debug/deps/libfutures_io-4614e9b19a26d89f.rlib" "/opt/rustwide/target/debug/deps/libslab-8bb798f134a0a9e7.rlib" "/opt/rustwide/target/debug/deps/libfutures_channel-6efe3e36c9bebe99.rlib" "/opt/rustwide/target/debug/deps/libpin_project_lite-e66e1bab7310d569.rlib" "/opt/rustwide/target/debug/deps/libfutures_sink-0848eae0e91803d6.rlib" "/opt/rustwide/target/debug/deps/libfutures_task-b59556b3c537ad98.rlib" "/opt/rustwide/target/debug/deps/libpin_utils-0d8eaf4ac0fcb221.rlib" "/opt/rustwide/target/debug/deps/libfutures_core-6002dc2ff0ad2c7a.rlib" "/opt/rustwide/rustup-home/toolchains/1.69.0-x86_64-unknown-linux-gnu/lib/rustlib/x86_64-unknown-linux-gnu/lib/libstd-89bc084783fdc439.rlib" "/opt/rustwide/rustup-home/toolchains/1.69.0-x86_64-unknown-linux-gnu/lib/rustlib/x86_64-unknown-linux-gnu/lib/libpanic_unwind-8bee4b287d4367c1.rlib" "/opt/rustwide/rustup-home/toolchains/1.69.0-x86_64-unknown-linux-gnu/lib/rustlib/x86_64-unknown-linux-gnu/lib/libobject-d61707aed80694c0.rlib" "/opt/rustwide/rustup-home/toolchains/1.69.0-x86_64-unknown-linux-gnu/lib/rustlib/x86_64-unknown-linux-gnu/lib/libmemchr-d85366256f22345b.rlib" "/opt/rustwide/rustup-home/toolchains/1.69.0-x86_64-unknown-linux-gnu/lib/rustlib/x86_64-unknown-linux-gnu/lib/libaddr2line-96069b86b8a8cae9.rlib" "/opt/rustwide/rustup-home/toolchains/1.69.0-x86_64-unknown-linux-gnu/lib/rustlib/x86_64-unknown-linux-gnu/lib/libgimli-d19d53abf68dfa6c.rlib" "/opt/rustwide/rustup-home/toolchains/1.69.0-x86_64-unknown-linux-gnu/lib/rustlib/x86_64-unknown-linux-gnu/lib/librustc_demangle-787cbccd19d64ac6.rlib" "/opt/rustwide/rustup-home/toolchains/1.69.0-x86_64-unknown-linux-gnu/lib/rustlib/x86_64-unknown-linux-gnu/lib/libstd_detect-b3837a36b830e0d0.rlib" "/opt/rustwide/rustup-home/toolchains/1.69.0-x86_64-unknown-linux-gnu/lib/rustlib/x86_64-unknown-linux-gnu/lib/libhashbrown-e3deb0e7e3f04966.rlib" "/opt/rustwide/rustup-home/toolchains/1.69.0-x86_64-unknown-linux-gnu/lib/rustlib/x86_64-unknown-linux-gnu/lib/libminiz_oxide-dabbb79c9815def4.rlib" "/opt/rustwide/rustup-home/toolchains/1.69.0-x86_64-unknown-linux-gnu/lib/rustlib/x86_64-unknown-linux-gnu/lib/libadler-305b01f34c9409f2.rlib" "/opt/rustwide/rustup-home/toolchains/1.69.0-x86_64-unknown-linux-gnu/lib/rustlib/x86_64-unknown-linux-gnu/lib/librustc_std_workspace_alloc-f833521df6074e73.rlib" "/opt/rustwide/rustup-home/toolchains/1.69.0-x86_64-unknown-linux-gnu/lib/rustlib/x86_64-unknown-linux-gnu/lib/libunwind-9ac333113350d171.rlib" "/opt/rustwide/rustup-home/toolchains/1.69.0-x86_64-unknown-linux-gnu/lib/rustlib/x86_64-unknown-linux-gnu/lib/libcfg_if-1c126114322d0eee.rlib" "/opt/rustwide/rustup-home/toolchains/1.69.0-x86_64-unknown-linux-gnu/lib/rustlib/x86_64-unknown-linux-gnu/lib/liblibc-bad9164fdeeecf92.rlib" "/opt/rustwide/rustup-home/toolchains/1.69.0-x86_64-unknown-linux-gnu/lib/rustlib/x86_64-unknown-linux-gnu/lib/liballoc-f9374b1e480fa681.rlib" "/opt/rustwide/rustup-home/toolchains/1.69.0-x86_64-unknown-linux-gnu/lib/rustlib/x86_64-unknown-linux-gnu/lib/librustc_std_workspace_core-207f06e41d9603af.rlib" "/opt/rustwide/rustup-home/toolchains/1.69.0-x86_64-unknown-linux-gnu/lib/rustlib/x86_64-unknown-linux-gnu/lib/libcore-7e2768e66e984e85.rlib" "/opt/rustwide/rustup-home/toolchains/1.69.0-x86_64-unknown-linux-gnu/lib/rustlib/x86_64-unknown-linux-gnu/lib/libcompiler_builtins-957b4aff41f8cd46.rlib" "-Wl,-Bdynamic" "-lgcc_s" "-lutil" "-lrt" "-lpthread" "-lm" "-ldl" "-lc" "-Wl,--eh-frame-hdr" "-Wl,-z,noexecstack" "-L" "/opt/rustwide/rustup-home/toolchains/1.69.0-x86_64-unknown-linux-gnu/lib/rustlib/x86_64-unknown-linux-gnu/lib" "-o" "/tmp/rustdoctestmpuiqo/rust_out" "-Wl,--gc-sections" "-pie" "-Wl,-z,relro,-z,now" "-nodefaultlibs"
[INFO] [stdout]   = note: collect2: fatal error: ld terminated with signal 9 [Killed]
[INFO] [stdout]           compilation terminated.
[INFO] [stdout]           
[INFO] [stdout] 
[INFO] [stdout] error: aborting due to previous error
[INFO] [stdout] 
[INFO] [stdout] Couldn't compile the test.
[INFO] [stdout] ---- src/bot/mod.rs - bot::TraqBotBuilder<T>::on_channel_topic_changed_with_resource (line 465) stdout ----
[INFO] [stdout] error: linking with `cc` failed: exit status: 1
[INFO] [stdout]   |
[INFO] [stdout]   = note: LC_ALL="C" PATH="/opt/rustwide/rustup-home/toolchains/1.69.0-x86_64-unknown-linux-gnu/lib/rustlib/x86_64-unknown-linux-gnu/bin:/opt/rustwide/cargo-home/bin:/usr/local/sbin:/usr/local/bin:/usr/sbin:/usr/bin:/sbin:/bin" VSLANG="1033" "cc" "-m64" "/tmp/rustcWBlBLK/symbols.o" "/tmp/rustdoctest7GD7Cy/rust_out.rust_out.5bfee551-cgu.0.rcgu.o" "/tmp/rustdoctest7GD7Cy/rust_out.j00p4ncf7xg64kg.rcgu.o" "-Wl,--as-needed" "-L" "/opt/rustwide/target/debug/deps" "-L" "/opt/rustwide/target/debug/deps" "-L" "/opt/rustwide/target/debug/build/ring-3d31b0bbaa3a7a2d/out" "-L" "/opt/rustwide/rustup-home/toolchains/1.69.0-x86_64-unknown-linux-gnu/lib/rustlib/x86_64-unknown-linux-gnu/lib" "-Wl,-Bstatic" "/opt/rustwide/target/debug/deps/libtraq_ws_bot-89ee7f437e1ea342.rlib" "/opt/rustwide/target/debug/deps/libanyhow-2a8b4879abb5c883.rlib" "/opt/rustwide/target/debug/deps/libchrono-1ffa4c46f8376522.rlib" "/opt/rustwide/target/debug/deps/libiana_time_zone-bf2c4c30343f4ef7.rlib" "/opt/rustwide/target/debug/deps/libnum_integer-8056a34aec203bba.rlib" "/opt/rustwide/target/debug/deps/libnum_traits-11c9b029deaf19dd.rlib" "/opt/rustwide/target/debug/deps/libtime-ea810185b4b5b814.rlib" "/opt/rustwide/target/debug/deps/libtokio_tungstenite-62d90f4d882b19df.rlib" "/opt/rustwide/target/debug/deps/librustls_native_certs-22e6c30967813f92.rlib" "/opt/rustwide/target/debug/deps/libopenssl_probe-2d1cd15c290ad1de.rlib" "/opt/rustwide/target/debug/deps/libtungstenite-de81e5a2cf415307.rlib" "/opt/rustwide/target/debug/deps/libbase64-58bd2041a3052460.rlib" "/opt/rustwide/target/debug/deps/librand-fbc1e23b2a61e55e.rlib" "/opt/rustwide/target/debug/deps/librand_chacha-1011df681e4d15da.rlib" "/opt/rustwide/target/debug/deps/libppv_lite86-c3ad053967cc551c.rlib" "/opt/rustwide/target/debug/deps/librand_core-e5a8f0f991f76bbb.rlib" "/opt/rustwide/target/debug/deps/libgetrandom-5d46253a319b81ee.rlib" "/opt/rustwide/target/debug/deps/libutf8-5e3ec65d321d5e7c.rlib" "/opt/rustwide/target/debug/deps/libbyteorder-50c19e9bd62c942c.rlib" "/opt/rustwide/target/debug/deps/libsha1-63fe57284fb3ecd2.rlib" "/opt/rustwide/target/debug/deps/libcpufeatures-e143b41ca3b14af5.rlib" "/opt/rustwide/target/debug/deps/libdigest-6c582ead3dd6abff.rlib" "/opt/rustwide/target/debug/deps/libblock_buffer-0933e09cece281a1.rlib" "/opt/rustwide/target/debug/deps/libcrypto_common-5a97f1b230e1e099.rlib" "/opt/rustwide/target/debug/deps/libgeneric_array-f03e3e3fb3ca464f.rlib" "/opt/rustwide/target/debug/deps/libtypenum-d40a559dcc4c7492.rlib" "/opt/rustwide/target/debug/deps/libthiserror-3889a7668e83daee.rlib" "/opt/rustwide/target/debug/deps/libreqwest-373065f228aaec65.rlib" "/opt/rustwide/target/debug/deps/librustls_pemfile-b8d8488d078135e6.rlib" "/opt/rustwide/target/debug/deps/libhyper_rustls-1ca1ce8c1a9d4d1e.rlib" "/opt/rustwide/target/debug/deps/libserde_urlencoded-ae90305a464bcf58.rlib" "/opt/rustwide/target/debug/deps/libwebpki_roots-0fd5e53082733afe.rlib" "/opt/rustwide/target/debug/deps/libbase64-8062ff4772a66de9.rlib" "/opt/rustwide/target/debug/deps/libipnet-c7c4785b48ce73f5.rlib" "/opt/rustwide/target/debug/deps/libtokio_rustls-70b679ab271d1f2f.rlib" "/opt/rustwide/target/debug/deps/libmime-a79fe19129dcd0fb.rlib" "/opt/rustwide/target/debug/deps/libencoding_rs-73122f64baa7d749.rlib" "/opt/rustwide/target/debug/deps/libserde_json-7b9ba36a0c219127.rlib" "/opt/rustwide/target/debug/deps/libryu-87a43729435ac998.rlib" "/opt/rustwide/target/debug/deps/libserde-718ce5580c8fc8a9.rlib" "/opt/rustwide/target/debug/deps/librustls-65929bb056442283.rlib" "/opt/rustwide/target/debug/deps/libsct-9b2c1c8e1dae6788.rlib" "/opt/rustwide/target/debug/deps/libwebpki-358b4846c5047348.rlib" "/opt/rustwide/target/debug/deps/libring-b8198050cf4afdad.rlib" "/opt/rustwide/target/debug/deps/libspin-ba7f384cfb4b159f.rlib" "/opt/rustwide/target/debug/deps/libuntrusted-ec41ab00ed225515.rlib" "/opt/rustwide/target/debug/deps/libhyper-5dadfd54ed03e558.rlib" "/opt/rustwide/target/debug/deps/libwant-ac7922456ffd1225.rlib" "/opt/rustwide/target/debug/deps/libtry_lock-ec51eacf97b087e9.rlib" "/opt/rustwide/target/debug/deps/libhttparse-30fefae29fd53c2e.rlib" "/opt/rustwide/target/debug/deps/libh2-550b90d12ce98002.rlib" "/opt/rustwide/target/debug/deps/libindexmap-4a7e2da62b4b6cd1.rlib" "/opt/rustwide/target/debug/deps/libhashbrown-f669da50cece7aa5.rlib" "/opt/rustwide/target/debug/deps/libtokio_util-5150fa1f35276cd5.rlib" "/opt/rustwide/target/debug/deps/libtower_service-a82a463fea06a00e.rlib" "/opt/rustwide/target/debug/deps/libtracing-5e45c18f98c454bb.rlib" "/opt/rustwide/target/debug/deps/libtracing_core-259db95f475fb2a8.rlib" "/opt/rustwide/target/debug/deps/libonce_cell-7d2ec3fb6b6c5a4d.rlib" "/opt/rustwide/target/debug/deps/libtokio-eea07c5a968a8b4c.rlib" "/opt/rustwide/target/debug/deps/libsignal_hook_registry-0519d59f93b4969e.rlib" "/opt/rustwide/target/debug/deps/libnum_cpus-955db27608b22469.rlib" "/opt/rustwide/target/debug/deps/libsocket2-809776a880009f42.rlib" "/opt/rustwide/target/debug/deps/libmio-a2d88e767ecbe46c.rlib" "/opt/rustwide/target/debug/deps/libparking_lot-0c8f9524b562c19b.rlib" "/opt/rustwide/target/debug/deps/libparking_lot_core-4c61bf1d0fb1d4ae.rlib" "/opt/rustwide/target/debug/deps/liblibc-b7b14a0fe316ec96.rlib" "/opt/rustwide/target/debug/deps/libsmallvec-22f2447eab0ca59b.rlib" "/opt/rustwide/target/debug/deps/liblock_api-68f9f4627da435ce.rlib" "/opt/rustwide/target/debug/deps/libscopeguard-f471875f675163b5.rlib" "/opt/rustwide/target/debug/deps/libhttp_body-1af96f59fded0cc1.rlib" "/opt/rustwide/target/debug/deps/liblog-b7002f1ab15c8d8b.rlib" "/opt/rustwide/target/debug/deps/libcfg_if-e5e118dd7d121aaa.rlib" "/opt/rustwide/target/debug/deps/liburl-25a81f6654f7c1c7.rlib" "/opt/rustwide/target/debug/deps/libidna-b865ee86652f4dd4.rlib" "/opt/rustwide/target/debug/deps/libunicode_normalization-65834209e2c3efa0.rlib" "/opt/rustwide/target/debug/deps/libtinyvec-4aa74f8a972e3d9d.rlib" "/opt/rustwide/target/debug/deps/libtinyvec_macros-8eb663675e81bb18.rlib" "/opt/rustwide/target/debug/deps/libunicode_bidi-df88d89b87cd1c3f.rlib" "/opt/rustwide/target/debug/deps/libform_urlencoded-4406ed733a551179.rlib" "/opt/rustwide/target/debug/deps/libpercent_encoding-5b4f3c280783d946.rlib" "/opt/rustwide/target/debug/deps/libhttp-1912e0b438bd2fae.rlib" "/opt/rustwide/target/debug/deps/libitoa-12e0c769e046c1b6.rlib" "/opt/rustwide/target/debug/deps/libbytes-e760d6ac9a2f6963.rlib" "/opt/rustwide/target/debug/deps/libfnv-41a559218f992797.rlib" "/opt/rustwide/target/debug/deps/libfutures-cb3e49d51adf8743.rlib" "/opt/rustwide/target/debug/deps/libfutures_executor-5f5cc114cdd12756.rlib" "/opt/rustwide/target/debug/deps/libfutures_util-905e430310dc457a.rlib" "/opt/rustwide/target/debug/deps/libmemchr-b18e4aa3c7a38625.rlib" "/opt/rustwide/target/debug/deps/libfutures_io-4614e9b19a26d89f.rlib" "/opt/rustwide/target/debug/deps/libslab-8bb798f134a0a9e7.rlib" "/opt/rustwide/target/debug/deps/libfutures_channel-6efe3e36c9bebe99.rlib" "/opt/rustwide/target/debug/deps/libpin_project_lite-e66e1bab7310d569.rlib" "/opt/rustwide/target/debug/deps/libfutures_sink-0848eae0e91803d6.rlib" "/opt/rustwide/target/debug/deps/libfutures_task-b59556b3c537ad98.rlib" "/opt/rustwide/target/debug/deps/libpin_utils-0d8eaf4ac0fcb221.rlib" "/opt/rustwide/target/debug/deps/libfutures_core-6002dc2ff0ad2c7a.rlib" "/opt/rustwide/rustup-home/toolchains/1.69.0-x86_64-unknown-linux-gnu/lib/rustlib/x86_64-unknown-linux-gnu/lib/libstd-89bc084783fdc439.rlib" "/opt/rustwide/rustup-home/toolchains/1.69.0-x86_64-unknown-linux-gnu/lib/rustlib/x86_64-unknown-linux-gnu/lib/libpanic_unwind-8bee4b287d4367c1.rlib" "/opt/rustwide/rustup-home/toolchains/1.69.0-x86_64-unknown-linux-gnu/lib/rustlib/x86_64-unknown-linux-gnu/lib/libobject-d61707aed80694c0.rlib" "/opt/rustwide/rustup-home/toolchains/1.69.0-x86_64-unknown-linux-gnu/lib/rustlib/x86_64-unknown-linux-gnu/lib/libmemchr-d85366256f22345b.rlib" "/opt/rustwide/rustup-home/toolchains/1.69.0-x86_64-unknown-linux-gnu/lib/rustlib/x86_64-unknown-linux-gnu/lib/libaddr2line-96069b86b8a8cae9.rlib" "/opt/rustwide/rustup-home/toolchains/1.69.0-x86_64-unknown-linux-gnu/lib/rustlib/x86_64-unknown-linux-gnu/lib/libgimli-d19d53abf68dfa6c.rlib" "/opt/rustwide/rustup-home/toolchains/1.69.0-x86_64-unknown-linux-gnu/lib/rustlib/x86_64-unknown-linux-gnu/lib/librustc_demangle-787cbccd19d64ac6.rlib" "/opt/rustwide/rustup-home/toolchains/1.69.0-x86_64-unknown-linux-gnu/lib/rustlib/x86_64-unknown-linux-gnu/lib/libstd_detect-b3837a36b830e0d0.rlib" "/opt/rustwide/rustup-home/toolchains/1.69.0-x86_64-unknown-linux-gnu/lib/rustlib/x86_64-unknown-linux-gnu/lib/libhashbrown-e3deb0e7e3f04966.rlib" "/opt/rustwide/rustup-home/toolchains/1.69.0-x86_64-unknown-linux-gnu/lib/rustlib/x86_64-unknown-linux-gnu/lib/libminiz_oxide-dabbb79c9815def4.rlib" "/opt/rustwide/rustup-home/toolchains/1.69.0-x86_64-unknown-linux-gnu/lib/rustlib/x86_64-unknown-linux-gnu/lib/libadler-305b01f34c9409f2.rlib" "/opt/rustwide/rustup-home/toolchains/1.69.0-x86_64-unknown-linux-gnu/lib/rustlib/x86_64-unknown-linux-gnu/lib/librustc_std_workspace_alloc-f833521df6074e73.rlib" "/opt/rustwide/rustup-home/toolchains/1.69.0-x86_64-unknown-linux-gnu/lib/rustlib/x86_64-unknown-linux-gnu/lib/libunwind-9ac333113350d171.rlib" "/opt/rustwide/rustup-home/toolchains/1.69.0-x86_64-unknown-linux-gnu/lib/rustlib/x86_64-unknown-linux-gnu/lib/libcfg_if-1c126114322d0eee.rlib" "/opt/rustwide/rustup-home/toolchains/1.69.0-x86_64-unknown-linux-gnu/lib/rustlib/x86_64-unknown-linux-gnu/lib/liblibc-bad9164fdeeecf92.rlib" "/opt/rustwide/rustup-home/toolchains/1.69.0-x86_64-unknown-linux-gnu/lib/rustlib/x86_64-unknown-linux-gnu/lib/liballoc-f9374b1e480fa681.rlib" "/opt/rustwide/rustup-home/toolchains/1.69.0-x86_64-unknown-linux-gnu/lib/rustlib/x86_64-unknown-linux-gnu/lib/librustc_std_workspace_core-207f06e41d9603af.rlib" "/opt/rustwide/rustup-home/toolchains/1.69.0-x86_64-unknown-linux-gnu/lib/rustlib/x86_64-unknown-linux-gnu/lib/libcore-7e2768e66e984e85.rlib" "/opt/rustwide/rustup-home/toolchains/1.69.0-x86_64-unknown-linux-gnu/lib/rustlib/x86_64-unknown-linux-gnu/lib/libcompiler_builtins-957b4aff41f8cd46.rlib" "-Wl,-Bdynamic" "-lgcc_s" "-lutil" "-lrt" "-lpthread" "-lm" "-ldl" "-lc" "-Wl,--eh-frame-hdr" "-Wl,-z,noexecstack" "-L" "/opt/rustwide/rustup-home/toolchains/1.69.0-x86_64-unknown-linux-gnu/lib/rustlib/x86_64-unknown-linux-gnu/lib" "-o" "/tmp/rustdoctest7GD7Cy/rust_out" "-Wl,--gc-sections" "-pie" "-Wl,-z,relro,-z,now" "-nodefaultlibs"
[INFO] [stdout]   = note: collect2: fatal error: ld terminated with signal 9 [Killed]
[INFO] [stdout]           compilation terminated.
[INFO] [stdout]           
[INFO] [stdout] 
[INFO] [stdout] error: aborting due to previous error
[INFO] [stdout] 
[INFO] [stdout] Couldn't compile the test.
[INFO] [stdout] ---- src/utils.rs - utils::RateLimiter (line 45) stdout ----
[INFO] [stdout] Test executable failed (exit status: 101).
[INFO] [stdout] 
[INFO] [stdout] stderr:
[INFO] [stdout] thread 'main' panicked at 'there is no reactor running, must be called from the context of a Tokio 1.x runtime', src/utils.rs:113:17
[INFO] [stdout] stack backtrace:
[INFO] [stdout]    0:     0x561915a7aaba - std::backtrace_rs::backtrace::libunwind::trace::ha9053a9a07ca49cb
[INFO] [stdout]                                at /rustc/84c898d65adf2f39a5a98507f1fe0ce10a2b8dbc/library/std/src/../../backtrace/src/backtrace/libunwind.rs:93:5
[INFO] [stdout]    1:     0x561915a7aaba - std::backtrace_rs::backtrace::trace_unsynchronized::h9c2852a457ad564e
[INFO] [stdout]                                at /rustc/84c898d65adf2f39a5a98507f1fe0ce10a2b8dbc/library/std/src/../../backtrace/src/backtrace/mod.rs:66:5
[INFO] [stdout]    2:     0x561915a7aaba - std::sys_common::backtrace::_print_fmt::h457936fbfaa0070f
[INFO] [stdout]                                at /rustc/84c898d65adf2f39a5a98507f1fe0ce10a2b8dbc/library/std/src/sys_common/backtrace.rs:65:5
[INFO] [stdout]    3:     0x561915a7aaba - <std::sys_common::backtrace::_print::DisplayBacktrace as core::fmt::Display>::fmt::h5779d7bf7f70cb0c
[INFO] [stdout]                                at /rustc/84c898d65adf2f39a5a98507f1fe0ce10a2b8dbc/library/std/src/sys_common/backtrace.rs:44:22
[INFO] [stdout]    4:     0x561915a94dfe - core::fmt::write::h5a4baaff1bcd3eb5
[INFO] [stdout]                                at /rustc/84c898d65adf2f39a5a98507f1fe0ce10a2b8dbc/library/core/src/fmt/mod.rs:1232:17
[INFO] [stdout]    5:     0x561915a789f5 - std::io::Write::write_fmt::h4bc1f301cb9e9cce
[INFO] [stdout]                                at /rustc/84c898d65adf2f39a5a98507f1fe0ce10a2b8dbc/library/std/src/io/mod.rs:1684:15
[INFO] [stdout]    6:     0x561915a7a885 - std::sys_common::backtrace::_print::h5fcdc36060f177e8
[INFO] [stdout]                                at /rustc/84c898d65adf2f39a5a98507f1fe0ce10a2b8dbc/library/std/src/sys_common/backtrace.rs:47:5
[INFO] [stdout]    7:     0x561915a7a885 - std::sys_common::backtrace::print::h54ca9458b876c8bf
[INFO] [stdout]                                at /rustc/84c898d65adf2f39a5a98507f1fe0ce10a2b8dbc/library/std/src/sys_common/backtrace.rs:34:9
[INFO] [stdout]    8:     0x561915a7bedf - std::panicking::default_hook::{{closure}}::hbe471161c7664ed6
[INFO] [stdout]                                at /rustc/84c898d65adf2f39a5a98507f1fe0ce10a2b8dbc/library/std/src/panicking.rs:271:22
[INFO] [stdout]    9:     0x561915a7bc1b - std::panicking::default_hook::ha3500da57aa4ac4f
[INFO] [stdout]                                at /rustc/84c898d65adf2f39a5a98507f1fe0ce10a2b8dbc/library/std/src/panicking.rs:290:9
[INFO] [stdout]   10:     0x561915a7c488 - std::panicking::rust_panic_with_hook::h50c09d000dc561d2
[INFO] [stdout]                                at /rustc/84c898d65adf2f39a5a98507f1fe0ce10a2b8dbc/library/std/src/panicking.rs:692:13
[INFO] [stdout]   11:     0x561915a7c389 - std::panicking::begin_panic_handler::{{closure}}::h9e2b2176e00e0d9c
[INFO] [stdout]                                at /rustc/84c898d65adf2f39a5a98507f1fe0ce10a2b8dbc/library/std/src/panicking.rs:583:13
[INFO] [stdout]   12:     0x561915a7af26 - std::sys_common::backtrace::__rust_end_short_backtrace::h5739b8e512c09d02
[INFO] [stdout]                                at /rustc/84c898d65adf2f39a5a98507f1fe0ce10a2b8dbc/library/std/src/sys_common/backtrace.rs:150:18
[INFO] [stdout]   13:     0x561915a7c092 - rust_begin_unwind
[INFO] [stdout]                                at /rustc/84c898d65adf2f39a5a98507f1fe0ce10a2b8dbc/library/std/src/panicking.rs:579:5
[INFO] [stdout]   14:     0x561915a1a313 - core::panicking::panic_fmt::hf33a1475b4dc5c3e
[INFO] [stdout]                                at /rustc/84c898d65adf2f39a5a98507f1fe0ce10a2b8dbc/library/core/src/panicking.rs:64:14
[INFO] [stdout]   15:     0x561915a31d0c - core::panicking::panic_display::h3fa13daf0bc1cf6a
[INFO] [stdout]                                at /rustc/84c898d65adf2f39a5a98507f1fe0ce10a2b8dbc/library/core/src/panicking.rs:147:5
[INFO] [stdout]   16:     0x561915a3d74e - tokio::runtime::scheduler::Handle::current::h590e45c6d65c3389
[INFO] [stdout]                                at /opt/rustwide/cargo-home/registry/src/github.com-1ecc6299db9ec823/tokio-1.28.0/src/runtime/scheduler/mod.rs:57:27
[INFO] [stdout]   17:     0x561915a3849d - tokio::runtime::handle::Handle::current::h7dd4d7a01dc389ee
[INFO] [stdout]                                at /opt/rustwide/cargo-home/registry/src/github.com-1ecc6299db9ec823/tokio-1.28.0/src/runtime/handle.rs:102:20
[INFO] [stdout]   18:     0x561915a1c3b6 - tokio::task::spawn::spawn_inner::h7c8e2b2b39a451a2
[INFO] [stdout]                                at /opt/rustwide/cargo-home/registry/src/github.com-1ecc6299db9ec823/tokio-1.28.0/src/task/spawn.rs:184:22
[INFO] [stdout]   19:     0x561915a1c814 - tokio::task::spawn::spawn::heda919167eba68ae
[INFO] [stdout]                                at /opt/rustwide/cargo-home/registry/src/github.com-1ecc6299db9ec823/tokio-1.28.0/src/task/spawn.rs:171:13
[INFO] [stdout]   20:     0x561915a1bd8d - traq_ws_bot::utils::RateLimiter::try_acquire::hf8430d00d8e0c902
[INFO] [stdout]                                at /opt/rustwide/workdir/src/utils.rs:113:17
[INFO] [stdout]   21:     0x561915a1ace8 - rust_out::main::_doctest_main_src_utils_rs_45_0::h3b763670aa926f26
[INFO] [stdout]   22:     0x561915a1aca6 - rust_out::main::h045d0fd74ed7290e
[INFO] [stdout]   23:     0x561915a1ab23 - core::ops::function::FnOnce::call_once::h5b89dea722ea21ad
[INFO] [stdout]   24:     0x561915a1a9b9 - std::sys_common::backtrace::__rust_begin_short_backtrace::hc178e4cfacf1803d
[INFO] [stdout]   25:     0x561915a1aa09 - std::rt::lang_start::{{closure}}::he8c5d60628d06093
[INFO] [stdout]   26:     0x561915a7601c - core::ops::function::impls::<impl core::ops::function::FnOnce<A> for &F>::call_once::hd6efcd3bec896f2c
[INFO] [stdout]                                at /rustc/84c898d65adf2f39a5a98507f1fe0ce10a2b8dbc/library/core/src/ops/function.rs:287:13
[INFO] [stdout]   27:     0x561915a7601c - std::panicking::try::do_call::hce04e543bb1f4cbb
[INFO] [stdout]                                at /rustc/84c898d65adf2f39a5a98507f1fe0ce10a2b8dbc/library/std/src/panicking.rs:487:40
[INFO] [stdout]   28:     0x561915a7601c - std::panicking::try::h3342dd4e1f680968
[INFO] [stdout]                                at /rustc/84c898d65adf2f39a5a98507f1fe0ce10a2b8dbc/library/std/src/panicking.rs:451:19
[INFO] [stdout]   29:     0x561915a7601c - std::panic::catch_unwind::h148ce1e59ac0cee7
[INFO] [stdout]                                at /rustc/84c898d65adf2f39a5a98507f1fe0ce10a2b8dbc/library/std/src/panic.rs:140:14
[INFO] [stdout]   30:     0x561915a7601c - std::rt::lang_start_internal::{{closure}}::h25f9dda2057a67fe
[INFO] [stdout]                                at /rustc/84c898d65adf2f39a5a98507f1fe0ce10a2b8dbc/library/std/src/rt.rs:148:48
[INFO] [stdout]   31:     0x561915a7601c - std::panicking::try::do_call::h7caaaeaf9401650b
[INFO] [stdout]                                at /rustc/84c898d65adf2f39a5a98507f1fe0ce10a2b8dbc/library/std/src/panicking.rs:487:40
[INFO] [stdout]   32:     0x561915a7601c - std::panicking::try::he7d15285746cbbc2
[INFO] [stdout]                                at /rustc/84c898d65adf2f39a5a98507f1fe0ce10a2b8dbc/library/std/src/panicking.rs:451:19
[INFO] [stdout]   33:     0x561915a7601c - std::panic::catch_unwind::h89fb4f50c0301fe0
[INFO] [stdout]                                at /rustc/84c898d65adf2f39a5a98507f1fe0ce10a2b8dbc/library/std/src/panic.rs:140:14
[INFO] [stdout]   34:     0x561915a7601c - std::rt::lang_start_internal::h078acd489417d3c1
[INFO] [stdout]                                at /rustc/84c898d65adf2f39a5a98507f1fe0ce10a2b8dbc/library/std/src/rt.rs:148:20
[INFO] [stdout]   35:     0x561915a1a9e7 - std::rt::lang_start::h335d6166ecad8ac7
[INFO] [stdout]   36:     0x561915a1ad85 - main
[INFO] [stdout]   37:     0x7fd52f50bd90 - <unknown>
[INFO] [stdout]   38:     0x7fd52f50be40 - __libc_start_main
[INFO] [stdout]   39:     0x561915a1a8e5 - _start
[INFO] [stdout]   40:                0x0 - <unknown>
[INFO] [stdout] 
[INFO] [stdout] 
[INFO] [stdout] ---- src/utils.rs - utils::RateLimiter::try_acquire (line 97) stdout ----
[INFO] [stdout] Test executable failed (exit status: 101).
[INFO] [stdout] 
[INFO] [stdout] stderr:
[INFO] [stdout] thread 'main' panicked at 'there is no reactor running, must be called from the context of a Tokio 1.x runtime', src/utils.rs:113:17
[INFO] [stdout] stack backtrace:
[INFO] [stdout]    0:     0x55e42ab23aba - std::backtrace_rs::backtrace::libunwind::trace::ha9053a9a07ca49cb
[INFO] [stdout]                                at /rustc/84c898d65adf2f39a5a98507f1fe0ce10a2b8dbc/library/std/src/../../backtrace/src/backtrace/libunwind.rs:93:5
[INFO] [stdout]    1:     0x55e42ab23aba - std::backtrace_rs::backtrace::trace_unsynchronized::h9c2852a457ad564e
[INFO] [stdout]                                at /rustc/84c898d65adf2f39a5a98507f1fe0ce10a2b8dbc/library/std/src/../../backtrace/src/backtrace/mod.rs:66:5
[INFO] [stdout]    2:     0x55e42ab23aba - std::sys_common::backtrace::_print_fmt::h457936fbfaa0070f
[INFO] [stdout]                                at /rustc/84c898d65adf2f39a5a98507f1fe0ce10a2b8dbc/library/std/src/sys_common/backtrace.rs:65:5
[INFO] [stdout]    3:     0x55e42ab23aba - <std::sys_common::backtrace::_print::DisplayBacktrace as core::fmt::Display>::fmt::h5779d7bf7f70cb0c
[INFO] [stdout]                                at /rustc/84c898d65adf2f39a5a98507f1fe0ce10a2b8dbc/library/std/src/sys_common/backtrace.rs:44:22
[INFO] [stdout]    4:     0x55e42ab3ddfe - core::fmt::write::h5a4baaff1bcd3eb5
[INFO] [stdout]                                at /rustc/84c898d65adf2f39a5a98507f1fe0ce10a2b8dbc/library/core/src/fmt/mod.rs:1232:17
[INFO] [stdout]    5:     0x55e42ab219f5 - std::io::Write::write_fmt::h4bc1f301cb9e9cce
[INFO] [stdout]                                at /rustc/84c898d65adf2f39a5a98507f1fe0ce10a2b8dbc/library/std/src/io/mod.rs:1684:15
[INFO] [stdout]    6:     0x55e42ab23885 - std::sys_common::backtrace::_print::h5fcdc36060f177e8
[INFO] [stdout]                                at /rustc/84c898d65adf2f39a5a98507f1fe0ce10a2b8dbc/library/std/src/sys_common/backtrace.rs:47:5
[INFO] [stdout]    7:     0x55e42ab23885 - std::sys_common::backtrace::print::h54ca9458b876c8bf
[INFO] [stdout]                                at /rustc/84c898d65adf2f39a5a98507f1fe0ce10a2b8dbc/library/std/src/sys_common/backtrace.rs:34:9
[INFO] [stdout]    8:     0x55e42ab24edf - std::panicking::default_hook::{{closure}}::hbe471161c7664ed6
[INFO] [stdout]                                at /rustc/84c898d65adf2f39a5a98507f1fe0ce10a2b8dbc/library/std/src/panicking.rs:271:22
[INFO] [stdout]    9:     0x55e42ab24c1b - std::panicking::default_hook::ha3500da57aa4ac4f
[INFO] [stdout]                                at /rustc/84c898d65adf2f39a5a98507f1fe0ce10a2b8dbc/library/std/src/panicking.rs:290:9
[INFO] [stdout]   10:     0x55e42ab25488 - std::panicking::rust_panic_with_hook::h50c09d000dc561d2
[INFO] [stdout]                                at /rustc/84c898d65adf2f39a5a98507f1fe0ce10a2b8dbc/library/std/src/panicking.rs:692:13
[INFO] [stdout]   11:     0x55e42ab25389 - std::panicking::begin_panic_handler::{{closure}}::h9e2b2176e00e0d9c
[INFO] [stdout]                                at /rustc/84c898d65adf2f39a5a98507f1fe0ce10a2b8dbc/library/std/src/panicking.rs:583:13
[INFO] [stdout]   12:     0x55e42ab23f26 - std::sys_common::backtrace::__rust_end_short_backtrace::h5739b8e512c09d02
[INFO] [stdout]                                at /rustc/84c898d65adf2f39a5a98507f1fe0ce10a2b8dbc/library/std/src/sys_common/backtrace.rs:150:18
[INFO] [stdout]   13:     0x55e42ab25092 - rust_begin_unwind
[INFO] [stdout]                                at /rustc/84c898d65adf2f39a5a98507f1fe0ce10a2b8dbc/library/std/src/panicking.rs:579:5
[INFO] [stdout]   14:     0x55e42aac3313 - core::panicking::panic_fmt::hf33a1475b4dc5c3e
[INFO] [stdout]                                at /rustc/84c898d65adf2f39a5a98507f1fe0ce10a2b8dbc/library/core/src/panicking.rs:64:14
[INFO] [stdout]   15:     0x55e42aadad0c - core::panicking::panic_display::h3fa13daf0bc1cf6a
[INFO] [stdout]                                at /rustc/84c898d65adf2f39a5a98507f1fe0ce10a2b8dbc/library/core/src/panicking.rs:147:5
[INFO] [stdout]   16:     0x55e42aae674e - tokio::runtime::scheduler::Handle::current::h590e45c6d65c3389
[INFO] [stdout]                                at /opt/rustwide/cargo-home/registry/src/github.com-1ecc6299db9ec823/tokio-1.28.0/src/runtime/scheduler/mod.rs:57:27
[INFO] [stdout]   17:     0x55e42aae149d - tokio::runtime::handle::Handle::current::h7dd4d7a01dc389ee
[INFO] [stdout]                                at /opt/rustwide/cargo-home/registry/src/github.com-1ecc6299db9ec823/tokio-1.28.0/src/runtime/handle.rs:102:20
[INFO] [stdout]   18:     0x55e42aac53b6 - tokio::task::spawn::spawn_inner::h7c8e2b2b39a451a2
[INFO] [stdout]                                at /opt/rustwide/cargo-home/registry/src/github.com-1ecc6299db9ec823/tokio-1.28.0/src/task/spawn.rs:184:22
[INFO] [stdout]   19:     0x55e42aac5814 - tokio::task::spawn::spawn::heda919167eba68ae
[INFO] [stdout]                                at /opt/rustwide/cargo-home/registry/src/github.com-1ecc6299db9ec823/tokio-1.28.0/src/task/spawn.rs:171:13
[INFO] [stdout]   20:     0x55e42aac4d8d - traq_ws_bot::utils::RateLimiter::try_acquire::hf8430d00d8e0c902
[INFO] [stdout]                                at /opt/rustwide/workdir/src/utils.rs:113:17
[INFO] [stdout]   21:     0x55e42aac3ce8 - rust_out::main::_doctest_main_src_utils_rs_97_0::he9e09423e4050143
[INFO] [stdout]   22:     0x55e42aac3ca6 - rust_out::main::h045d0fd74ed7290e
[INFO] [stdout]   23:     0x55e42aac3b23 - core::ops::function::FnOnce::call_once::h5b89dea722ea21ad
[INFO] [stdout]   24:     0x55e42aac39b9 - std::sys_common::backtrace::__rust_begin_short_backtrace::hc178e4cfacf1803d
[INFO] [stdout]   25:     0x55e42aac3a09 - std::rt::lang_start::{{closure}}::he8c5d60628d06093
[INFO] [stdout]   26:     0x55e42ab1f01c - core::ops::function::impls::<impl core::ops::function::FnOnce<A> for &F>::call_once::hd6efcd3bec896f2c
[INFO] [stdout]                                at /rustc/84c898d65adf2f39a5a98507f1fe0ce10a2b8dbc/library/core/src/ops/function.rs:287:13
[INFO] [stdout]   27:     0x55e42ab1f01c - std::panicking::try::do_call::hce04e543bb1f4cbb
[INFO] [stdout]                                at /rustc/84c898d65adf2f39a5a98507f1fe0ce10a2b8dbc/library/std/src/panicking.rs:487:40
[INFO] [stdout]   28:     0x55e42ab1f01c - std::panicking::try::h3342dd4e1f680968
[INFO] [stdout]                                at /rustc/84c898d65adf2f39a5a98507f1fe0ce10a2b8dbc/library/std/src/panicking.rs:451:19
[INFO] [stdout]   29:     0x55e42ab1f01c - std::panic::catch_unwind::h148ce1e59ac0cee7
[INFO] [stdout]                                at /rustc/84c898d65adf2f39a5a98507f1fe0ce10a2b8dbc/library/std/src/panic.rs:140:14
[INFO] [stdout]   30:     0x55e42ab1f01c - std::rt::lang_start_internal::{{closure}}::h25f9dda2057a67fe
[INFO] [stdout]                                at /rustc/84c898d65adf2f39a5a98507f1fe0ce10a2b8dbc/library/std/src/rt.rs:148:48
[INFO] [stdout]   31:     0x55e42ab1f01c - std::panicking::try::do_call::h7caaaeaf9401650b
[INFO] [stdout]                                at /rustc/84c898d65adf2f39a5a98507f1fe0ce10a2b8dbc/library/std/src/panicking.rs:487:40
[INFO] [stdout]   32:     0x55e42ab1f01c - std::panicking::try::he7d15285746cbbc2
[INFO] [stdout]                                at /rustc/84c898d65adf2f39a5a98507f1fe0ce10a2b8dbc/library/std/src/panicking.rs:451:19
[INFO] [stdout]   33:     0x55e42ab1f01c - std::panic::catch_unwind::h89fb4f50c0301fe0
[INFO] [stdout]                                at /rustc/84c898d65adf2f39a5a98507f1fe0ce10a2b8dbc/library/std/src/panic.rs:140:14
[INFO] [stdout]   34:     0x55e42ab1f01c - std::rt::lang_start_internal::h078acd489417d3c1
[INFO] [stdout]                                at /rustc/84c898d65adf2f39a5a98507f1fe0ce10a2b8dbc/library/std/src/rt.rs:148:20
[INFO] [stdout]   35:     0x55e42aac39e7 - std::rt::lang_start::h335d6166ecad8ac7
[INFO] [stdout]   36:     0x55e42aac3d85 - main
[INFO] [stdout]   37:     0x7f941d1b3d90 - <unknown>
[INFO] [stdout]   38:     0x7f941d1b3e40 - __libc_start_main
[INFO] [stdout]   39:     0x55e42aac38e5 - _start
[INFO] [stdout]   40:                0x0 - <unknown>
[INFO] [stdout] 
[INFO] [stdout] 
[INFO] [stdout] 
[INFO] [stdout] failures:
[INFO] [stdout]     src/bot/mod.rs - bot::TraqBot<T>::start (line 117)
[INFO] [stdout]     src/bot/mod.rs - bot::TraqBotBuilder<T>::build (line 350)
[INFO] [stdout]     src/bot/mod.rs - bot::TraqBotBuilder<T>::on_bot_message_stamps_updated (line 464)
[INFO] [stdout]     src/bot/mod.rs - bot::TraqBotBuilder<T>::on_bot_message_stamps_updated_with_resource (line 465)
[INFO] [stdout]     src/bot/mod.rs - bot::TraqBotBuilder<T>::on_channel_created (line 464)
[INFO] [stdout]     src/bot/mod.rs - bot::TraqBotBuilder<T>::on_channel_created_with_resource (line 465)
[INFO] [stdout]     src/bot/mod.rs - bot::TraqBotBuilder<T>::on_channel_topic_changed (line 464)
[INFO] [stdout]     src/bot/mod.rs - bot::TraqBotBuilder<T>::on_channel_topic_changed_with_resource (line 465)
[INFO] [stdout]     src/bot/mod.rs - bot::TraqBotBuilder<T>::on_direct_message_created (line 464)
[INFO] [stdout]     src/bot/mod.rs - bot::TraqBotBuilder<T>::on_direct_message_created_with_resource (line 465)
[INFO] [stdout]     src/bot/mod.rs - bot::TraqBotBuilder<T>::on_direct_message_deleted (line 464)
[INFO] [stdout]     src/bot/mod.rs - bot::TraqBotBuilder<T>::on_direct_message_deleted_with_resource (line 465)
[INFO] [stdout]     src/bot/mod.rs - bot::TraqBotBuilder<T>::on_direct_message_updated (line 464)
[INFO] [stdout]     src/bot/mod.rs - bot::TraqBotBuilder<T>::on_direct_message_updated_with_resource (line 465)
[INFO] [stdout]     src/bot/mod.rs - bot::TraqBotBuilder<T>::on_error (line 483)
[INFO] [stdout]     src/bot/mod.rs - bot::TraqBotBuilder<T>::on_error_with_resource (line 503)
[INFO] [stdout]     src/bot/mod.rs - bot::TraqBotBuilder<T>::on_event (line 423)
[INFO] [stdout]     src/bot/mod.rs - bot::TraqBotBuilder<T>::on_event (line 435)
[INFO] [stdout]     src/bot/mod.rs - bot::TraqBotBuilder<T>::on_joined (line 464)
[INFO] [stdout]     src/bot/mod.rs - bot::TraqBotBuilder<T>::on_joined_with_resource (line 465)
[INFO] [stdout]     src/bot/mod.rs - bot::TraqBotBuilder<T>::on_left (line 464)
[INFO] [stdout]     src/bot/mod.rs - bot::TraqBotBuilder<T>::on_left_with_resource (line 465)
[INFO] [stdout]     src/bot/mod.rs - bot::TraqBotBuilder<T>::on_message_created (line 464)
[INFO] [stdout]     src/bot/mod.rs - bot::TraqBotBuilder<T>::on_message_created_with_resource (line 465)
[INFO] [stdout]     src/bot/mod.rs - bot::TraqBotBuilder<T>::on_message_deleted (line 464)
[INFO] [stdout]     src/bot/mod.rs - bot::TraqBotBuilder<T>::on_message_deleted_with_resource (line 465)
[INFO] [stdout]     src/bot/mod.rs - bot::TraqBotBuilder<T>::on_message_updated (line 464)
[INFO] [stdout]     src/bot/mod.rs - bot::TraqBotBuilder<T>::on_message_updated_with_resource (line 465)
[INFO] [stdout]     src/bot/mod.rs - bot::TraqBotBuilder<T>::on_ping (line 464)
[INFO] [stdout]     src/bot/mod.rs - bot::TraqBotBuilder<T>::on_ping_with_resource (line 465)
[INFO] [stdout]     src/bot/mod.rs - bot::TraqBotBuilder<T>::on_stamp_created (line 464)
[INFO] [stdout]     src/bot/mod.rs - bot::TraqBotBuilder<T>::on_stamp_created_with_resource (line 465)
[INFO] [stdout]     src/bot/mod.rs - bot::TraqBotBuilder<T>::on_tag_added (line 464)
[INFO] [stdout]     src/bot/mod.rs - bot::TraqBotBuilder<T>::on_tag_added_with_resource (line 465)
[INFO] [stdout]     src/bot/mod.rs - bot::TraqBotBuilder<T>::on_tag_removed (line 464)
[INFO] [stdout]     src/bot/mod.rs - bot::TraqBotBuilder<T>::on_tag_removed_with_resource (line 465)
[INFO] [stdout]     src/bot/mod.rs - bot::TraqBotBuilder<T>::on_user_created (line 464)
[INFO] [stdout]     src/bot/mod.rs - bot::TraqBotBuilder<T>::on_user_created_with_resource (line 465)
[INFO] [stdout]     src/utils.rs - utils::RateLimiter (line 45)
[INFO] [stdout]     src/utils.rs - utils::RateLimiter::acquire (line 73)
[INFO] [stdout]     src/utils.rs - utils::RateLimiter::try_acquire (line 97)
[INFO] [stdout] 
[INFO] [stdout] test result: FAILED. 1 passed; 41 failed; 0 ignored; 0 measured; 0 filtered out; finished in 7.21s
[INFO] [stdout] 
[INFO] [stderr] error: doctest failed, to rerun pass `--doc`
[INFO] running `Command { std: "docker" "inspect" "8635ff56d5116ef53ddfd4caed3c396709900c6e960bdd655fd02be1d6e2b881", kill_on_drop: false }`
[INFO] running `Command { std: "docker" "rm" "-f" "8635ff56d5116ef53ddfd4caed3c396709900c6e960bdd655fd02be1d6e2b881", kill_on_drop: false }`
[INFO] [stdout] 8635ff56d5116ef53ddfd4caed3c396709900c6e960bdd655fd02be1d6e2b881
