[INFO] fetching crate tracing_sprout 0.1.0-alpha.6...
[INFO] testing tracing_sprout-0.1.0-alpha.6 against beta-2023-04-20 for beta-1.70-1
[INFO] extracting crate tracing_sprout 0.1.0-alpha.6 into /workspace/builds/worker-2-tc2/source
[INFO] validating manifest of crates.io crate tracing_sprout 0.1.0-alpha.6 on toolchain beta-2023-04-20
[INFO] running `Command { std: CARGO_HOME="/workspace/cargo-home" RUSTUP_HOME="/workspace/rustup-home" "/workspace/cargo-home/bin/cargo" "+beta-2023-04-20" "metadata" "--manifest-path" "Cargo.toml" "--no-deps", kill_on_drop: false }`
[INFO] started tweaking crates.io crate tracing_sprout 0.1.0-alpha.6
[INFO] finished tweaking crates.io crate tracing_sprout 0.1.0-alpha.6
[INFO] tweaked toml for crates.io crate tracing_sprout 0.1.0-alpha.6 written to /workspace/builds/worker-2-tc2/source/Cargo.toml
[INFO] crate crates.io crate tracing_sprout 0.1.0-alpha.6 already has a lockfile, it will not be regenerated
[INFO] running `Command { std: CARGO_HOME="/workspace/cargo-home" RUSTUP_HOME="/workspace/rustup-home" "/workspace/cargo-home/bin/cargo" "+beta-2023-04-20" "fetch" "--manifest-path" "Cargo.toml", kill_on_drop: false }`
[INFO] [stderr]  Downloading crates ...
[INFO] [stderr]   Downloaded tracing-subscriber v0.3.14
[INFO] running `Command { std: "docker" "create" "-v" "/var/lib/crater-agent-workspace/builds/worker-2-tc2/target:/opt/rustwide/target:rw,Z" "-v" "/var/lib/crater-agent-workspace/builds/worker-2-tc2/source:/opt/rustwide/workdir:ro,Z" "-v" "/var/lib/crater-agent-workspace/cargo-home:/opt/rustwide/cargo-home:ro,Z" "-v" "/var/lib/crater-agent-workspace/rustup-home:/opt/rustwide/rustup-home:ro,Z" "-e" "SOURCE_DIR=/opt/rustwide/workdir" "-e" "CARGO_TARGET_DIR=/opt/rustwide/target" "-e" "CARGO_HOME=/opt/rustwide/cargo-home" "-e" "RUSTUP_HOME=/opt/rustwide/rustup-home" "-w" "/opt/rustwide/workdir" "-m" "1610612736" "--user" "0:0" "--network" "none" "ghcr.io/rust-lang/crates-build-env/linux@sha256:5ff2268d62e97bff2cde7d5815dd6ed5b47097566f13b8d0ca110b04b60e07ed" "/opt/rustwide/cargo-home/bin/cargo" "+beta-2023-04-20" "metadata" "--no-deps" "--format-version=1", kill_on_drop: false }`
[INFO] [stdout] f215caa4d13a5240e8f23d472ef01acb538e1ae193ab21f0d950db1c3fe07526
[INFO] running `Command { std: "docker" "start" "-a" "f215caa4d13a5240e8f23d472ef01acb538e1ae193ab21f0d950db1c3fe07526", kill_on_drop: false }`
[INFO] running `Command { std: "docker" "inspect" "f215caa4d13a5240e8f23d472ef01acb538e1ae193ab21f0d950db1c3fe07526", kill_on_drop: false }`
[INFO] running `Command { std: "docker" "rm" "-f" "f215caa4d13a5240e8f23d472ef01acb538e1ae193ab21f0d950db1c3fe07526", kill_on_drop: false }`
[INFO] [stdout] f215caa4d13a5240e8f23d472ef01acb538e1ae193ab21f0d950db1c3fe07526
[INFO] running `Command { std: "docker" "create" "-v" "/var/lib/crater-agent-workspace/builds/worker-2-tc2/target:/opt/rustwide/target:rw,Z" "-v" "/var/lib/crater-agent-workspace/builds/worker-2-tc2/source:/opt/rustwide/workdir:ro,Z" "-v" "/var/lib/crater-agent-workspace/cargo-home:/opt/rustwide/cargo-home:ro,Z" "-v" "/var/lib/crater-agent-workspace/rustup-home:/opt/rustwide/rustup-home:ro,Z" "-e" "SOURCE_DIR=/opt/rustwide/workdir" "-e" "CARGO_TARGET_DIR=/opt/rustwide/target" "-e" "CARGO_INCREMENTAL=0" "-e" "RUST_BACKTRACE=full" "-e" "RUSTFLAGS=--cap-lints=warn" "-e" "RUSTDOCFLAGS=--cap-lints=warn" "-e" "CARGO_HOME=/opt/rustwide/cargo-home" "-e" "RUSTUP_HOME=/opt/rustwide/rustup-home" "-w" "/opt/rustwide/workdir" "-m" "1610612736" "--user" "0:0" "--network" "none" "ghcr.io/rust-lang/crates-build-env/linux@sha256:5ff2268d62e97bff2cde7d5815dd6ed5b47097566f13b8d0ca110b04b60e07ed" "/opt/rustwide/cargo-home/bin/cargo" "+beta-2023-04-20" "build" "--frozen" "--message-format=json", kill_on_drop: false }`
[INFO] [stdout] 458cf834739775d15aa2417e8402da9815a01ac06398fd8d4d1b51300cb84281
[INFO] running `Command { std: "docker" "start" "-a" "458cf834739775d15aa2417e8402da9815a01ac06398fd8d4d1b51300cb84281", kill_on_drop: false }`
[INFO] [stderr]    Compiling proc-macro2 v1.0.40
[INFO] [stderr]    Compiling unicode-ident v1.0.1
[INFO] [stderr]    Compiling quote v1.0.20
[INFO] [stderr]    Compiling syn v1.0.98
[INFO] [stderr]    Compiling once_cell v1.12.0
[INFO] [stderr]    Compiling regex-syntax v0.6.26
[INFO] [stderr]    Compiling libc v0.2.126
[INFO] [stderr]    Compiling log v0.4.17
[INFO] [stderr]    Compiling json v0.12.4
[INFO] [stderr]    Compiling sharded-slab v0.1.4
[INFO] [stderr]    Compiling tracing-core v0.1.28
[INFO] [stderr]    Compiling thread_local v1.1.4
[INFO] [stderr]    Compiling tracing-log v0.1.3
[INFO] [stderr]    Compiling time v0.1.44
[INFO] [stderr]    Compiling chrono v0.4.19
[INFO] [stderr]    Compiling regex-automata v0.1.10
[INFO] [stderr]    Compiling regex v1.5.6
[INFO] [stderr]    Compiling matchers v0.1.0
[INFO] [stderr]    Compiling tracing-attributes v0.1.22
[INFO] [stderr]    Compiling thiserror-impl v1.0.31
[INFO] [stderr]    Compiling thiserror v1.0.31
[INFO] [stderr]    Compiling tracing v0.1.35
[INFO] [stderr]    Compiling tracing-subscriber v0.3.14
[INFO] [stderr]    Compiling tracing_sprout v0.1.0-alpha.6 (/opt/rustwide/workdir)
[INFO] [stderr]     Finished dev [unoptimized + debuginfo] target(s) in 9.57s
[INFO] running `Command { std: "docker" "inspect" "458cf834739775d15aa2417e8402da9815a01ac06398fd8d4d1b51300cb84281", kill_on_drop: false }`
[INFO] running `Command { std: "docker" "rm" "-f" "458cf834739775d15aa2417e8402da9815a01ac06398fd8d4d1b51300cb84281", kill_on_drop: false }`
[INFO] [stdout] 458cf834739775d15aa2417e8402da9815a01ac06398fd8d4d1b51300cb84281
[INFO] running `Command { std: "docker" "create" "-v" "/var/lib/crater-agent-workspace/builds/worker-2-tc2/target:/opt/rustwide/target:rw,Z" "-v" "/var/lib/crater-agent-workspace/builds/worker-2-tc2/source:/opt/rustwide/workdir:ro,Z" "-v" "/var/lib/crater-agent-workspace/cargo-home:/opt/rustwide/cargo-home:ro,Z" "-v" "/var/lib/crater-agent-workspace/rustup-home:/opt/rustwide/rustup-home:ro,Z" "-e" "SOURCE_DIR=/opt/rustwide/workdir" "-e" "CARGO_TARGET_DIR=/opt/rustwide/target" "-e" "CARGO_INCREMENTAL=0" "-e" "RUST_BACKTRACE=full" "-e" "RUSTFLAGS=--cap-lints=warn" "-e" "RUSTDOCFLAGS=--cap-lints=warn" "-e" "CARGO_HOME=/opt/rustwide/cargo-home" "-e" "RUSTUP_HOME=/opt/rustwide/rustup-home" "-w" "/opt/rustwide/workdir" "-m" "1610612736" "--user" "0:0" "--network" "none" "ghcr.io/rust-lang/crates-build-env/linux@sha256:5ff2268d62e97bff2cde7d5815dd6ed5b47097566f13b8d0ca110b04b60e07ed" "/opt/rustwide/cargo-home/bin/cargo" "+beta-2023-04-20" "test" "--frozen" "--no-run" "--message-format=json", kill_on_drop: false }`
[INFO] [stdout] 511ea500f8eceaa819e86ce22136e9946700b3f17b943aab29bf7eb355224d62
[INFO] running `Command { std: "docker" "start" "-a" "511ea500f8eceaa819e86ce22136e9946700b3f17b943aab29bf7eb355224d62", kill_on_drop: false }`
[INFO] [stderr]    Compiling tracing_sprout v0.1.0-alpha.6 (/opt/rustwide/workdir)
[INFO] [stderr]     Finished test [unoptimized + debuginfo] target(s) in 1.66s
[INFO] running `Command { std: "docker" "inspect" "511ea500f8eceaa819e86ce22136e9946700b3f17b943aab29bf7eb355224d62", kill_on_drop: false }`
[INFO] running `Command { std: "docker" "rm" "-f" "511ea500f8eceaa819e86ce22136e9946700b3f17b943aab29bf7eb355224d62", kill_on_drop: false }`
[INFO] [stdout] 511ea500f8eceaa819e86ce22136e9946700b3f17b943aab29bf7eb355224d62
[INFO] running `Command { std: "docker" "create" "-v" "/var/lib/crater-agent-workspace/builds/worker-2-tc2/target:/opt/rustwide/target:rw,Z" "-v" "/var/lib/crater-agent-workspace/builds/worker-2-tc2/source:/opt/rustwide/workdir:ro,Z" "-v" "/var/lib/crater-agent-workspace/cargo-home:/opt/rustwide/cargo-home:ro,Z" "-v" "/var/lib/crater-agent-workspace/rustup-home:/opt/rustwide/rustup-home:ro,Z" "-e" "SOURCE_DIR=/opt/rustwide/workdir" "-e" "CARGO_TARGET_DIR=/opt/rustwide/target" "-e" "CARGO_INCREMENTAL=0" "-e" "RUST_BACKTRACE=full" "-e" "RUSTFLAGS=--cap-lints=warn" "-e" "RUSTDOCFLAGS=--cap-lints=warn" "-e" "CARGO_HOME=/opt/rustwide/cargo-home" "-e" "RUSTUP_HOME=/opt/rustwide/rustup-home" "-w" "/opt/rustwide/workdir" "-m" "1610612736" "--user" "0:0" "--network" "none" "ghcr.io/rust-lang/crates-build-env/linux@sha256:5ff2268d62e97bff2cde7d5815dd6ed5b47097566f13b8d0ca110b04b60e07ed" "/opt/rustwide/cargo-home/bin/cargo" "+beta-2023-04-20" "test" "--frozen", kill_on_drop: false }`
[INFO] [stdout] ef11d9c06956eabecb5c467192ff7b863a7dde251f7d91e78f7409551210742b
[INFO] running `Command { std: "docker" "start" "-a" "ef11d9c06956eabecb5c467192ff7b863a7dde251f7d91e78f7409551210742b", kill_on_drop: false }`
[INFO] [stderr]     Finished test [unoptimized + debuginfo] target(s) in 0.04s
[INFO] [stderr]      Running unittests src/lib.rs (/opt/rustwide/target/debug/deps/tracing_sprout-a18fc4d3fd201ecc)
[INFO] [stdout] 
[INFO] [stdout] running 0 tests
[INFO] [stdout] 
[INFO] [stdout] test result: ok. 0 passed; 0 failed; 0 ignored; 0 measured; 0 filtered out; finished in 0.00s
[INFO] [stdout] 
[INFO] [stderr]    Doc-tests tracing_sprout
[INFO] [stdout] 
[INFO] [stdout] running 3 tests
[INFO] [stdout] test src/formatting.rs - formatting::TrunkLayer<W>::new (line 49) ... FAILED
[INFO] [stdout] test src/formatting.rs - formatting::TrunkLayer (line 21) - compile ... FAILED
[INFO] [stdout] test src/lib.rs - (line 20) - compile ... FAILED
[INFO] [stdout] 
[INFO] [stdout] failures:
[INFO] [stdout] 
[INFO] [stdout] ---- src/formatting.rs - formatting::TrunkLayer<W>::new (line 49) stdout ----
[INFO] [stdout] error[E0061]: this function takes 3 arguments but 2 arguments were supplied
[INFO] [stdout]   --> src/formatting.rs:52:13
[INFO] [stdout]    |
[INFO] [stdout] 6  | let layer = TrunkLayer::new("I am Groot".to_string(), std::io::stdout);
[INFO] [stdout]    |             ^^^^^^^^^^^^^^^                           --------------- an argument of type `String` is missing
[INFO] [stdout]    |
[INFO] [stdout] note: associated function defined here
[INFO] [stdout]   --> /opt/rustwide/workdir/src/formatting.rs:54:12
[INFO] [stdout]    |
[INFO] [stdout] 54 |     pub fn new(name: String, version: String, writer: W) -> Self {
[INFO] [stdout]    |            ^^^
[INFO] [stdout] help: provide the argument
[INFO] [stdout]    |
[INFO] [stdout] 6  | let layer = TrunkLayer::new("I am Groot".to_string(), /* String */, std::io::stdout);
[INFO] [stdout]    |                            ~~~~~~~~~~~~~~~~~~~~~~~~~~~~~~~~~~~~~~~~~~~~~~~~~~~~~~~~~
[INFO] [stdout] 
[INFO] [stdout] error: aborting due to previous error
[INFO] [stdout] 
[INFO] [stdout] For more information about this error, try `rustc --explain E0061`.
[INFO] [stdout] Couldn't compile the test.
[INFO] [stdout] ---- src/formatting.rs - formatting::TrunkLayer (line 21) stdout ----
[INFO] [stdout] error[E0061]: this function takes 3 arguments but 2 arguments were supplied
[INFO] [stdout]   --> src/formatting.rs:28:24
[INFO] [stdout]    |
[INFO] [stdout] 10 | let formatting_layer = TrunkLayer::new("My Application".to_string(), std::io::stdout);
[INFO] [stdout]    |                        ^^^^^^^^^^^^^^^                               --------------- an argument of type `String` is missing
[INFO] [stdout]    |
[INFO] [stdout] note: associated function defined here
[INFO] [stdout]   --> /opt/rustwide/workdir/src/formatting.rs:54:12
[INFO] [stdout]    |
[INFO] [stdout] 54 |     pub fn new(name: String, version: String, writer: W) -> Self {
[INFO] [stdout]    |            ^^^
[INFO] [stdout] help: provide the argument
[INFO] [stdout]    |
[INFO] [stdout] 10 | let formatting_layer = TrunkLayer::new("My Application".to_string(), /* String */, std::io::stdout);
[INFO] [stdout]    |                                       ~~~~~~~~~~~~~~~~~~~~~~~~~~~~~~~~~~~~~~~~~~~~~~~~~~~~~~~~~~~~~
[INFO] [stdout] 
[INFO] [stdout] error: aborting due to previous error
[INFO] [stdout] 
[INFO] [stdout] For more information about this error, try `rustc --explain E0061`.
[INFO] [stdout] Couldn't compile the test.
[INFO] [stdout] ---- src/lib.rs - (line 20) stdout ----
[INFO] [stdout] error[E0061]: this function takes 3 arguments but 2 arguments were supplied
[INFO] [stdout]   --> src/lib.rs:27:24
[INFO] [stdout]    |
[INFO] [stdout] 10 | let formatting_layer = TrunkLayer::new("My Application".to_string(), std::io::stdout);
[INFO] [stdout]    |                        ^^^^^^^^^^^^^^^                               --------------- an argument of type `String` is missing
[INFO] [stdout]    |
[INFO] [stdout] note: associated function defined here
[INFO] [stdout]   --> /opt/rustwide/workdir/src/formatting.rs:54:12
[INFO] [stdout]    |
[INFO] [stdout] 54 |     pub fn new(name: String, version: String, writer: W) -> Self {
[INFO] [stdout]    |            ^^^
[INFO] [stdout] help: provide the argument
[INFO] [stdout]    |
[INFO] [stdout] 10 | let formatting_layer = TrunkLayer::new("My Application".to_string(), /* String */, std::io::stdout);
[INFO] [stdout]    |                                       ~~~~~~~~~~~~~~~~~~~~~~~~~~~~~~~~~~~~~~~~~~~~~~~~~~~~~~~~~~~~~
[INFO] [stdout] 
[INFO] [stdout] error: aborting due to previous error
[INFO] [stdout] 
[INFO] [stdout] For more information about this error, try `rustc --explain E0061`.
[INFO] [stdout] Couldn't compile the test.
[INFO] [stdout] 
[INFO] [stdout] failures:
[INFO] [stdout]     src/formatting.rs - formatting::TrunkLayer (line 21)
[INFO] [stdout]     src/formatting.rs - formatting::TrunkLayer<W>::new (line 49)
[INFO] [stdout]     src/lib.rs - (line 20)
[INFO] [stdout] 
[INFO] [stdout] test result: FAILED. 0 passed; 3 failed; 0 ignored; 0 measured; 0 filtered out; finished in 0.14s
[INFO] [stdout] 
[INFO] [stderr] error: doctest failed, to rerun pass `--doc`
[INFO] running `Command { std: "docker" "inspect" "ef11d9c06956eabecb5c467192ff7b863a7dde251f7d91e78f7409551210742b", kill_on_drop: false }`
[INFO] running `Command { std: "docker" "rm" "-f" "ef11d9c06956eabecb5c467192ff7b863a7dde251f7d91e78f7409551210742b", kill_on_drop: false }`
[INFO] [stdout] ef11d9c06956eabecb5c467192ff7b863a7dde251f7d91e78f7409551210742b
