[INFO] fetching crate tracing-loki 0.2.2...
[INFO] testing tracing-loki-0.2.2 against 1.69.0 for beta-1.70-1
[INFO] extracting crate tracing-loki 0.2.2 into /workspace/builds/worker-6-tc1/source
[INFO] validating manifest of crates.io crate tracing-loki 0.2.2 on toolchain 1.69.0
[INFO] running `Command { std: CARGO_HOME="/workspace/cargo-home" RUSTUP_HOME="/workspace/rustup-home" "/workspace/cargo-home/bin/cargo" "+1.69.0" "metadata" "--manifest-path" "Cargo.toml" "--no-deps", kill_on_drop: false }`
[INFO] started tweaking crates.io crate tracing-loki 0.2.2
[INFO] finished tweaking crates.io crate tracing-loki 0.2.2
[INFO] tweaked toml for crates.io crate tracing-loki 0.2.2 written to /workspace/builds/worker-6-tc1/source/Cargo.toml
[INFO] crate crates.io crate tracing-loki 0.2.2 already has a lockfile, it will not be regenerated
[INFO] running `Command { std: CARGO_HOME="/workspace/cargo-home" RUSTUP_HOME="/workspace/rustup-home" "/workspace/cargo-home/bin/cargo" "+1.69.0" "fetch" "--manifest-path" "Cargo.toml", kill_on_drop: false }`
[INFO] [stderr]  Downloading crates ...
[INFO] [stderr]   Downloaded loki-api v0.1.1
[INFO] [stderr]   Downloaded libc v0.2.120
[INFO] running `Command { std: "docker" "create" "-v" "/var/lib/crater-agent-workspace/builds/worker-6-tc1/target:/opt/rustwide/target:rw,Z" "-v" "/var/lib/crater-agent-workspace/builds/worker-6-tc1/source:/opt/rustwide/workdir:ro,Z" "-v" "/var/lib/crater-agent-workspace/cargo-home:/opt/rustwide/cargo-home:ro,Z" "-v" "/var/lib/crater-agent-workspace/rustup-home:/opt/rustwide/rustup-home:ro,Z" "-e" "SOURCE_DIR=/opt/rustwide/workdir" "-e" "CARGO_TARGET_DIR=/opt/rustwide/target" "-e" "CARGO_HOME=/opt/rustwide/cargo-home" "-e" "RUSTUP_HOME=/opt/rustwide/rustup-home" "-w" "/opt/rustwide/workdir" "-m" "1610612736" "--user" "0:0" "--network" "none" "ghcr.io/rust-lang/crates-build-env/linux@sha256:5ff2268d62e97bff2cde7d5815dd6ed5b47097566f13b8d0ca110b04b60e07ed" "/opt/rustwide/cargo-home/bin/cargo" "+1.69.0" "metadata" "--no-deps" "--format-version=1", kill_on_drop: false }`
[INFO] [stdout] 4264c8fd671f3feba3ca8184ab35bb38eaa300d7caeb29c8e6d4833872335c88
[INFO] running `Command { std: "docker" "start" "-a" "4264c8fd671f3feba3ca8184ab35bb38eaa300d7caeb29c8e6d4833872335c88", kill_on_drop: false }`
[INFO] running `Command { std: "docker" "inspect" "4264c8fd671f3feba3ca8184ab35bb38eaa300d7caeb29c8e6d4833872335c88", kill_on_drop: false }`
[INFO] running `Command { std: "docker" "rm" "-f" "4264c8fd671f3feba3ca8184ab35bb38eaa300d7caeb29c8e6d4833872335c88", kill_on_drop: false }`
[INFO] [stdout] 4264c8fd671f3feba3ca8184ab35bb38eaa300d7caeb29c8e6d4833872335c88
[INFO] running `Command { std: "docker" "create" "-v" "/var/lib/crater-agent-workspace/builds/worker-6-tc1/target:/opt/rustwide/target:rw,Z" "-v" "/var/lib/crater-agent-workspace/builds/worker-6-tc1/source:/opt/rustwide/workdir:ro,Z" "-v" "/var/lib/crater-agent-workspace/cargo-home:/opt/rustwide/cargo-home:ro,Z" "-v" "/var/lib/crater-agent-workspace/rustup-home:/opt/rustwide/rustup-home:ro,Z" "-e" "SOURCE_DIR=/opt/rustwide/workdir" "-e" "CARGO_TARGET_DIR=/opt/rustwide/target" "-e" "CARGO_INCREMENTAL=0" "-e" "RUST_BACKTRACE=full" "-e" "RUSTFLAGS=--cap-lints=warn" "-e" "RUSTDOCFLAGS=--cap-lints=warn" "-e" "CARGO_HOME=/opt/rustwide/cargo-home" "-e" "RUSTUP_HOME=/opt/rustwide/rustup-home" "-w" "/opt/rustwide/workdir" "-m" "1610612736" "--user" "0:0" "--network" "none" "ghcr.io/rust-lang/crates-build-env/linux@sha256:5ff2268d62e97bff2cde7d5815dd6ed5b47097566f13b8d0ca110b04b60e07ed" "/opt/rustwide/cargo-home/bin/cargo" "+1.69.0" "build" "--frozen" "--message-format=json", kill_on_drop: false }`
[INFO] [stdout] 7622d7f76e266addeeeea8de80ae75ebe837e1cce011a27d670ce32809020cc0
[INFO] running `Command { std: "docker" "start" "-a" "7622d7f76e266addeeeea8de80ae75ebe837e1cce011a27d670ce32809020cc0", kill_on_drop: false }`
[INFO] [stderr]    Compiling proc-macro2 v1.0.36
[INFO] [stderr]    Compiling unicode-xid v0.2.2
[INFO] [stderr]    Compiling cfg-if v1.0.0
[INFO] [stderr]    Compiling syn v1.0.89
[INFO] [stderr]    Compiling autocfg v1.1.0
[INFO] [stderr]    Compiling log v0.4.14
[INFO] [stderr]    Compiling libc v0.2.120
[INFO] [stderr]    Compiling bytes v1.1.0
[INFO] [stderr]    Compiling pin-project-lite v0.2.8
[INFO] [stderr]    Compiling futures-core v0.3.21
[INFO] [stderr]    Compiling cc v1.0.73
[INFO] [stderr]    Compiling lazy_static v1.4.0
[INFO] [stderr]    Compiling memchr v2.4.1
[INFO] [stderr]    Compiling pkg-config v0.3.24
[INFO] [stderr]    Compiling itoa v1.0.1
[INFO] [stderr]    Compiling futures-task v0.3.21
[INFO] [stderr]    Compiling once_cell v1.10.0
[INFO] [stderr]    Compiling serde_derive v1.0.136
[INFO] [stderr]    Compiling openssl v0.10.38
[INFO] [stderr]    Compiling anyhow v1.0.56
[INFO] [stderr]    Compiling tracing-core v0.1.23
[INFO] [stderr]    Compiling futures-util v0.3.21
[INFO] [stderr]    Compiling fnv v1.0.7
[INFO] [stderr]    Compiling indexmap v1.8.0
[INFO] [stderr]    Compiling foreign-types-shared v0.1.1
[INFO] [stderr]    Compiling serde v1.0.136
[INFO] [stderr]    Compiling http v0.2.6
[INFO] [stderr]    Compiling matches v0.1.9
[INFO] [stderr]    Compiling foreign-types v0.3.2
[INFO] [stderr]    Compiling tinyvec_macros v0.1.0
[INFO] [stderr]    Compiling hashbrown v0.11.2
[INFO] [stderr]    Compiling pin-utils v0.1.0
[INFO] [stderr]    Compiling bitflags v1.3.2
[INFO] [stderr]    Compiling futures-sink v0.3.21
[INFO] [stderr]    Compiling httparse v1.6.0
[INFO] [stderr]    Compiling native-tls v0.2.8
[INFO] [stderr]    Compiling either v1.6.1
[INFO] [stderr]    Compiling futures-channel v0.3.21
[INFO] [stderr]    Compiling tinyvec v1.5.1
[INFO] [stderr]    Compiling itertools v0.10.3
[INFO] [stderr]    Compiling openssl-probe v0.1.5
[INFO] [stderr]    Compiling quote v1.0.16
[INFO] [stderr]    Compiling socket2 v0.4.4
[INFO] [stderr]    Compiling mio v0.8.2
[INFO] [stderr]    Compiling percent-encoding v2.1.0
[INFO] [stderr]    Compiling slab v0.4.5
[INFO] [stderr]    Compiling try-lock v0.2.3
[INFO] [stderr]    Compiling openssl-sys v0.9.72
[INFO] [stderr]    Compiling want v0.3.0
[INFO] [stderr]    Compiling form_urlencoded v1.0.1
[INFO] [stderr]    Compiling tower-service v0.3.1
[INFO] [stderr]    Compiling unicode-bidi v0.3.7
[INFO] [stderr]    Compiling httpdate v1.0.2
[INFO] [stderr]    Compiling encoding_rs v0.8.30
[INFO] [stderr]    Compiling tokio v1.17.0
[INFO] [stderr]    Compiling ryu v1.0.9
[INFO] [stderr]    Compiling serde_json v1.0.79
[INFO] [stderr]    Compiling snap v1.0.5
[INFO] [stderr]    Compiling tracing-log v0.1.2
[INFO] [stderr]    Compiling thread_local v1.1.4
[INFO] [stderr]    Compiling unicode-normalization v0.1.19
[INFO] [stderr]    Compiling sharded-slab v0.1.4
[INFO] [stderr]    Compiling base64 v0.13.0
[INFO] [stderr]    Compiling mime v0.3.16
[INFO] [stderr]    Compiling ipnet v2.4.0
[INFO] [stderr]    Compiling smallvec v1.8.0
[INFO] [stderr]    Compiling ansi_term v0.12.1
[INFO] [stderr]    Compiling http-body v0.4.4
[INFO] [stderr]    Compiling idna v0.2.3
[INFO] [stderr]    Compiling tracing-subscriber v0.3.9
[INFO] [stderr]    Compiling url v2.2.2
[INFO] [stderr]    Compiling tokio-util v0.6.9
[INFO] [stderr]    Compiling tokio-stream v0.1.8
[INFO] [stderr]    Compiling tokio-native-tls v0.3.0
[INFO] [stderr]    Compiling tracing-attributes v0.1.20
[INFO] [stderr]    Compiling prost-derive v0.9.0
[INFO] [stderr]    Compiling tracing v0.1.32
[INFO] [stderr]    Compiling h2 v0.3.12
[INFO] [stderr]    Compiling prost v0.9.0
[INFO] [stderr]    Compiling prost-types v0.9.0
[INFO] [stderr]    Compiling loki-api v0.1.1
[INFO] [stderr]    Compiling hyper v0.14.17
[INFO] [stderr]    Compiling serde_urlencoded v0.7.1
[INFO] [stderr]    Compiling tracing-serde v0.1.3
[INFO] [stderr]    Compiling hyper-tls v0.5.0
[INFO] [stderr]    Compiling reqwest v0.11.10
[INFO] [stderr]    Compiling tracing-loki v0.2.2 (/opt/rustwide/workdir)
[INFO] [stderr]     Finished dev [unoptimized + debuginfo] target(s) in 18.35s
[INFO] running `Command { std: "docker" "inspect" "7622d7f76e266addeeeea8de80ae75ebe837e1cce011a27d670ce32809020cc0", kill_on_drop: false }`
[INFO] running `Command { std: "docker" "rm" "-f" "7622d7f76e266addeeeea8de80ae75ebe837e1cce011a27d670ce32809020cc0", kill_on_drop: false }`
[INFO] [stdout] 7622d7f76e266addeeeea8de80ae75ebe837e1cce011a27d670ce32809020cc0
[INFO] running `Command { std: "docker" "create" "-v" "/var/lib/crater-agent-workspace/builds/worker-6-tc1/target:/opt/rustwide/target:rw,Z" "-v" "/var/lib/crater-agent-workspace/builds/worker-6-tc1/source:/opt/rustwide/workdir:ro,Z" "-v" "/var/lib/crater-agent-workspace/cargo-home:/opt/rustwide/cargo-home:ro,Z" "-v" "/var/lib/crater-agent-workspace/rustup-home:/opt/rustwide/rustup-home:ro,Z" "-e" "SOURCE_DIR=/opt/rustwide/workdir" "-e" "CARGO_TARGET_DIR=/opt/rustwide/target" "-e" "CARGO_INCREMENTAL=0" "-e" "RUST_BACKTRACE=full" "-e" "RUSTFLAGS=--cap-lints=warn" "-e" "RUSTDOCFLAGS=--cap-lints=warn" "-e" "CARGO_HOME=/opt/rustwide/cargo-home" "-e" "RUSTUP_HOME=/opt/rustwide/rustup-home" "-w" "/opt/rustwide/workdir" "-m" "1610612736" "--user" "0:0" "--network" "none" "ghcr.io/rust-lang/crates-build-env/linux@sha256:5ff2268d62e97bff2cde7d5815dd6ed5b47097566f13b8d0ca110b04b60e07ed" "/opt/rustwide/cargo-home/bin/cargo" "+1.69.0" "test" "--frozen" "--no-run" "--message-format=json", kill_on_drop: false }`
[INFO] [stdout] 29f5eb0dd58da8e92a536d1fa3f819cb0128df7af5fd15857b756135aaef6bab
[INFO] running `Command { std: "docker" "start" "-a" "29f5eb0dd58da8e92a536d1fa3f819cb0128df7af5fd15857b756135aaef6bab", kill_on_drop: false }`
[INFO] [stderr]    Compiling num_cpus v1.13.1
[INFO] [stderr]    Compiling tokio-macros v1.7.0
[INFO] [stderr]    Compiling tokio v1.17.0
[INFO] [stderr]    Compiling tokio-util v0.6.9
[INFO] [stderr]    Compiling tokio-native-tls v0.3.0
[INFO] [stderr]    Compiling tokio-stream v0.1.8
[INFO] [stderr]    Compiling h2 v0.3.12
[INFO] [stderr]    Compiling hyper v0.14.17
[INFO] [stderr]    Compiling hyper-tls v0.5.0
[INFO] [stderr]    Compiling reqwest v0.11.10
[INFO] [stderr]    Compiling tracing-loki v0.2.2 (/opt/rustwide/workdir)
[INFO] [stderr]     Finished test [unoptimized + debuginfo] target(s) in 16.25s
[INFO] running `Command { std: "docker" "inspect" "29f5eb0dd58da8e92a536d1fa3f819cb0128df7af5fd15857b756135aaef6bab", kill_on_drop: false }`
[INFO] running `Command { std: "docker" "rm" "-f" "29f5eb0dd58da8e92a536d1fa3f819cb0128df7af5fd15857b756135aaef6bab", kill_on_drop: false }`
[INFO] [stdout] 29f5eb0dd58da8e92a536d1fa3f819cb0128df7af5fd15857b756135aaef6bab
[INFO] running `Command { std: "docker" "create" "-v" "/var/lib/crater-agent-workspace/builds/worker-6-tc1/target:/opt/rustwide/target:rw,Z" "-v" "/var/lib/crater-agent-workspace/builds/worker-6-tc1/source:/opt/rustwide/workdir:ro,Z" "-v" "/var/lib/crater-agent-workspace/cargo-home:/opt/rustwide/cargo-home:ro,Z" "-v" "/var/lib/crater-agent-workspace/rustup-home:/opt/rustwide/rustup-home:ro,Z" "-e" "SOURCE_DIR=/opt/rustwide/workdir" "-e" "CARGO_TARGET_DIR=/opt/rustwide/target" "-e" "CARGO_INCREMENTAL=0" "-e" "RUST_BACKTRACE=full" "-e" "RUSTFLAGS=--cap-lints=warn" "-e" "RUSTDOCFLAGS=--cap-lints=warn" "-e" "CARGO_HOME=/opt/rustwide/cargo-home" "-e" "RUSTUP_HOME=/opt/rustwide/rustup-home" "-w" "/opt/rustwide/workdir" "-m" "1610612736" "--user" "0:0" "--network" "none" "ghcr.io/rust-lang/crates-build-env/linux@sha256:5ff2268d62e97bff2cde7d5815dd6ed5b47097566f13b8d0ca110b04b60e07ed" "/opt/rustwide/cargo-home/bin/cargo" "+1.69.0" "test" "--frozen", kill_on_drop: false }`
[INFO] [stdout] b6369585f17ab072d62d0405ff847c4895a00c16e5f75b680c03a791afc409b5
[INFO] running `Command { std: "docker" "start" "-a" "b6369585f17ab072d62d0405ff847c4895a00c16e5f75b680c03a791afc409b5", kill_on_drop: false }`
[INFO] [stderr]     Finished test [unoptimized + debuginfo] target(s) in 0.07s
[INFO] [stderr]      Running unittests src/lib.rs (/opt/rustwide/target/debug/deps/tracing_loki-29fd62273400c34d)
[INFO] [stdout] 
[INFO] [stdout] running 3 tests
[INFO] [stdout] test labels::test::level ... ok
[INFO] [stdout] test labels::test::simple ... ok
[INFO] [stdout] test labels::test::duplicate ... ok
[INFO] [stdout] 
[INFO] [stdout] test result: ok. 3 passed; 0 failed; 0 ignored; 0 measured; 0 filtered out; finished in 0.00s
[INFO] [stdout] 
[INFO] [stderr]    Doc-tests tracing-loki
[INFO] [stdout] 
[INFO] [stdout] running 6 tests
[INFO] [stdout] test src/lib.rs - (line 7) ... FAILED
[INFO] [stdout] test src/builder.rs - builder::Builder::extra_field (line 83) ... ok
[INFO] [stdout] test src/builder.rs - builder::Builder::http_header (line 111) ... ok
[INFO] [stdout] test src/builder.rs - builder::Builder::label (line 59) ... ok
[INFO] [stdout] test src/lib.rs - ReadmeDoctests (line 125) ... ok
[INFO] [stdout] test src/lib.rs - layer (line 169) ... ok
[INFO] [stdout] 
[INFO] [stdout] failures:
[INFO] [stdout] 
[INFO] [stdout] ---- src/lib.rs - (line 7) stdout ----
[INFO] [stdout] error: linking with `cc` failed: exit status: 1
[INFO] [stdout]   |
[INFO] [stdout]   = note: LC_ALL="C" PATH="/opt/rustwide/rustup-home/toolchains/1.69.0-x86_64-unknown-linux-gnu/lib/rustlib/x86_64-unknown-linux-gnu/bin:/opt/rustwide/cargo-home/bin:/usr/local/sbin:/usr/local/bin:/usr/sbin:/usr/bin:/sbin:/bin" VSLANG="1033" "cc" "-m64" "/tmp/rustc0jmDsI/symbols.o" "/tmp/rustdoctest317vZF/rust_out.rust_out.5bfee551-cgu.0.rcgu.o" "/tmp/rustdoctest317vZF/rust_out.j00p4ncf7xg64kg.rcgu.o" "-Wl,--as-needed" "-L" "/opt/rustwide/target/debug/deps" "-L" "/opt/rustwide/target/debug/deps" "-L" "/opt/rustwide/rustup-home/toolchains/1.69.0-x86_64-unknown-linux-gnu/lib/rustlib/x86_64-unknown-linux-gnu/lib" "-Wl,-Bstatic" "/opt/rustwide/target/debug/deps/libtracing_loki-224e7a70d5528e14.rlib" "/opt/rustwide/target/debug/deps/libsnap-aee973f3d2225264.rlib" "/opt/rustwide/target/debug/deps/libserde_json-3f308d95cf91c85e.rlib" "/opt/rustwide/target/debug/deps/libreqwest-fb14b9353837fafe.rlib" "/opt/rustwide/target/debug/deps/libhyper_tls-f590de5a2177e112.rlib" "/opt/rustwide/target/debug/deps/libserde_urlencoded-38713c78db113028.rlib" "/opt/rustwide/target/debug/deps/libryu-2a5efb018e77d146.rlib" "/opt/rustwide/target/debug/deps/libipnet-2a8db7be83dc942e.rlib" "/opt/rustwide/target/debug/deps/libtokio_native_tls-27909cfeddc2e6d9.rlib" "/opt/rustwide/target/debug/deps/libmime-2a4c3a9a364f5972.rlib" "/opt/rustwide/target/debug/deps/libencoding_rs-af556d50a21beb08.rlib" "/opt/rustwide/target/debug/deps/libbase64-007e7c1fbda2b30a.rlib" "/opt/rustwide/target/debug/deps/libnative_tls-6061cda2e38b5954.rlib" "/opt/rustwide/target/debug/deps/libopenssl_probe-2d1cd15c290ad1de.rlib" "/opt/rustwide/target/debug/deps/libopenssl-0b020757973ce46c.rlib" "/opt/rustwide/target/debug/deps/libbitflags-82cc2d155c6eb112.rlib" "/opt/rustwide/target/debug/deps/libforeign_types-f2b053f84105065c.rlib" "/opt/rustwide/target/debug/deps/libforeign_types_shared-48f8f1f9ea32d068.rlib" "/opt/rustwide/target/debug/deps/libopenssl_sys-854b535f0aa217de.rlib" "/opt/rustwide/target/debug/deps/libhyper-716b8866f19d3dad.rlib" "/opt/rustwide/target/debug/deps/libwant-2ad1c760a04a1567.rlib" "/opt/rustwide/target/debug/deps/libtry_lock-372cab8856e9ce9d.rlib" "/opt/rustwide/target/debug/deps/libhttparse-58c93047b9cae116.rlib" "/opt/rustwide/target/debug/deps/libh2-e0372156fac3aada.rlib" "/opt/rustwide/target/debug/deps/libindexmap-03f53d8fb576efdb.rlib" "/opt/rustwide/target/debug/deps/libhashbrown-9a1f5d949d76c1be.rlib" "/opt/rustwide/target/debug/deps/libslab-12e6a36b9d82f440.rlib" "/opt/rustwide/target/debug/deps/libtokio_util-2a7a45ac180d419c.rlib" "/opt/rustwide/target/debug/deps/libfutures_sink-4aec2d803aa18c12.rlib" "/opt/rustwide/target/debug/deps/libtower_service-02f10e9ce1ef867f.rlib" "/opt/rustwide/target/debug/deps/libfutures_channel-294427afe0d2b4d3.rlib" "/opt/rustwide/target/debug/deps/libfutures_util-71b5aa0d6fd92a5b.rlib" "/opt/rustwide/target/debug/deps/libfutures_task-c9a7f605ba65d146.rlib" "/opt/rustwide/target/debug/deps/libpin_utils-0d8eaf4ac0fcb221.rlib" "/opt/rustwide/target/debug/deps/libhttp_body-99b5f55a22cd6080.rlib" "/opt/rustwide/target/debug/deps/libhttp-1c6909ab5f1d2320.rlib" "/opt/rustwide/target/debug/deps/libitoa-6d400cb71048bb7c.rlib" "/opt/rustwide/target/debug/deps/libfnv-41a559218f992797.rlib" "/opt/rustwide/target/debug/deps/libtracing_serde-eb8748fcbbda196f.rlib" "/opt/rustwide/target/debug/deps/libtracing_subscriber-a094ef334ae89930.rlib" "/opt/rustwide/target/debug/deps/libsmallvec-3007f843720fad13.rlib" "/opt/rustwide/target/debug/deps/libansi_term-d7fe617575af129f.rlib" "/opt/rustwide/target/debug/deps/libthread_local-19a58dc4f19eb66d.rlib" "/opt/rustwide/target/debug/deps/libonce_cell-bf6de0187c3087d7.rlib" "/opt/rustwide/target/debug/deps/libsharded_slab-24ee8a9fa7a57bac.rlib" "/opt/rustwide/target/debug/deps/libtracing_log-5e268f15f6c34952.rlib" "/opt/rustwide/target/debug/deps/libtracing-ff56619e7ed9e660.rlib" "/opt/rustwide/target/debug/deps/libtracing_core-728e0438ef83b759.rlib" "/opt/rustwide/target/debug/deps/liblazy_static-a15e1ed0a3c31761.rlib" "/opt/rustwide/target/debug/deps/libtokio_stream-985cf0abd0a3bd4a.rlib" "/opt/rustwide/target/debug/deps/libfutures_core-64eaaeb4b64b7eca.rlib" "/opt/rustwide/target/debug/deps/libtokio-21e4fa2838cf7082.rlib" "/opt/rustwide/target/debug/deps/libnum_cpus-ce25db44a66b9c3f.rlib" "/opt/rustwide/target/debug/deps/libsocket2-fbf94bec015504db.rlib" "/opt/rustwide/target/debug/deps/libmemchr-e30a17317ff1667e.rlib" "/opt/rustwide/target/debug/deps/libpin_project_lite-bd79cb6e272ecc3a.rlib" "/opt/rustwide/target/debug/deps/libmio-019fbd6c243b56cf.rlib" "/opt/rustwide/target/debug/deps/liblibc-d3fa3a7f0a72a3ba.rlib" "/opt/rustwide/target/debug/deps/liblog-50c946da9511fc97.rlib" "/opt/rustwide/target/debug/deps/libcfg_if-e5e118dd7d121aaa.rlib" "/opt/rustwide/target/debug/deps/libserde-798e994c869bcc49.rlib" "/opt/rustwide/target/debug/deps/libloki_api-275239da152af6af.rlib" "/opt/rustwide/target/debug/deps/libprost_types-6fd9c0e4dd53e1bf.rlib" "/opt/rustwide/target/debug/deps/libprost-1a788a6ed3f4c83b.rlib" "/opt/rustwide/target/debug/deps/libbytes-0b539a5c776b0476.rlib" "/opt/rustwide/target/debug/deps/liburl-b1155ae290215edc.rlib" "/opt/rustwide/target/debug/deps/libidna-1646dda896d6f6be.rlib" "/opt/rustwide/target/debug/deps/libunicode_normalization-7f857835ddcdc9d8.rlib" "/opt/rustwide/target/debug/deps/libtinyvec-5ce4c57de87c62bc.rlib" "/opt/rustwide/target/debug/deps/libtinyvec_macros-5ffb2ea8a2d866f2.rlib" "/opt/rustwide/target/debug/deps/libunicode_bidi-6d874a42ec63c633.rlib" "/opt/rustwide/target/debug/deps/libform_urlencoded-0fe912f6e457e008.rlib" "/opt/rustwide/target/debug/deps/libpercent_encoding-5186c2668f567217.rlib" "/opt/rustwide/target/debug/deps/libmatches-278cbf5ab72c0d9c.rlib" "/opt/rustwide/rustup-home/toolchains/1.69.0-x86_64-unknown-linux-gnu/lib/rustlib/x86_64-unknown-linux-gnu/lib/libstd-89bc084783fdc439.rlib" "/opt/rustwide/rustup-home/toolchains/1.69.0-x86_64-unknown-linux-gnu/lib/rustlib/x86_64-unknown-linux-gnu/lib/libpanic_unwind-8bee4b287d4367c1.rlib" "/opt/rustwide/rustup-home/toolchains/1.69.0-x86_64-unknown-linux-gnu/lib/rustlib/x86_64-unknown-linux-gnu/lib/libobject-d61707aed80694c0.rlib" "/opt/rustwide/rustup-home/toolchains/1.69.0-x86_64-unknown-linux-gnu/lib/rustlib/x86_64-unknown-linux-gnu/lib/libmemchr-d85366256f22345b.rlib" "/opt/rustwide/rustup-home/toolchains/1.69.0-x86_64-unknown-linux-gnu/lib/rustlib/x86_64-unknown-linux-gnu/lib/libaddr2line-96069b86b8a8cae9.rlib" "/opt/rustwide/rustup-home/toolchains/1.69.0-x86_64-unknown-linux-gnu/lib/rustlib/x86_64-unknown-linux-gnu/lib/libgimli-d19d53abf68dfa6c.rlib" "/opt/rustwide/rustup-home/toolchains/1.69.0-x86_64-unknown-linux-gnu/lib/rustlib/x86_64-unknown-linux-gnu/lib/librustc_demangle-787cbccd19d64ac6.rlib" "/opt/rustwide/rustup-home/toolchains/1.69.0-x86_64-unknown-linux-gnu/lib/rustlib/x86_64-unknown-linux-gnu/lib/libstd_detect-b3837a36b830e0d0.rlib" "/opt/rustwide/rustup-home/toolchains/1.69.0-x86_64-unknown-linux-gnu/lib/rustlib/x86_64-unknown-linux-gnu/lib/libhashbrown-e3deb0e7e3f04966.rlib" "/opt/rustwide/rustup-home/toolchains/1.69.0-x86_64-unknown-linux-gnu/lib/rustlib/x86_64-unknown-linux-gnu/lib/libminiz_oxide-dabbb79c9815def4.rlib" "/opt/rustwide/rustup-home/toolchains/1.69.0-x86_64-unknown-linux-gnu/lib/rustlib/x86_64-unknown-linux-gnu/lib/libadler-305b01f34c9409f2.rlib" "/opt/rustwide/rustup-home/toolchains/1.69.0-x86_64-unknown-linux-gnu/lib/rustlib/x86_64-unknown-linux-gnu/lib/librustc_std_workspace_alloc-f833521df6074e73.rlib" "/opt/rustwide/rustup-home/toolchains/1.69.0-x86_64-unknown-linux-gnu/lib/rustlib/x86_64-unknown-linux-gnu/lib/libunwind-9ac333113350d171.rlib" "/opt/rustwide/rustup-home/toolchains/1.69.0-x86_64-unknown-linux-gnu/lib/rustlib/x86_64-unknown-linux-gnu/lib/libcfg_if-1c126114322d0eee.rlib" "/opt/rustwide/rustup-home/toolchains/1.69.0-x86_64-unknown-linux-gnu/lib/rustlib/x86_64-unknown-linux-gnu/lib/liblibc-bad9164fdeeecf92.rlib" "/opt/rustwide/rustup-home/toolchains/1.69.0-x86_64-unknown-linux-gnu/lib/rustlib/x86_64-unknown-linux-gnu/lib/liballoc-f9374b1e480fa681.rlib" "/opt/rustwide/rustup-home/toolchains/1.69.0-x86_64-unknown-linux-gnu/lib/rustlib/x86_64-unknown-linux-gnu/lib/librustc_std_workspace_core-207f06e41d9603af.rlib" "/opt/rustwide/rustup-home/toolchains/1.69.0-x86_64-unknown-linux-gnu/lib/rustlib/x86_64-unknown-linux-gnu/lib/libcore-7e2768e66e984e85.rlib" "/opt/rustwide/rustup-home/toolchains/1.69.0-x86_64-unknown-linux-gnu/lib/rustlib/x86_64-unknown-linux-gnu/lib/libcompiler_builtins-957b4aff41f8cd46.rlib" "-Wl,-Bdynamic" "-lssl" "-lcrypto" "-lgcc_s" "-lutil" "-lrt" "-lpthread" "-lm" "-ldl" "-lc" "-Wl,--eh-frame-hdr" "-Wl,-z,noexecstack" "-L" "/opt/rustwide/rustup-home/toolchains/1.69.0-x86_64-unknown-linux-gnu/lib/rustlib/x86_64-unknown-linux-gnu/lib" "-o" "/tmp/rustdoctest317vZF/rust_out" "-Wl,--gc-sections" "-pie" "-Wl,-z,relro,-z,now" "-nodefaultlibs"
[INFO] [stdout]   = note: collect2: fatal error: ld terminated with signal 9 [Killed]
[INFO] [stdout]           compilation terminated.
[INFO] [stdout]           
[INFO] [stdout] 
[INFO] [stdout] error: aborting due to previous error
[INFO] [stdout] 
[INFO] [stdout] Couldn't compile the test.
[INFO] [stdout] 
[INFO] [stdout] failures:
[INFO] [stdout]     src/lib.rs - (line 7)
[INFO] [stdout] 
[INFO] [stdout] test result: FAILED. 5 passed; 1 failed; 0 ignored; 0 measured; 0 filtered out; finished in 2.96s
[INFO] [stdout] 
[INFO] [stderr] error: doctest failed, to rerun pass `--doc`
[INFO] running `Command { std: "docker" "inspect" "b6369585f17ab072d62d0405ff847c4895a00c16e5f75b680c03a791afc409b5", kill_on_drop: false }`
[INFO] running `Command { std: "docker" "rm" "-f" "b6369585f17ab072d62d0405ff847c4895a00c16e5f75b680c03a791afc409b5", kill_on_drop: false }`
[INFO] [stdout] b6369585f17ab072d62d0405ff847c4895a00c16e5f75b680c03a791afc409b5
