[INFO] fetching crate tracing-filter 0.1.0-alpha.2...
[INFO] testing tracing-filter-0.1.0-alpha.2 against beta-2023-04-20 for beta-1.70-1
[INFO] extracting crate tracing-filter 0.1.0-alpha.2 into /workspace/builds/worker-7-tc2/source
[INFO] validating manifest of crates.io crate tracing-filter 0.1.0-alpha.2 on toolchain beta-2023-04-20
[INFO] running `Command { std: CARGO_HOME="/workspace/cargo-home" RUSTUP_HOME="/workspace/rustup-home" "/workspace/cargo-home/bin/cargo" "+beta-2023-04-20" "metadata" "--manifest-path" "Cargo.toml" "--no-deps", kill_on_drop: false }`
[INFO] started tweaking crates.io crate tracing-filter 0.1.0-alpha.2
[INFO] removed 0 missing tests
[INFO] finished tweaking crates.io crate tracing-filter 0.1.0-alpha.2
[INFO] tweaked toml for crates.io crate tracing-filter 0.1.0-alpha.2 written to /workspace/builds/worker-7-tc2/source/Cargo.toml
[INFO] crate crates.io crate tracing-filter 0.1.0-alpha.2 already has a lockfile, it will not be regenerated
[INFO] running `Command { std: CARGO_HOME="/workspace/cargo-home" RUSTUP_HOME="/workspace/rustup-home" "/workspace/cargo-home/bin/cargo" "+beta-2023-04-20" "fetch" "--manifest-path" "Cargo.toml", kill_on_drop: false }`
[INFO] [stderr]     Updating crates.io index
[INFO] [stderr]  Downloading crates ...
[INFO] [stderr]   Downloaded supports-hyperlinks v1.2.0
[INFO] [stderr]   Downloaded supports-unicode v1.0.2
[INFO] [stderr]   Downloaded supports-color v1.3.0
[INFO] [stderr]   Downloaded similar v2.1.0
[INFO] [stderr]   Downloaded serde_yaml v0.8.24
[INFO] [stderr]   Downloaded miette v4.7.1
[INFO] [stderr]   Downloaded miette-derive v4.7.1
[INFO] [stderr]   Downloaded insta v1.14.0
[INFO] [stderr]   Downloaded castaway v0.2.1
[INFO] [stderr]   Downloaded compact_str v0.4.0
[INFO] running `Command { std: "docker" "create" "-v" "/var/lib/crater-agent-workspace/builds/worker-7-tc2/target:/opt/rustwide/target:rw,Z" "-v" "/var/lib/crater-agent-workspace/builds/worker-7-tc2/source:/opt/rustwide/workdir:ro,Z" "-v" "/var/lib/crater-agent-workspace/cargo-home:/opt/rustwide/cargo-home:ro,Z" "-v" "/var/lib/crater-agent-workspace/rustup-home:/opt/rustwide/rustup-home:ro,Z" "-e" "SOURCE_DIR=/opt/rustwide/workdir" "-e" "CARGO_TARGET_DIR=/opt/rustwide/target" "-e" "CARGO_HOME=/opt/rustwide/cargo-home" "-e" "RUSTUP_HOME=/opt/rustwide/rustup-home" "-w" "/opt/rustwide/workdir" "-m" "1610612736" "--user" "0:0" "--network" "none" "ghcr.io/rust-lang/crates-build-env/linux@sha256:5ff2268d62e97bff2cde7d5815dd6ed5b47097566f13b8d0ca110b04b60e07ed" "/opt/rustwide/cargo-home/bin/cargo" "+beta-2023-04-20" "metadata" "--no-deps" "--format-version=1", kill_on_drop: false }`
[INFO] [stdout] 66d317dfb80fc70f0b412924e0d2d5442595ed8e110f693b0fbbafd4564ffed4
[INFO] running `Command { std: "docker" "start" "-a" "66d317dfb80fc70f0b412924e0d2d5442595ed8e110f693b0fbbafd4564ffed4", kill_on_drop: false }`
[INFO] running `Command { std: "docker" "inspect" "66d317dfb80fc70f0b412924e0d2d5442595ed8e110f693b0fbbafd4564ffed4", kill_on_drop: false }`
[INFO] running `Command { std: "docker" "rm" "-f" "66d317dfb80fc70f0b412924e0d2d5442595ed8e110f693b0fbbafd4564ffed4", kill_on_drop: false }`
[INFO] [stdout] 66d317dfb80fc70f0b412924e0d2d5442595ed8e110f693b0fbbafd4564ffed4
[INFO] running `Command { std: "docker" "create" "-v" "/var/lib/crater-agent-workspace/builds/worker-7-tc2/target:/opt/rustwide/target:rw,Z" "-v" "/var/lib/crater-agent-workspace/builds/worker-7-tc2/source:/opt/rustwide/workdir:ro,Z" "-v" "/var/lib/crater-agent-workspace/cargo-home:/opt/rustwide/cargo-home:ro,Z" "-v" "/var/lib/crater-agent-workspace/rustup-home:/opt/rustwide/rustup-home:ro,Z" "-e" "SOURCE_DIR=/opt/rustwide/workdir" "-e" "CARGO_TARGET_DIR=/opt/rustwide/target" "-e" "CARGO_INCREMENTAL=0" "-e" "RUST_BACKTRACE=full" "-e" "RUSTFLAGS=--cap-lints=warn" "-e" "RUSTDOCFLAGS=--cap-lints=warn" "-e" "CARGO_HOME=/opt/rustwide/cargo-home" "-e" "RUSTUP_HOME=/opt/rustwide/rustup-home" "-w" "/opt/rustwide/workdir" "-m" "1610612736" "--user" "0:0" "--network" "none" "ghcr.io/rust-lang/crates-build-env/linux@sha256:5ff2268d62e97bff2cde7d5815dd6ed5b47097566f13b8d0ca110b04b60e07ed" "/opt/rustwide/cargo-home/bin/cargo" "+beta-2023-04-20" "build" "--frozen" "--message-format=json", kill_on_drop: false }`
[INFO] [stdout] ffd6a0079e1fc729b94ef14caebbd469917986b9f71d8705476d53e88c68127b
[INFO] running `Command { std: "docker" "start" "-a" "ffd6a0079e1fc729b94ef14caebbd469917986b9f71d8705476d53e88c68127b", kill_on_drop: false }`
[INFO] [stderr]    Compiling libc v0.2.126
[INFO] [stderr]    Compiling proc-macro2 v1.0.39
[INFO] [stderr]    Compiling regex-syntax v0.6.26
[INFO] [stderr]    Compiling unicode-ident v1.0.0
[INFO] [stderr]    Compiling syn v1.0.95
[INFO] [stderr]    Compiling cc v1.0.73
[INFO] [stderr]    Compiling rustversion v1.0.6
[INFO] [stderr]    Compiling adler v1.0.2
[INFO] [stderr]    Compiling gimli v0.26.1
[INFO] [stderr]    Compiling once_cell v1.12.0
[INFO] [stderr]    Compiling smawk v0.3.1
[INFO] [stderr]    Compiling is_ci v1.1.1
[INFO] [stderr]    Compiling unicode-width v0.1.9
[INFO] [stderr]    Compiling tracing-core v0.1.26
[INFO] [stderr]    Compiling rustc-demangle v0.1.21
[INFO] [stderr]    Compiling aho-corasick v0.7.18
[INFO] [stderr]    Compiling object v0.28.4
[INFO] [stderr]    Compiling sharded-slab v0.1.4
[INFO] [stderr]    Compiling itoa v1.0.2
[INFO] [stderr]    Compiling miniz_oxide v0.5.1
[INFO] [stderr]    Compiling thread_local v1.1.4
[INFO] [stderr]    Compiling owo-colors v3.4.0
[INFO] [stderr]    Compiling ryu v1.0.10
[INFO] [stderr]    Compiling tracing v0.1.34
[INFO] [stderr]    Compiling tracing-subscriber v0.3.11
[INFO] [stderr]    Compiling quote v1.0.18
[INFO] [stderr]    Compiling backtrace v0.3.65
[INFO] [stderr]    Compiling atty v0.2.14
[INFO] [stderr]    Compiling terminal_size v0.1.17
[INFO] [stderr]    Compiling castaway v0.2.1
[INFO] [stderr]    Compiling supports-unicode v1.0.2
[INFO] [stderr]    Compiling supports-hyperlinks v1.2.0
[INFO] [stderr]    Compiling supports-color v1.3.0
[INFO] [stderr]    Compiling compact_str v0.4.0
[INFO] [stderr]    Compiling regex v1.5.6
[INFO] [stderr]    Compiling regex-automata v0.1.10
[INFO] [stderr]    Compiling addr2line v0.17.0
[INFO] [stderr]    Compiling matchers v0.1.0
[INFO] [stderr]    Compiling thiserror-impl v1.0.31
[INFO] [stderr]    Compiling miette-derive v4.7.1
[INFO] [stderr]    Compiling unicode-linebreak v0.1.2
[INFO] [stderr]    Compiling thiserror v1.0.31
[INFO] [stderr]    Compiling textwrap v0.15.0
[INFO] [stderr]    Compiling miette v4.7.1
[INFO] [stderr]    Compiling tracing-filter v0.1.0-alpha.2 (/opt/rustwide/workdir)
[INFO] [stderr]     Finished dev [unoptimized + debuginfo] target(s) in 12.88s
[INFO] running `Command { std: "docker" "inspect" "ffd6a0079e1fc729b94ef14caebbd469917986b9f71d8705476d53e88c68127b", kill_on_drop: false }`
[INFO] running `Command { std: "docker" "rm" "-f" "ffd6a0079e1fc729b94ef14caebbd469917986b9f71d8705476d53e88c68127b", kill_on_drop: false }`
[INFO] [stdout] ffd6a0079e1fc729b94ef14caebbd469917986b9f71d8705476d53e88c68127b
[INFO] running `Command { std: "docker" "create" "-v" "/var/lib/crater-agent-workspace/builds/worker-7-tc2/target:/opt/rustwide/target:rw,Z" "-v" "/var/lib/crater-agent-workspace/builds/worker-7-tc2/source:/opt/rustwide/workdir:ro,Z" "-v" "/var/lib/crater-agent-workspace/cargo-home:/opt/rustwide/cargo-home:ro,Z" "-v" "/var/lib/crater-agent-workspace/rustup-home:/opt/rustwide/rustup-home:ro,Z" "-e" "SOURCE_DIR=/opt/rustwide/workdir" "-e" "CARGO_TARGET_DIR=/opt/rustwide/target" "-e" "CARGO_INCREMENTAL=0" "-e" "RUST_BACKTRACE=full" "-e" "RUSTFLAGS=--cap-lints=warn" "-e" "RUSTDOCFLAGS=--cap-lints=warn" "-e" "CARGO_HOME=/opt/rustwide/cargo-home" "-e" "RUSTUP_HOME=/opt/rustwide/rustup-home" "-w" "/opt/rustwide/workdir" "-m" "1610612736" "--user" "0:0" "--network" "none" "ghcr.io/rust-lang/crates-build-env/linux@sha256:5ff2268d62e97bff2cde7d5815dd6ed5b47097566f13b8d0ca110b04b60e07ed" "/opt/rustwide/cargo-home/bin/cargo" "+beta-2023-04-20" "test" "--frozen" "--no-run" "--message-format=json", kill_on_drop: false }`
[INFO] [stdout] 57e0912808185614a2ca779e18c1c97b807ba2898ad040f3bf87a91d2cdd5159
[INFO] running `Command { std: "docker" "start" "-a" "57e0912808185614a2ca779e18c1c97b807ba2898ad040f3bf87a91d2cdd5159", kill_on_drop: false }`
[INFO] [stderr]     Blocking waiting for file lock on package cache
[INFO] [stderr]    Compiling serde_derive v1.0.137
[INFO] [stderr]    Compiling serde v1.0.137
[INFO] [stderr]    Compiling indexmap v1.8.2
[INFO] [stderr]    Compiling linked-hash-map v0.5.4
[INFO] [stderr]    Compiling serde_json v1.0.81
[INFO] [stderr]    Compiling hashbrown v0.11.2
[INFO] [stderr]    Compiling tracing-log v0.1.3
[INFO] [stderr]    Compiling bstr v0.2.17
[INFO] [stderr]    Compiling same-file v1.0.6
[INFO] [stderr]    Compiling console v0.15.0
[INFO] [stderr]    Compiling humantime v2.1.0
[INFO] [stderr]    Compiling termcolor v1.1.3
[INFO] [stderr]    Compiling similar v2.1.0
[INFO] [stderr]    Compiling walkdir v2.3.2
[INFO] [stderr]    Compiling tracing-subscriber v0.3.11
[INFO] [stderr]    Compiling yaml-rust v0.4.5
[INFO] [stderr]    Compiling env_logger v0.9.0
[INFO] [stderr]    Compiling globset v0.4.8
[INFO] [stderr]    Compiling tracing-filter v0.1.0-alpha.2 (/opt/rustwide/workdir)
[INFO] [stderr]    Compiling serde_yaml v0.8.24
[INFO] [stderr]    Compiling insta v1.14.0
[INFO] [stderr]     Finished test [unoptimized + debuginfo] target(s) in 17.75s
[INFO] running `Command { std: "docker" "inspect" "57e0912808185614a2ca779e18c1c97b807ba2898ad040f3bf87a91d2cdd5159", kill_on_drop: false }`
[INFO] running `Command { std: "docker" "rm" "-f" "57e0912808185614a2ca779e18c1c97b807ba2898ad040f3bf87a91d2cdd5159", kill_on_drop: false }`
[INFO] [stdout] 57e0912808185614a2ca779e18c1c97b807ba2898ad040f3bf87a91d2cdd5159
[INFO] running `Command { std: "docker" "create" "-v" "/var/lib/crater-agent-workspace/builds/worker-7-tc2/target:/opt/rustwide/target:rw,Z" "-v" "/var/lib/crater-agent-workspace/builds/worker-7-tc2/source:/opt/rustwide/workdir:ro,Z" "-v" "/var/lib/crater-agent-workspace/cargo-home:/opt/rustwide/cargo-home:ro,Z" "-v" "/var/lib/crater-agent-workspace/rustup-home:/opt/rustwide/rustup-home:ro,Z" "-e" "SOURCE_DIR=/opt/rustwide/workdir" "-e" "CARGO_TARGET_DIR=/opt/rustwide/target" "-e" "CARGO_INCREMENTAL=0" "-e" "RUST_BACKTRACE=full" "-e" "RUSTFLAGS=--cap-lints=warn" "-e" "RUSTDOCFLAGS=--cap-lints=warn" "-e" "CARGO_HOME=/opt/rustwide/cargo-home" "-e" "RUSTUP_HOME=/opt/rustwide/rustup-home" "-w" "/opt/rustwide/workdir" "-m" "1610612736" "--user" "0:0" "--network" "none" "ghcr.io/rust-lang/crates-build-env/linux@sha256:5ff2268d62e97bff2cde7d5815dd6ed5b47097566f13b8d0ca110b04b60e07ed" "/opt/rustwide/cargo-home/bin/cargo" "+beta-2023-04-20" "test" "--frozen", kill_on_drop: false }`
[INFO] [stdout] 2d256fed0cb22b2d2171652ee70842961706288f2a870460d6f1acc08e59f29a
[INFO] running `Command { std: "docker" "start" "-a" "2d256fed0cb22b2d2171652ee70842961706288f2a870460d6f1acc08e59f29a", kill_on_drop: false }`
[INFO] [stderr]     Finished test [unoptimized + debuginfo] target(s) in 0.09s
[INFO] [stderr]      Running unittests src/lib.rs (/opt/rustwide/target/debug/deps/tracing_filter-b1a03d9e0430edaf)
[INFO] [stdout] 
[INFO] [stdout] running 31 tests
[INFO] [stdout] test legacy::tests::callsite_enabled_includes_span_directive_multiple_fields ... ignored, filter parser doesn't support multiple fields
[INFO] [stdout] test legacy::tests::directive_ordering_by_field_num ... ignored, filter parser doesn't support multiple fields
[INFO] [stdout] test legacy::tests::parse_directives_global_bare_warn_lc ... ok
[INFO] [stdout] test legacy::tests::parse_directives_global_bare_warn_mixed ... ok
[INFO] [stdout] test legacy::tests::parse_directives_global_bare_warn_uc ... ok
[INFO] [stdout] test legacy::tests::callsite_off ... ok
[INFO] [stdout] test legacy::tests::parse_directives_invalid_crate ... ok
[INFO] [stdout] test legacy::tests::callsite_enabled_includes_span_directive ... ok
[INFO] [stdout] test legacy::tests::callsite_enabled_no_span_directive ... ok
[INFO] [stdout] test legacy::tests::parse_directives_empty_level ... ok
[INFO] [stdout] test legacy::tests::parse_directives_ralith ... ok
[INFO] [stdout] test legacy::tests::parse_directives_string_level ... ok
[INFO] [stdout] test legacy::tests::directive_ordering_uses_lexicographic_when_equal ... ok
[INFO] [stdout] test legacy::tests::parse_directives_valid ... ok
[INFO] [stdout] test legacy::tests::parse_level_directives ... ok
[INFO] [stdout] test legacy::tests::parse_directives_ralith_mixed ... ok
[INFO] [stdout] test legacy::tests::parse_directives_global ... ok
[INFO] [stdout] test legacy::tests::directive_ordering_by_target_len ... ok
[INFO] [stdout] test legacy::tests::directive_ordering_by_span ... ok
[INFO] [stdout] test legacy::tests::parse_directives_invalid_level ... ok
[INFO] [stdout] test legacy::tests::parse_directives_ralith_uc ... ok
[INFO] [stdout] test legacy::tests::parse_uppercase_level_directives ... ok
[INFO] [stdout] test legacy::tests::parse_directives_with_special_characters_in_span_name ... ok
[INFO] [stdout] test legacy::tests::parse_directives_with_dash_in_target_name ... ok
[INFO] [stdout] test legacy::tests::parse_directives_with_dash_in_span_name ... ok
[INFO] [stdout] test legacy::tests::parse_directives_valid_with_spans ... ok
[INFO] [stdout] test legacy::tests::parse_numeric_level_directives ... ok
[INFO] [stdout] test legacy::tests::roundtrip ... ok
[INFO] [stdout] test legacy::tests::parse_directives_with_invalid_span_chars ... ok
[INFO] [stdout] test legacy::tests::callsite_enabled_includes_span_directive_field ... ok
[INFO] [stdout] test legacy::tests::size_of_filters ... FAILED
[INFO] [stdout] 
[INFO] [stdout] failures:
[INFO] [stdout] 
[INFO] [stdout] ---- legacy::tests::size_of_filters stdout ----
[INFO] [stdout] thread 'legacy::tests::size_of_filters' panicked at 'assertion failed: `(left == right)`
[INFO] [stdout]   left: `664`,
[INFO] [stdout]  right: `672`', src/legacy/tests.rs:128:9
[INFO] [stdout] stack backtrace:
[INFO] [stdout]    0:     0x563f456590ca - std::backtrace_rs::backtrace::libunwind::trace::h2f05d0192276a8f6
[INFO] [stdout]                                at /rustc/1b7dd2252b99671ce5d1cb9664c5f8636329436d/library/std/src/../../backtrace/src/backtrace/libunwind.rs:93:5
[INFO] [stdout]    1:     0x563f456590ca - std::backtrace_rs::backtrace::trace_unsynchronized::hedc23dff7a1af150
[INFO] [stdout]                                at /rustc/1b7dd2252b99671ce5d1cb9664c5f8636329436d/library/std/src/../../backtrace/src/backtrace/mod.rs:66:5
[INFO] [stdout]    2:     0x563f456590ca - std::sys_common::backtrace::_print_fmt::h17541ef7592f3ce2
[INFO] [stdout]                                at /rustc/1b7dd2252b99671ce5d1cb9664c5f8636329436d/library/std/src/sys_common/backtrace.rs:65:5
[INFO] [stdout]    3:     0x563f456590ca - <std::sys_common::backtrace::_print::DisplayBacktrace as core::fmt::Display>::fmt::h20f75df5ab0c0792
[INFO] [stdout]                                at /rustc/1b7dd2252b99671ce5d1cb9664c5f8636329436d/library/std/src/sys_common/backtrace.rs:44:22
[INFO] [stdout]    4:     0x563f4567e72f - core::fmt::write::h78109e6f466b3af6
[INFO] [stdout]                                at /rustc/1b7dd2252b99671ce5d1cb9664c5f8636329436d/library/core/src/fmt/mod.rs:1254:17
[INFO] [stdout]    5:     0x563f45656415 - std::io::Write::write_fmt::hd24bfb68a1b35a25
[INFO] [stdout]                                at /rustc/1b7dd2252b99671ce5d1cb9664c5f8636329436d/library/std/src/io/mod.rs:1698:15
[INFO] [stdout]    6:     0x563f45658e95 - std::sys_common::backtrace::_print::h8dac57a9f8fbf9a5
[INFO] [stdout]                                at /rustc/1b7dd2252b99671ce5d1cb9664c5f8636329436d/library/std/src/sys_common/backtrace.rs:47:5
[INFO] [stdout]    7:     0x563f45658e95 - std::sys_common::backtrace::print::hf9ecbf41d1aa712f
[INFO] [stdout]                                at /rustc/1b7dd2252b99671ce5d1cb9664c5f8636329436d/library/std/src/sys_common/backtrace.rs:34:9
[INFO] [stdout]    8:     0x563f4565ab4e - std::panicking::default_hook::{{closure}}::h04c07acfc84ca028
[INFO] [stdout]                                at /rustc/1b7dd2252b99671ce5d1cb9664c5f8636329436d/library/std/src/panicking.rs:269:22
[INFO] [stdout]    9:     0x563f4565a881 - std::panicking::default_hook::h01f6bb23e1eceb2c
[INFO] [stdout]                                at /rustc/1b7dd2252b99671ce5d1cb9664c5f8636329436d/library/std/src/panicking.rs:285:9
[INFO] [stdout]   10:     0x563f4538d16b - <alloc::boxed::Box<F,A> as core::ops::function::Fn<Args>>::call::h87fe9f7b2fd49e4c
[INFO] [stdout]                                at /rustc/1b7dd2252b99671ce5d1cb9664c5f8636329436d/library/alloc/src/boxed.rs:1987:9
[INFO] [stdout]   11:     0x563f4538d16b - test::test_main::{{closure}}::he94d679243a7531b
[INFO] [stdout]                                at /rustc/1b7dd2252b99671ce5d1cb9664c5f8636329436d/library/test/src/lib.rs:134:21
[INFO] [stdout]   12:     0x563f4565b234 - <alloc::boxed::Box<F,A> as core::ops::function::Fn<Args>>::call::h3f2d6d8b14c4769f
[INFO] [stdout]                                at /rustc/1b7dd2252b99671ce5d1cb9664c5f8636329436d/library/alloc/src/boxed.rs:1987:9
[INFO] [stdout]   13:     0x563f4565b234 - std::panicking::rust_panic_with_hook::h2bb3722bbaf2f6df
[INFO] [stdout]                                at /rustc/1b7dd2252b99671ce5d1cb9664c5f8636329436d/library/std/src/panicking.rs:695:13
[INFO] [stdout]   14:     0x563f4565afa9 - std::panicking::begin_panic_handler::{{closure}}::h91bc7f36a4be011b
[INFO] [stdout]                                at /rustc/1b7dd2252b99671ce5d1cb9664c5f8636329436d/library/std/src/panicking.rs:582:13
[INFO] [stdout]   15:     0x563f45659536 - std::sys_common::backtrace::__rust_end_short_backtrace::h8b3d3717114f9e59
[INFO] [stdout]                                at /rustc/1b7dd2252b99671ce5d1cb9664c5f8636329436d/library/std/src/sys_common/backtrace.rs:150:18
[INFO] [stdout]   16:     0x563f4565ad02 - rust_begin_unwind
[INFO] [stdout]                                at /rustc/1b7dd2252b99671ce5d1cb9664c5f8636329436d/library/std/src/panicking.rs:578:5
[INFO] [stdout]   17:     0x563f4530e063 - core::panicking::panic_fmt::hfd368e3fbdabea26
[INFO] [stdout]                                at /rustc/1b7dd2252b99671ce5d1cb9664c5f8636329436d/library/core/src/panicking.rs:67:14
[INFO] [stdout]   18:     0x563f4530e48f - core::panicking::assert_failed_inner::haef49168e1798a91
[INFO] [stdout]   19:     0x563f45398c7a - core::panicking::assert_failed::h43bbb00f99a8efdf
[INFO] [stdout]                                at /rustc/1b7dd2252b99671ce5d1cb9664c5f8636329436d/library/core/src/panicking.rs:228:5
[INFO] [stdout]   20:     0x563f45337975 - tracing_filter::legacy::tests::size_of_filters::assert_sz::ha45d5ee47565bf0b
[INFO] [stdout]                                at /opt/rustwide/workdir/src/legacy/tests.rs:128:9
[INFO] [stdout]   21:     0x563f453377b2 - tracing_filter::legacy::tests::size_of_filters::h2bc06000c58eade2
[INFO] [stdout]                                at /opt/rustwide/workdir/src/legacy/tests.rs:141:5
[INFO] [stdout]   22:     0x563f45337787 - tracing_filter::legacy::tests::size_of_filters::{{closure}}::h3f2885e3fc3ca2df
[INFO] [stdout]                                at /opt/rustwide/workdir/src/legacy/tests.rs:124:22
[INFO] [stdout]   23:     0x563f45328c55 - core::ops::function::FnOnce::call_once::h52eb98168836b120
[INFO] [stdout]                                at /rustc/1b7dd2252b99671ce5d1cb9664c5f8636329436d/library/core/src/ops/function.rs:250:5
[INFO] [stdout]   24:     0x563f4539203f - core::ops::function::FnOnce::call_once::ha6a70e79f7481a7e
[INFO] [stdout]                                at /rustc/1b7dd2252b99671ce5d1cb9664c5f8636329436d/library/core/src/ops/function.rs:250:5
[INFO] [stdout]   25:     0x563f4539203f - test::__rust_begin_short_backtrace::hce33033019b61e69
[INFO] [stdout]                                at /rustc/1b7dd2252b99671ce5d1cb9664c5f8636329436d/library/test/src/lib.rs:655:18
[INFO] [stdout]   26:     0x563f4535f82c - test::run_test::{{closure}}::h858d3528838ae3e5
[INFO] [stdout]                                at /rustc/1b7dd2252b99671ce5d1cb9664c5f8636329436d/library/test/src/lib.rs:646:30
[INFO] [stdout]   27:     0x563f4535f82c - core::ops::function::FnOnce::call_once{{vtable.shim}}::he8ac2b00f01ae79e
[INFO] [stdout]                                at /rustc/1b7dd2252b99671ce5d1cb9664c5f8636329436d/library/core/src/ops/function.rs:250:5
[INFO] [stdout]   28:     0x563f45391116 - <alloc::boxed::Box<F,A> as core::ops::function::FnOnce<Args>>::call_once::h8093d25b522725ef
[INFO] [stdout]                                at /rustc/1b7dd2252b99671ce5d1cb9664c5f8636329436d/library/alloc/src/boxed.rs:1973:9
[INFO] [stdout]   29:     0x563f45391116 - <core::panic::unwind_safe::AssertUnwindSafe<F> as core::ops::function::FnOnce<()>>::call_once::h5c334c204e4a3913
[INFO] [stdout]                                at /rustc/1b7dd2252b99671ce5d1cb9664c5f8636329436d/library/core/src/panic/unwind_safe.rs:271:9
[INFO] [stdout]   30:     0x563f45391116 - std::panicking::try::do_call::ha8b740c7b9478074
[INFO] [stdout]                                at /rustc/1b7dd2252b99671ce5d1cb9664c5f8636329436d/library/std/src/panicking.rs:485:40
[INFO] [stdout]   31:     0x563f45391116 - std::panicking::try::h5d34f63d0e41b64e
[INFO] [stdout]                                at /rustc/1b7dd2252b99671ce5d1cb9664c5f8636329436d/library/std/src/panicking.rs:449:19
[INFO] [stdout]   32:     0x563f45391116 - std::panic::catch_unwind::hcfbb511e1aa7fc67
[INFO] [stdout]                                at /rustc/1b7dd2252b99671ce5d1cb9664c5f8636329436d/library/std/src/panic.rs:140:14
[INFO] [stdout]   33:     0x563f45391116 - test::run_test_in_process::h9abda90f802eaf21
[INFO] [stdout]                                at /rustc/1b7dd2252b99671ce5d1cb9664c5f8636329436d/library/test/src/lib.rs:678:27
[INFO] [stdout]   34:     0x563f45391116 - test::run_test::run_test_inner::{{closure}}::h0f058de91f6c6edf
[INFO] [stdout]                                at /rustc/1b7dd2252b99671ce5d1cb9664c5f8636329436d/library/test/src/lib.rs:572:39
[INFO] [stdout]   35:     0x563f4535a035 - test::run_test::run_test_inner::{{closure}}::h5ca48a4c59c6c1fb
[INFO] [stdout]                                at /rustc/1b7dd2252b99671ce5d1cb9664c5f8636329436d/library/test/src/lib.rs:599:37
[INFO] [stdout]   36:     0x563f4535a035 - std::sys_common::backtrace::__rust_begin_short_backtrace::h32bd51e1495d4a33
[INFO] [stdout]                                at /rustc/1b7dd2252b99671ce5d1cb9664c5f8636329436d/library/std/src/sys_common/backtrace.rs:134:18
[INFO] [stdout]   37:     0x563f4535f571 - std::thread::Builder::spawn_unchecked_::{{closure}}::{{closure}}::hc086fae9b128b2db
[INFO] [stdout]                                at /rustc/1b7dd2252b99671ce5d1cb9664c5f8636329436d/library/std/src/thread/mod.rs:526:17
[INFO] [stdout]   38:     0x563f4535f571 - <core::panic::unwind_safe::AssertUnwindSafe<F> as core::ops::function::FnOnce<()>>::call_once::hb66571888d270d43
[INFO] [stdout]                                at /rustc/1b7dd2252b99671ce5d1cb9664c5f8636329436d/library/core/src/panic/unwind_safe.rs:271:9
[INFO] [stdout]   39:     0x563f4535f571 - std::panicking::try::do_call::h4fa2ef4f6e51fecf
[INFO] [stdout]                                at /rustc/1b7dd2252b99671ce5d1cb9664c5f8636329436d/library/std/src/panicking.rs:485:40
[INFO] [stdout]   40:     0x563f4535f571 - std::panicking::try::h1e9e22b8584489b5
[INFO] [stdout]                                at /rustc/1b7dd2252b99671ce5d1cb9664c5f8636329436d/library/std/src/panicking.rs:449:19
[INFO] [stdout]   41:     0x563f4535f571 - std::panic::catch_unwind::h44698a3de0e0769e
[INFO] [stdout]                                at /rustc/1b7dd2252b99671ce5d1cb9664c5f8636329436d/library/std/src/panic.rs:140:14
[INFO] [stdout]   42:     0x563f4535f571 - std::thread::Builder::spawn_unchecked_::{{closure}}::h50153abde3fe239e
[INFO] [stdout]                                at /rustc/1b7dd2252b99671ce5d1cb9664c5f8636329436d/library/std/src/thread/mod.rs:525:30
[INFO] [stdout]   43:     0x563f4535f571 - core::ops::function::FnOnce::call_once{{vtable.shim}}::hbe5bbf6f38394364
[INFO] [stdout]                                at /rustc/1b7dd2252b99671ce5d1cb9664c5f8636329436d/library/core/src/ops/function.rs:250:5
[INFO] [stdout]   44:     0x563f4565f705 - <alloc::boxed::Box<F,A> as core::ops::function::FnOnce<Args>>::call_once::h0d83cb2920a49046
[INFO] [stdout]                                at /rustc/1b7dd2252b99671ce5d1cb9664c5f8636329436d/library/alloc/src/boxed.rs:1973:9
[INFO] [stdout]   45:     0x563f4565f705 - <alloc::boxed::Box<F,A> as core::ops::function::FnOnce<Args>>::call_once::hbe0a008aa7d9ef59
[INFO] [stdout]                                at /rustc/1b7dd2252b99671ce5d1cb9664c5f8636329436d/library/alloc/src/boxed.rs:1973:9
[INFO] [stdout]   46:     0x563f4565f705 - std::sys::unix::thread::Thread::new::thread_start::h3a466996bdf6b1f9
[INFO] [stdout]                                at /rustc/1b7dd2252b99671ce5d1cb9664c5f8636329436d/library/std/src/sys/unix/thread.rs:108:17
[INFO] [stdout]   47:     0x7f934e27bb43 - <unknown>
[INFO] [stdout]   48:     0x7f934e30cbb4 - __clone
[INFO] [stdout]   49:                0x0 - <unknown>
[INFO] [stdout] 
[INFO] [stdout] 
[INFO] [stdout] failures:
[INFO] [stdout]     legacy::tests::size_of_filters
[INFO] [stdout] 
[INFO] [stdout] test result: FAILED. 28 passed; 1 failed; 2 ignored; 0 measured; 0 filtered out; finished in 0.14s
[INFO] [stdout] 
[INFO] [stderr] error: test failed, to rerun pass `--lib`
[INFO] running `Command { std: "docker" "inspect" "2d256fed0cb22b2d2171652ee70842961706288f2a870460d6f1acc08e59f29a", kill_on_drop: false }`
[INFO] running `Command { std: "docker" "rm" "-f" "2d256fed0cb22b2d2171652ee70842961706288f2a870460d6f1acc08e59f29a", kill_on_drop: false }`
[INFO] [stdout] 2d256fed0cb22b2d2171652ee70842961706288f2a870460d6f1acc08e59f29a
