[INFO] fetching crate topcron 0.1.4...
[INFO] testing topcron-0.1.4 against beta-2023-04-20 for beta-1.70-1
[INFO] extracting crate topcron 0.1.4 into /workspace/builds/worker-5-tc2/source
[INFO] validating manifest of crates.io crate topcron 0.1.4 on toolchain beta-2023-04-20
[INFO] running `Command { std: CARGO_HOME="/workspace/cargo-home" RUSTUP_HOME="/workspace/rustup-home" "/workspace/cargo-home/bin/cargo" "+beta-2023-04-20" "metadata" "--manifest-path" "Cargo.toml" "--no-deps", kill_on_drop: false }`
[INFO] started tweaking crates.io crate topcron 0.1.4
[INFO] finished tweaking crates.io crate topcron 0.1.4
[INFO] tweaked toml for crates.io crate topcron 0.1.4 written to /workspace/builds/worker-5-tc2/source/Cargo.toml
[INFO] crate crates.io crate topcron 0.1.4 already has a lockfile, it will not be regenerated
[INFO] running `Command { std: CARGO_HOME="/workspace/cargo-home" RUSTUP_HOME="/workspace/rustup-home" "/workspace/cargo-home/bin/cargo" "+beta-2023-04-20" "fetch" "--manifest-path" "Cargo.toml", kill_on_drop: false }`
[INFO] [stderr]     Updating crates.io index
[INFO] [stderr]  Downloading crates ...
[INFO] [stderr]   Downloaded trycmd v0.13.4
[INFO] [stderr]   Downloaded humantime-serde v1.1.1
[INFO] [stderr]   Downloaded grep-pcre2 v0.1.5
[INFO] [stderr]   Downloaded grep v0.2.8
[INFO] [stderr]   Downloaded grep-searcher v0.1.8
[INFO] [stderr]   Downloaded grep-printer v0.1.6
[INFO] [stderr]   Downloaded grep-regex v0.1.9
[INFO] [stderr]   Downloaded grep-cli v0.1.6
[INFO] [stderr]   Downloaded pcre2 v0.2.3
[INFO] [stderr]   Downloaded concolor-query v0.0.5
[INFO] [stderr]   Downloaded toml_edit v0.14.4
[INFO] [stderr]   Downloaded pcre2-sys v0.2.5
[INFO] [stderr]   Downloaded concolor v0.0.8
[INFO] [stderr]   Downloaded os_pipe v1.0.1
[INFO] [stderr]   Downloaded snapbox-macros v0.2.1
[INFO] [stderr]   Downloaded snapbox v0.2.10
[INFO] running `Command { std: "docker" "create" "-v" "/var/lib/crater-agent-workspace/builds/worker-5-tc2/target:/opt/rustwide/target:rw,Z" "-v" "/var/lib/crater-agent-workspace/builds/worker-5-tc2/source:/opt/rustwide/workdir:ro,Z" "-v" "/var/lib/crater-agent-workspace/cargo-home:/opt/rustwide/cargo-home:ro,Z" "-v" "/var/lib/crater-agent-workspace/rustup-home:/opt/rustwide/rustup-home:ro,Z" "-e" "SOURCE_DIR=/opt/rustwide/workdir" "-e" "CARGO_TARGET_DIR=/opt/rustwide/target" "-e" "CARGO_HOME=/opt/rustwide/cargo-home" "-e" "RUSTUP_HOME=/opt/rustwide/rustup-home" "-w" "/opt/rustwide/workdir" "-m" "1610612736" "--user" "0:0" "--network" "none" "ghcr.io/rust-lang/crates-build-env/linux@sha256:5ff2268d62e97bff2cde7d5815dd6ed5b47097566f13b8d0ca110b04b60e07ed" "/opt/rustwide/cargo-home/bin/cargo" "+beta-2023-04-20" "metadata" "--no-deps" "--format-version=1", kill_on_drop: false }`
[INFO] [stdout] 4768f8dbade08b558386503cc9c6b2befe7431aacb5866151ea7e9f060668601
[INFO] running `Command { std: "docker" "start" "-a" "4768f8dbade08b558386503cc9c6b2befe7431aacb5866151ea7e9f060668601", kill_on_drop: false }`
[INFO] running `Command { std: "docker" "inspect" "4768f8dbade08b558386503cc9c6b2befe7431aacb5866151ea7e9f060668601", kill_on_drop: false }`
[INFO] running `Command { std: "docker" "rm" "-f" "4768f8dbade08b558386503cc9c6b2befe7431aacb5866151ea7e9f060668601", kill_on_drop: false }`
[INFO] [stdout] 4768f8dbade08b558386503cc9c6b2befe7431aacb5866151ea7e9f060668601
[INFO] running `Command { std: "docker" "create" "-v" "/var/lib/crater-agent-workspace/builds/worker-5-tc2/target:/opt/rustwide/target:rw,Z" "-v" "/var/lib/crater-agent-workspace/builds/worker-5-tc2/source:/opt/rustwide/workdir:ro,Z" "-v" "/var/lib/crater-agent-workspace/cargo-home:/opt/rustwide/cargo-home:ro,Z" "-v" "/var/lib/crater-agent-workspace/rustup-home:/opt/rustwide/rustup-home:ro,Z" "-e" "SOURCE_DIR=/opt/rustwide/workdir" "-e" "CARGO_TARGET_DIR=/opt/rustwide/target" "-e" "CARGO_INCREMENTAL=0" "-e" "RUST_BACKTRACE=full" "-e" "RUSTFLAGS=--cap-lints=warn" "-e" "RUSTDOCFLAGS=--cap-lints=warn" "-e" "CARGO_HOME=/opt/rustwide/cargo-home" "-e" "RUSTUP_HOME=/opt/rustwide/rustup-home" "-w" "/opt/rustwide/workdir" "-m" "1610612736" "--user" "0:0" "--network" "none" "ghcr.io/rust-lang/crates-build-env/linux@sha256:5ff2268d62e97bff2cde7d5815dd6ed5b47097566f13b8d0ca110b04b60e07ed" "/opt/rustwide/cargo-home/bin/cargo" "+beta-2023-04-20" "build" "--frozen" "--message-format=json", kill_on_drop: false }`
[INFO] [stdout] 37d87a1b110162eb759a09557c4fcf4bfd1916b86182f72e0195b27ec17a3a4b
[INFO] running `Command { std: "docker" "start" "-a" "37d87a1b110162eb759a09557c4fcf4bfd1916b86182f72e0195b27ec17a3a4b", kill_on_drop: false }`
[INFO] [stderr]    Compiling libc v0.2.126
[INFO] [stderr]    Compiling proc-macro2 v1.0.39
[INFO] [stderr]    Compiling unicode-ident v1.0.0
[INFO] [stderr]    Compiling syn v1.0.96
[INFO] [stderr]    Compiling serde_derive v1.0.137
[INFO] [stderr]    Compiling serde v1.0.137
[INFO] [stderr]    Compiling regex-syntax v0.6.26
[INFO] [stderr]    Compiling regex-automata v0.1.10
[INFO] [stderr]    Compiling encoding_rs v0.8.31
[INFO] [stderr]    Compiling ryu v1.0.10
[INFO] [stderr]    Compiling proc-macro-error-attr v1.0.4
[INFO] [stderr]    Compiling once_cell v1.12.0
[INFO] [stderr]    Compiling pkg-config v0.3.25
[INFO] [stderr]    Compiling proc-macro-error v1.0.4
[INFO] [stderr]    Compiling aho-corasick v0.7.18
[INFO] [stderr]    Compiling grep-matcher v0.1.5
[INFO] [stderr]    Compiling serde_json v1.0.81
[INFO] [stderr]    Compiling termcolor v1.1.3
[INFO] [stderr]    Compiling thread_local v1.1.4
[INFO] [stderr]    Compiling indexmap v1.8.2
[INFO] [stderr]    Compiling unicode-width v0.1.9
[INFO] [stderr]    Compiling itoa v1.0.2
[INFO] [stderr]    Compiling bytecount v0.6.3
[INFO] [stderr]    Compiling csv-core v0.1.10
[INFO] [stderr]    Compiling base64 v0.13.0
[INFO] [stderr]    Compiling smawk v0.3.1
[INFO] [stderr]    Compiling os_str_bytes v6.1.0
[INFO] [stderr]    Compiling heck v0.4.0
[INFO] [stderr]    Compiling same-file v1.0.6
[INFO] [stderr]    Compiling hashbrown v0.11.2
[INFO] [stderr]    Compiling strsim v0.10.0
[INFO] [stderr]    Compiling clap_lex v0.2.0
[INFO] [stderr]    Compiling encode_unicode v0.3.6
[INFO] [stderr]    Compiling quote v1.0.18
[INFO] [stderr]    Compiling jobserver v0.1.24
[INFO] [stderr]    Compiling atty v0.2.14
[INFO] [stderr]    Compiling memmap2 v0.3.1
[INFO] [stderr]    Compiling terminal_size v0.1.17
[INFO] [stderr]    Compiling dirs v1.0.5
[INFO] [stderr]    Compiling time v0.1.44
[INFO] [stderr]    Compiling cc v1.0.73
[INFO] [stderr]    Compiling term v0.5.2
[INFO] [stderr]    Compiling chrono v0.4.19
[INFO] [stderr]    Compiling encoding_rs_io v0.1.7
[INFO] [stderr]    Compiling pcre2-sys v0.2.5
[INFO] [stderr]    Compiling regex v1.5.6
[INFO] [stderr]    Compiling pcre2 v0.2.3
[INFO] [stderr]    Compiling grep-pcre2 v0.1.5
[INFO] [stderr]    Compiling unicode-linebreak v0.1.2
[INFO] [stderr]    Compiling clap_derive v3.1.18
[INFO] [stderr]    Compiling textwrap v0.15.0
[INFO] [stderr]    Compiling clap v3.1.18
[INFO] [stderr]    Compiling bstr v0.2.17
[INFO] [stderr]    Compiling globset v0.4.9
[INFO] [stderr]    Compiling grep-searcher v0.1.8
[INFO] [stderr]    Compiling csv v1.1.6
[INFO] [stderr]    Compiling grep-regex v0.1.9
[INFO] [stderr]    Compiling grep-printer v0.1.6
[INFO] [stderr]    Compiling grep-cli v0.1.6
[INFO] [stderr]    Compiling prettytable-rs v0.8.0
[INFO] [stderr]    Compiling grep v0.2.8
[INFO] [stderr]    Compiling topcron v0.1.4 (/opt/rustwide/workdir)
[INFO] [stderr]     Finished dev [unoptimized + debuginfo] target(s) in 21.50s
[INFO] running `Command { std: "docker" "inspect" "37d87a1b110162eb759a09557c4fcf4bfd1916b86182f72e0195b27ec17a3a4b", kill_on_drop: false }`
[INFO] running `Command { std: "docker" "rm" "-f" "37d87a1b110162eb759a09557c4fcf4bfd1916b86182f72e0195b27ec17a3a4b", kill_on_drop: false }`
[INFO] [stdout] 37d87a1b110162eb759a09557c4fcf4bfd1916b86182f72e0195b27ec17a3a4b
[INFO] running `Command { std: "docker" "create" "-v" "/var/lib/crater-agent-workspace/builds/worker-5-tc2/target:/opt/rustwide/target:rw,Z" "-v" "/var/lib/crater-agent-workspace/builds/worker-5-tc2/source:/opt/rustwide/workdir:ro,Z" "-v" "/var/lib/crater-agent-workspace/cargo-home:/opt/rustwide/cargo-home:ro,Z" "-v" "/var/lib/crater-agent-workspace/rustup-home:/opt/rustwide/rustup-home:ro,Z" "-e" "SOURCE_DIR=/opt/rustwide/workdir" "-e" "CARGO_TARGET_DIR=/opt/rustwide/target" "-e" "CARGO_INCREMENTAL=0" "-e" "RUST_BACKTRACE=full" "-e" "RUSTFLAGS=--cap-lints=warn" "-e" "RUSTDOCFLAGS=--cap-lints=warn" "-e" "CARGO_HOME=/opt/rustwide/cargo-home" "-e" "RUSTUP_HOME=/opt/rustwide/rustup-home" "-w" "/opt/rustwide/workdir" "-m" "1610612736" "--user" "0:0" "--network" "none" "ghcr.io/rust-lang/crates-build-env/linux@sha256:5ff2268d62e97bff2cde7d5815dd6ed5b47097566f13b8d0ca110b04b60e07ed" "/opt/rustwide/cargo-home/bin/cargo" "+beta-2023-04-20" "test" "--frozen" "--no-run" "--message-format=json", kill_on_drop: false }`
[INFO] [stdout] 01dc2da3412fac6ca42454bd60454683ffd32b5c20f9966d30803a4c556bea9c
[INFO] running `Command { std: "docker" "start" "-a" "01dc2da3412fac6ca42454bd60454683ffd32b5c20f9966d30803a4c556bea9c", kill_on_drop: false }`
[INFO] [stderr]    Compiling memchr v2.5.0
[INFO] [stderr]    Compiling crossbeam-utils v0.8.8
[INFO] [stderr]    Compiling memoffset v0.6.5
[INFO] [stderr]    Compiling crossbeam-epoch v0.9.8
[INFO] [stderr]    Compiling rayon-core v1.9.3
[INFO] [stderr]    Compiling either v1.6.1
[INFO] [stderr]    Compiling num_cpus v1.13.1
[INFO] [stderr]    Compiling rayon v1.5.3
[INFO] [stderr]    Compiling remove_dir_all v0.5.3
[INFO] [stderr]    Compiling concolor-query v0.0.5
[INFO] [stderr]    Compiling fastrand v1.7.0
[INFO] [stderr]    Compiling bytes v1.1.0
[INFO] [stderr]    Compiling walkdir v2.3.2
[INFO] [stderr]    Compiling os_pipe v1.0.1
[INFO] [stderr]    Compiling wait-timeout v0.2.0
[INFO] [stderr]    Compiling itertools v0.10.3
[INFO] [stderr]    Compiling concolor v0.0.8
[INFO] [stderr]    Compiling filetime v0.2.16
[INFO] [stderr]    Compiling similar v2.1.0
[INFO] [stderr]    Compiling yansi v0.5.1
[INFO] [stderr]    Compiling tempfile v3.3.0
[INFO] [stderr]    Compiling humantime v2.1.0
[INFO] [stderr]    Compiling aho-corasick v0.7.18
[INFO] [stderr]    Compiling dunce v1.0.2
[INFO] [stderr]    Compiling snapbox-macros v0.2.1
[INFO] [stderr]    Compiling bstr v0.2.17
[INFO] [stderr]    Compiling grep-matcher v0.1.5
[INFO] [stderr]    Compiling csv-core v0.1.10
[INFO] [stderr]    Compiling combine v4.6.4
[INFO] [stderr]    Compiling content_inspector v0.2.4
[INFO] [stderr]    Compiling normalize-line-endings v0.3.0
[INFO] [stderr]    Compiling crossbeam-channel v0.5.4
[INFO] [stderr]    Compiling humantime-serde v1.1.1
[INFO] [stderr]    Compiling grep-pcre2 v0.1.5
[INFO] [stderr]    Compiling snapbox v0.2.10
[INFO] [stderr]    Compiling shlex v1.1.0
[INFO] [stderr]    Compiling glob v0.3.0
[INFO] [stderr]    Compiling crossbeam-deque v0.8.1
[INFO] [stderr]    Compiling regex v1.5.6
[INFO] [stderr]    Compiling grep-searcher v0.1.8
[INFO] [stderr]    Compiling csv v1.1.6
[INFO] [stderr]    Compiling grep-printer v0.1.6
[INFO] [stderr]    Compiling prettytable-rs v0.8.0
[INFO] [stderr]    Compiling globset v0.4.9
[INFO] [stderr]    Compiling grep-regex v0.1.9
[INFO] [stderr]    Compiling grep-cli v0.1.6
[INFO] [stderr]    Compiling grep v0.2.8
[INFO] [stderr]    Compiling unicode-linebreak v0.1.2
[INFO] [stderr]    Compiling textwrap v0.15.0
[INFO] [stderr]    Compiling clap v3.1.18
[INFO] [stderr]    Compiling toml_edit v0.14.4
[INFO] [stderr]    Compiling topcron v0.1.4 (/opt/rustwide/workdir)
[INFO] [stderr]    Compiling trycmd v0.13.4
[INFO] [stderr]     Finished test [unoptimized + debuginfo] target(s) in 28.10s
[INFO] running `Command { std: "docker" "inspect" "01dc2da3412fac6ca42454bd60454683ffd32b5c20f9966d30803a4c556bea9c", kill_on_drop: false }`
[INFO] running `Command { std: "docker" "rm" "-f" "01dc2da3412fac6ca42454bd60454683ffd32b5c20f9966d30803a4c556bea9c", kill_on_drop: false }`
[INFO] [stdout] 01dc2da3412fac6ca42454bd60454683ffd32b5c20f9966d30803a4c556bea9c
[INFO] running `Command { std: "docker" "create" "-v" "/var/lib/crater-agent-workspace/builds/worker-5-tc2/target:/opt/rustwide/target:rw,Z" "-v" "/var/lib/crater-agent-workspace/builds/worker-5-tc2/source:/opt/rustwide/workdir:ro,Z" "-v" "/var/lib/crater-agent-workspace/cargo-home:/opt/rustwide/cargo-home:ro,Z" "-v" "/var/lib/crater-agent-workspace/rustup-home:/opt/rustwide/rustup-home:ro,Z" "-e" "SOURCE_DIR=/opt/rustwide/workdir" "-e" "CARGO_TARGET_DIR=/opt/rustwide/target" "-e" "CARGO_INCREMENTAL=0" "-e" "RUST_BACKTRACE=full" "-e" "RUSTFLAGS=--cap-lints=warn" "-e" "RUSTDOCFLAGS=--cap-lints=warn" "-e" "CARGO_HOME=/opt/rustwide/cargo-home" "-e" "RUSTUP_HOME=/opt/rustwide/rustup-home" "-w" "/opt/rustwide/workdir" "-m" "1610612736" "--user" "0:0" "--network" "none" "ghcr.io/rust-lang/crates-build-env/linux@sha256:5ff2268d62e97bff2cde7d5815dd6ed5b47097566f13b8d0ca110b04b60e07ed" "/opt/rustwide/cargo-home/bin/cargo" "+beta-2023-04-20" "test" "--frozen", kill_on_drop: false }`
[INFO] [stdout] 79ec71c9756194d3b7a65f8ca9fa4b6a333bd0a46dc67644191a14c06dd4d66e
[INFO] running `Command { std: "docker" "start" "-a" "79ec71c9756194d3b7a65f8ca9fa4b6a333bd0a46dc67644191a14c06dd4d66e", kill_on_drop: false }`
[INFO] [stderr]     Finished test [unoptimized + debuginfo] target(s) in 0.11s
[INFO] [stderr]      Running unittests src/lib.rs (/opt/rustwide/target/debug/deps/topcron-1a5cab0b91f5c326)
[INFO] [stdout] 
[INFO] [stdout] running 1 test
[INFO] [stdout] test tests::grep_file_result ... ok
[INFO] [stdout] 
[INFO] [stdout] test result: ok. 1 passed; 0 failed; 0 ignored; 0 measured; 0 filtered out; finished in 0.01s
[INFO] [stdout] 
[INFO] [stderr]      Running unittests src/main.rs (/opt/rustwide/target/debug/deps/topcron-eb0e936ddaa06c87)
[INFO] [stdout] 
[INFO] [stdout] running 1 test
[INFO] [stderr] Testing tests/cmd/help.trycmd:3 ... failed
[INFO] [stderr] Exit: success
[INFO] [stderr] 
[INFO] [stderr] ---- expected: stdout
[INFO] [stderr] ++++ actual:   stdout
[INFO] [stderr]    1      - topcron 0.1.3
[INFO] [stderr]         1 + topcron 0.1.4
[INFO] [stderr]    2    2 | A Cron log parser and viewer.
[INFO] [stderr]    3    3 | 
[INFO] [stderr]    4    4 | To see status and duration of cronjobs, please add `-L 15` to EXTRA_OPTS of cron, then restart the
[INFO] [stderr]    5    5 | daemon.
[INFO] [stderr]    6    6 | 
[INFO] [stderr]    7    7 | USAGE:
[INFO] [stderr]    8    8 |     topcron [OPTIONS]
[INFO] [stderr]    9    9 | 
[INFO] [stderr]   10   10 | OPTIONS:
[INFO] [stderr]   11   11 |     -0, --ok-filter                    Display only successfull cronjobs
[INFO] [stderr]   12   12 |     -1, --ko-filter                    Display only failed cronjobs (include unknow status)
[INFO] [stderr]   13   13 |     -f, --file <FILE>                  File(s) to parse [default: /var/log/syslog]
[INFO] [stderr]   14   14 |     -F, --filter <FILTER>              Filter (user, pid, command...) specific cronjobs [default: ]
[INFO] [stderr]   15   15 |     -h, --help                         Print help information
[INFO] [stderr]   16   16 |     -t, --timestamp-mode               Display dates and duration in timestamp format
[INFO] [stderr]   17   17 |     -T, --truncate-mode                Don't truncate command line
[INFO] [stderr]   18   18 |     -u, --user-filter <USER_FILTER>    Filter (user, pid, command...) specific cronjobs [default: ]
[INFO] [stderr]   19   19 |     -v, --verbose                      Show debug messages
[INFO] [stderr]   20   20 |     -V, --version                      Print version information
[INFO] [stderr] stderr:
[INFO] [stderr] 
[INFO] [stderr] Testing tests/cmd/filters.trycmd:3 ... failed
[INFO] [stderr] Expected success, was interrupted
[INFO] [stderr] 
[INFO] [stderr] ---- expected: stdout
[INFO] [stderr] ++++ actual:   stdout
[INFO] [stderr]    1      - ┌─────────┬──────┬────────┬─────────────────────┬──────────┬─────────────────────────────────────────────────────────────────┐
[INFO] [stderr]    2      - │ PID     │ USER │ STATUS │ DATES               │ DURATION │ COMMAND                                                         │
[INFO] [stderr]    3      - ├─────────┼──────┼────────┼─────────────────────┼──────────┼─────────────────────────────────────────────────────────────────┤
[INFO] [stderr]    4      - │ 1025739 │ root │ OK     │ 2022-03-23 14:45:01 │ 0        │ ([1025747] command -v debian-sa1 > /dev/null && debian-sa1 1 1) │
[INFO] [stderr]    5      - │         │      │        │ 2022-03-23 14:45:01 │          │                                                                 │
[INFO] [stderr]    6      - └─────────┴──────┴────────┴─────────────────────┴──────────┴─────────────────────────────────────────────────────────────────┘
[INFO] [stderr] stderr:
[INFO] [stderr] 
[INFO] [stderr] Testing tests/cmd/filters.trycmd:15 ... failed
[INFO] [stderr] Expected success, was interrupted
[INFO] [stderr] 
[INFO] [stderr] ---- expected: stdout
[INFO] [stderr] ++++ actual:   stdout
[INFO] [stderr]    1      - ┌─────────┬──────────┬────────┬─────────────────────┬──────────┬───────────────────────────────────────────┐
[INFO] [stderr]    2      - │ PID     │ USER     │ STATUS │ DATES               │ DURATION │ COMMAND                                   │
[INFO] [stderr]    3      - ├─────────┼──────────┼────────┼─────────────────────┼──────────┼───────────────────────────────────────────┤
[INFO] [stderr]    4      - │ 78086   │ someuser │ OK     │ 2022-03-23 15:12:01 │ 0        │ ([78087] /bin/false)                      │
[INFO] [stderr]    5      - │         │          │        │ 2022-03-23 15:12:01 │          │                                           │
[INFO] [stderr]    6      - ├─────────┼──────────┼────────┼─────────────────────┼──────────┼───────────────────────────────────────────┤
[INFO] [stderr]    7      - │ 1023425 │ someuser │ OK     │ 2022-03-23 14:30:08 │ unknow   │                                           │
[INFO] [stderr]    8      - ├─────────┼──────────┼────────┼─────────────────────┼──────────┼───────────────────────────────────────────┤
[INFO] [stderr]    9      - │ 1025740 │ someuser │ unknow │ 2022-03-23 14:45:01 │ unknow   │ ([1025745] /home/someuser/some_script.sh  │
[INFO] [stderr]   10      - ├─────────┼──────────┼────────┼─────────────────────┼──────────┼───────────────────────────────────────────┤
[INFO] [stderr]   11      - │ 1025744 │ someuser │ unknow │ 2022-03-23 14:45:01 │ unknow   │ ([1025753] /home/someuser/some_script.sh) │
[INFO] [stderr]   12      - └─────────┴──────────┴────────┴─────────────────────┴──────────┴───────────────────────────────────────────┘
[INFO] [stderr] stderr:
[INFO] [stderr] 
[INFO] [stderr] Testing tests/cmd/filters.trycmd:33 ... failed
[INFO] [stderr] Expected success, was interrupted
[INFO] [stderr] 
[INFO] [stderr] ---- expected: stdout
[INFO] [stderr] ++++ actual:   stdout
[INFO] [stderr]    1      - ┌─────────┬──────────┬────────┬─────────────────────┬──────────┬─────────────────────────────────────────────────────────────────────────────────┐
[INFO] [stderr]    2      - │ PID     │ USER     │ STATUS │ DATES               │ DURATION │ COMMAND                                                                         │
[INFO] [stderr]    3      - ├─────────┼──────────┼────────┼─────────────────────┼──────────┼─────────────────────────────────────────────────────────────────────────────────┤
[INFO] [stderr]    4      - │ 22146   │ _tuptime │ unknow │ 2022-03-23 14:35:01 │ unknow   │ (   if [ -x /usr/bin/tuptime ]; then /usr/bin/tuptime -x > /dev/null; fi)       │
[INFO] [stderr]    5      - ├─────────┼──────────┼────────┼─────────────────────┼──────────┼─────────────────────────────────────────────────────────────────────────────────┤
[INFO] [stderr]    6      - │ 22170   │ _tuptime │ unknow │ 2022-03-23 14:40:01 │ unknow   │ (   if [ -x /usr/bin/tuptime ]; then /usr/bin/tuptime -x > /dev/null; fi)       │
[INFO] [stderr]    7      - ├─────────┼──────────┼────────┼─────────────────────┼──────────┼─────────────────────────────────────────────────────────────────────────────────┤
[INFO] [stderr]    8      - │ 22188   │ _tuptime │ unknow │ 2022-03-23 14:45:01 │ unknow   │ (   if [ -x /usr/bin/tuptime ]; then /usr/bin/tuptime -x > /dev/null; fi)       │
[INFO] [stderr]    9      - ├─────────┼──────────┼────────┼─────────────────────┼──────────┼─────────────────────────────────────────────────────────────────────────────────┤
[INFO] [stderr]   10      - │ 59697   │ _tuptime │ unknow │ 2022-03-23 14:35:01 │ unknow   │ (   if [ -x /usr/bin/tuptime ]; then /usr/bin/tuptime -x > /dev/null; fi)       │
[INFO] [stderr]   11      - ├─────────┼──────────┼────────┼─────────────────────┼──────────┼─────────────────────────────────────────────────────────────────────────────────┤
[INFO] [stderr]   12      - │ 59712   │ _tuptime │ unknow │ 2022-03-23 14:40:01 │ unknow   │ (   if [ -x /usr/bin/tuptime ]; then /usr/bin/tuptime -x > /dev/null; fi)       │
[INFO] [stderr]   13      - ├─────────┼──────────┼────────┼─────────────────────┼──────────┼─────────────────────────────────────────────────────────────────────────────────┤
[INFO] [stderr]   14      - │ 59729   │ _tuptime │ unknow │ 2022-03-23 14:45:01 │ unknow   │ (   if [ -x /usr/bin/tuptime ]; then /usr/bin/tuptime -x > /dev/null; fi)       │
[INFO] [stderr]   15      - ├─────────┼──────────┼────────┼─────────────────────┼──────────┼─────────────────────────────────────────────────────────────────────────────────┤
[INFO] [stderr]   16      - │ 78086   │ someuser │ KO     │ 2022-03-23 15:12:01 │ 0        │ ([78087] /bin/false)                                                            │
[INFO] [stderr]   17      - │         │          │        │ 2022-03-23 15:12:01 │          │                                                                                 │
[INFO] [stderr]   18      - ├─────────┼──────────┼────────┼─────────────────────┼──────────┼─────────────────────────────────────────────────────────────────────────────────┤
[INFO] [stderr]   19      - │ 299664  │ _tuptime │ unknow │ 2022-03-23 14:35:01 │ unknow   │ (   if [ -x /usr/bin/tuptime ]; then /usr/bin/tuptime -x > /dev/null; fi)       │
[INFO] [stderr]   20      - ├─────────┼──────────┼────────┼─────────────────────┼──────────┼─────────────────────────────────────────────────────────────────────────────────┤
[INFO] [stderr]   21      - │ 299752  │ root     │ unknow │ 2022-03-23 14:39:01 │ unknow   │ (  [ -x /usr/lib/php/sessionclean ] && if [ ! -d /run/systemd/system ]; then /  │
[INFO] [stderr]   22      - │         │          │        │                     │          │ usr/lib/php/sessionclean; fi)                                                   │
[INFO] [stderr]   23      - ├─────────┼──────────┼────────┼─────────────────────┼──────────┼─────────────────────────────────────────────────────────────────────────────────┤
[INFO] [stderr]   24      - │ 299787  │ _tuptime │ unknow │ 2022-03-23 14:40:01 │ unknow   │ (   if [ -x /usr/bin/tuptime ]; then /usr/bin/tuptime -x > /dev/null; fi)       │
[INFO] [stderr]   25      - ├─────────┼──────────┼────────┼─────────────────────┼──────────┼─────────────────────────────────────────────────────────────────────────────────┤
[INFO] [stderr]   26      - │ 299890  │ root     │ unknow │ 2022-03-23 14:45:01 │ unknow   │ (/usr/bin/vnstat -m > /var/www/html/quota.txt)                                  │
[INFO] [stderr]   27      - ├─────────┼──────────┼────────┼─────────────────────┼──────────┼─────────────────────────────────────────────────────────────────────────────────┤
[INFO] [stderr]   28      - │ 299892  │ _tuptime │ unknow │ 2022-03-23 14:45:01 │ unknow   │ (   if [ -x /usr/bin/tuptime ]; then /usr/bin/tuptime -x > /dev/null; fi)       │
[INFO] [stderr]   29      - ├─────────┼──────────┼────────┼─────────────────────┼──────────┼─────────────────────────────────────────────────────────────────────────────────┤
[INFO] [stderr]   30      - │ 1023425 │ someuser │ OK     │ 2022-03-23 14:30:08 │ unknow   │                                                                                 │
[INFO] [stderr]   31      - ├─────────┼──────────┼────────┼─────────────────────┼──────────┼─────────────────────────────────────────────────────────────────────────────────┤
[INFO] [stderr]   32      - │ 1023427 │ root     │ OK     │ 2022-03-23 14:34:08 │ unknow   │                                                                                 │
[INFO] [stderr]   33      - ├─────────┼──────────┼────────┼─────────────────────┼──────────┼─────────────────────────────────────────────────────────────────────────────────┤
[INFO] [stderr]   34      - │ 1025149 │ root     │ OK     │ 2022-03-23 14:35:01 │ 0        │ ([1025153] command -v debian-sa1 > /dev/null && debian-sa1 1 1)                 │
[INFO] [stderr]   35      - │         │          │        │ 2022-03-23 14:35:01 │          │                                                                                 │
[INFO] [stderr]   36      - ├─────────┼──────────┼────────┼─────────────────────┼──────────┼─────────────────────────────────────────────────────────────────────────────────┤
[INFO] [stderr]   37      - │ 1025150 │ root     │ OK     │ 2022-03-23 14:35:01 │ 1        │ ([1025152] OUTPUT=$(docker exec --user=www-data php-fpm /var/www/app/update.php │
[INFO] [stderr]   38      - │         │          │        │ 2022-03-23 14:35:02 │          │ 2>&1) || echo "$OUTPUT")                                                        │
[INFO] [stderr]   39      - ├─────────┼──────────┼────────┼─────────────────────┼──────────┼─────────────────────────────────────────────────────────────────────────────────┤
[INFO] [stderr]   40      - │ 1025151 │ _tuptime │ OK     │ 2022-03-23 14:35:01 │ 0        │ ([1025154]    if [ -x /usr/bin/tuptime ]; then /usr/bin/tuptime -x > /dev/null; │
[INFO] [stderr]   41      - │         │          │        │ 2022-03-23 14:35:01 │          │ fi)                                                                             │
[INFO] [stderr]   42      - ├─────────┼──────────┼────────┼─────────────────────┼──────────┼─────────────────────────────────────────────────────────────────────────────────┤
[INFO] [stderr]   43      - │ 1025450 │ root     │ OK     │ 2022-03-23 14:40:01 │ 0        │ ([1025453] OUTPUT=$(docker exec --user=www-data php-fpm /var/www/app/update.php │
[INFO] [stderr]   44      - │         │          │        │ 2022-03-23 14:40:01 │          │ 2>&1) || echo "$OUTPUT")                                                        │
[INFO] [stderr]   45      - ├─────────┼──────────┼────────┼─────────────────────┼──────────┼─────────────────────────────────────────────────────────────────────────────────┤
[INFO] [stderr]   46      - │ 1025451 │ _tuptime │ OK     │ 2022-03-23 14:40:01 │ 0        │ ([1025452]    if [ -x /usr/bin/tuptime ]; then /usr/bin/tuptime -x > /dev/null; │
[INFO] [stderr]   47      - │         │          │        │ 2022-03-23 14:40:01 │          │ fi)                                                                             │
[INFO] [stderr]   48      - ├─────────┼──────────┼────────┼─────────────────────┼──────────┼─────────────────────────────────────────────────────────────────────────────────┤
[INFO] [stderr]   49      - │ 1025739 │ root     │ OK     │ 2022-03-23 14:45:01 │ 0        │ ([1025747] command -v debian-sa1 > /dev/null && debian-sa1 1 1)                 │
[INFO] [stderr]   50      - │         │          │        │ 2022-03-23 14:45:01 │          │                                                                                 │
[INFO] [stderr]   51      - ├─────────┼──────────┼────────┼─────────────────────┼──────────┼─────────────────────────────────────────────────────────────────────────────────┤
[INFO] [stderr]   52      - │ 1025740 │ someuser │ unknow │ 2022-03-23 14:45:01 │ unknow   │ ([1025745] /home/someuser/some_script.sh                                        │
[INFO] [stderr]   53      - ├─────────┼──────────┼────────┼─────────────────────┼──────────┼─────────────────────────────────────────────────────────────────────────────────┤
[INFO] [stderr]   54      - │ 1025741 │ root     │ OK     │ 2022-03-23 14:45:01 │ 91       │ ([1025746] OUTPUT=$(docker exec --user=www-data php-fpm /var/www/app/update.php │
[INFO] [stderr]   55      - │         │          │        │ 2022-03-23 14:46:32 │          │ 2>&1) || echo "$OUTPUT")                                                        │
[INFO] [stderr]   56      - ├─────────┼──────────┼────────┼─────────────────────┼──────────┼─────────────────────────────────────────────────────────────────────────────────┤
[INFO] [stderr]   57      - │ 1025742 │ root     │ unknow │ 2022-03-23 14:45:01 │ unknow   │ ([1025750] OUTPUT=$(docker exec --user=www-data php-fpm /var/www/app/update.php │
[INFO] [stderr]   58      - │         │          │        │                     │          │ 2>&1) || echo "$OUTPUT")                                                        │
[INFO] [stderr]   59      - ├─────────┼──────────┼────────┼─────────────────────┼──────────┼─────────────────────────────────────────────────────────────────────────────────┤
[INFO] [stderr]   60      - │ 1025743 │ _tuptime │ OK     │ 2022-03-23 14:45:01 │ 0        │ ([1025754]    if [ -x /usr/bin/tuptime ]; then /usr/bin/tuptime -x > /dev/null; │
[INFO] [stderr]   61      - │         │          │        │ 2022-03-23 14:45:01 │          │ fi)                                                                             │
[INFO] [stderr]   62      - ├─────────┼──────────┼────────┼─────────────────────┼──────────┼─────────────────────────────────────────────────────────────────────────────────┤
[INFO] [stderr]   63      - │ 1025744 │ someuser │ unknow │ 2022-03-23 14:45:01 │ unknow   │ ([1025753] /home/someuser/some_script.sh)                                       │
[INFO] [stderr]   64      - └─────────┴──────────┴────────┴─────────────────────┴──────────┴─────────────────────────────────────────────────────────────────────────────────┘
[INFO] [stderr] stderr:
[INFO] [stderr] 
[INFO] [stderr] Update snapshots with `TRYCMD=overwrite`
[INFO] [stderr] Debug output with `TRYCMD=dump`
[INFO] [stdout] test tests::cli_tests ... FAILED
[INFO] [stdout] 
[INFO] [stdout] failures:
[INFO] [stdout] 
[INFO] [stdout] ---- tests::cli_tests stdout ----
[INFO] [stdout] thread 'tests::cli_tests' panicked at '4 of 2 tests failed', /opt/rustwide/cargo-home/registry/src/index.crates.io-6f17d22bba15001f/trycmd-0.13.4/src/runner.rs:92:17
[INFO] [stdout] stack backtrace:
[INFO] [stdout]    0:     0x55805a10177a - std::backtrace_rs::backtrace::libunwind::trace::h2f05d0192276a8f6
[INFO] [stdout]                                at /rustc/1b7dd2252b99671ce5d1cb9664c5f8636329436d/library/std/src/../../backtrace/src/backtrace/libunwind.rs:93:5
[INFO] [stdout]    1:     0x55805a10177a - std::backtrace_rs::backtrace::trace_unsynchronized::hedc23dff7a1af150
[INFO] [stdout]                                at /rustc/1b7dd2252b99671ce5d1cb9664c5f8636329436d/library/std/src/../../backtrace/src/backtrace/mod.rs:66:5
[INFO] [stdout]    2:     0x55805a10177a - std::sys_common::backtrace::_print_fmt::h17541ef7592f3ce2
[INFO] [stdout]                                at /rustc/1b7dd2252b99671ce5d1cb9664c5f8636329436d/library/std/src/sys_common/backtrace.rs:65:5
[INFO] [stdout]    3:     0x55805a10177a - <std::sys_common::backtrace::_print::DisplayBacktrace as core::fmt::Display>::fmt::h20f75df5ab0c0792
[INFO] [stdout]                                at /rustc/1b7dd2252b99671ce5d1cb9664c5f8636329436d/library/std/src/sys_common/backtrace.rs:44:22
[INFO] [stdout]    4:     0x55805a128c1f - core::fmt::write::h78109e6f466b3af6
[INFO] [stdout]                                at /rustc/1b7dd2252b99671ce5d1cb9664c5f8636329436d/library/core/src/fmt/mod.rs:1254:17
[INFO] [stdout]    5:     0x55805a0fd8f5 - std::io::Write::write_fmt::hd24bfb68a1b35a25
[INFO] [stdout]                                at /rustc/1b7dd2252b99671ce5d1cb9664c5f8636329436d/library/std/src/io/mod.rs:1698:15
[INFO] [stdout]    6:     0x55805a101545 - std::sys_common::backtrace::_print::h8dac57a9f8fbf9a5
[INFO] [stdout]                                at /rustc/1b7dd2252b99671ce5d1cb9664c5f8636329436d/library/std/src/sys_common/backtrace.rs:47:5
[INFO] [stdout]    7:     0x55805a101545 - std::sys_common::backtrace::print::hf9ecbf41d1aa712f
[INFO] [stdout]                                at /rustc/1b7dd2252b99671ce5d1cb9664c5f8636329436d/library/std/src/sys_common/backtrace.rs:34:9
[INFO] [stdout]    8:     0x55805a10386e - std::panicking::default_hook::{{closure}}::h04c07acfc84ca028
[INFO] [stdout]                                at /rustc/1b7dd2252b99671ce5d1cb9664c5f8636329436d/library/std/src/panicking.rs:269:22
[INFO] [stdout]    9:     0x55805a1035a1 - std::panicking::default_hook::h01f6bb23e1eceb2c
[INFO] [stdout]                                at /rustc/1b7dd2252b99671ce5d1cb9664c5f8636329436d/library/std/src/panicking.rs:285:9
[INFO] [stdout]   10:     0x558059ba1adb - <alloc::boxed::Box<F,A> as core::ops::function::Fn<Args>>::call::h87fe9f7b2fd49e4c
[INFO] [stdout]                                at /rustc/1b7dd2252b99671ce5d1cb9664c5f8636329436d/library/alloc/src/boxed.rs:1987:9
[INFO] [stdout]   11:     0x558059ba1adb - test::test_main::{{closure}}::he94d679243a7531b
[INFO] [stdout]                                at /rustc/1b7dd2252b99671ce5d1cb9664c5f8636329436d/library/test/src/lib.rs:134:21
[INFO] [stdout]   12:     0x55805a103f54 - <alloc::boxed::Box<F,A> as core::ops::function::Fn<Args>>::call::h3f2d6d8b14c4769f
[INFO] [stdout]                                at /rustc/1b7dd2252b99671ce5d1cb9664c5f8636329436d/library/alloc/src/boxed.rs:1987:9
[INFO] [stdout]   13:     0x55805a103f54 - std::panicking::rust_panic_with_hook::h2bb3722bbaf2f6df
[INFO] [stdout]                                at /rustc/1b7dd2252b99671ce5d1cb9664c5f8636329436d/library/std/src/panicking.rs:695:13
[INFO] [stdout]   14:     0x55805a103cc9 - std::panicking::begin_panic_handler::{{closure}}::h91bc7f36a4be011b
[INFO] [stdout]                                at /rustc/1b7dd2252b99671ce5d1cb9664c5f8636329436d/library/std/src/panicking.rs:582:13
[INFO] [stdout]   15:     0x55805a101be6 - std::sys_common::backtrace::__rust_end_short_backtrace::h8b3d3717114f9e59
[INFO] [stdout]                                at /rustc/1b7dd2252b99671ce5d1cb9664c5f8636329436d/library/std/src/sys_common/backtrace.rs:150:18
[INFO] [stdout]   16:     0x55805a103a22 - rust_begin_unwind
[INFO] [stdout]                                at /rustc/1b7dd2252b99671ce5d1cb9664c5f8636329436d/library/std/src/panicking.rs:578:5
[INFO] [stdout]   17:     0x558059b6d743 - core::panicking::panic_fmt::hfd368e3fbdabea26
[INFO] [stdout]                                at /rustc/1b7dd2252b99671ce5d1cb9664c5f8636329436d/library/core/src/panicking.rs:67:14
[INFO] [stdout]   18:     0x558059c2b485 - trycmd::runner::Runner::run::h17e7de85733afc26
[INFO] [stdout]                                at /opt/rustwide/cargo-home/registry/src/index.crates.io-6f17d22bba15001f/trycmd-0.13.4/src/runner.rs:92:17
[INFO] [stdout]   19:     0x558059bae5e7 - trycmd::cases::TestCases::run::h0857b17ccbd926c2
[INFO] [stdout]                                at /opt/rustwide/cargo-home/registry/src/index.crates.io-6f17d22bba15001f/trycmd-0.13.4/src/cases.rs:165:9
[INFO] [stdout]   20:     0x558059bae68a - <trycmd::cases::TestCases as core::ops::drop::Drop>::drop::h221a78cf087f7236
[INFO] [stdout]                                at /opt/rustwide/cargo-home/registry/src/index.crates.io-6f17d22bba15001f/trycmd-0.13.4/src/cases.rs:175:13
[INFO] [stdout]   21:     0x558059bc9f57 - core::ptr::drop_in_place<trycmd::cases::TestCases>::h26e2b64fe5735d4c
[INFO] [stdout]                                at /rustc/1b7dd2252b99671ce5d1cb9664c5f8636329436d/library/core/src/ptr/mod.rs:490:1
[INFO] [stdout]   22:     0x558059b6e003 - topcron::tests::cli_tests::ha6870d1119786b5e
[INFO] [stdout]                                at /opt/rustwide/workdir/src/main.rs:96:60
[INFO] [stdout]   23:     0x558059b6df87 - topcron::tests::cli_tests::{{closure}}::h938336fb6362d66a
[INFO] [stdout]                                at /opt/rustwide/workdir/src/main.rs:95:20
[INFO] [stdout]   24:     0x558059b6e605 - core::ops::function::FnOnce::call_once::hff2b30ee72db60ed
[INFO] [stdout]                                at /rustc/1b7dd2252b99671ce5d1cb9664c5f8636329436d/library/core/src/ops/function.rs:250:5
[INFO] [stdout]   25:     0x558059ba69af - core::ops::function::FnOnce::call_once::ha6a70e79f7481a7e
[INFO] [stdout]                                at /rustc/1b7dd2252b99671ce5d1cb9664c5f8636329436d/library/core/src/ops/function.rs:250:5
[INFO] [stdout]   26:     0x558059ba69af - test::__rust_begin_short_backtrace::hce33033019b61e69
[INFO] [stdout]                                at /rustc/1b7dd2252b99671ce5d1cb9664c5f8636329436d/library/test/src/lib.rs:655:18
[INFO] [stdout]   27:     0x558059b7419c - test::run_test::{{closure}}::h858d3528838ae3e5
[INFO] [stdout]                                at /rustc/1b7dd2252b99671ce5d1cb9664c5f8636329436d/library/test/src/lib.rs:646:30
[INFO] [stdout]   28:     0x558059b7419c - core::ops::function::FnOnce::call_once{{vtable.shim}}::he8ac2b00f01ae79e
[INFO] [stdout]                                at /rustc/1b7dd2252b99671ce5d1cb9664c5f8636329436d/library/core/src/ops/function.rs:250:5
[INFO] [stdout]   29:     0x558059ba5a86 - <alloc::boxed::Box<F,A> as core::ops::function::FnOnce<Args>>::call_once::h8093d25b522725ef
[INFO] [stdout]                                at /rustc/1b7dd2252b99671ce5d1cb9664c5f8636329436d/library/alloc/src/boxed.rs:1973:9
[INFO] [stdout]   30:     0x558059ba5a86 - <core::panic::unwind_safe::AssertUnwindSafe<F> as core::ops::function::FnOnce<()>>::call_once::h5c334c204e4a3913
[INFO] [stdout]                                at /rustc/1b7dd2252b99671ce5d1cb9664c5f8636329436d/library/core/src/panic/unwind_safe.rs:271:9
[INFO] [stdout]   31:     0x558059ba5a86 - std::panicking::try::do_call::ha8b740c7b9478074
[INFO] [stdout]                                at /rustc/1b7dd2252b99671ce5d1cb9664c5f8636329436d/library/std/src/panicking.rs:485:40
[INFO] [stdout]   32:     0x558059ba5a86 - std::panicking::try::h5d34f63d0e41b64e
[INFO] [stdout]                                at /rustc/1b7dd2252b99671ce5d1cb9664c5f8636329436d/library/std/src/panicking.rs:449:19
[INFO] [stdout]   33:     0x558059ba5a86 - std::panic::catch_unwind::hcfbb511e1aa7fc67
[INFO] [stdout]                                at /rustc/1b7dd2252b99671ce5d1cb9664c5f8636329436d/library/std/src/panic.rs:140:14
[INFO] [stdout]   34:     0x558059ba5a86 - test::run_test_in_process::h9abda90f802eaf21
[INFO] [stdout]                                at /rustc/1b7dd2252b99671ce5d1cb9664c5f8636329436d/library/test/src/lib.rs:678:27
[INFO] [stdout]   35:     0x558059ba5a86 - test::run_test::run_test_inner::{{closure}}::h0f058de91f6c6edf
[INFO] [stdout]                                at /rustc/1b7dd2252b99671ce5d1cb9664c5f8636329436d/library/test/src/lib.rs:572:39
[INFO] [stdout]   36:     0x558059b6e9a5 - test::run_test::run_test_inner::{{closure}}::h5ca48a4c59c6c1fb
[INFO] [stdout]                                at /rustc/1b7dd2252b99671ce5d1cb9664c5f8636329436d/library/test/src/lib.rs:599:37
[INFO] [stdout]   37:     0x558059b6e9a5 - std::sys_common::backtrace::__rust_begin_short_backtrace::h32bd51e1495d4a33
[INFO] [stdout]                                at /rustc/1b7dd2252b99671ce5d1cb9664c5f8636329436d/library/std/src/sys_common/backtrace.rs:134:18
[INFO] [stdout]   38:     0x558059b73ee1 - std::thread::Builder::spawn_unchecked_::{{closure}}::{{closure}}::hc086fae9b128b2db
[INFO] [stdout]                                at /rustc/1b7dd2252b99671ce5d1cb9664c5f8636329436d/library/std/src/thread/mod.rs:526:17
[INFO] [stdout]   39:     0x558059b73ee1 - <core::panic::unwind_safe::AssertUnwindSafe<F> as core::ops::function::FnOnce<()>>::call_once::hb66571888d270d43
[INFO] [stdout]                                at /rustc/1b7dd2252b99671ce5d1cb9664c5f8636329436d/library/core/src/panic/unwind_safe.rs:271:9
[INFO] [stdout]   40:     0x558059b73ee1 - std::panicking::try::do_call::h4fa2ef4f6e51fecf
[INFO] [stdout]                                at /rustc/1b7dd2252b99671ce5d1cb9664c5f8636329436d/library/std/src/panicking.rs:485:40
[INFO] [stdout]   41:     0x558059b73ee1 - std::panicking::try::h1e9e22b8584489b5
[INFO] [stdout]                                at /rustc/1b7dd2252b99671ce5d1cb9664c5f8636329436d/library/std/src/panicking.rs:449:19
[INFO] [stdout]   42:     0x558059b73ee1 - std::panic::catch_unwind::h44698a3de0e0769e
[INFO] [stdout]                                at /rustc/1b7dd2252b99671ce5d1cb9664c5f8636329436d/library/std/src/panic.rs:140:14
[INFO] [stdout]   43:     0x558059b73ee1 - std::thread::Builder::spawn_unchecked_::{{closure}}::h50153abde3fe239e
[INFO] [stdout]                                at /rustc/1b7dd2252b99671ce5d1cb9664c5f8636329436d/library/std/src/thread/mod.rs:525:30
[INFO] [stdout]   44:     0x558059b73ee1 - core::ops::function::FnOnce::call_once{{vtable.shim}}::hbe5bbf6f38394364
[INFO] [stdout]                                at /rustc/1b7dd2252b99671ce5d1cb9664c5f8636329436d/library/core/src/ops/function.rs:250:5
[INFO] [stdout]   45:     0x55805a109d95 - <alloc::boxed::Box<F,A> as core::ops::function::FnOnce<Args>>::call_once::h0d83cb2920a49046
[INFO] [stdout]                                at /rustc/1b7dd2252b99671ce5d1cb9664c5f8636329436d/library/alloc/src/boxed.rs:1973:9
[INFO] [stdout]   46:     0x55805a109d95 - <alloc::boxed::Box<F,A> as core::ops::function::FnOnce<Args>>::call_once::hbe0a008aa7d9ef59
[INFO] [stdout]                                at /rustc/1b7dd2252b99671ce5d1cb9664c5f8636329436d/library/alloc/src/boxed.rs:1973:9
[INFO] [stdout]   47:     0x55805a109d95 - std::sys::unix::thread::Thread::new::thread_start::h3a466996bdf6b1f9
[INFO] [stdout]                                at /rustc/1b7dd2252b99671ce5d1cb9664c5f8636329436d/library/std/src/sys/unix/thread.rs:108:17
[INFO] [stdout]   48:     0x7f35a6856b43 - <unknown>
[INFO] [stdout]   49:     0x7f35a68e7bb4 - __clone
[INFO] [stdout]   50:                0x0 - <unknown>
[INFO] [stdout] 
[INFO] [stdout] 
[INFO] [stdout] failures:
[INFO] [stdout]     tests::cli_tests
[INFO] [stdout] 
[INFO] [stdout] test result: FAILED. 0 passed; 1 failed; 0 ignored; 0 measured; 0 filtered out; finished in 0.51s
[INFO] [stdout] 
[INFO] [stderr] error: test failed, to rerun pass `--bin topcron`
[INFO] running `Command { std: "docker" "inspect" "79ec71c9756194d3b7a65f8ca9fa4b6a333bd0a46dc67644191a14c06dd4d66e", kill_on_drop: false }`
[INFO] running `Command { std: "docker" "rm" "-f" "79ec71c9756194d3b7a65f8ca9fa4b6a333bd0a46dc67644191a14c06dd4d66e", kill_on_drop: false }`
[INFO] [stdout] 79ec71c9756194d3b7a65f8ca9fa4b6a333bd0a46dc67644191a14c06dd4d66e
