[INFO] fetching crate toolforge 5.5.0...
[INFO] testing toolforge-5.5.0 against beta-2023-04-20 for beta-1.70-1
[INFO] extracting crate toolforge 5.5.0 into /workspace/builds/worker-7-tc2/source
[INFO] validating manifest of crates.io crate toolforge 5.5.0 on toolchain beta-2023-04-20
[INFO] running `Command { std: CARGO_HOME="/workspace/cargo-home" RUSTUP_HOME="/workspace/rustup-home" "/workspace/cargo-home/bin/cargo" "+beta-2023-04-20" "metadata" "--manifest-path" "Cargo.toml" "--no-deps", kill_on_drop: false }`
[INFO] started tweaking crates.io crate toolforge 5.5.0
[INFO] finished tweaking crates.io crate toolforge 5.5.0
[INFO] tweaked toml for crates.io crate toolforge 5.5.0 written to /workspace/builds/worker-7-tc2/source/Cargo.toml
[INFO] crate crates.io crate toolforge 5.5.0 already has a lockfile, it will not be regenerated
[INFO] running `Command { std: CARGO_HOME="/workspace/cargo-home" RUSTUP_HOME="/workspace/rustup-home" "/workspace/cargo-home/bin/cargo" "+beta-2023-04-20" "fetch" "--manifest-path" "Cargo.toml", kill_on_drop: false }`
[INFO] [stderr]     Updating crates.io index
[INFO] [stderr]  Downloading crates ...
[INFO] [stderr]   Downloaded priority-queue v1.3.0
[INFO] [stderr]   Downloaded mysql_async v0.31.2
[INFO] running `Command { std: "docker" "create" "-v" "/var/lib/crater-agent-workspace/builds/worker-7-tc2/target:/opt/rustwide/target:rw,Z" "-v" "/var/lib/crater-agent-workspace/builds/worker-7-tc2/source:/opt/rustwide/workdir:ro,Z" "-v" "/var/lib/crater-agent-workspace/cargo-home:/opt/rustwide/cargo-home:ro,Z" "-v" "/var/lib/crater-agent-workspace/rustup-home:/opt/rustwide/rustup-home:ro,Z" "-e" "SOURCE_DIR=/opt/rustwide/workdir" "-e" "CARGO_TARGET_DIR=/opt/rustwide/target" "-e" "CARGO_HOME=/opt/rustwide/cargo-home" "-e" "RUSTUP_HOME=/opt/rustwide/rustup-home" "-w" "/opt/rustwide/workdir" "-m" "1610612736" "--user" "0:0" "--network" "none" "ghcr.io/rust-lang/crates-build-env/linux@sha256:5ff2268d62e97bff2cde7d5815dd6ed5b47097566f13b8d0ca110b04b60e07ed" "/opt/rustwide/cargo-home/bin/cargo" "+beta-2023-04-20" "metadata" "--no-deps" "--format-version=1", kill_on_drop: false }`
[INFO] [stdout] 37704d45f5318c460b0005a1cbca62e74d45456f1fc25f7e16af6f709d7f793d
[INFO] running `Command { std: "docker" "start" "-a" "37704d45f5318c460b0005a1cbca62e74d45456f1fc25f7e16af6f709d7f793d", kill_on_drop: false }`
[INFO] running `Command { std: "docker" "inspect" "37704d45f5318c460b0005a1cbca62e74d45456f1fc25f7e16af6f709d7f793d", kill_on_drop: false }`
[INFO] running `Command { std: "docker" "rm" "-f" "37704d45f5318c460b0005a1cbca62e74d45456f1fc25f7e16af6f709d7f793d", kill_on_drop: false }`
[INFO] [stdout] 37704d45f5318c460b0005a1cbca62e74d45456f1fc25f7e16af6f709d7f793d
[INFO] running `Command { std: "docker" "create" "-v" "/var/lib/crater-agent-workspace/builds/worker-7-tc2/target:/opt/rustwide/target:rw,Z" "-v" "/var/lib/crater-agent-workspace/builds/worker-7-tc2/source:/opt/rustwide/workdir:ro,Z" "-v" "/var/lib/crater-agent-workspace/cargo-home:/opt/rustwide/cargo-home:ro,Z" "-v" "/var/lib/crater-agent-workspace/rustup-home:/opt/rustwide/rustup-home:ro,Z" "-e" "SOURCE_DIR=/opt/rustwide/workdir" "-e" "CARGO_TARGET_DIR=/opt/rustwide/target" "-e" "CARGO_INCREMENTAL=0" "-e" "RUST_BACKTRACE=full" "-e" "RUSTFLAGS=--cap-lints=warn" "-e" "RUSTDOCFLAGS=--cap-lints=warn" "-e" "CARGO_HOME=/opt/rustwide/cargo-home" "-e" "RUSTUP_HOME=/opt/rustwide/rustup-home" "-w" "/opt/rustwide/workdir" "-m" "1610612736" "--user" "0:0" "--network" "none" "ghcr.io/rust-lang/crates-build-env/linux@sha256:5ff2268d62e97bff2cde7d5815dd6ed5b47097566f13b8d0ca110b04b60e07ed" "/opt/rustwide/cargo-home/bin/cargo" "+beta-2023-04-20" "build" "--frozen" "--message-format=json", kill_on_drop: false }`
[INFO] [stdout] d762569b46c1da3c6af925225561eaa0e25300ad9fd4dab8902e1b9d5c4c845a
[INFO] running `Command { std: "docker" "start" "-a" "d762569b46c1da3c6af925225561eaa0e25300ad9fd4dab8902e1b9d5c4c845a", kill_on_drop: false }`
[INFO] [stderr]    Compiling toolforge v5.5.0 (/opt/rustwide/workdir)
[INFO] [stderr]     Finished dev [unoptimized + debuginfo] target(s) in 0.11s
[INFO] running `Command { std: "docker" "inspect" "d762569b46c1da3c6af925225561eaa0e25300ad9fd4dab8902e1b9d5c4c845a", kill_on_drop: false }`
[INFO] running `Command { std: "docker" "rm" "-f" "d762569b46c1da3c6af925225561eaa0e25300ad9fd4dab8902e1b9d5c4c845a", kill_on_drop: false }`
[INFO] [stdout] d762569b46c1da3c6af925225561eaa0e25300ad9fd4dab8902e1b9d5c4c845a
[INFO] running `Command { std: "docker" "create" "-v" "/var/lib/crater-agent-workspace/builds/worker-7-tc2/target:/opt/rustwide/target:rw,Z" "-v" "/var/lib/crater-agent-workspace/builds/worker-7-tc2/source:/opt/rustwide/workdir:ro,Z" "-v" "/var/lib/crater-agent-workspace/cargo-home:/opt/rustwide/cargo-home:ro,Z" "-v" "/var/lib/crater-agent-workspace/rustup-home:/opt/rustwide/rustup-home:ro,Z" "-e" "SOURCE_DIR=/opt/rustwide/workdir" "-e" "CARGO_TARGET_DIR=/opt/rustwide/target" "-e" "CARGO_INCREMENTAL=0" "-e" "RUST_BACKTRACE=full" "-e" "RUSTFLAGS=--cap-lints=warn" "-e" "RUSTDOCFLAGS=--cap-lints=warn" "-e" "CARGO_HOME=/opt/rustwide/cargo-home" "-e" "RUSTUP_HOME=/opt/rustwide/rustup-home" "-w" "/opt/rustwide/workdir" "-m" "1610612736" "--user" "0:0" "--network" "none" "ghcr.io/rust-lang/crates-build-env/linux@sha256:5ff2268d62e97bff2cde7d5815dd6ed5b47097566f13b8d0ca110b04b60e07ed" "/opt/rustwide/cargo-home/bin/cargo" "+beta-2023-04-20" "test" "--frozen" "--no-run" "--message-format=json", kill_on_drop: false }`
[INFO] [stdout] da16f0ff6fd34b1d5007c5613893abaf287d9aa4c8a7fb6229430039011b5113
[INFO] running `Command { std: "docker" "start" "-a" "da16f0ff6fd34b1d5007c5613893abaf287d9aa4c8a7fb6229430039011b5113", kill_on_drop: false }`
[INFO] [stderr]    Compiling toolforge v5.5.0 (/opt/rustwide/workdir)
[INFO] [stderr]     Finished test [unoptimized + debuginfo] target(s) in 0.39s
[INFO] running `Command { std: "docker" "inspect" "da16f0ff6fd34b1d5007c5613893abaf287d9aa4c8a7fb6229430039011b5113", kill_on_drop: false }`
[INFO] running `Command { std: "docker" "rm" "-f" "da16f0ff6fd34b1d5007c5613893abaf287d9aa4c8a7fb6229430039011b5113", kill_on_drop: false }`
[INFO] [stdout] da16f0ff6fd34b1d5007c5613893abaf287d9aa4c8a7fb6229430039011b5113
[INFO] running `Command { std: "docker" "create" "-v" "/var/lib/crater-agent-workspace/builds/worker-7-tc2/target:/opt/rustwide/target:rw,Z" "-v" "/var/lib/crater-agent-workspace/builds/worker-7-tc2/source:/opt/rustwide/workdir:ro,Z" "-v" "/var/lib/crater-agent-workspace/cargo-home:/opt/rustwide/cargo-home:ro,Z" "-v" "/var/lib/crater-agent-workspace/rustup-home:/opt/rustwide/rustup-home:ro,Z" "-e" "SOURCE_DIR=/opt/rustwide/workdir" "-e" "CARGO_TARGET_DIR=/opt/rustwide/target" "-e" "CARGO_INCREMENTAL=0" "-e" "RUST_BACKTRACE=full" "-e" "RUSTFLAGS=--cap-lints=warn" "-e" "RUSTDOCFLAGS=--cap-lints=warn" "-e" "CARGO_HOME=/opt/rustwide/cargo-home" "-e" "RUSTUP_HOME=/opt/rustwide/rustup-home" "-w" "/opt/rustwide/workdir" "-m" "1610612736" "--user" "0:0" "--network" "none" "ghcr.io/rust-lang/crates-build-env/linux@sha256:5ff2268d62e97bff2cde7d5815dd6ed5b47097566f13b8d0ca110b04b60e07ed" "/opt/rustwide/cargo-home/bin/cargo" "+beta-2023-04-20" "test" "--frozen", kill_on_drop: false }`
[INFO] [stdout] 388b48c951af9caad8febf46c433cbc54fb6b04433eb45daedd680d1cf5cb074
[INFO] running `Command { std: "docker" "start" "-a" "388b48c951af9caad8febf46c433cbc54fb6b04433eb45daedd680d1cf5cb074", kill_on_drop: false }`
[INFO] [stderr]     Finished test [unoptimized + debuginfo] target(s) in 0.05s
[INFO] [stderr]      Running unittests src/lib.rs (/opt/rustwide/target/debug/deps/toolforge-8cd02a23afaf044c)
[INFO] [stdout] 
[INFO] [stdout] running 2 tests
[INFO] [stdout] test tests::test_const_user_agent ... ok
[INFO] [stdout] test tests::test_user_agent ... ok
[INFO] [stdout] 
[INFO] [stdout] test result: ok. 2 passed; 0 failed; 0 ignored; 0 measured; 0 filtered out; finished in 0.00s
[INFO] [stdout] 
[INFO] [stderr]    Doc-tests toolforge
[INFO] [stdout] 
[INFO] [stdout] running 3 tests
[INFO] [stdout] test src/lib.rs - (line 48) ... FAILED
[INFO] [stdout] test src/lib.rs - user_agent (line 120) ... ok
[INFO] [stdout] test src/lib.rs - (line 28) ... ok
[INFO] [stdout] 
[INFO] [stdout] failures:
[INFO] [stdout] 
[INFO] [stdout] ---- src/lib.rs - (line 48) stdout ----
[INFO] [stdout] error[E0432]: unresolved import `mysql_async`
[INFO] [stdout]  --> src/lib.rs:49:5
[INFO] [stdout]   |
[INFO] [stdout] 4 | use mysql_async::Pool;
[INFO] [stdout]   |     ^^^^^^^^^^^ use of undeclared crate or module `mysql_async`
[INFO] [stdout] 
[INFO] [stdout] error[E0433]: failed to resolve: could not find `connection_info` in `toolforge`
[INFO] [stdout]  --> src/lib.rs:52:16
[INFO] [stdout]   |
[INFO] [stdout] 7 |     toolforge::connection_info!("enwiki", WEB)
[INFO] [stdout]   |                ^^^^^^^^^^^^^^^ could not find `connection_info` in `toolforge`
[INFO] [stdout] 
[INFO] [stdout] error[E0412]: cannot find type `Result` in crate `toolforge`
[INFO] [stdout]  --> src/lib.rs:50:31
[INFO] [stdout]   |
[INFO] [stdout] 5 | async fn demo() -> toolforge::Result<()> {
[INFO] [stdout]   |                               ^^^^^^ not found in `toolforge`
[INFO] [stdout]   |
[INFO] [stdout] help: consider importing one of these items
[INFO] [stdout]   |
[INFO] [stdout] 2 + use core::fmt::Result;
[INFO] [stdout]   |
[INFO] [stdout] 2 + use core::result::Result;
[INFO] [stdout]   |
[INFO] [stdout] 2 + use std::fmt::Result;
[INFO] [stdout]   |
[INFO] [stdout] 2 + use std::io::Result;
[INFO] [stdout]   |
[INFO] [stdout]     and 2 other candidates
[INFO] [stdout] help: if you import `Result`, refer to it directly
[INFO] [stdout]   |
[INFO] [stdout] 5 - async fn demo() -> toolforge::Result<()> {
[INFO] [stdout] 5 + async fn demo() -> Result<()> {
[INFO] [stdout]   |
[INFO] [stdout] 
[INFO] [stdout] error: aborting due to 3 previous errors
[INFO] [stdout] 
[INFO] [stdout] Some errors have detailed explanations: E0412, E0432, E0433.
[INFO] [stdout] For more information about an error, try `rustc --explain E0412`.
[INFO] [stdout] Couldn't compile the test.
[INFO] [stdout] 
[INFO] [stdout] failures:
[INFO] [stdout]     src/lib.rs - (line 48)
[INFO] [stdout] 
[INFO] [stdout] test result: FAILED. 2 passed; 1 failed; 0 ignored; 0 measured; 0 filtered out; finished in 0.17s
[INFO] [stdout] 
[INFO] [stderr] error: doctest failed, to rerun pass `--doc`
[INFO] running `Command { std: "docker" "inspect" "388b48c951af9caad8febf46c433cbc54fb6b04433eb45daedd680d1cf5cb074", kill_on_drop: false }`
[INFO] running `Command { std: "docker" "rm" "-f" "388b48c951af9caad8febf46c433cbc54fb6b04433eb45daedd680d1cf5cb074", kill_on_drop: false }`
[INFO] [stdout] 388b48c951af9caad8febf46c433cbc54fb6b04433eb45daedd680d1cf5cb074
