[INFO] fetching crate tonic-build-codec 0.6.2...
[INFO] testing tonic-build-codec-0.6.2 against beta-2023-04-20 for beta-1.70-1
[INFO] extracting crate tonic-build-codec 0.6.2 into /workspace/builds/worker-7-tc2/source
[INFO] validating manifest of crates.io crate tonic-build-codec 0.6.2 on toolchain beta-2023-04-20
[INFO] running `Command { std: CARGO_HOME="/workspace/cargo-home" RUSTUP_HOME="/workspace/rustup-home" "/workspace/cargo-home/bin/cargo" "+beta-2023-04-20" "metadata" "--manifest-path" "Cargo.toml" "--no-deps", kill_on_drop: false }`
[INFO] started tweaking crates.io crate tonic-build-codec 0.6.2
[INFO] finished tweaking crates.io crate tonic-build-codec 0.6.2
[INFO] tweaked toml for crates.io crate tonic-build-codec 0.6.2 written to /workspace/builds/worker-7-tc2/source/Cargo.toml
[INFO] running `Command { std: CARGO_HOME="/workspace/cargo-home" RUSTUP_HOME="/workspace/rustup-home" __CARGO_TEST_CHANNEL_OVERRIDE_DO_NOT_USE_THIS="nightly" "/workspace/cargo-home/bin/cargo" "+beta-2023-04-20" "generate-lockfile" "--manifest-path" "Cargo.toml" "-Zno-index-update", kill_on_drop: false }`
[INFO] running `Command { std: CARGO_HOME="/workspace/cargo-home" RUSTUP_HOME="/workspace/rustup-home" "/workspace/cargo-home/bin/cargo" "+beta-2023-04-20" "fetch" "--manifest-path" "Cargo.toml", kill_on_drop: false }`
[INFO] running `Command { std: "docker" "create" "-v" "/var/lib/crater-agent-workspace/builds/worker-7-tc2/target:/opt/rustwide/target:rw,Z" "-v" "/var/lib/crater-agent-workspace/builds/worker-7-tc2/source:/opt/rustwide/workdir:ro,Z" "-v" "/var/lib/crater-agent-workspace/cargo-home:/opt/rustwide/cargo-home:ro,Z" "-v" "/var/lib/crater-agent-workspace/rustup-home:/opt/rustwide/rustup-home:ro,Z" "-e" "SOURCE_DIR=/opt/rustwide/workdir" "-e" "CARGO_TARGET_DIR=/opt/rustwide/target" "-e" "CARGO_HOME=/opt/rustwide/cargo-home" "-e" "RUSTUP_HOME=/opt/rustwide/rustup-home" "-w" "/opt/rustwide/workdir" "-m" "1610612736" "--user" "0:0" "--network" "none" "ghcr.io/rust-lang/crates-build-env/linux@sha256:5ff2268d62e97bff2cde7d5815dd6ed5b47097566f13b8d0ca110b04b60e07ed" "/opt/rustwide/cargo-home/bin/cargo" "+beta-2023-04-20" "metadata" "--no-deps" "--format-version=1", kill_on_drop: false }`
[INFO] [stdout] 83341fa25ec81cb21f945274ebf888c7ff85afa30c9a9ed237a92aba1b996231
[INFO] running `Command { std: "docker" "start" "-a" "83341fa25ec81cb21f945274ebf888c7ff85afa30c9a9ed237a92aba1b996231", kill_on_drop: false }`
[INFO] running `Command { std: "docker" "inspect" "83341fa25ec81cb21f945274ebf888c7ff85afa30c9a9ed237a92aba1b996231", kill_on_drop: false }`
[INFO] running `Command { std: "docker" "rm" "-f" "83341fa25ec81cb21f945274ebf888c7ff85afa30c9a9ed237a92aba1b996231", kill_on_drop: false }`
[INFO] [stdout] 83341fa25ec81cb21f945274ebf888c7ff85afa30c9a9ed237a92aba1b996231
[INFO] running `Command { std: "docker" "create" "-v" "/var/lib/crater-agent-workspace/builds/worker-7-tc2/target:/opt/rustwide/target:rw,Z" "-v" "/var/lib/crater-agent-workspace/builds/worker-7-tc2/source:/opt/rustwide/workdir:ro,Z" "-v" "/var/lib/crater-agent-workspace/cargo-home:/opt/rustwide/cargo-home:ro,Z" "-v" "/var/lib/crater-agent-workspace/rustup-home:/opt/rustwide/rustup-home:ro,Z" "-e" "SOURCE_DIR=/opt/rustwide/workdir" "-e" "CARGO_TARGET_DIR=/opt/rustwide/target" "-e" "CARGO_INCREMENTAL=0" "-e" "RUST_BACKTRACE=full" "-e" "RUSTFLAGS=--cap-lints=warn" "-e" "RUSTDOCFLAGS=--cap-lints=warn" "-e" "CARGO_HOME=/opt/rustwide/cargo-home" "-e" "RUSTUP_HOME=/opt/rustwide/rustup-home" "-w" "/opt/rustwide/workdir" "-m" "1610612736" "--user" "0:0" "--network" "none" "ghcr.io/rust-lang/crates-build-env/linux@sha256:5ff2268d62e97bff2cde7d5815dd6ed5b47097566f13b8d0ca110b04b60e07ed" "/opt/rustwide/cargo-home/bin/cargo" "+beta-2023-04-20" "build" "--frozen" "--message-format=json", kill_on_drop: false }`
[INFO] [stdout] e59838c11e861453c491c9c23fa1ac8fac6fa2b23cfb611ebaddb2d1ebb98139
[INFO] running `Command { std: "docker" "start" "-a" "e59838c11e861453c491c9c23fa1ac8fac6fa2b23cfb611ebaddb2d1ebb98139", kill_on_drop: false }`
[INFO] [stderr]    Compiling proc-macro2 v1.0.56
[INFO] [stderr]    Compiling unicode-ident v1.0.8
[INFO] [stderr]    Compiling either v1.8.1
[INFO] [stderr]    Compiling syn v1.0.109
[INFO] [stderr]    Compiling anyhow v1.0.71
[INFO] [stderr]    Compiling libc v0.2.142
[INFO] [stderr]    Compiling io-lifetimes v1.0.10
[INFO] [stderr]    Compiling memchr v2.5.0
[INFO] [stderr]    Compiling rustix v0.37.18
[INFO] [stderr]    Compiling linux-raw-sys v0.3.6
[INFO] [stderr]    Compiling bytes v1.4.0
[INFO] [stderr]    Compiling hashbrown v0.12.3
[INFO] [stderr]    Compiling quote v1.0.26
[INFO] [stderr]    Compiling indexmap v1.9.3
[INFO] [stderr]    Compiling regex-syntax v0.7.1
[INFO] [stderr]    Compiling itertools v0.10.5
[INFO] [stderr]    Compiling fastrand v1.9.0
[INFO] [stderr]    Compiling fixedbitset v0.4.2
[INFO] [stderr]    Compiling unicode-segmentation v1.10.1
[INFO] [stderr]    Compiling multimap v0.8.3
[INFO] [stderr]    Compiling which v4.4.0
[INFO] [stderr]    Compiling aho-corasick v1.0.1
[INFO] [stderr]    Compiling heck v0.3.3
[INFO] [stderr]    Compiling prost-build v0.9.0
[INFO] [stderr]    Compiling petgraph v0.6.3
[INFO] [stderr]    Compiling regex v1.8.1
[INFO] [stderr]    Compiling prost-derive v0.9.0
[INFO] [stderr]    Compiling tempfile v3.5.0
[INFO] [stderr]    Compiling prost v0.9.0
[INFO] [stderr]    Compiling prost-types v0.9.0
[INFO] [stderr]    Compiling tonic-build-codec v0.6.2 (/opt/rustwide/workdir)
[INFO] [stderr]     Finished dev [unoptimized + debuginfo] target(s) in 12.40s
[INFO] running `Command { std: "docker" "inspect" "e59838c11e861453c491c9c23fa1ac8fac6fa2b23cfb611ebaddb2d1ebb98139", kill_on_drop: false }`
[INFO] running `Command { std: "docker" "rm" "-f" "e59838c11e861453c491c9c23fa1ac8fac6fa2b23cfb611ebaddb2d1ebb98139", kill_on_drop: false }`
[INFO] [stdout] e59838c11e861453c491c9c23fa1ac8fac6fa2b23cfb611ebaddb2d1ebb98139
[INFO] running `Command { std: "docker" "create" "-v" "/var/lib/crater-agent-workspace/builds/worker-7-tc2/target:/opt/rustwide/target:rw,Z" "-v" "/var/lib/crater-agent-workspace/builds/worker-7-tc2/source:/opt/rustwide/workdir:ro,Z" "-v" "/var/lib/crater-agent-workspace/cargo-home:/opt/rustwide/cargo-home:ro,Z" "-v" "/var/lib/crater-agent-workspace/rustup-home:/opt/rustwide/rustup-home:ro,Z" "-e" "SOURCE_DIR=/opt/rustwide/workdir" "-e" "CARGO_TARGET_DIR=/opt/rustwide/target" "-e" "CARGO_INCREMENTAL=0" "-e" "RUST_BACKTRACE=full" "-e" "RUSTFLAGS=--cap-lints=warn" "-e" "RUSTDOCFLAGS=--cap-lints=warn" "-e" "CARGO_HOME=/opt/rustwide/cargo-home" "-e" "RUSTUP_HOME=/opt/rustwide/rustup-home" "-w" "/opt/rustwide/workdir" "-m" "1610612736" "--user" "0:0" "--network" "none" "ghcr.io/rust-lang/crates-build-env/linux@sha256:5ff2268d62e97bff2cde7d5815dd6ed5b47097566f13b8d0ca110b04b60e07ed" "/opt/rustwide/cargo-home/bin/cargo" "+beta-2023-04-20" "test" "--frozen" "--no-run" "--message-format=json", kill_on_drop: false }`
[INFO] [stdout] 6f82ca9b59881b69e55e7da2bfeeff8731e6cc51b74ed054b5bdb7a305cf8161
[INFO] running `Command { std: "docker" "start" "-a" "6f82ca9b59881b69e55e7da2bfeeff8731e6cc51b74ed054b5bdb7a305cf8161", kill_on_drop: false }`
[INFO] [stderr]    Compiling tonic-build-codec v0.6.2 (/opt/rustwide/workdir)
[INFO] [stderr]     Finished test [unoptimized + debuginfo] target(s) in 2.10s
[INFO] running `Command { std: "docker" "inspect" "6f82ca9b59881b69e55e7da2bfeeff8731e6cc51b74ed054b5bdb7a305cf8161", kill_on_drop: false }`
[INFO] running `Command { std: "docker" "rm" "-f" "6f82ca9b59881b69e55e7da2bfeeff8731e6cc51b74ed054b5bdb7a305cf8161", kill_on_drop: false }`
[INFO] [stdout] 6f82ca9b59881b69e55e7da2bfeeff8731e6cc51b74ed054b5bdb7a305cf8161
[INFO] running `Command { std: "docker" "create" "-v" "/var/lib/crater-agent-workspace/builds/worker-7-tc2/target:/opt/rustwide/target:rw,Z" "-v" "/var/lib/crater-agent-workspace/builds/worker-7-tc2/source:/opt/rustwide/workdir:ro,Z" "-v" "/var/lib/crater-agent-workspace/cargo-home:/opt/rustwide/cargo-home:ro,Z" "-v" "/var/lib/crater-agent-workspace/rustup-home:/opt/rustwide/rustup-home:ro,Z" "-e" "SOURCE_DIR=/opt/rustwide/workdir" "-e" "CARGO_TARGET_DIR=/opt/rustwide/target" "-e" "CARGO_INCREMENTAL=0" "-e" "RUST_BACKTRACE=full" "-e" "RUSTFLAGS=--cap-lints=warn" "-e" "RUSTDOCFLAGS=--cap-lints=warn" "-e" "CARGO_HOME=/opt/rustwide/cargo-home" "-e" "RUSTUP_HOME=/opt/rustwide/rustup-home" "-w" "/opt/rustwide/workdir" "-m" "1610612736" "--user" "0:0" "--network" "none" "ghcr.io/rust-lang/crates-build-env/linux@sha256:5ff2268d62e97bff2cde7d5815dd6ed5b47097566f13b8d0ca110b04b60e07ed" "/opt/rustwide/cargo-home/bin/cargo" "+beta-2023-04-20" "test" "--frozen", kill_on_drop: false }`
[INFO] [stdout] eb0ffce7007c2996e6e492c7dd5ea9e6355fe25037770ea04c794592ed60bdf7
[INFO] running `Command { std: "docker" "start" "-a" "eb0ffce7007c2996e6e492c7dd5ea9e6355fe25037770ea04c794592ed60bdf7", kill_on_drop: false }`
[INFO] [stderr]     Finished test [unoptimized + debuginfo] target(s) in 0.04s
[INFO] [stderr]      Running unittests src/lib.rs (/opt/rustwide/target/debug/deps/tonic_build_codec-dd253404fc14275e)
[INFO] [stdout] 
[INFO] [stdout] running 2 tests
[INFO] [stdout] test tests::test_match_name ... ok
[INFO] [stdout] test tests::test_snake_case ... ok
[INFO] [stdout] 
[INFO] [stdout] test result: ok. 2 passed; 0 failed; 0 ignored; 0 measured; 0 filtered out; finished in 0.00s
[INFO] [stdout] 
[INFO] [stderr]    Doc-tests tonic-build-codec
[INFO] [stdout] 
[INFO] [stdout] running 4 tests
[INFO] [stdout] test src/lib.rs - (line 24) - compile ... FAILED
[INFO] [stdout] test src/lib.rs - Attributes::push_struct (line 193) ... FAILED
[INFO] [stdout] test src/lib.rs - Attributes::push_mod (line 180) ... FAILED
[INFO] [stdout] test src/lib.rs - (line 33) - compile ... FAILED
[INFO] [stdout] 
[INFO] [stdout] failures:
[INFO] [stdout] 
[INFO] [stdout] ---- src/lib.rs - (line 24) stdout ----
[INFO] [stdout] error[E0433]: failed to resolve: use of undeclared crate or module `tonic_build`
[INFO] [stdout]  --> src/lib.rs:26:5
[INFO] [stdout]   |
[INFO] [stdout] 3 |     tonic_build::compile_protos("proto/service.proto")?;
[INFO] [stdout]   |     ^^^^^^^^^^^ use of undeclared crate or module `tonic_build`
[INFO] [stdout] 
[INFO] [stdout] error: aborting due to previous error
[INFO] [stdout] 
[INFO] [stdout] For more information about this error, try `rustc --explain E0433`.
[INFO] [stdout] Couldn't compile the test.
[INFO] [stdout] ---- src/lib.rs - Attributes::push_struct (line 193) stdout ----
[INFO] [stdout] error[E0432]: unresolved import `tonic_build`
[INFO] [stdout]  --> src/lib.rs:194:5
[INFO] [stdout]   |
[INFO] [stdout] 3 | use tonic_build::*;
[INFO] [stdout]   |     ^^^^^^^^^^^ use of undeclared crate or module `tonic_build`
[INFO] [stdout] 
[INFO] [stdout] error[E0433]: failed to resolve: use of undeclared type `Attributes`
[INFO] [stdout]  --> src/lib.rs:195:22
[INFO] [stdout]   |
[INFO] [stdout] 4 | let mut attributes = Attributes::default();
[INFO] [stdout]   |                      ^^^^^^^^^^ use of undeclared type `Attributes`
[INFO] [stdout]   |
[INFO] [stdout] help: consider importing this struct
[INFO] [stdout]   |
[INFO] [stdout] 2 + use tonic_build_codec::Attributes;
[INFO] [stdout]   |
[INFO] [stdout] 
[INFO] [stdout] error: aborting due to 2 previous errors
[INFO] [stdout] 
[INFO] [stdout] Some errors have detailed explanations: E0432, E0433.
[INFO] [stdout] For more information about an error, try `rustc --explain E0432`.
[INFO] [stdout] Couldn't compile the test.
[INFO] [stdout] ---- src/lib.rs - Attributes::push_mod (line 180) stdout ----
[INFO] [stdout] error[E0432]: unresolved import `tonic_build`
[INFO] [stdout]  --> src/lib.rs:181:5
[INFO] [stdout]   |
[INFO] [stdout] 3 | use tonic_build::*;
[INFO] [stdout]   |     ^^^^^^^^^^^ use of undeclared crate or module `tonic_build`
[INFO] [stdout] 
[INFO] [stdout] error[E0433]: failed to resolve: use of undeclared type `Attributes`
[INFO] [stdout]  --> src/lib.rs:182:22
[INFO] [stdout]   |
[INFO] [stdout] 4 | let mut attributes = Attributes::default();
[INFO] [stdout]   |                      ^^^^^^^^^^ use of undeclared type `Attributes`
[INFO] [stdout]   |
[INFO] [stdout] help: consider importing this struct
[INFO] [stdout]   |
[INFO] [stdout] 2 + use tonic_build_codec::Attributes;
[INFO] [stdout]   |
[INFO] [stdout] 
[INFO] [stdout] error: aborting due to 2 previous errors
[INFO] [stdout] 
[INFO] [stdout] Some errors have detailed explanations: E0432, E0433.
[INFO] [stdout] For more information about an error, try `rustc --explain E0432`.
[INFO] [stdout] Couldn't compile the test.
[INFO] [stdout] ---- src/lib.rs - (line 33) stdout ----
[INFO] [stdout] error[E0433]: failed to resolve: use of undeclared crate or module `tonic_build`
[INFO] [stdout]  --> src/lib.rs:35:4
[INFO] [stdout]   |
[INFO] [stdout] 3 |    tonic_build::configure()
[INFO] [stdout]   |    ^^^^^^^^^^^ use of undeclared crate or module `tonic_build`
[INFO] [stdout] 
[INFO] [stdout] error: aborting due to previous error
[INFO] [stdout] 
[INFO] [stdout] For more information about this error, try `rustc --explain E0433`.
[INFO] [stdout] Couldn't compile the test.
[INFO] [stdout] 
[INFO] [stdout] failures:
[INFO] [stdout]     src/lib.rs - (line 24)
[INFO] [stdout]     src/lib.rs - (line 33)
[INFO] [stdout]     src/lib.rs - Attributes::push_mod (line 180)
[INFO] [stdout]     src/lib.rs - Attributes::push_struct (line 193)
[INFO] [stdout] 
[INFO] [stdout] test result: FAILED. 0 passed; 4 failed; 0 ignored; 0 measured; 0 filtered out; finished in 0.07s
[INFO] [stdout] 
[INFO] [stderr] error: doctest failed, to rerun pass `--doc`
[INFO] running `Command { std: "docker" "inspect" "eb0ffce7007c2996e6e492c7dd5ea9e6355fe25037770ea04c794592ed60bdf7", kill_on_drop: false }`
[INFO] running `Command { std: "docker" "rm" "-f" "eb0ffce7007c2996e6e492c7dd5ea9e6355fe25037770ea04c794592ed60bdf7", kill_on_drop: false }`
[INFO] [stdout] eb0ffce7007c2996e6e492c7dd5ea9e6355fe25037770ea04c794592ed60bdf7
