[INFO] fetching crate toml-cfg 0.1.3...
[INFO] testing toml-cfg-0.1.3 against beta-2023-04-20 for beta-1.70-1
[INFO] extracting crate toml-cfg 0.1.3 into /workspace/builds/worker-3-tc2/source
[INFO] validating manifest of crates.io crate toml-cfg 0.1.3 on toolchain beta-2023-04-20
[INFO] running `Command { std: CARGO_HOME="/workspace/cargo-home" RUSTUP_HOME="/workspace/rustup-home" "/workspace/cargo-home/bin/cargo" "+beta-2023-04-20" "metadata" "--manifest-path" "Cargo.toml" "--no-deps", kill_on_drop: false }`
[INFO] started tweaking crates.io crate toml-cfg 0.1.3
[INFO] finished tweaking crates.io crate toml-cfg 0.1.3
[INFO] tweaked toml for crates.io crate toml-cfg 0.1.3 written to /workspace/builds/worker-3-tc2/source/Cargo.toml
[INFO] running `Command { std: CARGO_HOME="/workspace/cargo-home" RUSTUP_HOME="/workspace/rustup-home" __CARGO_TEST_CHANNEL_OVERRIDE_DO_NOT_USE_THIS="nightly" "/workspace/cargo-home/bin/cargo" "+beta-2023-04-20" "generate-lockfile" "--manifest-path" "Cargo.toml" "-Zno-index-update", kill_on_drop: false }`
[INFO] running `Command { std: CARGO_HOME="/workspace/cargo-home" RUSTUP_HOME="/workspace/rustup-home" "/workspace/cargo-home/bin/cargo" "+beta-2023-04-20" "fetch" "--manifest-path" "Cargo.toml", kill_on_drop: false }`
[INFO] running `Command { std: "docker" "create" "-v" "/var/lib/crater-agent-workspace/builds/worker-3-tc2/target:/opt/rustwide/target:rw,Z" "-v" "/var/lib/crater-agent-workspace/builds/worker-3-tc2/source:/opt/rustwide/workdir:ro,Z" "-v" "/var/lib/crater-agent-workspace/cargo-home:/opt/rustwide/cargo-home:ro,Z" "-v" "/var/lib/crater-agent-workspace/rustup-home:/opt/rustwide/rustup-home:ro,Z" "-e" "SOURCE_DIR=/opt/rustwide/workdir" "-e" "CARGO_TARGET_DIR=/opt/rustwide/target" "-e" "CARGO_HOME=/opt/rustwide/cargo-home" "-e" "RUSTUP_HOME=/opt/rustwide/rustup-home" "-w" "/opt/rustwide/workdir" "-m" "1610612736" "--user" "0:0" "--network" "none" "ghcr.io/rust-lang/crates-build-env/linux@sha256:5ff2268d62e97bff2cde7d5815dd6ed5b47097566f13b8d0ca110b04b60e07ed" "/opt/rustwide/cargo-home/bin/cargo" "+beta-2023-04-20" "metadata" "--no-deps" "--format-version=1", kill_on_drop: false }`
[INFO] [stdout] c386b19e3217d00f852b8cd6d6b4e16407fcc91325e0da86bfa610f2f94955f4
[INFO] running `Command { std: "docker" "start" "-a" "c386b19e3217d00f852b8cd6d6b4e16407fcc91325e0da86bfa610f2f94955f4", kill_on_drop: false }`
[INFO] running `Command { std: "docker" "inspect" "c386b19e3217d00f852b8cd6d6b4e16407fcc91325e0da86bfa610f2f94955f4", kill_on_drop: false }`
[INFO] running `Command { std: "docker" "rm" "-f" "c386b19e3217d00f852b8cd6d6b4e16407fcc91325e0da86bfa610f2f94955f4", kill_on_drop: false }`
[INFO] [stdout] c386b19e3217d00f852b8cd6d6b4e16407fcc91325e0da86bfa610f2f94955f4
[INFO] running `Command { std: "docker" "create" "-v" "/var/lib/crater-agent-workspace/builds/worker-3-tc2/target:/opt/rustwide/target:rw,Z" "-v" "/var/lib/crater-agent-workspace/builds/worker-3-tc2/source:/opt/rustwide/workdir:ro,Z" "-v" "/var/lib/crater-agent-workspace/cargo-home:/opt/rustwide/cargo-home:ro,Z" "-v" "/var/lib/crater-agent-workspace/rustup-home:/opt/rustwide/rustup-home:ro,Z" "-e" "SOURCE_DIR=/opt/rustwide/workdir" "-e" "CARGO_TARGET_DIR=/opt/rustwide/target" "-e" "CARGO_INCREMENTAL=0" "-e" "RUST_BACKTRACE=full" "-e" "RUSTFLAGS=--cap-lints=warn" "-e" "RUSTDOCFLAGS=--cap-lints=warn" "-e" "CARGO_HOME=/opt/rustwide/cargo-home" "-e" "RUSTUP_HOME=/opt/rustwide/rustup-home" "-w" "/opt/rustwide/workdir" "-m" "1610612736" "--user" "0:0" "--network" "none" "ghcr.io/rust-lang/crates-build-env/linux@sha256:5ff2268d62e97bff2cde7d5815dd6ed5b47097566f13b8d0ca110b04b60e07ed" "/opt/rustwide/cargo-home/bin/cargo" "+beta-2023-04-20" "build" "--frozen" "--message-format=json", kill_on_drop: false }`
[INFO] [stdout] 225e97b764aacb5deec6b315af3af3d5d4ebc62d62dede14915d0aa9bec70de3
[INFO] running `Command { std: "docker" "start" "-a" "225e97b764aacb5deec6b315af3af3d5d4ebc62d62dede14915d0aa9bec70de3", kill_on_drop: false }`
[INFO] [stderr]    Compiling syn v1.0.109
[INFO] [stderr]    Compiling serde v1.0.160
[INFO] [stderr]    Compiling syn v2.0.15
[INFO] [stderr]    Compiling serde_derive v1.0.160
[INFO] [stderr]    Compiling toml v0.5.11
[INFO] [stderr]    Compiling toml-cfg v0.1.3 (/opt/rustwide/workdir)
[INFO] [stderr]     Finished dev [unoptimized + debuginfo] target(s) in 8.59s
[INFO] running `Command { std: "docker" "inspect" "225e97b764aacb5deec6b315af3af3d5d4ebc62d62dede14915d0aa9bec70de3", kill_on_drop: false }`
[INFO] running `Command { std: "docker" "rm" "-f" "225e97b764aacb5deec6b315af3af3d5d4ebc62d62dede14915d0aa9bec70de3", kill_on_drop: false }`
[INFO] [stdout] 225e97b764aacb5deec6b315af3af3d5d4ebc62d62dede14915d0aa9bec70de3
[INFO] running `Command { std: "docker" "create" "-v" "/var/lib/crater-agent-workspace/builds/worker-3-tc2/target:/opt/rustwide/target:rw,Z" "-v" "/var/lib/crater-agent-workspace/builds/worker-3-tc2/source:/opt/rustwide/workdir:ro,Z" "-v" "/var/lib/crater-agent-workspace/cargo-home:/opt/rustwide/cargo-home:ro,Z" "-v" "/var/lib/crater-agent-workspace/rustup-home:/opt/rustwide/rustup-home:ro,Z" "-e" "SOURCE_DIR=/opt/rustwide/workdir" "-e" "CARGO_TARGET_DIR=/opt/rustwide/target" "-e" "CARGO_INCREMENTAL=0" "-e" "RUST_BACKTRACE=full" "-e" "RUSTFLAGS=--cap-lints=warn" "-e" "RUSTDOCFLAGS=--cap-lints=warn" "-e" "CARGO_HOME=/opt/rustwide/cargo-home" "-e" "RUSTUP_HOME=/opt/rustwide/rustup-home" "-w" "/opt/rustwide/workdir" "-m" "1610612736" "--user" "0:0" "--network" "none" "ghcr.io/rust-lang/crates-build-env/linux@sha256:5ff2268d62e97bff2cde7d5815dd6ed5b47097566f13b8d0ca110b04b60e07ed" "/opt/rustwide/cargo-home/bin/cargo" "+beta-2023-04-20" "test" "--frozen" "--no-run" "--message-format=json", kill_on_drop: false }`
[INFO] [stdout] c671aed0fe0c4cf70b4b56b9f5f4b544cc92c68baff5d304b59acb19f0a97f7e
[INFO] running `Command { std: "docker" "start" "-a" "c671aed0fe0c4cf70b4b56b9f5f4b544cc92c68baff5d304b59acb19f0a97f7e", kill_on_drop: false }`
[INFO] [stderr]    Compiling toml-cfg v0.1.3 (/opt/rustwide/workdir)
[INFO] [stderr]     Finished test [unoptimized + debuginfo] target(s) in 0.71s
[INFO] running `Command { std: "docker" "inspect" "c671aed0fe0c4cf70b4b56b9f5f4b544cc92c68baff5d304b59acb19f0a97f7e", kill_on_drop: false }`
[INFO] running `Command { std: "docker" "rm" "-f" "c671aed0fe0c4cf70b4b56b9f5f4b544cc92c68baff5d304b59acb19f0a97f7e", kill_on_drop: false }`
[INFO] [stdout] c671aed0fe0c4cf70b4b56b9f5f4b544cc92c68baff5d304b59acb19f0a97f7e
[INFO] running `Command { std: "docker" "create" "-v" "/var/lib/crater-agent-workspace/builds/worker-3-tc2/target:/opt/rustwide/target:rw,Z" "-v" "/var/lib/crater-agent-workspace/builds/worker-3-tc2/source:/opt/rustwide/workdir:ro,Z" "-v" "/var/lib/crater-agent-workspace/cargo-home:/opt/rustwide/cargo-home:ro,Z" "-v" "/var/lib/crater-agent-workspace/rustup-home:/opt/rustwide/rustup-home:ro,Z" "-e" "SOURCE_DIR=/opt/rustwide/workdir" "-e" "CARGO_TARGET_DIR=/opt/rustwide/target" "-e" "CARGO_INCREMENTAL=0" "-e" "RUST_BACKTRACE=full" "-e" "RUSTFLAGS=--cap-lints=warn" "-e" "RUSTDOCFLAGS=--cap-lints=warn" "-e" "CARGO_HOME=/opt/rustwide/cargo-home" "-e" "RUSTUP_HOME=/opt/rustwide/rustup-home" "-w" "/opt/rustwide/workdir" "-m" "1610612736" "--user" "0:0" "--network" "none" "ghcr.io/rust-lang/crates-build-env/linux@sha256:5ff2268d62e97bff2cde7d5815dd6ed5b47097566f13b8d0ca110b04b60e07ed" "/opt/rustwide/cargo-home/bin/cargo" "+beta-2023-04-20" "test" "--frozen", kill_on_drop: false }`
[INFO] [stdout] b8e3ee9c1c8b74ecd19aa667fb9bf2c7664e84e6af63c22d3f5bc493d5643066
[INFO] running `Command { std: "docker" "start" "-a" "b8e3ee9c1c8b74ecd19aa667fb9bf2c7664e84e6af63c22d3f5bc493d5643066", kill_on_drop: false }`
[INFO] [stderr]     Finished test [unoptimized + debuginfo] target(s) in 0.02s
[INFO] [stderr]      Running unittests src/lib.rs (/opt/rustwide/target/debug/deps/toml_cfg-2547226acd2faef1)
[INFO] [stdout] 
[INFO] [stdout] running 0 tests
[INFO] [stdout] 
[INFO] [stdout] test result: ok. 0 passed; 0 failed; 0 ignored; 0 measured; 0 filtered out; finished in 0.00s
[INFO] [stdout] 
[INFO] [stderr]    Doc-tests toml-cfg
[INFO] [stdout] 
[INFO] [stdout] running 1 test
[INFO] [stdout] test src/lib.rs - (line 25) ... FAILED
[INFO] [stdout] 
[INFO] [stdout] failures:
[INFO] [stdout] 
[INFO] [stdout] ---- src/lib.rs - (line 25) stdout ----
[INFO] [stdout] error[E0428]: the name `Config` is defined multiple times
[INFO] [stdout]   --> src/lib.rs:34:1
[INFO] [stdout]    |
[INFO] [stdout] 5  | #[toml_cfg::toml_config]
[INFO] [stdout]    | ------------------------ previous definition of the type `Config` here
[INFO] [stdout] ...
[INFO] [stdout] 12 | #[toml_cfg::toml_config]
[INFO] [stdout]    | ^^^^^^^^^^^^^^^^^^^^^^^^ `Config` redefined here
[INFO] [stdout]    |
[INFO] [stdout]    = note: `Config` must be defined only once in the type namespace of this block
[INFO] [stdout]    = note: this error originates in the attribute macro `toml_cfg::toml_config` (in Nightly builds, run with -Z macro-backtrace for more info)
[INFO] [stdout] 
[INFO] [stdout] error[E0428]: the name `CONFIG` is defined multiple times
[INFO] [stdout]   --> src/lib.rs:34:1
[INFO] [stdout]    |
[INFO] [stdout] 5  | #[toml_cfg::toml_config]
[INFO] [stdout]    | ------------------------ previous definition of the value `CONFIG` here
[INFO] [stdout] ...
[INFO] [stdout] 12 | #[toml_cfg::toml_config]
[INFO] [stdout]    | ^^^^^^^^^^^^^^^^^^^^^^^^ `CONFIG` redefined here
[INFO] [stdout]    |
[INFO] [stdout]    = note: `CONFIG` must be defined only once in the value namespace of this block
[INFO] [stdout]    = note: this error originates in the attribute macro `toml_cfg::toml_config` (in Nightly builds, run with -Z macro-backtrace for more info)
[INFO] [stdout] 
[INFO] [stdout] error[E0428]: the name `toml_cfg_hack` is defined multiple times
[INFO] [stdout]   --> src/lib.rs:34:1
[INFO] [stdout]    |
[INFO] [stdout] 5  | #[toml_cfg::toml_config]
[INFO] [stdout]    | ------------------------ previous definition of the module `toml_cfg_hack` here
[INFO] [stdout] ...
[INFO] [stdout] 12 | #[toml_cfg::toml_config]
[INFO] [stdout]    | ^^^^^^^^^^^^^^^^^^^^^^^^ `toml_cfg_hack` redefined here
[INFO] [stdout]    |
[INFO] [stdout]    = note: `toml_cfg_hack` must be defined only once in the type namespace of this block
[INFO] [stdout]    = note: this error originates in the attribute macro `toml_cfg::toml_config` (in Nightly builds, run with -Z macro-backtrace for more info)
[INFO] [stdout] 
[INFO] [stdout] error[E0560]: struct `_doctest_main_src_lib_rs_25_0::Config` has no field named `greeting`
[INFO] [stdout]   --> src/lib.rs:37:5
[INFO] [stdout]    |
[INFO] [stdout] 15 |     greeting: &'static str,
[INFO] [stdout]    |     ^^^^^^^^ `_doctest_main_src_lib_rs_25_0::Config` does not have this field
[INFO] [stdout]    |
[INFO] [stdout]    = note: available fields are: `buffer_size`
[INFO] [stdout] 
[INFO] [stdout] error: aborting due to 4 previous errors
[INFO] [stdout] 
[INFO] [stdout] Some errors have detailed explanations: E0428, E0560.
[INFO] [stdout] For more information about an error, try `rustc --explain E0428`.
[INFO] [stdout] Couldn't compile the test.
[INFO] [stdout] 
[INFO] [stdout] failures:
[INFO] [stdout]     src/lib.rs - (line 25)
[INFO] [stdout] 
[INFO] [stdout] test result: FAILED. 0 passed; 1 failed; 0 ignored; 0 measured; 0 filtered out; finished in 0.07s
[INFO] [stdout] 
[INFO] [stderr] error: doctest failed, to rerun pass `--doc`
[INFO] running `Command { std: "docker" "inspect" "b8e3ee9c1c8b74ecd19aa667fb9bf2c7664e84e6af63c22d3f5bc493d5643066", kill_on_drop: false }`
[INFO] running `Command { std: "docker" "rm" "-f" "b8e3ee9c1c8b74ecd19aa667fb9bf2c7664e84e6af63c22d3f5bc493d5643066", kill_on_drop: false }`
[INFO] [stdout] b8e3ee9c1c8b74ecd19aa667fb9bf2c7664e84e6af63c22d3f5bc493d5643066
